Jun 28 12:13:53.561915 dv-cinder-847953-1-smb devstack@c-api.service[111293]: warnings.warn('Policy enforcement is depending on the value of '
Jun 28 12:13:53.563133 dv-cinder-847953-1-smb devstack@c-api.service[111293]: DEBUG cinder.volume.api [None req-deb30f14-181c-46ed-8249-48178ad7e7c9 tempest-GroupSnapshotsTest-1784880700 tempest-GroupSnapshotsTest-1784880700-project] Searching by: MultiDict([('no_migration_targets', True)]). {{(pid=111293) get_all /opt/stack/cinder/cinder/volume/api.py:664}}
Jun 28 12:13:53.592418 dv-cinder-847953-1-smb devstack@c-api.service[111292]: DEBUG cinder.quota [None req-fb49dd16-202c-4769-98b5-7bf224ccd12c tempest-VolumeRetypeWithoutMigrationTest-2064228227 tempest-VolumeRetypeWithoutMigrationTest-2064228227-project] Created reservations ['996bcbc6-3c0d-4fdd-bf00-5dbaa6f8c9ef', '65833b9e-1fa5-495f-a179-7826c9718bcc'] {{(pid=111292) reserve /opt/stack/cinder/cinder/quota.py:755}}
Jun 28 12:13:53.614402 dv-cinder-847953-1-smb devstack@c-api.service[111292]: /opt/stack/cinder/cinder/db/sqlalchemy/api.py:3374: SADeprecationWarning: The SelectBase.as_scalar() method is deprecated and will be removed in a future release. Please refer to SelectBase.scalar_subquery(). (deprecated since: 1.4)
Jun 28 12:13:53.614402 dv-cinder-847953-1-smb devstack@c-api.service[111292]: models.VolumeType.qos_specs_id == q.as_scalar(),
Jun 28 12:13:53.623422 dv-cinder-847953-1-smb devstack@c-api.service[111293]: INFO cinder.volume.api [None req-deb30f14-181c-46ed-8249-48178ad7e7c9 tempest-GroupSnapshotsTest-1784880700 tempest-GroupSnapshotsTest-1784880700-project] Get all volumes completed successfully.
Jun 28 12:13:53.625080 dv-cinder-847953-1-smb devstack@c-api.service[111293]: WARNING stevedore.named [None req-deb30f14-181c-46ed-8249-48178ad7e7c9 tempest-GroupSnapshotsTest-1784880700 tempest-GroupSnapshotsTest-1784880700-project] Could not load cinder.keymgr.conf_key_mgr.ConfKeyManager
Jun 28 12:13:53.626803 dv-cinder-847953-1-smb devstack@c-api.service[111293]: WARNING castellan.key_manager [None req-deb30f14-181c-46ed-8249-48178ad7e7c9 tempest-GroupSnapshotsTest-1784880700 tempest-GroupSnapshotsTest-1784880700-project] Deprecation Warning : cinder.keymgr.conf_key_mgr.ConfKeyManager is not a stevedore based driver, trying to load it as a class: stevedore.exception.NoMatches: No 'castellan.drivers' driver found, looking for 'cinder.keymgr.conf_key_mgr.ConfKeyManager'
Jun 28 12:13:53.634565 dv-cinder-847953-1-smb devstack@c-api.service[111293]: DEBUG oslo_db.sqlalchemy.engines [None req-deb30f14-181c-46ed-8249-48178ad7e7c9 tempest-GroupSnapshotsTest-1784880700 tempest-GroupSnapshotsTest-1784880700-project] MySQL server mode set to STRICT_TRANS_TABLES,STRICT_ALL_TABLES,NO_ZERO_IN_DATE,NO_ZERO_DATE,ERROR_FOR_DIVISION_BY_ZERO,TRADITIONAL,NO_ENGINE_SUBSTITUTION {{(pid=111293) _check_effective_sql_mode /usr/local/lib/python3.8/dist-packages/oslo_db/sqlalchemy/engines.py:314}}
Jun 28 12:13:53.643514 dv-cinder-847953-1-smb devstack@c-api.service[111293]: /usr/local/lib/python3.8/dist-packages/oslo_context/context.py:100: DeprecationWarning: Policy enforcement is depending on the value of is_admin. This key is deprecated. Please update your policy file to use the standard policy values.
Jun 28 12:13:53.643514 dv-cinder-847953-1-smb devstack@c-api.service[111293]: warnings.warn('Policy enforcement is depending on the value of '
Jun 28 12:13:53.664033 dv-cinder-847953-1-smb devstack@c-api.service[111293]: INFO cinder.api.openstack.wsgi [None req-deb30f14-181c-46ed-8249-48178ad7e7c9 tempest-GroupSnapshotsTest-1784880700 tempest-GroupSnapshotsTest-1784880700-project] http://10.222.0.42/volume/v3/b6a695c2f47d435ba07286b4db2ea513/volumes/detail returned with HTTP 200
Jun 28 12:13:53.665376 dv-cinder-847953-1-smb devstack@c-api.service[111293]: [pid: 111293|app: 0|req: 113/234] 10.222.0.42 () {60 vars in 1275 bytes} [Tue Jun 28 12:13:53 2022] GET /volume/v3/b6a695c2f47d435ba07286b4db2ea513/volumes/detail => generated 1003 bytes in 114 msecs (HTTP/1.1 200) 7 headers in 287 bytes (1 switches on core 0)
Jun 28 12:13:53.667060 dv-cinder-847953-1-smb devstack@c-api.service[111293]: DEBUG dbcounter [-] [111293] Writing DB stats cinder:SELECT=69,cinder:INSERT=17,cinder:UPDATE=14 {{(pid=111293) stat_writer /usr/local/lib/python3.8/dist-packages/dbcounter.py:114}}
Jun 28 12:13:53.677335 dv-cinder-847953-1-smb devstack@c-api.service[111293]: DEBUG cinder.api.middleware.request_id [None req-bf14f421-2bb9-4937-b704-32551ff032c9 None None] RequestId filter calling following filter/app {{(pid=111293) _context_setter /opt/stack/cinder/cinder/api/middleware/request_id.py:62}}
Jun 28 12:13:53.681631 dv-cinder-847953-1-smb devstack@c-api.service[111293]: INFO cinder.api.openstack.wsgi [None req-bf14f421-2bb9-4937-b704-32551ff032c9 tempest-GroupSnapshotsTest-1784880700 tempest-GroupSnapshotsTest-1784880700-project] GET http://10.222.0.42/volume/v3/b6a695c2f47d435ba07286b4db2ea513/snapshots/detail
Jun 28 12:13:53.682060 dv-cinder-847953-1-smb devstack@c-api.service[111293]: DEBUG cinder.api.openstack.wsgi [None req-bf14f421-2bb9-4937-b704-32551ff032c9 tempest-GroupSnapshotsTest-1784880700 tempest-GroupSnapshotsTest-1784880700-project] Empty body provided in request {{(pid=111293) get_body /opt/stack/cinder/cinder/api/openstack/wsgi.py:715}}
Jun 28 12:13:53.682504 dv-cinder-847953-1-smb devstack@c-api.service[111293]: DEBUG cinder.api.openstack.wsgi [None req-bf14f421-2bb9-4937-b704-32551ff032c9 tempest-GroupSnapshotsTest-1784880700 tempest-GroupSnapshotsTest-1784880700-project] Calling method 'detail' {{(pid=111293) _process_stack /opt/stack/cinder/cinder/api/openstack/wsgi.py:868}}
Jun 28 12:13:53.682995 dv-cinder-847953-1-smb devstack@c-api.service[111293]: DEBUG cinder.api.api_utils [None req-bf14f421-2bb9-4937-b704-32551ff032c9 tempest-GroupSnapshotsTest-1784880700 tempest-GroupSnapshotsTest-1784880700-project] Removing options '' from query. {{(pid=111293) remove_invalid_filter_options /opt/stack/cinder/cinder/api/api_utils.py:83}}
Jun 28 12:13:53.686292 dv-cinder-847953-1-smb devstack@c-api.service[111293]: DEBUG cinder.db.sqlalchemy.api [None req-bf14f421-2bb9-4937-b704-32551ff032c9 tempest-GroupSnapshotsTest-1784880700 tempest-GroupSnapshotsTest-1784880700-project] Building query based on filter {{(pid=111293) _process_snaps_filters /opt/stack/cinder/cinder/db/sqlalchemy/api.py:3878}}
Jun 28 12:13:53.693955 dv-cinder-847953-1-smb devstack@c-api.service[111293]: INFO cinder.volume.api [None req-bf14f421-2bb9-4937-b704-32551ff032c9 tempest-GroupSnapshotsTest-1784880700 tempest-GroupSnapshotsTest-1784880700-project] Get all snapshots completed successfully.
Jun 28 12:13:53.693955 dv-cinder-847953-1-smb devstack@c-api.service[111293]: /usr/local/lib/python3.8/dist-packages/oslo_context/context.py:100: DeprecationWarning: Policy enforcement is depending on the value of is_admin. This key is deprecated. Please update your policy file to use the standard policy values.
Jun 28 12:13:53.693955 dv-cinder-847953-1-smb devstack@c-api.service[111293]: warnings.warn('Policy enforcement is depending on the value of '
Jun 28 12:13:53.694812 dv-cinder-847953-1-smb devstack@c-api.service[111293]: INFO cinder.api.openstack.wsgi [None req-bf14f421-2bb9-4937-b704-32551ff032c9 tempest-GroupSnapshotsTest-1784880700 tempest-GroupSnapshotsTest-1784880700-project] http://10.222.0.42/volume/v3/b6a695c2f47d435ba07286b4db2ea513/snapshots/detail returned with HTTP 200
Jun 28 12:13:53.695667 dv-cinder-847953-1-smb devstack@c-api.service[111293]: [pid: 111293|app: 0|req: 114/235] 10.222.0.42 () {58 vars in 1240 bytes} [Tue Jun 28 12:13:53 2022] GET /volume/v3/b6a695c2f47d435ba07286b4db2ea513/snapshots/detail => generated 519 bytes in 19 msecs (HTTP/1.1 200) 7 headers in 285 bytes (2 switches on core 0)
Jun 28 12:13:53.704016 dv-cinder-847953-1-smb devstack@c-api.service[111293]: DEBUG cinder.api.middleware.request_id [None req-7175c167-d03c-41d3-8760-c74ee5ffc6cf None None] RequestId filter calling following filter/app {{(pid=111293) _context_setter /opt/stack/cinder/cinder/api/middleware/request_id.py:62}}
Jun 28 12:13:53.707942 dv-cinder-847953-1-smb devstack@c-api.service[111293]: INFO cinder.api.openstack.wsgi [None req-7175c167-d03c-41d3-8760-c74ee5ffc6cf tempest-GroupSnapshotsTest-1784880700 tempest-GroupSnapshotsTest-1784880700-project] GET http://10.222.0.42/volume/v3/b6a695c2f47d435ba07286b4db2ea513/snapshots/b0ba49a9-59eb-4169-ad64-454e548e3792
Jun 28 12:13:53.708339 dv-cinder-847953-1-smb devstack@c-api.service[111293]: DEBUG cinder.api.openstack.wsgi [None req-7175c167-d03c-41d3-8760-c74ee5ffc6cf tempest-GroupSnapshotsTest-1784880700 tempest-GroupSnapshotsTest-1784880700-project] Empty body provided in request {{(pid=111293) get_body /opt/stack/cinder/cinder/api/openstack/wsgi.py:715}}
Jun 28 12:13:53.708789 dv-cinder-847953-1-smb devstack@c-api.service[111293]: DEBUG cinder.api.openstack.wsgi [None req-7175c167-d03c-41d3-8760-c74ee5ffc6cf tempest-GroupSnapshotsTest-1784880700 tempest-GroupSnapshotsTest-1784880700-project] Calling method 'show' {{(pid=111293) _process_stack /opt/stack/cinder/cinder/api/openstack/wsgi.py:868}}
Jun 28 12:13:53.719906 dv-cinder-847953-1-smb devstack@c-api.service[111293]: /usr/local/lib/python3.8/dist-packages/oslo_context/context.py:100: DeprecationWarning: Policy enforcement is depending on the value of is_admin. This key is deprecated. Please update your policy file to use the standard policy values.
Jun 28 12:13:53.719906 dv-cinder-847953-1-smb devstack@c-api.service[111293]: warnings.warn('Policy enforcement is depending on the value of '
Jun 28 12:13:53.720883 dv-cinder-847953-1-smb devstack@c-api.service[111293]: INFO cinder.volume.api [None req-7175c167-d03c-41d3-8760-c74ee5ffc6cf tempest-GroupSnapshotsTest-1784880700 tempest-GroupSnapshotsTest-1784880700-project] Snapshot retrieved successfully.
Jun 28 12:13:53.722641 dv-cinder-847953-1-smb devstack@c-api.service[111293]: INFO cinder.api.openstack.wsgi [None req-7175c167-d03c-41d3-8760-c74ee5ffc6cf tempest-GroupSnapshotsTest-1784880700 tempest-GroupSnapshotsTest-1784880700-project] http://10.222.0.42/volume/v3/b6a695c2f47d435ba07286b4db2ea513/snapshots/b0ba49a9-59eb-4169-ad64-454e548e3792 returned with HTTP 200
Jun 28 12:13:53.723494 dv-cinder-847953-1-smb devstack@c-api.service[111293]: [pid: 111293|app: 0|req: 115/236] 10.222.0.42 () {58 vars in 1330 bytes} [Tue Jun 28 12:13:53 2022] GET /volume/v3/b6a695c2f47d435ba07286b4db2ea513/snapshots/b0ba49a9-59eb-4169-ad64-454e548e3792 => generated 516 bytes in 20 msecs (HTTP/1.1 200) 7 headers in 285 bytes (2 switches on core 0)
Jun 28 12:13:53.762526 dv-cinder-847953-1-smb devstack@c-api.service[111292]: INFO cinder.volume.api [None req-fb49dd16-202c-4769-98b5-7bf224ccd12c tempest-VolumeRetypeWithoutMigrationTest-2064228227 tempest-VolumeRetypeWithoutMigrationTest-2064228227-project] Retype volume request issued successfully.
Jun 28 12:13:53.763208 dv-cinder-847953-1-smb devstack@c-api.service[111292]: INFO cinder.api.openstack.wsgi [None req-fb49dd16-202c-4769-98b5-7bf224ccd12c tempest-VolumeRetypeWithoutMigrationTest-2064228227 tempest-VolumeRetypeWithoutMigrationTest-2064228227-project] http://10.222.0.42/volume/v3/31def43bdd094b678416aff2c2efaead/volumes/3cd43268-f074-430e-b6ee-3bc299e2cf26/action returned with HTTP 202
Jun 28 12:13:53.764692 dv-cinder-847953-1-smb devstack@c-api.service[111292]: [pid: 111292|app: 0|req: 122/237] 10.222.0.42 () {60 vars in 1366 bytes} [Tue Jun 28 12:13:53 2022] POST /volume/v3/31def43bdd094b678416aff2c2efaead/volumes/3cd43268-f074-430e-b6ee-3bc299e2cf26/action => generated 0 bytes in 559 msecs (HTTP/1.1 202) 7 headers in 289 bytes (1 switches on core 0)
Jun 28 12:13:53.769793 dv-cinder-847953-1-smb devstack@c-api.service[111293]: DEBUG cinder.api.middleware.request_id [None req-f1e62de0-66a5-4697-92e6-179d4ce805f0 None None] RequestId filter calling following filter/app {{(pid=111293) _context_setter /opt/stack/cinder/cinder/api/middleware/request_id.py:62}}
Jun 28 12:13:53.773506 dv-cinder-847953-1-smb devstack@c-api.service[111293]: INFO cinder.api.openstack.wsgi [None req-f1e62de0-66a5-4697-92e6-179d4ce805f0 tempest-VolumeRetypeWithoutMigrationTest-2064228227 tempest-VolumeRetypeWithoutMigrationTest-2064228227-project] GET http://10.222.0.42/volume/v3/31def43bdd094b678416aff2c2efaead/volumes/3cd43268-f074-430e-b6ee-3bc299e2cf26
Jun 28 12:13:53.773944 dv-cinder-847953-1-smb devstack@c-api.service[111293]: DEBUG cinder.api.openstack.wsgi [None req-f1e62de0-66a5-4697-92e6-179d4ce805f0 tempest-VolumeRetypeWithoutMigrationTest-2064228227 tempest-VolumeRetypeWithoutMigrationTest-2064228227-project] Empty body provided in request {{(pid=111293) get_body /opt/stack/cinder/cinder/api/openstack/wsgi.py:715}}
Jun 28 12:13:53.775055 dv-cinder-847953-1-smb devstack@c-api.service[111293]: DEBUG cinder.api.openstack.wsgi [None req-f1e62de0-66a5-4697-92e6-179d4ce805f0 tempest-VolumeRetypeWithoutMigrationTest-2064228227 tempest-VolumeRetypeWithoutMigrationTest-2064228227-project] Calling method 'show' {{(pid=111293) _process_stack /opt/stack/cinder/cinder/api/openstack/wsgi.py:868}}
Jun 28 12:13:53.789899 dv-cinder-847953-1-smb devstack@c-api.service[111293]: /usr/local/lib/python3.8/dist-packages/oslo_context/context.py:100: DeprecationWarning: Policy enforcement is depending on the value of is_admin. This key is deprecated. Please update your policy file to use the standard policy values.
Jun 28 12:13:53.789899 dv-cinder-847953-1-smb devstack@c-api.service[111293]: warnings.warn('Policy enforcement is depending on the value of '
Jun 28 12:13:53.797553 dv-cinder-847953-1-smb devstack@c-api.service[111293]: INFO cinder.volume.api [None req-f1e62de0-66a5-4697-92e6-179d4ce805f0 tempest-VolumeRetypeWithoutMigrationTest-2064228227 tempest-VolumeRetypeWithoutMigrationTest-2064228227-project] Volume info retrieved successfully.
Jun 28 12:13:53.808330 dv-cinder-847953-1-smb devstack@c-api.service[111293]: INFO cinder.api.openstack.wsgi [None req-f1e62de0-66a5-4697-92e6-179d4ce805f0 tempest-VolumeRetypeWithoutMigrationTest-2064228227 tempest-VolumeRetypeWithoutMigrationTest-2064228227-project] http://10.222.0.42/volume/v3/31def43bdd094b678416aff2c2efaead/volumes/3cd43268-f074-430e-b6ee-3bc299e2cf26 returned with HTTP 200
Jun 28 12:13:53.811491 dv-cinder-847953-1-smb devstack@c-api.service[111293]: [pid: 111293|app: 0|req: 116/238] 10.222.0.42 () {58 vars in 1324 bytes} [Tue Jun 28 12:13:53 2022] GET /volume/v3/31def43bdd094b678416aff2c2efaead/volumes/3cd43268-f074-430e-b6ee-3bc299e2cf26 => generated 926 bytes in 41 msecs (HTTP/1.1 200) 7 headers in 285 bytes (1 switches on core 0)
Jun 28 12:13:54.203034 dv-cinder-847953-1-smb devstack@c-api.service[111292]: DEBUG dbcounter [-] [111292] Writing DB stats cinder:INSERT=7,cinder:UPDATE=16,cinder:SELECT=77 {{(pid=111292) stat_writer /usr/local/lib/python3.8/dist-packages/dbcounter.py:114}}
Jun 28 12:13:54.732759 dv-cinder-847953-1-smb devstack@c-api.service[111292]: DEBUG cinder.api.middleware.request_id [None req-29406a2e-7d0a-4f4f-8094-688761ccb37b None None] RequestId filter calling following filter/app {{(pid=111292) _context_setter /opt/stack/cinder/cinder/api/middleware/request_id.py:62}}
Jun 28 12:13:54.738888 dv-cinder-847953-1-smb devstack@c-api.service[111292]: INFO cinder.api.openstack.wsgi [None req-29406a2e-7d0a-4f4f-8094-688761ccb37b tempest-GroupSnapshotsTest-1784880700 tempest-GroupSnapshotsTest-1784880700-project] GET http://10.222.0.42/volume/v3/b6a695c2f47d435ba07286b4db2ea513/snapshots/b0ba49a9-59eb-4169-ad64-454e548e3792
Jun 28 12:13:54.739596 dv-cinder-847953-1-smb devstack@c-api.service[111292]: DEBUG cinder.api.openstack.wsgi [None req-29406a2e-7d0a-4f4f-8094-688761ccb37b tempest-GroupSnapshotsTest-1784880700 tempest-GroupSnapshotsTest-1784880700-project] Empty body provided in request {{(pid=111292) get_body /opt/stack/cinder/cinder/api/openstack/wsgi.py:715}}
Jun 28 12:13:54.740351 dv-cinder-847953-1-smb devstack@c-api.service[111292]: DEBUG cinder.api.openstack.wsgi [None req-29406a2e-7d0a-4f4f-8094-688761ccb37b tempest-GroupSnapshotsTest-1784880700 tempest-GroupSnapshotsTest-1784880700-project] Calling method 'show' {{(pid=111292) _process_stack /opt/stack/cinder/cinder/api/openstack/wsgi.py:868}}
Jun 28 12:13:54.752688 dv-cinder-847953-1-smb devstack@c-api.service[111292]: INFO cinder.api.openstack.wsgi [None req-29406a2e-7d0a-4f4f-8094-688761ccb37b tempest-GroupSnapshotsTest-1784880700 tempest-GroupSnapshotsTest-1784880700-project] http://10.222.0.42/volume/v3/b6a695c2f47d435ba07286b4db2ea513/snapshots/b0ba49a9-59eb-4169-ad64-454e548e3792 returned with HTTP 404
Jun 28 12:13:54.754248 dv-cinder-847953-1-smb devstack@c-api.service[111292]: [pid: 111292|app: 0|req: 123/239] 10.222.0.42 () {58 vars in 1330 bytes} [Tue Jun 28 12:13:54 2022] GET /volume/v3/b6a695c2f47d435ba07286b4db2ea513/snapshots/b0ba49a9-59eb-4169-ad64-454e548e3792 => generated 111 bytes in 24 msecs (HTTP/1.1 404) 7 headers in 292 bytes (1 switches on core 0)
Jun 28 12:13:54.758748 dv-cinder-847953-1-smb devstack@c-api.service[111293]: DEBUG cinder.api.middleware.request_id [None req-00c7ae62-cb45-4887-9e26-31aae23f0054 None None] RequestId filter calling following filter/app {{(pid=111293) _context_setter /opt/stack/cinder/cinder/api/middleware/request_id.py:62}}
Jun 28 12:13:54.763361 dv-cinder-847953-1-smb devstack@c-api.service[111293]: INFO cinder.api.openstack.wsgi [None req-00c7ae62-cb45-4887-9e26-31aae23f0054 tempest-GroupSnapshotsTest-1784880700 tempest-GroupSnapshotsTest-1784880700-project] GET http://10.222.0.42/volume/v3/b6a695c2f47d435ba07286b4db2ea513/group_snapshots/5d797a10-3677-4464-81ea-415745e7ff71
Jun 28 12:13:54.763849 dv-cinder-847953-1-smb devstack@c-api.service[111293]: DEBUG cinder.api.openstack.wsgi [None req-00c7ae62-cb45-4887-9e26-31aae23f0054 tempest-GroupSnapshotsTest-1784880700 tempest-GroupSnapshotsTest-1784880700-project] Empty body provided in request {{(pid=111293) get_body /opt/stack/cinder/cinder/api/openstack/wsgi.py:715}}
Jun 28 12:13:54.764325 dv-cinder-847953-1-smb devstack@c-api.service[111293]: DEBUG cinder.api.openstack.wsgi [None req-00c7ae62-cb45-4887-9e26-31aae23f0054 tempest-GroupSnapshotsTest-1784880700 tempest-GroupSnapshotsTest-1784880700-project] Calling method 'version_select' {{(pid=111293) _process_stack /opt/stack/cinder/cinder/api/openstack/wsgi.py:868}}
Jun 28 12:13:54.764679 dv-cinder-847953-1-smb devstack@c-api.service[111293]: DEBUG cinder.api.v3.group_snapshots [None req-00c7ae62-cb45-4887-9e26-31aae23f0054 tempest-GroupSnapshotsTest-1784880700 tempest-GroupSnapshotsTest-1784880700-project] show called for member 5d797a10-3677-4464-81ea-415745e7ff71 {{(pid=111293) show /opt/stack/cinder/cinder/api/v3/group_snapshots.py:58}}
Jun 28 12:13:54.772350 dv-cinder-847953-1-smb devstack@c-api.service[111293]: INFO cinder.api.openstack.wsgi [None req-00c7ae62-cb45-4887-9e26-31aae23f0054 tempest-GroupSnapshotsTest-1784880700 tempest-GroupSnapshotsTest-1784880700-project] http://10.222.0.42/volume/v3/b6a695c2f47d435ba07286b4db2ea513/group_snapshots/5d797a10-3677-4464-81ea-415745e7ff71 returned with HTTP 404
Jun 28 12:13:54.774786 dv-cinder-847953-1-smb devstack@c-api.service[111293]: [pid: 111293|app: 0|req: 117/240] 10.222.0.42 () {60 vars in 1389 bytes} [Tue Jun 28 12:13:54 2022] GET /volume/v3/b6a695c2f47d435ba07286b4db2ea513/group_snapshots/5d797a10-3677-4464-81ea-415745e7ff71 => generated 116 bytes in 17 msecs (HTTP/1.1 404) 7 headers in 293 bytes (1 switches on core 0)
Jun 28 12:13:54.780212 dv-cinder-847953-1-smb devstack@c-api.service[111292]: DEBUG cinder.api.middleware.request_id [None req-2571700d-bc09-4cee-8355-145ea36e81bb None None] RequestId filter calling following filter/app {{(pid=111292) _context_setter /opt/stack/cinder/cinder/api/middleware/request_id.py:62}}
Jun 28 12:13:54.785363 dv-cinder-847953-1-smb devstack@c-api.service[111292]: INFO cinder.api.openstack.wsgi [None req-2571700d-bc09-4cee-8355-145ea36e81bb tempest-GroupSnapshotsTest-1784880700 tempest-GroupSnapshotsTest-1784880700-project] GET http://10.222.0.42/volume/v3/b6a695c2f47d435ba07286b4db2ea513/group_snapshots
Jun 28 12:13:54.785862 dv-cinder-847953-1-smb devstack@c-api.service[111292]: DEBUG cinder.api.openstack.wsgi [None req-2571700d-bc09-4cee-8355-145ea36e81bb tempest-GroupSnapshotsTest-1784880700 tempest-GroupSnapshotsTest-1784880700-project] Empty body provided in request {{(pid=111292) get_body /opt/stack/cinder/cinder/api/openstack/wsgi.py:715}}
Jun 28 12:13:54.786314 dv-cinder-847953-1-smb devstack@c-api.service[111292]: DEBUG cinder.api.openstack.wsgi [None req-2571700d-bc09-4cee-8355-145ea36e81bb tempest-GroupSnapshotsTest-1784880700 tempest-GroupSnapshotsTest-1784880700-project] Calling method 'version_select' {{(pid=111292) _process_stack /opt/stack/cinder/cinder/api/openstack/wsgi.py:868}}
Jun 28 12:13:54.787052 dv-cinder-847953-1-smb devstack@c-api.service[111292]: /usr/local/lib/python3.8/dist-packages/oslo_context/context.py:100: DeprecationWarning: Policy enforcement is depending on the value of is_admin. This key is deprecated. Please update your policy file to use the standard policy values.
Jun 28 12:13:54.787052 dv-cinder-847953-1-smb devstack@c-api.service[111292]: warnings.warn('Policy enforcement is depending on the value of '
Jun 28 12:13:54.796146 dv-cinder-847953-1-smb devstack@c-api.service[111292]: INFO cinder.api.openstack.wsgi [None req-2571700d-bc09-4cee-8355-145ea36e81bb tempest-GroupSnapshotsTest-1784880700 tempest-GroupSnapshotsTest-1784880700-project] http://10.222.0.42/volume/v3/b6a695c2f47d435ba07286b4db2ea513/group_snapshots returned with HTTP 200
Jun 28 12:13:54.801795 dv-cinder-847953-1-smb devstack@c-api.service[111292]: [pid: 111292|app: 0|req: 124/241] 10.222.0.42 () {60 vars in 1278 bytes} [Tue Jun 28 12:13:54 2022] GET /volume/v3/b6a695c2f47d435ba07286b4db2ea513/group_snapshots => generated 23 bytes in 23 msecs (HTTP/1.1 200) 7 headers in 285 bytes (1 switches on core 0)
Jun 28 12:13:54.804405 dv-cinder-847953-1-smb devstack@c-api.service[111293]: DEBUG cinder.api.middleware.request_id [None req-1935e40b-6bf0-490c-bcf0-19004ab0289d None None] RequestId filter calling following filter/app {{(pid=111293) _context_setter /opt/stack/cinder/cinder/api/middleware/request_id.py:62}}
Jun 28 12:13:54.810707 dv-cinder-847953-1-smb devstack@c-api.service[111293]: INFO cinder.api.openstack.wsgi [None req-1935e40b-6bf0-490c-bcf0-19004ab0289d tempest-GroupSnapshotsTest-1784880700 tempest-GroupSnapshotsTest-1784880700-project] DELETE http://10.222.0.42/volume/v3/b6a695c2f47d435ba07286b4db2ea513/group_snapshots/5d797a10-3677-4464-81ea-415745e7ff71
Jun 28 12:13:54.811566 dv-cinder-847953-1-smb devstack@c-api.service[111293]: DEBUG cinder.api.openstack.wsgi [None req-1935e40b-6bf0-490c-bcf0-19004ab0289d tempest-GroupSnapshotsTest-1784880700 tempest-GroupSnapshotsTest-1784880700-project] Empty body provided in request {{(pid=111293) get_body /opt/stack/cinder/cinder/api/openstack/wsgi.py:715}}
Jun 28 12:13:54.812061 dv-cinder-847953-1-smb devstack@c-api.service[111293]: DEBUG cinder.api.openstack.wsgi [None req-1935e40b-6bf0-490c-bcf0-19004ab0289d tempest-GroupSnapshotsTest-1784880700 tempest-GroupSnapshotsTest-1784880700-project] Calling method 'version_select' {{(pid=111293) _process_stack /opt/stack/cinder/cinder/api/openstack/wsgi.py:868}}
Jun 28 12:13:54.812486 dv-cinder-847953-1-smb devstack@c-api.service[111293]: DEBUG cinder.api.v3.group_snapshots [None req-1935e40b-6bf0-490c-bcf0-19004ab0289d tempest-GroupSnapshotsTest-1784880700 tempest-GroupSnapshotsTest-1784880700-project] delete called for member 5d797a10-3677-4464-81ea-415745e7ff71 {{(pid=111293) delete /opt/stack/cinder/cinder/api/v3/group_snapshots.py:72}}
Jun 28 12:13:54.812737 dv-cinder-847953-1-smb devstack@c-api.service[111293]: INFO cinder.api.v3.group_snapshots [None req-1935e40b-6bf0-490c-bcf0-19004ab0289d tempest-GroupSnapshotsTest-1784880700 tempest-GroupSnapshotsTest-1784880700-project] Delete group_snapshot with id: 5d797a10-3677-4464-81ea-415745e7ff71
Jun 28 12:13:54.818420 dv-cinder-847953-1-smb devstack@c-api.service[111293]: INFO cinder.api.openstack.wsgi [None req-1935e40b-6bf0-490c-bcf0-19004ab0289d tempest-GroupSnapshotsTest-1784880700 tempest-GroupSnapshotsTest-1784880700-project] http://10.222.0.42/volume/v3/b6a695c2f47d435ba07286b4db2ea513/group_snapshots/5d797a10-3677-4464-81ea-415745e7ff71 returned with HTTP 404
Jun 28 12:13:54.819879 dv-cinder-847953-1-smb devstack@c-api.service[111293]: [pid: 111293|app: 0|req: 118/242] 10.222.0.42 () {60 vars in 1392 bytes} [Tue Jun 28 12:13:54 2022] DELETE /volume/v3/b6a695c2f47d435ba07286b4db2ea513/group_snapshots/5d797a10-3677-4464-81ea-415745e7ff71 => generated 116 bytes in 17 msecs (HTTP/1.1 404) 7 headers in 293 bytes (1 switches on core 0)
Jun 28 12:13:54.823447 dv-cinder-847953-1-smb devstack@c-api.service[111292]: DEBUG cinder.api.middleware.request_id [None req-1288b43f-29e0-418a-a693-627a9d77c393 None None] RequestId filter calling following filter/app {{(pid=111292) _context_setter /opt/stack/cinder/cinder/api/middleware/request_id.py:62}}
Jun 28 12:13:54.824283 dv-cinder-847953-1-smb devstack@c-api.service[111293]: DEBUG cinder.api.middleware.request_id [None req-ef10cc00-1db9-43e0-a1f3-8a3a859bb73b None None] RequestId filter calling following filter/app {{(pid=111293) _context_setter /opt/stack/cinder/cinder/api/middleware/request_id.py:62}}
Jun 28 12:13:54.829225 dv-cinder-847953-1-smb devstack@c-api.service[111292]: INFO cinder.api.openstack.wsgi [None req-1288b43f-29e0-418a-a693-627a9d77c393 tempest-VolumeRetypeWithoutMigrationTest-2064228227 tempest-VolumeRetypeWithoutMigrationTest-2064228227-project] GET http://10.222.0.42/volume/v3/31def43bdd094b678416aff2c2efaead/volumes/3cd43268-f074-430e-b6ee-3bc299e2cf26
Jun 28 12:13:54.829442 dv-cinder-847953-1-smb devstack@c-api.service[111292]: DEBUG cinder.api.openstack.wsgi [None req-1288b43f-29e0-418a-a693-627a9d77c393 tempest-VolumeRetypeWithoutMigrationTest-2064228227 tempest-VolumeRetypeWithoutMigrationTest-2064228227-project] Empty body provided in request {{(pid=111292) get_body /opt/stack/cinder/cinder/api/openstack/wsgi.py:715}}
Jun 28 12:13:54.830091 dv-cinder-847953-1-smb devstack@c-api.service[111293]: INFO cinder.api.openstack.wsgi [None req-ef10cc00-1db9-43e0-a1f3-8a3a859bb73b tempest-GroupSnapshotsTest-1784880700 tempest-GroupSnapshotsTest-1784880700-project] GET http://10.222.0.42/volume/v3/b6a695c2f47d435ba07286b4db2ea513/volumes/detail
Jun 28 12:13:54.830213 dv-cinder-847953-1-smb devstack@c-api.service[111292]: DEBUG cinder.api.openstack.wsgi [None req-1288b43f-29e0-418a-a693-627a9d77c393 tempest-VolumeRetypeWithoutMigrationTest-2064228227 tempest-VolumeRetypeWithoutMigrationTest-2064228227-project] Calling method 'show' {{(pid=111292) _process_stack /opt/stack/cinder/cinder/api/openstack/wsgi.py:868}}
Jun 28 12:13:54.830939 dv-cinder-847953-1-smb devstack@c-api.service[111293]: DEBUG cinder.api.openstack.wsgi [None req-ef10cc00-1db9-43e0-a1f3-8a3a859bb73b tempest-GroupSnapshotsTest-1784880700 tempest-GroupSnapshotsTest-1784880700-project] Empty body provided in request {{(pid=111293) get_body /opt/stack/cinder/cinder/api/openstack/wsgi.py:715}}
Jun 28 12:13:54.832319 dv-cinder-847953-1-smb devstack@c-api.service[111293]: DEBUG cinder.api.openstack.wsgi [None req-ef10cc00-1db9-43e0-a1f3-8a3a859bb73b tempest-GroupSnapshotsTest-1784880700 tempest-GroupSnapshotsTest-1784880700-project] Calling method 'detail' {{(pid=111293) _process_stack /opt/stack/cinder/cinder/api/openstack/wsgi.py:868}}
Jun 28 12:13:54.833258 dv-cinder-847953-1-smb devstack@c-api.service[111293]: DEBUG cinder.api.api_utils [None req-ef10cc00-1db9-43e0-a1f3-8a3a859bb73b tempest-GroupSnapshotsTest-1784880700 tempest-GroupSnapshotsTest-1784880700-project] Removing options '' from query. {{(pid=111293) remove_invalid_filter_options /opt/stack/cinder/cinder/api/api_utils.py:83}}
Jun 28 12:13:54.836641 dv-cinder-847953-1-smb devstack@c-api.service[111293]: DEBUG cinder.volume.api [None req-ef10cc00-1db9-43e0-a1f3-8a3a859bb73b tempest-GroupSnapshotsTest-1784880700 tempest-GroupSnapshotsTest-1784880700-project] Searching by: MultiDict([('no_migration_targets', True)]). {{(pid=111293) get_all /opt/stack/cinder/cinder/volume/api.py:664}}
Jun 28 12:13:54.849829 dv-cinder-847953-1-smb devstack@c-api.service[111292]: /usr/local/lib/python3.8/dist-packages/oslo_context/context.py:100: DeprecationWarning: Policy enforcement is depending on the value of is_admin. This key is deprecated. Please update your policy file to use the standard policy values.
Jun 28 12:13:54.849829 dv-cinder-847953-1-smb devstack@c-api.service[111292]: warnings.warn('Policy enforcement is depending on the value of '
Jun 28 12:13:54.857643 dv-cinder-847953-1-smb devstack@c-api.service[111292]: INFO cinder.volume.api [None req-1288b43f-29e0-418a-a693-627a9d77c393 tempest-VolumeRetypeWithoutMigrationTest-2064228227 tempest-VolumeRetypeWithoutMigrationTest-2064228227-project] Volume info retrieved successfully.
Jun 28 12:13:54.870061 dv-cinder-847953-1-smb devstack@c-api.service[111292]: INFO cinder.api.openstack.wsgi [None req-1288b43f-29e0-418a-a693-627a9d77c393 tempest-VolumeRetypeWithoutMigrationTest-2064228227 tempest-VolumeRetypeWithoutMigrationTest-2064228227-project] http://10.222.0.42/volume/v3/31def43bdd094b678416aff2c2efaead/volumes/3cd43268-f074-430e-b6ee-3bc299e2cf26 returned with HTTP 200
Jun 28 12:13:54.880714 dv-cinder-847953-1-smb devstack@c-api.service[111292]: [pid: 111292|app: 0|req: 125/243] 10.222.0.42 () {58 vars in 1324 bytes} [Tue Jun 28 12:13:54 2022] GET /volume/v3/31def43bdd094b678416aff2c2efaead/volumes/3cd43268-f074-430e-b6ee-3bc299e2cf26 => generated 927 bytes in 54 msecs (HTTP/1.1 200) 7 headers in 285 bytes (1 switches on core 0)
Jun 28 12:13:54.883133 dv-cinder-847953-1-smb devstack@c-api.service[111292]: DEBUG cinder.api.middleware.request_id [None req-b58ab315-4c6a-487d-a9ef-2222e901e340 None None] RequestId filter calling following filter/app {{(pid=111292) _context_setter /opt/stack/cinder/cinder/api/middleware/request_id.py:62}}
Jun 28 12:13:54.890146 dv-cinder-847953-1-smb devstack@c-api.service[111292]: INFO cinder.api.openstack.wsgi [None req-b58ab315-4c6a-487d-a9ef-2222e901e340 tempest-VolumeRetypeWithoutMigrationTest-2079111795 tempest-VolumeRetypeWithoutMigrationTest-2079111795-project-admin] GET http://10.222.0.42/volume/v3/3c0765841c4b4e729856fa9f6cc19dce/volumes/3cd43268-f074-430e-b6ee-3bc299e2cf26
Jun 28 12:13:54.890600 dv-cinder-847953-1-smb devstack@c-api.service[111292]: DEBUG cinder.api.openstack.wsgi [None req-b58ab315-4c6a-487d-a9ef-2222e901e340 tempest-VolumeRetypeWithoutMigrationTest-2079111795 tempest-VolumeRetypeWithoutMigrationTest-2079111795-project-admin] Empty body provided in request {{(pid=111292) get_body /opt/stack/cinder/cinder/api/openstack/wsgi.py:715}}
Jun 28 12:13:54.890925 dv-cinder-847953-1-smb devstack@c-api.service[111293]: INFO cinder.volume.api [None req-ef10cc00-1db9-43e0-a1f3-8a3a859bb73b tempest-GroupSnapshotsTest-1784880700 tempest-GroupSnapshotsTest-1784880700-project] Get all volumes completed successfully.
Jun 28 12:13:54.891066 dv-cinder-847953-1-smb devstack@c-api.service[111292]: DEBUG cinder.api.openstack.wsgi [None req-b58ab315-4c6a-487d-a9ef-2222e901e340 tempest-VolumeRetypeWithoutMigrationTest-2079111795 tempest-VolumeRetypeWithoutMigrationTest-2079111795-project-admin] Calling method 'show' {{(pid=111292) _process_stack /opt/stack/cinder/cinder/api/openstack/wsgi.py:868}}
Jun 28 12:13:54.892454 dv-cinder-847953-1-smb devstack@c-api.service[111293]: WARNING stevedore.named [None req-ef10cc00-1db9-43e0-a1f3-8a3a859bb73b tempest-GroupSnapshotsTest-1784880700 tempest-GroupSnapshotsTest-1784880700-project] Could not load cinder.keymgr.conf_key_mgr.ConfKeyManager
Jun 28 12:13:54.902869 dv-cinder-847953-1-smb devstack@c-api.service[111293]: WARNING castellan.key_manager [None req-ef10cc00-1db9-43e0-a1f3-8a3a859bb73b tempest-GroupSnapshotsTest-1784880700 tempest-GroupSnapshotsTest-1784880700-project] Deprecation Warning : cinder.keymgr.conf_key_mgr.ConfKeyManager is not a stevedore based driver, trying to load it as a class: stevedore.exception.NoMatches: No 'castellan.drivers' driver found, looking for 'cinder.keymgr.conf_key_mgr.ConfKeyManager'
Jun 28 12:13:54.902869 dv-cinder-847953-1-smb devstack@c-api.service[111293]: DEBUG oslo_db.sqlalchemy.engines [None req-ef10cc00-1db9-43e0-a1f3-8a3a859bb73b tempest-GroupSnapshotsTest-1784880700 tempest-GroupSnapshotsTest-1784880700-project] MySQL server mode set to STRICT_TRANS_TABLES,STRICT_ALL_TABLES,NO_ZERO_IN_DATE,NO_ZERO_DATE,ERROR_FOR_DIVISION_BY_ZERO,TRADITIONAL,NO_ENGINE_SUBSTITUTION {{(pid=111293) _check_effective_sql_mode /usr/local/lib/python3.8/dist-packages/oslo_db/sqlalchemy/engines.py:314}}
Jun 28 12:13:54.907137 dv-cinder-847953-1-smb devstack@c-api.service[111293]: /usr/local/lib/python3.8/dist-packages/oslo_context/context.py:100: DeprecationWarning: Policy enforcement is depending on the value of is_admin. This key is deprecated. Please update your policy file to use the standard policy values.
Jun 28 12:13:54.907137 dv-cinder-847953-1-smb devstack@c-api.service[111293]: warnings.warn('Policy enforcement is depending on the value of '
Jun 28 12:13:54.911672 dv-cinder-847953-1-smb devstack@c-api.service[111292]: /usr/local/lib/python3.8/dist-packages/oslo_context/context.py:100: DeprecationWarning: Policy enforcement is depending on the value of is_admin. This key is deprecated. Please update your policy file to use the standard policy values.
Jun 28 12:13:54.911672 dv-cinder-847953-1-smb devstack@c-api.service[111292]: warnings.warn('Policy enforcement is depending on the value of '
Jun 28 12:13:54.917983 dv-cinder-847953-1-smb devstack@c-api.service[111292]: INFO cinder.volume.api [None req-b58ab315-4c6a-487d-a9ef-2222e901e340 tempest-VolumeRetypeWithoutMigrationTest-2079111795 tempest-VolumeRetypeWithoutMigrationTest-2079111795-project-admin] Volume info retrieved successfully.
Jun 28 12:13:54.923091 dv-cinder-847953-1-smb devstack@c-api.service[111293]: INFO cinder.api.openstack.wsgi [None req-ef10cc00-1db9-43e0-a1f3-8a3a859bb73b tempest-GroupSnapshotsTest-1784880700 tempest-GroupSnapshotsTest-1784880700-project] http://10.222.0.42/volume/v3/b6a695c2f47d435ba07286b4db2ea513/volumes/detail returned with HTTP 200
Jun 28 12:13:54.924045 dv-cinder-847953-1-smb devstack@c-api.service[111293]: [pid: 111293|app: 0|req: 119/244] 10.222.0.42 () {60 vars in 1275 bytes} [Tue Jun 28 12:13:54 2022] GET /volume/v3/b6a695c2f47d435ba07286b4db2ea513/volumes/detail => generated 1003 bytes in 101 msecs (HTTP/1.1 200) 7 headers in 287 bytes (2 switches on core 0)
Jun 28 12:13:54.928564 dv-cinder-847953-1-smb devstack@c-api.service[111292]: INFO cinder.api.openstack.wsgi [None req-b58ab315-4c6a-487d-a9ef-2222e901e340 tempest-VolumeRetypeWithoutMigrationTest-2079111795 tempest-VolumeRetypeWithoutMigrationTest-2079111795-project-admin] http://10.222.0.42/volume/v3/3c0765841c4b4e729856fa9f6cc19dce/volumes/3cd43268-f074-430e-b6ee-3bc299e2cf26 returned with HTTP 200
Jun 28 12:13:54.929377 dv-cinder-847953-1-smb devstack@c-api.service[111292]: [pid: 111292|app: 0|req: 126/245] 10.222.0.42 () {58 vars in 1324 bytes} [Tue Jun 28 12:13:54 2022] GET /volume/v3/3c0765841c4b4e729856fa9f6cc19dce/volumes/3cd43268-f074-430e-b6ee-3bc299e2cf26 => generated 1093 bytes in 47 msecs (HTTP/1.1 200) 7 headers in 286 bytes (1 switches on core 0)
Jun 28 12:13:54.936889 dv-cinder-847953-1-smb devstack@c-api.service[111293]: DEBUG cinder.api.middleware.request_id [None req-ca161376-e918-4533-8b97-84b99c6befad None None] RequestId filter calling following filter/app {{(pid=111293) _context_setter /opt/stack/cinder/cinder/api/middleware/request_id.py:62}}
Jun 28 12:13:54.956208 dv-cinder-847953-1-smb devstack@c-api.service[111292]: DEBUG cinder.api.middleware.request_id [None req-48416d28-064b-432f-86ff-2eb6c3f6d110 None None] RequestId filter calling following filter/app {{(pid=111292) _context_setter /opt/stack/cinder/cinder/api/middleware/request_id.py:62}}
Jun 28 12:13:54.956371 dv-cinder-847953-1-smb devstack@c-api.service[111293]: INFO cinder.api.openstack.wsgi [None req-ca161376-e918-4533-8b97-84b99c6befad tempest-GroupSnapshotsTest-1784880700 tempest-GroupSnapshotsTest-1784880700-project] POST http://10.222.0.42/volume/v3/b6a695c2f47d435ba07286b4db2ea513/groups/1c7681fc-9c4e-436a-963e-dc6b55db4359/action
Jun 28 12:13:54.956371 dv-cinder-847953-1-smb devstack@c-api.service[111293]: DEBUG cinder.api.openstack.wsgi [None req-ca161376-e918-4533-8b97-84b99c6befad tempest-GroupSnapshotsTest-1784880700 tempest-GroupSnapshotsTest-1784880700-project] Action body: b'{"delete": {"delete-volumes": true}}' {{(pid=111293) get_method /opt/stack/cinder/cinder/api/openstack/wsgi.py:983}}
Jun 28 12:13:54.956371 dv-cinder-847953-1-smb devstack@c-api.service[111293]: DEBUG cinder.api.openstack.wsgi [None req-ca161376-e918-4533-8b97-84b99c6befad tempest-GroupSnapshotsTest-1784880700 tempest-GroupSnapshotsTest-1784880700-project] Action: 'action', calling method: delete_group, body: {"delete": {"delete-volumes": true}} {{(pid=111293) _process_stack /opt/stack/cinder/cinder/api/openstack/wsgi.py:866}}
Jun 28 12:13:54.956661 dv-cinder-847953-1-smb devstack@c-api.service[111292]: INFO cinder.api.openstack.wsgi [None req-48416d28-064b-432f-86ff-2eb6c3f6d110 tempest-VolumeRetypeWithoutMigrationTest-2079111795 tempest-VolumeRetypeWithoutMigrationTest-2079111795-project-admin] GET http://10.222.0.42/volume/v3/3c0765841c4b4e729856fa9f6cc19dce/volumes?all_tenants=True&name=tempest-VolumeRetypeWithoutMigrationTest-Volume-1336177397
Jun 28 12:13:54.956661 dv-cinder-847953-1-smb devstack@c-api.service[111292]: DEBUG cinder.api.openstack.wsgi [None req-48416d28-064b-432f-86ff-2eb6c3f6d110 tempest-VolumeRetypeWithoutMigrationTest-2079111795 tempest-VolumeRetypeWithoutMigrationTest-2079111795-project-admin] Empty body provided in request {{(pid=111292) get_body /opt/stack/cinder/cinder/api/openstack/wsgi.py:715}}
Jun 28 12:13:54.956661 dv-cinder-847953-1-smb devstack@c-api.service[111292]: DEBUG cinder.api.openstack.wsgi [None req-48416d28-064b-432f-86ff-2eb6c3f6d110 tempest-VolumeRetypeWithoutMigrationTest-2079111795 tempest-VolumeRetypeWithoutMigrationTest-2079111795-project-admin] Calling method 'index' {{(pid=111292) _process_stack /opt/stack/cinder/cinder/api/openstack/wsgi.py:868}}
Jun 28 12:13:54.958099 dv-cinder-847953-1-smb devstack@c-api.service[111292]: DEBUG cinder.volume.api [None req-48416d28-064b-432f-86ff-2eb6c3f6d110 tempest-VolumeRetypeWithoutMigrationTest-2079111795 tempest-VolumeRetypeWithoutMigrationTest-2079111795-project-admin] Searching by: MultiDict([('display_name', 'tempest-VolumeRetypeWithoutMigrationTest-Volume-1336177397'), ('all_tenants', True)]). {{(pid=111292) get_all /opt/stack/cinder/cinder/volume/api.py:664}}
Jun 28 12:13:54.960532 dv-cinder-847953-1-smb devstack@c-api.service[111293]: DEBUG cinder.api.v3.groups [None req-ca161376-e918-4533-8b97-84b99c6befad tempest-GroupSnapshotsTest-1784880700 tempest-GroupSnapshotsTest-1784880700-project] delete called for group 1c7681fc-9c4e-436a-963e-dc6b55db4359 {{(pid=111293) _delete /opt/stack/cinder/cinder/api/v3/groups.py:117}}
Jun 28 12:13:54.960832 dv-cinder-847953-1-smb devstack@c-api.service[111293]: INFO cinder.api.v3.groups [None req-ca161376-e918-4533-8b97-84b99c6befad tempest-GroupSnapshotsTest-1784880700 tempest-GroupSnapshotsTest-1784880700-project] Delete group with id: 1c7681fc-9c4e-436a-963e-dc6b55db4359
Jun 28 12:13:54.975508 dv-cinder-847953-1-smb devstack@c-api.service[111293]: /usr/local/lib/python3.8/dist-packages/oslo_context/context.py:100: DeprecationWarning: Policy enforcement is depending on the value of is_admin. This key is deprecated. Please update your policy file to use the standard policy values.
Jun 28 12:13:54.975508 dv-cinder-847953-1-smb devstack@c-api.service[111293]: warnings.warn('Policy enforcement is depending on the value of '
Jun 28 12:13:55.047488 dv-cinder-847953-1-smb devstack@c-api.service[111292]: INFO cinder.volume.api [None req-48416d28-064b-432f-86ff-2eb6c3f6d110 tempest-VolumeRetypeWithoutMigrationTest-2079111795 tempest-VolumeRetypeWithoutMigrationTest-2079111795-project-admin] Get all volumes completed successfully.
Jun 28 12:13:55.048812 dv-cinder-847953-1-smb devstack@c-api.service[111292]: INFO cinder.api.openstack.wsgi [None req-48416d28-064b-432f-86ff-2eb6c3f6d110 tempest-VolumeRetypeWithoutMigrationTest-2079111795 tempest-VolumeRetypeWithoutMigrationTest-2079111795-project-admin] http://10.222.0.42/volume/v3/3c0765841c4b4e729856fa9f6cc19dce/volumes?all_tenants=True&name=tempest-VolumeRetypeWithoutMigrationTest-Volume-1336177397 returned with HTTP 200
Jun 28 12:13:55.050111 dv-cinder-847953-1-smb devstack@c-api.service[111292]: [pid: 111292|app: 0|req: 127/246] 10.222.0.42 () {58 vars in 1374 bytes} [Tue Jun 28 12:13:54 2022] GET /volume/v3/3c0765841c4b4e729856fa9f6cc19dce/volumes?all_tenants=True&name=tempest-VolumeRetypeWithoutMigrationTest-Volume-1336177397 => generated 413 bytes in 102 msecs (HTTP/1.1 200) 7 headers in 285 bytes (1 switches on core 0)
Jun 28 12:13:55.058709 dv-cinder-847953-1-smb devstack@c-api.service[111292]: DEBUG cinder.api.middleware.request_id [None req-91f749ac-9c60-4fd1-aa05-330d12b55b13 None None] RequestId filter calling following filter/app {{(pid=111292) _context_setter /opt/stack/cinder/cinder/api/middleware/request_id.py:62}}
Jun 28 12:13:55.062911 dv-cinder-847953-1-smb devstack@c-api.service[111292]: INFO cinder.api.openstack.wsgi [None req-91f749ac-9c60-4fd1-aa05-330d12b55b13 tempest-VolumeRetypeWithoutMigrationTest-2064228227 tempest-VolumeRetypeWithoutMigrationTest-2064228227-project] DELETE http://10.222.0.42/volume/v3/31def43bdd094b678416aff2c2efaead/volumes/3cd43268-f074-430e-b6ee-3bc299e2cf26
Jun 28 12:13:55.063741 dv-cinder-847953-1-smb devstack@c-api.service[111292]: DEBUG cinder.api.openstack.wsgi [None req-91f749ac-9c60-4fd1-aa05-330d12b55b13 tempest-VolumeRetypeWithoutMigrationTest-2064228227 tempest-VolumeRetypeWithoutMigrationTest-2064228227-project] Empty body provided in request {{(pid=111292) get_body /opt/stack/cinder/cinder/api/openstack/wsgi.py:715}}
Jun 28 12:13:55.069240 dv-cinder-847953-1-smb devstack@c-api.service[111292]: DEBUG cinder.api.openstack.wsgi [None req-91f749ac-9c60-4fd1-aa05-330d12b55b13 tempest-VolumeRetypeWithoutMigrationTest-2064228227 tempest-VolumeRetypeWithoutMigrationTest-2064228227-project] Calling method 'delete' {{(pid=111292) _process_stack /opt/stack/cinder/cinder/api/openstack/wsgi.py:868}}
Jun 28 12:13:55.069240 dv-cinder-847953-1-smb devstack@c-api.service[111292]: INFO cinder.api.v3.volumes [None req-91f749ac-9c60-4fd1-aa05-330d12b55b13 tempest-VolumeRetypeWithoutMigrationTest-2064228227 tempest-VolumeRetypeWithoutMigrationTest-2064228227-project] Delete volume with id: 3cd43268-f074-430e-b6ee-3bc299e2cf26
Jun 28 12:13:55.096321 dv-cinder-847953-1-smb devstack@c-api.service[111292]: /usr/local/lib/python3.8/dist-packages/oslo_context/context.py:100: DeprecationWarning: Policy enforcement is depending on the value of is_admin. This key is deprecated. Please update your policy file to use the standard policy values.
Jun 28 12:13:55.096321 dv-cinder-847953-1-smb devstack@c-api.service[111292]: warnings.warn('Policy enforcement is depending on the value of '
Jun 28 12:13:55.096321 dv-cinder-847953-1-smb devstack@c-api.service[111292]: INFO cinder.volume.api [None req-91f749ac-9c60-4fd1-aa05-330d12b55b13 tempest-VolumeRetypeWithoutMigrationTest-2064228227 tempest-VolumeRetypeWithoutMigrationTest-2064228227-project] Volume info retrieved successfully.
Jun 28 12:13:55.251807 dv-cinder-847953-1-smb devstack@c-api.service[111293]: INFO cinder.api.openstack.wsgi [None req-ca161376-e918-4533-8b97-84b99c6befad tempest-GroupSnapshotsTest-1784880700 tempest-GroupSnapshotsTest-1784880700-project] http://10.222.0.42/volume/v3/b6a695c2f47d435ba07286b4db2ea513/groups/1c7681fc-9c4e-436a-963e-dc6b55db4359/action returned with HTTP 202
Jun 28 12:13:55.253115 dv-cinder-847953-1-smb devstack@c-api.service[111293]: [pid: 111293|app: 0|req: 120/247] 10.222.0.42 () {62 vars in 1404 bytes} [Tue Jun 28 12:13:54 2022] POST /volume/v3/b6a695c2f47d435ba07286b4db2ea513/groups/1c7681fc-9c4e-436a-963e-dc6b55db4359/action => generated 0 bytes in 317 msecs (HTTP/1.1 202) 6 headers in 234 bytes (2 switches on core 0)
Jun 28 12:13:55.254410 dv-cinder-847953-1-smb devstack@c-api.service[111293]: DEBUG cinder.api.middleware.request_id [None req-503b8f20-0a96-4f52-9cb4-dfc6f40f9e96 None None] RequestId filter calling following filter/app {{(pid=111293) _context_setter /opt/stack/cinder/cinder/api/middleware/request_id.py:62}}
Jun 28 12:13:55.258259 dv-cinder-847953-1-smb devstack@c-api.service[111293]: INFO cinder.api.openstack.wsgi [None req-503b8f20-0a96-4f52-9cb4-dfc6f40f9e96 tempest-DeleteServersTestJSON-1925210957 tempest-DeleteServersTestJSON-1925210957-project] POST http://10.222.0.42/volume/v3/0dabdab3e15e4d6c90d7f62937d3f7ae/volumes
Jun 28 12:13:55.260700 dv-cinder-847953-1-smb devstack@c-api.service[111293]: DEBUG cinder.api.openstack.wsgi [None req-503b8f20-0a96-4f52-9cb4-dfc6f40f9e96 tempest-DeleteServersTestJSON-1925210957 tempest-DeleteServersTestJSON-1925210957-project] Action: 'create', calling method: create, body: {"volume": {"size": 1, "display_name": "tempest-DeleteServersTestJSON-volume-1996474965"}} {{(pid=111293) _process_stack /opt/stack/cinder/cinder/api/openstack/wsgi.py:866}}
Jun 28 12:13:55.261728 dv-cinder-847953-1-smb devstack@c-api.service[111293]: DEBUG cinder.api.v3.volumes [None req-503b8f20-0a96-4f52-9cb4-dfc6f40f9e96 tempest-DeleteServersTestJSON-1925210957 tempest-DeleteServersTestJSON-1925210957-project] Create volume request body: {'volume': {'size': 1, 'display_name': 'tempest-DeleteServersTestJSON-volume-1996474965'}} {{(pid=111293) create /opt/stack/cinder/cinder/api/v3/volumes.py:298}}
Jun 28 12:13:55.262709 dv-cinder-847953-1-smb devstack@c-api.service[111293]: INFO cinder.api.v3.volumes [None req-503b8f20-0a96-4f52-9cb4-dfc6f40f9e96 tempest-DeleteServersTestJSON-1925210957 tempest-DeleteServersTestJSON-1925210957-project] Create volume of 1 GB
Jun 28 12:13:55.273290 dv-cinder-847953-1-smb devstack@c-api.service[111293]: INFO cinder.volume.api [None req-503b8f20-0a96-4f52-9cb4-dfc6f40f9e96 tempest-DeleteServersTestJSON-1925210957 tempest-DeleteServersTestJSON-1925210957-project] Availability Zones retrieved successfully.
Jun 28 12:13:55.280056 dv-cinder-847953-1-smb devstack@c-api.service[111292]: INFO cinder.volume.api [None req-91f749ac-9c60-4fd1-aa05-330d12b55b13 tempest-VolumeRetypeWithoutMigrationTest-2064228227 tempest-VolumeRetypeWithoutMigrationTest-2064228227-project] Delete volume request issued successfully.
Jun 28 12:13:55.281011 dv-cinder-847953-1-smb devstack@c-api.service[111292]: INFO cinder.api.openstack.wsgi [None req-91f749ac-9c60-4fd1-aa05-330d12b55b13 tempest-VolumeRetypeWithoutMigrationTest-2064228227 tempest-VolumeRetypeWithoutMigrationTest-2064228227-project] http://10.222.0.42/volume/v3/31def43bdd094b678416aff2c2efaead/volumes/3cd43268-f074-430e-b6ee-3bc299e2cf26 returned with HTTP 202
Jun 28 12:13:55.281706 dv-cinder-847953-1-smb devstack@c-api.service[111292]: [pid: 111292|app: 0|req: 128/248] 10.222.0.42 () {58 vars in 1327 bytes} [Tue Jun 28 12:13:55 2022] DELETE /volume/v3/31def43bdd094b678416aff2c2efaead/volumes/3cd43268-f074-430e-b6ee-3bc299e2cf26 => generated 0 bytes in 224 msecs (HTTP/1.1 202) 6 headers in 233 bytes (2 switches on core 0)
Jun 28 12:13:55.282949 dv-cinder-847953-1-smb devstack@c-api.service[111292]: DEBUG cinder.api.middleware.request_id [None req-997b6c77-9b1f-4c17-9be4-7808701d850e None None] RequestId filter calling following filter/app {{(pid=111292) _context_setter /opt/stack/cinder/cinder/api/middleware/request_id.py:62}}
Jun 28 12:13:55.286544 dv-cinder-847953-1-smb devstack@c-api.service[111292]: INFO cinder.api.openstack.wsgi [None req-997b6c77-9b1f-4c17-9be4-7808701d850e tempest-GroupSnapshotsTest-1784880700 tempest-GroupSnapshotsTest-1784880700-project] GET http://10.222.0.42/volume/v3/b6a695c2f47d435ba07286b4db2ea513/volumes/8f2d62b5-5970-4034-8a77-a6bb115ab6d6
Jun 28 12:13:55.287026 dv-cinder-847953-1-smb devstack@c-api.service[111292]: DEBUG cinder.api.openstack.wsgi [None req-997b6c77-9b1f-4c17-9be4-7808701d850e tempest-GroupSnapshotsTest-1784880700 tempest-GroupSnapshotsTest-1784880700-project] Empty body provided in request {{(pid=111292) get_body /opt/stack/cinder/cinder/api/openstack/wsgi.py:715}}
Jun 28 12:13:55.287468 dv-cinder-847953-1-smb devstack@c-api.service[111292]: DEBUG cinder.api.openstack.wsgi [None req-997b6c77-9b1f-4c17-9be4-7808701d850e tempest-GroupSnapshotsTest-1784880700 tempest-GroupSnapshotsTest-1784880700-project] Calling method 'show' {{(pid=111292) _process_stack /opt/stack/cinder/cinder/api/openstack/wsgi.py:868}}
Jun 28 12:13:55.289985 dv-cinder-847953-1-smb devstack@c-api.service[111293]: DEBUG cinder.volume.api [None req-503b8f20-0a96-4f52-9cb4-dfc6f40f9e96 tempest-DeleteServersTestJSON-1925210957 tempest-DeleteServersTestJSON-1925210957-project] Flow 'volume_create_api' (f189505e-a4c3-4744-a39a-44e28458595f) transitioned into state 'RUNNING' from state 'PENDING' {{(pid=111293) _flow_receiver /usr/local/lib/python3.8/dist-packages/taskflow/listeners/logging.py:141}}
