Jun 28 12:14:15.291476 dv-cinder-847953-1-smb devstack@c-api.service[111293]: DEBUG cinder.volume.api [None req-0e6be8aa-a4e1-48c5-a558-868629bd91f9 tempest-VolumesSnapshotTestJSON-113657302 tempest-VolumesSnapshotTestJSON-113657302-project] Task 'cinder.volume.flows.api.create_volume.EntryCreateTask;volume:create' (ec9f5203-bac3-4582-ad74-a4d71fc0d4c6) transitioned into state 'SUCCESS' from state 'RUNNING' with result '{'volume_id': '875ca6d8-0ae5-4187-874c-bf45b73a445d', 'volume_properties': VolumeProperties(attach_status='detached',availability_zone='nova',cgsnapshot_id=None,consistencygroup_id=None,display_description=None,display_name='tempest-VolumesSnapshotTestJSON-Volume-1264754490',encryption_key_id=None,group_id=None,group_type_id=,metadata={},multiattach=False,project_id='2b2b0dff96c443b5aeedee00121f7ffa',qos_specs=None,replication_status=,reservations=['222754e6-e945-46fa-b637-bc6b36267ee6','f9b9f5e2-3757-4832-95d4-e48b1c0885d8','6429ade7-af1e-4979-b326-156031ca57b4','09ef02af-0040-4830-bac3-690fc2d95035'],size=1,snapshot_id=None,source_replicaid=,source_volid=None,status='creating',user_id='202439ff9a2a4f8fa9935da79e723161',volume_type_id=ad8688c0-4449-4548-8811-3efd87ec31f8), 'volume': Volume(_name_id=None,admin_metadata=,attach_status='detached',availability_zone='nova',bootable=False,cluster=,cluster_name=None,consistencygroup=,consistencygroup_id=None,created_at=2022-06-28T12:14:15Z,deleted=False,deleted_at=None,display_description=None,display_name='tempest-VolumesSnapshotTestJSON-Volume-1264754490',ec2_id=None,encryption_key_id=None,glance_metadata=,group=,group_id=None,host=None,id=875ca6d8-0ae5-4187-874c-bf45b73a445d,launched_at=None,metadata={},migration_status=None,multiattach=False,previous_status=None,project_id='2b2b0dff96c443b5aeedee00121f7ffa',provider_auth=None,provider_geometry=None,provider_id=None,provider_location=None,replication_driver_data=None,replication_extended_status=None,replication_status=None,scheduled_at=None,service_uuid=None,shared_targets=True,size=1,snapshot_id=None,snapshots=,source_volid=None,status='creating',terminated_at=None,updated_at=None,use_quota=True,user_id='202439ff9a2a4f8fa9935da79e723161',volume_attachment=VolumeAttachmentList,volume_type=VolumeType(ad8688c0-4449-4548-8811-3efd87ec31f8),volume_type_id=ad8688c0-4449-4548-8811-3efd87ec31f8)}' {{(pid=111293) _task_receiver /usr/local/lib/python3.8/dist-packages/taskflow/listeners/logging.py:178}}
Jun 28 12:14:15.292099 dv-cinder-847953-1-smb devstack@c-api.service[111292]: DEBUG cinder.volume.api [None req-dc89713e-f154-4199-8ec1-a5ce866b466a tempest-VolumesDeleteCascade-741584950 tempest-VolumesDeleteCascade-741584950-project] Task 'cinder.volume.flows.api.create_volume.EntryCreateTask;volume:create' (2905cd91-1b7b-424d-982a-bda4252107a5) transitioned into state 'RUNNING' from state 'PENDING' {{(pid=111292) _task_receiver /usr/local/lib/python3.8/dist-packages/taskflow/listeners/logging.py:190}}
Jun 28 12:14:15.293530 dv-cinder-847953-1-smb devstack@c-api.service[111293]: DEBUG cinder.volume.api [None req-0e6be8aa-a4e1-48c5-a558-868629bd91f9 tempest-VolumesSnapshotTestJSON-113657302 tempest-VolumesSnapshotTestJSON-113657302-project] Task 'cinder.volume.flows.api.create_volume.QuotaCommitTask;volume:create' (1dd76823-1063-4797-b6c6-0519f9b0f300) transitioned into state 'RUNNING' from state 'PENDING' {{(pid=111293) _task_receiver /usr/local/lib/python3.8/dist-packages/taskflow/listeners/logging.py:190}}
Jun 28 12:14:15.428604 dv-cinder-847953-1-smb devstack@c-api.service[111292]: DEBUG cinder.volume.api [None req-dc89713e-f154-4199-8ec1-a5ce866b466a tempest-VolumesDeleteCascade-741584950 tempest-VolumesDeleteCascade-741584950-project] Task 'cinder.volume.flows.api.create_volume.EntryCreateTask;volume:create' (2905cd91-1b7b-424d-982a-bda4252107a5) transitioned into state 'SUCCESS' from state 'RUNNING' with result '{'volume_id': '2dddd0e1-ce1a-4458-9922-c78e4eadab32', 'volume_properties': VolumeProperties(attach_status='detached',availability_zone='nova',cgsnapshot_id=None,consistencygroup_id=None,display_description=None,display_name='tempest-VolumesDeleteCascade-Volume-1998952429',encryption_key_id=None,group_id=None,group_type_id=,metadata={},multiattach=False,project_id='1a94d8a2b49246c284db1eae2644c42b',qos_specs=None,replication_status=,reservations=['0db7461a-895d-4754-8f77-4c76d0a3c406','0badcb53-cc4c-44c8-8ad1-0d89a0afb4bd','7438b467-ec53-44a7-a9be-63fdcfe02a41','a735cb11-8dc7-4bb5-85f9-4678f5ca2e31'],size=1,snapshot_id=6a2a830b-31a2-4a8f-9c13-b6029ca1db0a,source_replicaid=,source_volid=None,status='creating',user_id='1ddcd3fd06484db1a3d7ae42a37d7476',volume_type_id=ad8688c0-4449-4548-8811-3efd87ec31f8), 'volume': Volume(_name_id=None,admin_metadata=,attach_status='detached',availability_zone='nova',bootable=False,cluster=,cluster_name=None,consistencygroup=,consistencygroup_id=None,created_at=2022-06-28T12:14:15Z,deleted=False,deleted_at=None,display_description=None,display_name='tempest-VolumesDeleteCascade-Volume-1998952429',ec2_id=None,encryption_key_id=None,glance_metadata=,group=,group_id=None,host=None,id=2dddd0e1-ce1a-4458-9922-c78e4eadab32,launched_at=None,metadata={},migration_status=None,multiattach=False,previous_status=None,project_id='1a94d8a2b49246c284db1eae2644c42b',provider_auth=None,provider_geometry=None,provider_id=None,provider_location=None,replication_driver_data=None,replication_extended_status=None,replication_status=None,scheduled_at=None,service_uuid=None,shared_targets=True,size=1,snapshot_id=6a2a830b-31a2-4a8f-9c13-b6029ca1db0a,snapshots=,source_volid=None,status='creating',terminated_at=None,updated_at=None,use_quota=True,user_id='1ddcd3fd06484db1a3d7ae42a37d7476',volume_attachment=VolumeAttachmentList,volume_type=VolumeType(ad8688c0-4449-4548-8811-3efd87ec31f8),volume_type_id=ad8688c0-4449-4548-8811-3efd87ec31f8)}' {{(pid=111292) _task_receiver /usr/local/lib/python3.8/dist-packages/taskflow/listeners/logging.py:178}}
Jun 28 12:14:15.430739 dv-cinder-847953-1-smb devstack@c-api.service[111292]: DEBUG cinder.volume.api [None req-dc89713e-f154-4199-8ec1-a5ce866b466a tempest-VolumesDeleteCascade-741584950 tempest-VolumesDeleteCascade-741584950-project] Task 'cinder.volume.flows.api.create_volume.QuotaCommitTask;volume:create' (1a01c4ce-15cd-4947-adaa-bfdb5f22f597) transitioned into state 'RUNNING' from state 'PENDING' {{(pid=111292) _task_receiver /usr/local/lib/python3.8/dist-packages/taskflow/listeners/logging.py:190}}
Jun 28 12:14:15.439427 dv-cinder-847953-1-smb devstack@c-api.service[111293]: DEBUG cinder.volume.api [None req-0e6be8aa-a4e1-48c5-a558-868629bd91f9 tempest-VolumesSnapshotTestJSON-113657302 tempest-VolumesSnapshotTestJSON-113657302-project] Task 'cinder.volume.flows.api.create_volume.QuotaCommitTask;volume:create' (1dd76823-1063-4797-b6c6-0519f9b0f300) transitioned into state 'SUCCESS' from state 'RUNNING' with result '{'volume_properties': VolumeProperties(attach_status='detached',availability_zone='nova',cgsnapshot_id=None,consistencygroup_id=None,display_description=None,display_name='tempest-VolumesSnapshotTestJSON-Volume-1264754490',encryption_key_id=None,group_id=None,group_type_id=,metadata={},multiattach=False,project_id='2b2b0dff96c443b5aeedee00121f7ffa',qos_specs=None,replication_status=,reservations=['222754e6-e945-46fa-b637-bc6b36267ee6','f9b9f5e2-3757-4832-95d4-e48b1c0885d8','6429ade7-af1e-4979-b326-156031ca57b4','09ef02af-0040-4830-bac3-690fc2d95035'],size=1,snapshot_id=None,source_replicaid=,source_volid=None,status='creating',user_id='202439ff9a2a4f8fa9935da79e723161',volume_type_id=ad8688c0-4449-4548-8811-3efd87ec31f8)}' {{(pid=111293) _task_receiver /usr/local/lib/python3.8/dist-packages/taskflow/listeners/logging.py:178}}
Jun 28 12:14:15.441377 dv-cinder-847953-1-smb devstack@c-api.service[111293]: DEBUG cinder.volume.api [None req-0e6be8aa-a4e1-48c5-a558-868629bd91f9 tempest-VolumesSnapshotTestJSON-113657302 tempest-VolumesSnapshotTestJSON-113657302-project] Task 'cinder.volume.flows.api.create_volume.VolumeCastTask;volume:create' (1b2713b3-86db-40b6-83d6-c6f19214db81) transitioned into state 'RUNNING' from state 'PENDING' {{(pid=111293) _task_receiver /usr/local/lib/python3.8/dist-packages/taskflow/listeners/logging.py:190}}
Jun 28 12:14:15.565449 dv-cinder-847953-1-smb devstack@c-api.service[111293]: DEBUG cinder.volume.api [None req-0e6be8aa-a4e1-48c5-a558-868629bd91f9 tempest-VolumesSnapshotTestJSON-113657302 tempest-VolumesSnapshotTestJSON-113657302-project] Task 'cinder.volume.flows.api.create_volume.VolumeCastTask;volume:create' (1b2713b3-86db-40b6-83d6-c6f19214db81) transitioned into state 'SUCCESS' from state 'RUNNING' with result 'None' {{(pid=111293) _task_receiver /usr/local/lib/python3.8/dist-packages/taskflow/listeners/logging.py:178}}
Jun 28 12:14:15.567865 dv-cinder-847953-1-smb devstack@c-api.service[111293]: DEBUG cinder.volume.api [None req-0e6be8aa-a4e1-48c5-a558-868629bd91f9 tempest-VolumesSnapshotTestJSON-113657302 tempest-VolumesSnapshotTestJSON-113657302-project] Flow 'volume_create_api' (ac7ef5c4-d46a-4a5b-b922-0b74a1868a65) transitioned into state 'SUCCESS' from state 'RUNNING' {{(pid=111293) _flow_receiver /usr/local/lib/python3.8/dist-packages/taskflow/listeners/logging.py:141}}
Jun 28 12:14:15.568564 dv-cinder-847953-1-smb devstack@c-api.service[111293]: INFO cinder.volume.api [None req-0e6be8aa-a4e1-48c5-a558-868629bd91f9 tempest-VolumesSnapshotTestJSON-113657302 tempest-VolumesSnapshotTestJSON-113657302-project] Create volume request issued successfully.
Jun 28 12:14:15.569784 dv-cinder-847953-1-smb devstack@c-api.service[111293]: INFO cinder.api.openstack.wsgi [None req-0e6be8aa-a4e1-48c5-a558-868629bd91f9 tempest-VolumesSnapshotTestJSON-113657302 tempest-VolumesSnapshotTestJSON-113657302-project] http://10.222.0.42/volume/v3/2b2b0dff96c443b5aeedee00121f7ffa/volumes returned with HTTP 202
Jun 28 12:14:15.570544 dv-cinder-847953-1-smb devstack@c-api.service[111293]: [pid: 111293|app: 0|req: 174/377] 10.222.0.42 () {60 vars in 1234 bytes} [Tue Jun 28 12:14:14 2022] POST /volume/v3/2b2b0dff96c443b5aeedee00121f7ffa/volumes => generated 823 bytes in 849 msecs (HTTP/1.1 202) 7 headers in 291 bytes (2 switches on core 0)
Jun 28 12:14:15.572081 dv-cinder-847953-1-smb devstack@c-api.service[111293]: DEBUG cinder.api.middleware.request_id [None req-2fe04b51-ddee-4080-a82a-5803c67faa49 None None] RequestId filter calling following filter/app {{(pid=111293) _context_setter /opt/stack/cinder/cinder/api/middleware/request_id.py:62}}
Jun 28 12:14:15.576480 dv-cinder-847953-1-smb devstack@c-api.service[111293]: INFO cinder.api.openstack.wsgi [None req-2fe04b51-ddee-4080-a82a-5803c67faa49 tempest-VolumeTypesNegativeTest-724207059 tempest-VolumeTypesNegativeTest-724207059-project-admin] POST http://10.222.0.42/volume/v3/d44df41d18854baabad8b02f6b70c223/types
Jun 28 12:14:15.577271 dv-cinder-847953-1-smb devstack@c-api.service[111293]: DEBUG cinder.api.openstack.wsgi [None req-2fe04b51-ddee-4080-a82a-5803c67faa49 tempest-VolumeTypesNegativeTest-724207059 tempest-VolumeTypesNegativeTest-724207059-project-admin] Action: 'create', calling method: _create, body: {"volume_type": {"name": "tempest-VolumeTypesNegativeTest-volume-type-998312053"}} {{(pid=111293) _process_stack /opt/stack/cinder/cinder/api/openstack/wsgi.py:866}}
Jun 28 12:14:15.579050 dv-cinder-847953-1-smb devstack@c-api.service[111293]: /usr/local/lib/python3.8/dist-packages/oslo_context/context.py:100: DeprecationWarning: Policy enforcement is depending on the value of is_admin. This key is deprecated. Please update your policy file to use the standard policy values.
Jun 28 12:14:15.579050 dv-cinder-847953-1-smb devstack@c-api.service[111293]: warnings.warn('Policy enforcement is depending on the value of '
Jun 28 12:14:15.586033 dv-cinder-847953-1-smb devstack@c-api.service[111293]: INFO cinder.api.openstack.wsgi [None req-2fe04b51-ddee-4080-a82a-5803c67faa49 tempest-VolumeTypesNegativeTest-724207059 tempest-VolumeTypesNegativeTest-724207059-project-admin] HTTP exception thrown: Volume Type tempest-VolumeTypesNegativeTest-volume-type-998312053 already exists.
Jun 28 12:14:15.586470 dv-cinder-847953-1-smb devstack@c-api.service[111293]: INFO cinder.api.openstack.wsgi [None req-2fe04b51-ddee-4080-a82a-5803c67faa49 tempest-VolumeTypesNegativeTest-724207059 tempest-VolumeTypesNegativeTest-724207059-project-admin] http://10.222.0.42/volume/v3/d44df41d18854baabad8b02f6b70c223/types returned with HTTP 409
Jun 28 12:14:15.587451 dv-cinder-847953-1-smb devstack@c-api.service[111293]: [pid: 111293|app: 0|req: 175/378] 10.222.0.42 () {60 vars in 1228 bytes} [Tue Jun 28 12:14:15 2022] POST /volume/v3/d44df41d18854baabad8b02f6b70c223/types => generated 133 bytes in 16 msecs (HTTP/1.1 409) 7 headers in 291 bytes (1 switches on core 0)
Jun 28 12:14:15.589137 dv-cinder-847953-1-smb devstack@c-api.service[111293]: DEBUG cinder.api.middleware.request_id [None req-bd93cee1-f6a4-4c68-ade0-5081dd9fd562 None None] RequestId filter calling following filter/app {{(pid=111293) _context_setter /opt/stack/cinder/cinder/api/middleware/request_id.py:62}}
Jun 28 12:14:15.594682 dv-cinder-847953-1-smb devstack@c-api.service[111293]: INFO cinder.api.openstack.wsgi [None req-bd93cee1-f6a4-4c68-ade0-5081dd9fd562 tempest-VolumesSnapshotTestJSON-113657302 tempest-VolumesSnapshotTestJSON-113657302-project] GET http://10.222.0.42/volume/v3/2b2b0dff96c443b5aeedee00121f7ffa/volumes/875ca6d8-0ae5-4187-874c-bf45b73a445d
Jun 28 12:14:15.595126 dv-cinder-847953-1-smb devstack@c-api.service[111293]: DEBUG cinder.api.openstack.wsgi [None req-bd93cee1-f6a4-4c68-ade0-5081dd9fd562 tempest-VolumesSnapshotTestJSON-113657302 tempest-VolumesSnapshotTestJSON-113657302-project] Empty body provided in request {{(pid=111293) get_body /opt/stack/cinder/cinder/api/openstack/wsgi.py:715}}
Jun 28 12:14:15.595574 dv-cinder-847953-1-smb devstack@c-api.service[111293]: DEBUG cinder.api.openstack.wsgi [None req-bd93cee1-f6a4-4c68-ade0-5081dd9fd562 tempest-VolumesSnapshotTestJSON-113657302 tempest-VolumesSnapshotTestJSON-113657302-project] Calling method 'show' {{(pid=111293) _process_stack /opt/stack/cinder/cinder/api/openstack/wsgi.py:868}}
Jun 28 12:14:15.609585 dv-cinder-847953-1-smb devstack@c-api.service[111293]: /usr/local/lib/python3.8/dist-packages/oslo_context/context.py:100: DeprecationWarning: Policy enforcement is depending on the value of is_admin. This key is deprecated. Please update your policy file to use the standard policy values.
Jun 28 12:14:15.609585 dv-cinder-847953-1-smb devstack@c-api.service[111293]: warnings.warn('Policy enforcement is depending on the value of '
Jun 28 12:14:15.616060 dv-cinder-847953-1-smb devstack@c-api.service[111293]: INFO cinder.volume.api [None req-bd93cee1-f6a4-4c68-ade0-5081dd9fd562 tempest-VolumesSnapshotTestJSON-113657302 tempest-VolumesSnapshotTestJSON-113657302-project] Volume info retrieved successfully.
Jun 28 12:14:15.625564 dv-cinder-847953-1-smb devstack@c-api.service[111293]: INFO cinder.api.openstack.wsgi [None req-bd93cee1-f6a4-4c68-ade0-5081dd9fd562 tempest-VolumesSnapshotTestJSON-113657302 tempest-VolumesSnapshotTestJSON-113657302-project] http://10.222.0.42/volume/v3/2b2b0dff96c443b5aeedee00121f7ffa/volumes/875ca6d8-0ae5-4187-874c-bf45b73a445d returned with HTTP 200
Jun 28 12:14:15.626281 dv-cinder-847953-1-smb devstack@c-api.service[111293]: [pid: 111293|app: 0|req: 176/379] 10.222.0.42 () {58 vars in 1324 bytes} [Tue Jun 28 12:14:15 2022] GET /volume/v3/2b2b0dff96c443b5aeedee00121f7ffa/volumes/875ca6d8-0ae5-4187-874c-bf45b73a445d => generated 891 bytes in 38 msecs (HTTP/1.1 200) 7 headers in 285 bytes (1 switches on core 0)
Jun 28 12:14:15.627444 dv-cinder-847953-1-smb devstack@c-api.service[111293]: DEBUG cinder.api.middleware.request_id [None req-bf0e67ae-8e29-4f0d-a147-3222a4f5335c None None] RequestId filter calling following filter/app {{(pid=111293) _context_setter /opt/stack/cinder/cinder/api/middleware/request_id.py:62}}
Jun 28 12:14:15.631230 dv-cinder-847953-1-smb devstack@c-api.service[111293]: INFO cinder.api.openstack.wsgi [None req-bf0e67ae-8e29-4f0d-a147-3222a4f5335c tempest-VolumeTypesNegativeTest-724207059 tempest-VolumeTypesNegativeTest-724207059-project-admin] DELETE http://10.222.0.42/volume/v3/d44df41d18854baabad8b02f6b70c223/types/56a786df-2aac-4a1c-af46-933d821ca1fc
Jun 28 12:14:15.635717 dv-cinder-847953-1-smb devstack@c-api.service[111293]: DEBUG cinder.api.openstack.wsgi [None req-bf0e67ae-8e29-4f0d-a147-3222a4f5335c tempest-VolumeTypesNegativeTest-724207059 tempest-VolumeTypesNegativeTest-724207059-project-admin] Empty body provided in request {{(pid=111293) get_body /opt/stack/cinder/cinder/api/openstack/wsgi.py:715}}
Jun 28 12:14:15.635717 dv-cinder-847953-1-smb devstack@c-api.service[111293]: DEBUG cinder.api.openstack.wsgi [None req-bf0e67ae-8e29-4f0d-a147-3222a4f5335c tempest-VolumeTypesNegativeTest-724207059 tempest-VolumeTypesNegativeTest-724207059-project-admin] Calling method '_delete' {{(pid=111293) _process_stack /opt/stack/cinder/cinder/api/openstack/wsgi.py:868}}
Jun 28 12:14:15.638960 dv-cinder-847953-1-smb devstack@c-api.service[111293]: INFO cinder.api.openstack.wsgi [None req-bf0e67ae-8e29-4f0d-a147-3222a4f5335c tempest-VolumeTypesNegativeTest-724207059 tempest-VolumeTypesNegativeTest-724207059-project-admin] http://10.222.0.42/volume/v3/d44df41d18854baabad8b02f6b70c223/types/56a786df-2aac-4a1c-af46-933d821ca1fc returned with HTTP 404
Jun 28 12:14:15.640142 dv-cinder-847953-1-smb devstack@c-api.service[111293]: [pid: 111293|app: 0|req: 177/380] 10.222.0.42 () {58 vars in 1321 bytes} [Tue Jun 28 12:14:15 2022] DELETE /volume/v3/d44df41d18854baabad8b02f6b70c223/types/56a786df-2aac-4a1c-af46-933d821ca1fc => generated 114 bytes in 13 msecs (HTTP/1.1 404) 7 headers in 292 bytes (1 switches on core 0)
Jun 28 12:14:15.645447 dv-cinder-847953-1-smb devstack@c-api.service[111293]: DEBUG cinder.api.middleware.request_id [None req-db817b38-780f-4c8b-b774-69cdc45bebe3 None None] RequestId filter calling following filter/app {{(pid=111293) _context_setter /opt/stack/cinder/cinder/api/middleware/request_id.py:62}}
Jun 28 12:14:15.649099 dv-cinder-847953-1-smb devstack@c-api.service[111293]: INFO cinder.api.openstack.wsgi [None req-db817b38-780f-4c8b-b774-69cdc45bebe3 tempest-VolumeTypesNegativeTest-724207059 tempest-VolumeTypesNegativeTest-724207059-project-admin] GET http://10.222.0.42/volume/v3/d44df41d18854baabad8b02f6b70c223/types/049ace4f-5c1a-4ec8-abc2-d81446bc2608
Jun 28 12:14:15.649540 dv-cinder-847953-1-smb devstack@c-api.service[111293]: DEBUG cinder.api.openstack.wsgi [None req-db817b38-780f-4c8b-b774-69cdc45bebe3 tempest-VolumeTypesNegativeTest-724207059 tempest-VolumeTypesNegativeTest-724207059-project-admin] Empty body provided in request {{(pid=111293) get_body /opt/stack/cinder/cinder/api/openstack/wsgi.py:715}}
Jun 28 12:14:15.649987 dv-cinder-847953-1-smb devstack@c-api.service[111293]: DEBUG cinder.api.openstack.wsgi [None req-db817b38-780f-4c8b-b774-69cdc45bebe3 tempest-VolumeTypesNegativeTest-724207059 tempest-VolumeTypesNegativeTest-724207059-project-admin] Calling method 'show' {{(pid=111293) _process_stack /opt/stack/cinder/cinder/api/openstack/wsgi.py:868}}
Jun 28 12:14:15.655414 dv-cinder-847953-1-smb devstack@c-api.service[111292]: DEBUG cinder.volume.api [None req-dc89713e-f154-4199-8ec1-a5ce866b466a tempest-VolumesDeleteCascade-741584950 tempest-VolumesDeleteCascade-741584950-project] Task 'cinder.volume.flows.api.create_volume.QuotaCommitTask;volume:create' (1a01c4ce-15cd-4947-adaa-bfdb5f22f597) transitioned into state 'SUCCESS' from state 'RUNNING' with result '{'volume_properties': VolumeProperties(attach_status='detached',availability_zone='nova',cgsnapshot_id=None,consistencygroup_id=None,display_description=None,display_name='tempest-VolumesDeleteCascade-Volume-1998952429',encryption_key_id=None,group_id=None,group_type_id=,metadata={},multiattach=False,project_id='1a94d8a2b49246c284db1eae2644c42b',qos_specs=None,replication_status=,reservations=['0db7461a-895d-4754-8f77-4c76d0a3c406','0badcb53-cc4c-44c8-8ad1-0d89a0afb4bd','7438b467-ec53-44a7-a9be-63fdcfe02a41','a735cb11-8dc7-4bb5-85f9-4678f5ca2e31'],size=1,snapshot_id=6a2a830b-31a2-4a8f-9c13-b6029ca1db0a,source_replicaid=,source_volid=None,status='creating',user_id='1ddcd3fd06484db1a3d7ae42a37d7476',volume_type_id=ad8688c0-4449-4548-8811-3efd87ec31f8)}' {{(pid=111292) _task_receiver /usr/local/lib/python3.8/dist-packages/taskflow/listeners/logging.py:178}}
Jun 28 12:14:15.657227 dv-cinder-847953-1-smb devstack@c-api.service[111292]: DEBUG cinder.volume.api [None req-dc89713e-f154-4199-8ec1-a5ce866b466a tempest-VolumesDeleteCascade-741584950 tempest-VolumesDeleteCascade-741584950-project] Task 'cinder.volume.flows.api.create_volume.VolumeCastTask;volume:create' (ac41fdd6-6a33-4c90-a699-fdce404fdf70) transitioned into state 'RUNNING' from state 'PENDING' {{(pid=111292) _task_receiver /usr/local/lib/python3.8/dist-packages/taskflow/listeners/logging.py:190}}
Jun 28 12:14:15.659795 dv-cinder-847953-1-smb devstack@c-api.service[111293]: INFO cinder.api.openstack.wsgi [None req-db817b38-780f-4c8b-b774-69cdc45bebe3 tempest-VolumeTypesNegativeTest-724207059 tempest-VolumeTypesNegativeTest-724207059-project-admin] http://10.222.0.42/volume/v3/d44df41d18854baabad8b02f6b70c223/types/049ace4f-5c1a-4ec8-abc2-d81446bc2608 returned with HTTP 404
Jun 28 12:14:15.660926 dv-cinder-847953-1-smb devstack@c-api.service[111293]: [pid: 111293|app: 0|req: 178/381] 10.222.0.42 () {58 vars in 1318 bytes} [Tue Jun 28 12:14:15 2022] GET /volume/v3/d44df41d18854baabad8b02f6b70c223/types/049ace4f-5c1a-4ec8-abc2-d81446bc2608 => generated 114 bytes in 16 msecs (HTTP/1.1 404) 7 headers in 292 bytes (2 switches on core 0)
Jun 28 12:14:15.667500 dv-cinder-847953-1-smb devstack@c-api.service[111293]: DEBUG cinder.api.middleware.request_id [None req-a1de0de0-0b06-4d3a-a424-5d1132f8fac1 None None] RequestId filter calling following filter/app {{(pid=111293) _context_setter /opt/stack/cinder/cinder/api/middleware/request_id.py:62}}
Jun 28 12:14:15.672103 dv-cinder-847953-1-smb devstack@c-api.service[111293]: INFO cinder.api.openstack.wsgi [None req-a1de0de0-0b06-4d3a-a424-5d1132f8fac1 tempest-VolumeTypesNegativeTest-724207059 tempest-VolumeTypesNegativeTest-724207059-project-admin] DELETE http://10.222.0.42/volume/v3/d44df41d18854baabad8b02f6b70c223/types/01248590-35e0-4c91-80f2-0f65224db23c
Jun 28 12:14:15.672783 dv-cinder-847953-1-smb devstack@c-api.service[111293]: DEBUG cinder.api.openstack.wsgi [None req-a1de0de0-0b06-4d3a-a424-5d1132f8fac1 tempest-VolumeTypesNegativeTest-724207059 tempest-VolumeTypesNegativeTest-724207059-project-admin] Empty body provided in request {{(pid=111293) get_body /opt/stack/cinder/cinder/api/openstack/wsgi.py:715}}
Jun 28 12:14:15.673447 dv-cinder-847953-1-smb devstack@c-api.service[111293]: DEBUG cinder.api.openstack.wsgi [None req-a1de0de0-0b06-4d3a-a424-5d1132f8fac1 tempest-VolumeTypesNegativeTest-724207059 tempest-VolumeTypesNegativeTest-724207059-project-admin] Calling method '_delete' {{(pid=111293) _process_stack /opt/stack/cinder/cinder/api/openstack/wsgi.py:868}}
Jun 28 12:14:15.760367 dv-cinder-847953-1-smb devstack@c-api.service[111292]: DEBUG cinder.volume.api [None req-dc89713e-f154-4199-8ec1-a5ce866b466a tempest-VolumesDeleteCascade-741584950 tempest-VolumesDeleteCascade-741584950-project] Task 'cinder.volume.flows.api.create_volume.VolumeCastTask;volume:create' (ac41fdd6-6a33-4c90-a699-fdce404fdf70) transitioned into state 'SUCCESS' from state 'RUNNING' with result 'None' {{(pid=111292) _task_receiver /usr/local/lib/python3.8/dist-packages/taskflow/listeners/logging.py:178}}
Jun 28 12:14:15.764770 dv-cinder-847953-1-smb devstack@c-api.service[111292]: DEBUG cinder.volume.api [None req-dc89713e-f154-4199-8ec1-a5ce866b466a tempest-VolumesDeleteCascade-741584950 tempest-VolumesDeleteCascade-741584950-project] Flow 'volume_create_api' (3e8907e2-05a4-4988-bf34-2083df14a644) transitioned into state 'SUCCESS' from state 'RUNNING' {{(pid=111292) _flow_receiver /usr/local/lib/python3.8/dist-packages/taskflow/listeners/logging.py:141}}
Jun 28 12:14:15.765662 dv-cinder-847953-1-smb devstack@c-api.service[111292]: INFO cinder.volume.api [None req-dc89713e-f154-4199-8ec1-a5ce866b466a tempest-VolumesDeleteCascade-741584950 tempest-VolumesDeleteCascade-741584950-project] Create volume request issued successfully.
Jun 28 12:14:15.767586 dv-cinder-847953-1-smb devstack@c-api.service[111292]: INFO cinder.api.openstack.wsgi [None req-dc89713e-f154-4199-8ec1-a5ce866b466a tempest-VolumesDeleteCascade-741584950 tempest-VolumesDeleteCascade-741584950-project] http://10.222.0.42/volume/v3/1a94d8a2b49246c284db1eae2644c42b/volumes returned with HTTP 202
Jun 28 12:14:15.769110 dv-cinder-847953-1-smb devstack@c-api.service[111292]: [pid: 111292|app: 0|req: 204/382] 10.222.0.42 () {60 vars in 1235 bytes} [Tue Jun 28 12:14:15 2022] POST /volume/v3/1a94d8a2b49246c284db1eae2644c42b/volumes => generated 854 bytes in 684 msecs (HTTP/1.1 202) 7 headers in 291 bytes (1 switches on core 0)
Jun 28 12:14:15.770730 dv-cinder-847953-1-smb devstack@c-api.service[111292]: DEBUG cinder.api.middleware.request_id [None req-f76688c7-8a9a-4fca-bf4c-98fc56195419 None None] RequestId filter calling following filter/app {{(pid=111292) _context_setter /opt/stack/cinder/cinder/api/middleware/request_id.py:62}}
Jun 28 12:14:15.775286 dv-cinder-847953-1-smb devstack@c-api.service[111293]: INFO cinder.api.openstack.wsgi [None req-a1de0de0-0b06-4d3a-a424-5d1132f8fac1 tempest-VolumeTypesNegativeTest-724207059 tempest-VolumeTypesNegativeTest-724207059-project-admin] http://10.222.0.42/volume/v3/d44df41d18854baabad8b02f6b70c223/types/01248590-35e0-4c91-80f2-0f65224db23c returned with HTTP 202
Jun 28 12:14:15.775433 dv-cinder-847953-1-smb devstack@c-api.service[111292]: INFO cinder.api.openstack.wsgi [None req-f76688c7-8a9a-4fca-bf4c-98fc56195419 tempest-GroupSnapshotsV319Test-1448950348 tempest-GroupSnapshotsV319Test-1448950348-project] GET http://10.222.0.42/volume/v3/e05105c925784182b51b1b5a8e0d1e38/volumes/c4582ed6-9b0c-4cf8-a88a-2c26aefcafb3
Jun 28 12:14:15.775843 dv-cinder-847953-1-smb devstack@c-api.service[111292]: DEBUG cinder.api.openstack.wsgi [None req-f76688c7-8a9a-4fca-bf4c-98fc56195419 tempest-GroupSnapshotsV319Test-1448950348 tempest-GroupSnapshotsV319Test-1448950348-project] Empty body provided in request {{(pid=111292) get_body /opt/stack/cinder/cinder/api/openstack/wsgi.py:715}}
Jun 28 12:14:15.779117 dv-cinder-847953-1-smb devstack@c-api.service[111293]: [pid: 111293|app: 0|req: 179/383] 10.222.0.42 () {58 vars in 1321 bytes} [Tue Jun 28 12:14:15 2022] DELETE /volume/v3/d44df41d18854baabad8b02f6b70c223/types/01248590-35e0-4c91-80f2-0f65224db23c => generated 0 bytes in 110 msecs (HTTP/1.1 202) 6 headers in 233 bytes (1 switches on core 0)
Jun 28 12:14:15.779948 dv-cinder-847953-1-smb devstack@c-api.service[111292]: DEBUG cinder.api.openstack.wsgi [None req-f76688c7-8a9a-4fca-bf4c-98fc56195419 tempest-GroupSnapshotsV319Test-1448950348 tempest-GroupSnapshotsV319Test-1448950348-project] Calling method 'show' {{(pid=111292) _process_stack /opt/stack/cinder/cinder/api/openstack/wsgi.py:868}}
Jun 28 12:14:15.780387 dv-cinder-847953-1-smb devstack@c-api.service[111293]: DEBUG cinder.api.middleware.request_id [None req-5ea36b99-5e55-4727-86bf-8dc393edae45 None None] RequestId filter calling following filter/app {{(pid=111293) _context_setter /opt/stack/cinder/cinder/api/middleware/request_id.py:62}}
Jun 28 12:14:15.785309 dv-cinder-847953-1-smb devstack@c-api.service[111293]: INFO cinder.api.openstack.wsgi [None req-5ea36b99-5e55-4727-86bf-8dc393edae45 tempest-VolumesDeleteCascade-741584950 tempest-VolumesDeleteCascade-741584950-project] GET http://10.222.0.42/volume/v3/1a94d8a2b49246c284db1eae2644c42b/volumes/2dddd0e1-ce1a-4458-9922-c78e4eadab32
Jun 28 12:14:15.785309 dv-cinder-847953-1-smb devstack@c-api.service[111293]: DEBUG cinder.api.openstack.wsgi [None req-5ea36b99-5e55-4727-86bf-8dc393edae45 tempest-VolumesDeleteCascade-741584950 tempest-VolumesDeleteCascade-741584950-project] Empty body provided in request {{(pid=111293) get_body /opt/stack/cinder/cinder/api/openstack/wsgi.py:715}}
Jun 28 12:14:15.788360 dv-cinder-847953-1-smb devstack@c-api.service[111293]: DEBUG cinder.api.openstack.wsgi [None req-5ea36b99-5e55-4727-86bf-8dc393edae45 tempest-VolumesDeleteCascade-741584950 tempest-VolumesDeleteCascade-741584950-project] Calling method 'show' {{(pid=111293) _process_stack /opt/stack/cinder/cinder/api/openstack/wsgi.py:868}}
Jun 28 12:14:15.794315 dv-cinder-847953-1-smb devstack@c-api.service[111292]: INFO cinder.api.openstack.wsgi [None req-f76688c7-8a9a-4fca-bf4c-98fc56195419 tempest-GroupSnapshotsV319Test-1448950348 tempest-GroupSnapshotsV319Test-1448950348-project] http://10.222.0.42/volume/v3/e05105c925784182b51b1b5a8e0d1e38/volumes/c4582ed6-9b0c-4cf8-a88a-2c26aefcafb3 returned with HTTP 404
Jun 28 12:14:15.795081 dv-cinder-847953-1-smb devstack@c-api.service[111292]: [pid: 111292|app: 0|req: 205/384] 10.222.0.42 () {60 vars in 1365 bytes} [Tue Jun 28 12:14:15 2022] GET /volume/v3/e05105c925784182b51b1b5a8e0d1e38/volumes/c4582ed6-9b0c-4cf8-a88a-2c26aefcafb3 => generated 109 bytes in 25 msecs (HTTP/1.1 404) 7 headers in 293 bytes (1 switches on core 0)
Jun 28 12:14:15.796583 dv-cinder-847953-1-smb devstack@c-api.service[111292]: DEBUG cinder.api.middleware.request_id [None req-43e5f00a-3f27-4552-80bf-e30d36a5434f None None] RequestId filter calling following filter/app {{(pid=111292) _context_setter /opt/stack/cinder/cinder/api/middleware/request_id.py:62}}
Jun 28 12:14:15.801679 dv-cinder-847953-1-smb devstack@c-api.service[111292]: INFO cinder.api.openstack.wsgi [None req-43e5f00a-3f27-4552-80bf-e30d36a5434f tempest-VolumeTypesNegativeTest-724207059 tempest-VolumeTypesNegativeTest-724207059-project-admin] GET http://10.222.0.42/volume/v3/d44df41d18854baabad8b02f6b70c223/types/01248590-35e0-4c91-80f2-0f65224db23c
Jun 28 12:14:15.802308 dv-cinder-847953-1-smb devstack@c-api.service[111292]: DEBUG cinder.api.openstack.wsgi [None req-43e5f00a-3f27-4552-80bf-e30d36a5434f tempest-VolumeTypesNegativeTest-724207059 tempest-VolumeTypesNegativeTest-724207059-project-admin] Empty body provided in request {{(pid=111292) get_body /opt/stack/cinder/cinder/api/openstack/wsgi.py:715}}
Jun 28 12:14:15.802950 dv-cinder-847953-1-smb devstack@c-api.service[111292]: DEBUG cinder.api.openstack.wsgi [None req-43e5f00a-3f27-4552-80bf-e30d36a5434f tempest-VolumeTypesNegativeTest-724207059 tempest-VolumeTypesNegativeTest-724207059-project-admin] Calling method 'show' {{(pid=111292) _process_stack /opt/stack/cinder/cinder/api/openstack/wsgi.py:868}}
Jun 28 12:14:15.803067 dv-cinder-847953-1-smb devstack@c-api.service[111293]: /usr/local/lib/python3.8/dist-packages/oslo_context/context.py:100: DeprecationWarning: Policy enforcement is depending on the value of is_admin. This key is deprecated. Please update your policy file to use the standard policy values.
Jun 28 12:14:15.803067 dv-cinder-847953-1-smb devstack@c-api.service[111293]: warnings.warn('Policy enforcement is depending on the value of '
Jun 28 12:14:15.811788 dv-cinder-847953-1-smb devstack@c-api.service[111293]: INFO cinder.volume.api [None req-5ea36b99-5e55-4727-86bf-8dc393edae45 tempest-VolumesDeleteCascade-741584950 tempest-VolumesDeleteCascade-741584950-project] Volume info retrieved successfully.
Jun 28 12:14:15.815944 dv-cinder-847953-1-smb devstack@c-api.service[111292]: INFO cinder.api.openstack.wsgi [None req-43e5f00a-3f27-4552-80bf-e30d36a5434f tempest-VolumeTypesNegativeTest-724207059 tempest-VolumeTypesNegativeTest-724207059-project-admin] http://10.222.0.42/volume/v3/d44df41d18854baabad8b02f6b70c223/types/01248590-35e0-4c91-80f2-0f65224db23c returned with HTTP 404
Jun 28 12:14:15.820702 dv-cinder-847953-1-smb devstack@c-api.service[111292]: [pid: 111292|app: 0|req: 206/385] 10.222.0.42 () {58 vars in 1318 bytes} [Tue Jun 28 12:14:15 2022] GET /volume/v3/d44df41d18854baabad8b02f6b70c223/types/01248590-35e0-4c91-80f2-0f65224db23c => generated 114 bytes in 25 msecs (HTTP/1.1 404) 7 headers in 292 bytes (1 switches on core 0)
Jun 28 12:14:15.822644 dv-cinder-847953-1-smb devstack@c-api.service[111292]: DEBUG cinder.api.middleware.request_id [None req-f01f474d-05cc-4e6a-9323-173981a75af2 None None] RequestId filter calling following filter/app {{(pid=111292) _context_setter /opt/stack/cinder/cinder/api/middleware/request_id.py:62}}
Jun 28 12:14:15.828336 dv-cinder-847953-1-smb devstack@c-api.service[111292]: INFO cinder.api.openstack.wsgi [None req-f01f474d-05cc-4e6a-9323-173981a75af2 tempest-GroupSnapshotsV319Test-1448950348 tempest-GroupSnapshotsV319Test-1448950348-project] GET http://10.222.0.42/volume/v3/e05105c925784182b51b1b5a8e0d1e38/groups/9aec11b6-ef28-4cb6-abba-a5066c756d28
Jun 28 12:14:15.829071 dv-cinder-847953-1-smb devstack@c-api.service[111292]: DEBUG cinder.api.openstack.wsgi [None req-f01f474d-05cc-4e6a-9323-173981a75af2 tempest-GroupSnapshotsV319Test-1448950348 tempest-GroupSnapshotsV319Test-1448950348-project] Empty body provided in request {{(pid=111292) get_body /opt/stack/cinder/cinder/api/openstack/wsgi.py:715}}
Jun 28 12:14:15.831283 dv-cinder-847953-1-smb devstack@c-api.service[111292]: DEBUG cinder.api.openstack.wsgi [None req-f01f474d-05cc-4e6a-9323-173981a75af2 tempest-GroupSnapshotsV319Test-1448950348 tempest-GroupSnapshotsV319Test-1448950348-project] Calling method 'version_select' {{(pid=111292) _process_stack /opt/stack/cinder/cinder/api/openstack/wsgi.py:868}}
Jun 28 12:14:15.832264 dv-cinder-847953-1-smb devstack@c-api.service[111292]: DEBUG cinder.api.v3.groups [None req-f01f474d-05cc-4e6a-9323-173981a75af2 tempest-GroupSnapshotsV319Test-1448950348 tempest-GroupSnapshotsV319Test-1448950348-project] show called for member 9aec11b6-ef28-4cb6-abba-a5066c756d28 {{(pid=111292) show /opt/stack/cinder/cinder/api/v3/groups.py:58}}
Jun 28 12:14:15.833067 dv-cinder-847953-1-smb devstack@c-api.service[111293]: INFO cinder.api.openstack.wsgi [None req-5ea36b99-5e55-4727-86bf-8dc393edae45 tempest-VolumesDeleteCascade-741584950 tempest-VolumesDeleteCascade-741584950-project] http://10.222.0.42/volume/v3/1a94d8a2b49246c284db1eae2644c42b/volumes/2dddd0e1-ce1a-4458-9922-c78e4eadab32 returned with HTTP 200
Jun 28 12:14:15.836017 dv-cinder-847953-1-smb devstack@c-api.service[111293]: [pid: 111293|app: 0|req: 180/386] 10.222.0.42 () {58 vars in 1324 bytes} [Tue Jun 28 12:14:15 2022] GET /volume/v3/1a94d8a2b49246c284db1eae2644c42b/volumes/2dddd0e1-ce1a-4458-9922-c78e4eadab32 => generated 922 bytes in 55 msecs (HTTP/1.1 200) 7 headers in 285 bytes (1 switches on core 0)
Jun 28 12:14:15.838378 dv-cinder-847953-1-smb devstack@c-api.service[111292]: INFO cinder.api.openstack.wsgi [None req-f01f474d-05cc-4e6a-9323-173981a75af2 tempest-GroupSnapshotsV319Test-1448950348 tempest-GroupSnapshotsV319Test-1448950348-project] http://10.222.0.42/volume/v3/e05105c925784182b51b1b5a8e0d1e38/groups/9aec11b6-ef28-4cb6-abba-a5066c756d28 returned with HTTP 404
Jun 28 12:14:15.839300 dv-cinder-847953-1-smb devstack@c-api.service[111292]: [pid: 111292|app: 0|req: 207/387] 10.222.0.42 () {60 vars in 1362 bytes} [Tue Jun 28 12:14:15 2022] GET /volume/v3/e05105c925784182b51b1b5a8e0d1e38/groups/9aec11b6-ef28-4cb6-abba-a5066c756d28 => generated 108 bytes in 18 msecs (HTTP/1.1 404) 7 headers in 293 bytes (1 switches on core 0)
Jun 28 12:14:15.844572 dv-cinder-847953-1-smb devstack@c-api.service[111292]: DEBUG cinder.api.middleware.request_id [None req-19950b61-2907-4660-8efa-7b99a4724539 None None] RequestId filter calling following filter/app {{(pid=111292) _context_setter /opt/stack/cinder/cinder/api/middleware/request_id.py:62}}
Jun 28 12:14:15.845034 dv-cinder-847953-1-smb devstack@c-api.service[111293]: DEBUG cinder.api.middleware.request_id [None req-d9802e94-2e17-4bb5-871e-05198966fce1 None None] RequestId filter calling following filter/app {{(pid=111293) _context_setter /opt/stack/cinder/cinder/api/middleware/request_id.py:62}}
Jun 28 12:14:15.849342 dv-cinder-847953-1-smb devstack@c-api.service[111292]: INFO cinder.api.openstack.wsgi [None req-19950b61-2907-4660-8efa-7b99a4724539 tempest-GroupSnapshotsV319Test-1680116830 tempest-GroupSnapshotsV319Test-1680116830-project-admin] DELETE http://10.222.0.42/volume/v3/157d0bd2a4f14a5bbd25d2e31f1d90f7/group_types/f166d390-b213-4686-878b-0ed6f340141c
Jun 28 12:14:15.849829 dv-cinder-847953-1-smb devstack@c-api.service[111292]: DEBUG cinder.api.openstack.wsgi [None req-19950b61-2907-4660-8efa-7b99a4724539 tempest-GroupSnapshotsV319Test-1680116830 tempest-GroupSnapshotsV319Test-1680116830-project-admin] Empty body provided in request {{(pid=111292) get_body /opt/stack/cinder/cinder/api/openstack/wsgi.py:715}}
Jun 28 12:14:15.850274 dv-cinder-847953-1-smb devstack@c-api.service[111292]: DEBUG cinder.api.openstack.wsgi [None req-19950b61-2907-4660-8efa-7b99a4724539 tempest-GroupSnapshotsV319Test-1680116830 tempest-GroupSnapshotsV319Test-1680116830-project-admin] Calling method 'version_select' {{(pid=111292) _process_stack /opt/stack/cinder/cinder/api/openstack/wsgi.py:868}}
Jun 28 12:14:15.850435 dv-cinder-847953-1-smb devstack@c-api.service[111293]: INFO cinder.api.openstack.wsgi [None req-d9802e94-2e17-4bb5-871e-05198966fce1 tempest-VolumeTypesNegativeTest-724207059 tempest-VolumeTypesNegativeTest-724207059-project-admin] DELETE http://10.222.0.42/volume/v3/d44df41d18854baabad8b02f6b70c223/types/576f2b4c-d0c4-4ebb-ade7-07f5d2c95383
Jun 28 12:14:15.850964 dv-cinder-847953-1-smb devstack@c-api.service[111292]: /usr/local/lib/python3.8/dist-packages/oslo_context/context.py:100: DeprecationWarning: Policy enforcement is depending on the value of is_admin. This key is deprecated. Please update your policy file to use the standard policy values.
Jun 28 12:14:15.850964 dv-cinder-847953-1-smb devstack@c-api.service[111292]: warnings.warn('Policy enforcement is depending on the value of '
Jun 28 12:14:15.851645 dv-cinder-847953-1-smb devstack@c-api.service[111293]: DEBUG cinder.api.openstack.wsgi [None req-d9802e94-2e17-4bb5-871e-05198966fce1 tempest-VolumeTypesNegativeTest-724207059 tempest-VolumeTypesNegativeTest-724207059-project-admin] Empty body provided in request {{(pid=111293) get_body /opt/stack/cinder/cinder/api/openstack/wsgi.py:715}}
Jun 28 12:14:15.852233 dv-cinder-847953-1-smb devstack@c-api.service[111293]: DEBUG cinder.api.openstack.wsgi [None req-d9802e94-2e17-4bb5-871e-05198966fce1 tempest-VolumeTypesNegativeTest-724207059 tempest-VolumeTypesNegativeTest-724207059-project-admin] Calling method '_delete' {{(pid=111293) _process_stack /opt/stack/cinder/cinder/api/openstack/wsgi.py:868}}
Jun 28 12:14:15.952747 dv-cinder-847953-1-smb devstack@c-api.service[111292]: INFO cinder.api.openstack.wsgi [None req-19950b61-2907-4660-8efa-7b99a4724539 tempest-GroupSnapshotsV319Test-1680116830 tempest-GroupSnapshotsV319Test-1680116830-project-admin] http://10.222.0.42/volume/v3/157d0bd2a4f14a5bbd25d2e31f1d90f7/group_types/f166d390-b213-4686-878b-0ed6f340141c returned with HTTP 202
Jun 28 12:14:15.953863 dv-cinder-847953-1-smb devstack@c-api.service[111292]: [pid: 111292|app: 0|req: 208/388] 10.222.0.42 () {60 vars in 1380 bytes} [Tue Jun 28 12:14:15 2022] DELETE /volume/v3/157d0bd2a4f14a5bbd25d2e31f1d90f7/group_types/f166d390-b213-4686-878b-0ed6f340141c => generated 0 bytes in 110 msecs (HTTP/1.1 202) 6 headers in 234 bytes (1 switches on core 0)
Jun 28 12:14:15.959712 dv-cinder-847953-1-smb devstack@c-api.service[111292]: DEBUG cinder.api.middleware.request_id [None req-89ef0d4e-4552-4945-88b7-da51cfb84881 None None] RequestId filter calling following filter/app {{(pid=111292) _context_setter /opt/stack/cinder/cinder/api/middleware/request_id.py:62}}
Jun 28 12:14:15.963376 dv-cinder-847953-1-smb devstack@c-api.service[111292]: INFO cinder.api.openstack.wsgi [None req-89ef0d4e-4552-4945-88b7-da51cfb84881 tempest-GroupSnapshotsV319Test-1448950348 tempest-GroupSnapshotsV319Test-1448950348-project] DELETE http://10.222.0.42/volume/v3/e05105c925784182b51b1b5a8e0d1e38/volumes/c4582ed6-9b0c-4cf8-a88a-2c26aefcafb3
Jun 28 12:14:15.963862 dv-cinder-847953-1-smb devstack@c-api.service[111292]: DEBUG cinder.api.openstack.wsgi [None req-89ef0d4e-4552-4945-88b7-da51cfb84881 tempest-GroupSnapshotsV319Test-1448950348 tempest-GroupSnapshotsV319Test-1448950348-project] Empty body provided in request {{(pid=111292) get_body /opt/stack/cinder/cinder/api/openstack/wsgi.py:715}}
Jun 28 12:14:15.964357 dv-cinder-847953-1-smb devstack@c-api.service[111292]: DEBUG cinder.api.openstack.wsgi [None req-89ef0d4e-4552-4945-88b7-da51cfb84881 tempest-GroupSnapshotsV319Test-1448950348 tempest-GroupSnapshotsV319Test-1448950348-project] Calling method 'delete' {{(pid=111292) _process_stack /opt/stack/cinder/cinder/api/openstack/wsgi.py:868}}
Jun 28 12:14:15.964754 dv-cinder-847953-1-smb devstack@c-api.service[111292]: INFO cinder.api.v3.volumes [None req-89ef0d4e-4552-4945-88b7-da51cfb84881 tempest-GroupSnapshotsV319Test-1448950348 tempest-GroupSnapshotsV319Test-1448950348-project] Delete volume with id: c4582ed6-9b0c-4cf8-a88a-2c26aefcafb3
Jun 28 12:14:15.974272 dv-cinder-847953-1-smb devstack@c-api.service[111293]: INFO cinder.api.openstack.wsgi [None req-d9802e94-2e17-4bb5-871e-05198966fce1 tempest-VolumeTypesNegativeTest-724207059 tempest-VolumeTypesNegativeTest-724207059-project-admin] http://10.222.0.42/volume/v3/d44df41d18854baabad8b02f6b70c223/types/576f2b4c-d0c4-4ebb-ade7-07f5d2c95383 returned with HTTP 202
Jun 28 12:14:15.975082 dv-cinder-847953-1-smb devstack@c-api.service[111293]: [pid: 111293|app: 0|req: 181/389] 10.222.0.42 () {58 vars in 1321 bytes} [Tue Jun 28 12:14:15 2022] DELETE /volume/v3/d44df41d18854baabad8b02f6b70c223/types/576f2b4c-d0c4-4ebb-ade7-07f5d2c95383 => generated 0 bytes in 141 msecs (HTTP/1.1 202) 6 headers in 233 bytes (1 switches on core 0)
Jun 28 12:14:15.977560 dv-cinder-847953-1-smb devstack@c-api.service[111292]: INFO cinder.api.openstack.wsgi [None req-89ef0d4e-4552-4945-88b7-da51cfb84881 tempest-GroupSnapshotsV319Test-1448950348 tempest-GroupSnapshotsV319Test-1448950348-project] http://10.222.0.42/volume/v3/e05105c925784182b51b1b5a8e0d1e38/volumes/c4582ed6-9b0c-4cf8-a88a-2c26aefcafb3 returned with HTTP 404
Jun 28 12:14:15.982326 dv-cinder-847953-1-smb devstack@c-api.service[111293]: DEBUG cinder.api.middleware.request_id [None req-1e58fad7-c33d-422d-818d-9f057de88483 None None] RequestId filter calling following filter/app {{(pid=111293) _context_setter /opt/stack/cinder/cinder/api/middleware/request_id.py:62}}
Jun 28 12:14:15.982627 dv-cinder-847953-1-smb devstack@c-api.service[111292]: [pid: 111292|app: 0|req: 209/390] 10.222.0.42 () {60 vars in 1368 bytes} [Tue Jun 28 12:14:15 2022] DELETE /volume/v3/e05105c925784182b51b1b5a8e0d1e38/volumes/c4582ed6-9b0c-4cf8-a88a-2c26aefcafb3 => generated 109 bytes in 23 msecs (HTTP/1.1 404) 7 headers in 293 bytes (2 switches on core 0)
Jun 28 12:14:15.984165 dv-cinder-847953-1-smb devstack@c-api.service[111292]: DEBUG cinder.api.middleware.request_id [None req-1cfbca43-ed2b-42dc-b65f-cd1905404565 None None] RequestId filter calling following filter/app {{(pid=111292) _context_setter /opt/stack/cinder/cinder/api/middleware/request_id.py:62}}
Jun 28 12:14:15.987250 dv-cinder-847953-1-smb devstack@c-api.service[111293]: INFO cinder.api.openstack.wsgi [None req-1e58fad7-c33d-422d-818d-9f057de88483 tempest-VolumeTypesNegativeTest-724207059 tempest-VolumeTypesNegativeTest-724207059-project-admin] GET http://10.222.0.42/volume/v3/d44df41d18854baabad8b02f6b70c223/types/576f2b4c-d0c4-4ebb-ade7-07f5d2c95383
Jun 28 12:14:15.988734 dv-cinder-847953-1-smb devstack@c-api.service[111292]: INFO cinder.api.openstack.wsgi [None req-1cfbca43-ed2b-42dc-b65f-cd1905404565 tempest-GroupSnapshotsV319Test-1680116830 tempest-GroupSnapshotsV319Test-1680116830-project-admin] DELETE http://10.222.0.42/volume/v3/157d0bd2a4f14a5bbd25d2e31f1d90f7/types/629bed97-5bd4-4657-80da-4374722b198a
Jun 28 12:14:15.989248 dv-cinder-847953-1-smb devstack@c-api.service[111292]: DEBUG cinder.api.openstack.wsgi [None req-1cfbca43-ed2b-42dc-b65f-cd1905404565 tempest-GroupSnapshotsV319Test-1680116830 tempest-GroupSnapshotsV319Test-1680116830-project-admin] Empty body provided in request {{(pid=111292) get_body /opt/stack/cinder/cinder/api/openstack/wsgi.py:715}}
Jun 28 12:14:15.989896 dv-cinder-847953-1-smb devstack@c-api.service[111292]: DEBUG cinder.api.openstack.wsgi [None req-1cfbca43-ed2b-42dc-b65f-cd1905404565 tempest-GroupSnapshotsV319Test-1680116830 tempest-GroupSnapshotsV319Test-1680116830-project-admin] Calling method '_delete' {{(pid=111292) _process_stack /opt/stack/cinder/cinder/api/openstack/wsgi.py:868}}
Jun 28 12:14:15.990993 dv-cinder-847953-1-smb devstack@c-api.service[111293]: DEBUG cinder.api.openstack.wsgi [None req-1e58fad7-c33d-422d-818d-9f057de88483 tempest-VolumeTypesNegativeTest-724207059 tempest-VolumeTypesNegativeTest-724207059-project-admin] Empty body provided in request {{(pid=111293) get_body /opt/stack/cinder/cinder/api/openstack/wsgi.py:715}}
Jun 28 12:14:15.991571 dv-cinder-847953-1-smb devstack@c-api.service[111293]: DEBUG cinder.api.openstack.wsgi [None req-1e58fad7-c33d-422d-818d-9f057de88483 tempest-VolumeTypesNegativeTest-724207059 tempest-VolumeTypesNegativeTest-724207059-project-admin] Calling method 'show' {{(pid=111293) _process_stack /opt/stack/cinder/cinder/api/openstack/wsgi.py:868}}
Jun 28 12:14:16.001314 dv-cinder-847953-1-smb devstack@c-api.service[111293]: INFO cinder.api.openstack.wsgi [None req-1e58fad7-c33d-422d-818d-9f057de88483 tempest-VolumeTypesNegativeTest-724207059 tempest-VolumeTypesNegativeTest-724207059-project-admin] http://10.222.0.42/volume/v3/d44df41d18854baabad8b02f6b70c223/types/576f2b4c-d0c4-4ebb-ade7-07f5d2c95383 returned with HTTP 404
Jun 28 12:14:16.007511 dv-cinder-847953-1-smb devstack@c-api.service[111293]: [pid: 111293|app: 0|req: 182/391] 10.222.0.42 () {58 vars in 1318 bytes} [Tue Jun 28 12:14:15 2022] GET /volume/v3/d44df41d18854baabad8b02f6b70c223/types/576f2b4c-d0c4-4ebb-ade7-07f5d2c95383 => generated 114 bytes in 29 msecs (HTTP/1.1 404) 7 headers in 292 bytes (1 switches on core 0)
Jun 28 12:14:16.117479 dv-cinder-847953-1-smb devstack@c-api.service[111292]: INFO cinder.api.openstack.wsgi [None req-1cfbca43-ed2b-42dc-b65f-cd1905404565 tempest-GroupSnapshotsV319Test-1680116830 tempest-GroupSnapshotsV319Test-1680116830-project-admin] http://10.222.0.42/volume/v3/157d0bd2a4f14a5bbd25d2e31f1d90f7/types/629bed97-5bd4-4657-80da-4374722b198a returned with HTTP 202
Jun 28 12:14:16.118734 dv-cinder-847953-1-smb devstack@c-api.service[111292]: [pid: 111292|app: 0|req: 210/392] 10.222.0.42 () {58 vars in 1321 bytes} [Tue Jun 28 12:14:15 2022] DELETE /volume/v3/157d0bd2a4f14a5bbd25d2e31f1d90f7/types/629bed97-5bd4-4657-80da-4374722b198a => generated 0 bytes in 135 msecs (HTTP/1.1 202) 6 headers in 233 bytes (1 switches on core 0)
Jun 28 12:14:16.123587 dv-cinder-847953-1-smb devstack@c-api.service[111293]: DEBUG cinder.api.middleware.request_id [None req-96873f29-3d40-4ef0-ae00-a4118d205f33 None None] RequestId filter calling following filter/app {{(pid=111293) _context_setter /opt/stack/cinder/cinder/api/middleware/request_id.py:62}}
Jun 28 12:14:16.128318 dv-cinder-847953-1-smb devstack@c-api.service[111293]: INFO cinder.api.openstack.wsgi [None req-96873f29-3d40-4ef0-ae00-a4118d205f33 tempest-GroupSnapshotsV319Test-1680116830 tempest-GroupSnapshotsV319Test-1680116830-project-admin] GET http://10.222.0.42/volume/v3/157d0bd2a4f14a5bbd25d2e31f1d90f7/types/629bed97-5bd4-4657-80da-4374722b198a
Jun 28 12:14:16.128767 dv-cinder-847953-1-smb devstack@c-api.service[111293]: DEBUG cinder.api.openstack.wsgi [None req-96873f29-3d40-4ef0-ae00-a4118d205f33 tempest-GroupSnapshotsV319Test-1680116830 tempest-GroupSnapshotsV319Test-1680116830-project-admin] Empty body provided in request {{(pid=111293) get_body /opt/stack/cinder/cinder/api/openstack/wsgi.py:715}}
Jun 28 12:14:16.129707 dv-cinder-847953-1-smb devstack@c-api.service[111293]: DEBUG cinder.api.openstack.wsgi [None req-96873f29-3d40-4ef0-ae00-a4118d205f33 tempest-GroupSnapshotsV319Test-1680116830 tempest-GroupSnapshotsV319Test-1680116830-project-admin] Calling method 'show' {{(pid=111293) _process_stack /opt/stack/cinder/cinder/api/openstack/wsgi.py:868}}
Jun 28 12:14:16.141682 dv-cinder-847953-1-smb devstack@c-api.service[111293]: DEBUG dbcounter [-] [111293] Writing DB stats cinder:SELECT=76,cinder:UPDATE=14,cinder:INSERT=10 {{(pid=111293) stat_writer /usr/local/lib/python3.8/dist-packages/dbcounter.py:114}}
Jun 28 12:14:16.152378 dv-cinder-847953-1-smb devstack@c-api.service[111293]: INFO cinder.api.openstack.wsgi [None req-96873f29-3d40-4ef0-ae00-a4118d205f33 tempest-GroupSnapshotsV319Test-1680116830 tempest-GroupSnapshotsV319Test-1680116830-project-admin] http://10.222.0.42/volume/v3/157d0bd2a4f14a5bbd25d2e31f1d90f7/types/629bed97-5bd4-4657-80da-4374722b198a returned with HTTP 404
Jun 28 12:14:16.152378 dv-cinder-847953-1-smb devstack@c-api.service[111293]: [pid: 111293|app: 0|req: 183/393] 10.222.0.42 () {58 vars in 1318 bytes} [Tue Jun 28 12:14:16 2022] GET /volume/v3/157d0bd2a4f14a5bbd25d2e31f1d90f7/types/629bed97-5bd4-4657-80da-4374722b198a => generated 114 bytes in 24 msecs (HTTP/1.1 404) 7 headers in 292 bytes (1 switches on core 0)
Jun 28 12:14:16.637829 dv-cinder-847953-1-smb devstack@c-api.service[111292]: DEBUG cinder.api.middleware.request_id [None req-2e006b9e-3f22-4e18-9a68-f48f6c7f9146 None None] RequestId filter calling following filter/app {{(pid=111292) _context_setter /opt/stack/cinder/cinder/api/middleware/request_id.py:62}}
