Jul 12 10:47:24.472867 dv-cinder-847864-7-smb neutron-server[110917]: DEBUG neutron_lib.callbacks.manager [None req-60d61009-f774-4c8d-9bd5-aaa1cb55feae admin admin] Publish callbacks ['neutron.plugins.ml2.ovo_rpc._ObjectChangeHandler.handle_event-551331'] for security_group (d9355f4a-0122-4207-91dc-97f76ef924e5), after_create {{(pid=110917) _notify_loop /usr/local/lib/python3.8/dist-packages/neutron_lib/callbacks/manager.py:176}}
Jul 12 10:47:24.537540 dv-cinder-847864-7-smb neutron-server[110917]: INFO neutron.wsgi [req-22be5087-335b-4391-b4fe-2d50d2f7fc03 req-4df599ec-fefb-4ad4-8858-6027cb7fd194 service neutron] 10.222.0.61 "GET /v2.0/floatingips?fixed_ip_address=172.20.0.9&port_id=a8af50a4-f234-428f-bd91-0e085bc67385 HTTP/1.1" status: 200 len: 217 time: 0.0869939
Jul 12 10:47:24.547991 dv-cinder-847864-7-smb neutron-server[110917]: DEBUG neutron_lib.callbacks.manager [None req-40599a75-1430-4348-9332-08b5001f42ab admin admin] Publish callbacks [] for security_group (b355da5d-94d4-4bd2-9b09-dabfeeea76b1), before_delete {{(pid=110917) _notify_loop /usr/local/lib/python3.8/dist-packages/neutron_lib/callbacks/manager.py:176}}
Jul 12 10:47:24.553107 dv-cinder-847864-7-smb neutron-server[110917]: DEBUG neutron.notifiers.nova [req-eae47709-f08d-4a20-8a45-e20df56f7099 req-94ff9335-d6c5-454a-8337-c3381ff849e8 service neutron] Ignoring state change previous_port_status: DOWN current_port_status: DOWN port_id d771f720-1757-40d2-9009-4f7daff66192 {{(pid=110917) record_port_status_changed /opt/stack/neutron/neutron/notifiers/nova.py:233}}
Jul 12 10:47:24.578034 dv-cinder-847864-7-smb neutron-server[110917]: INFO neutron.wsgi [req-ab2eb350-a56f-4a43-9d47-df41389b6890 req-1654a468-7231-437c-ab6c-ca28b416966c tempest-AttachVolumeNegativeTest-75412426 tempest-AttachVolumeNegativeTest-75412426-project] 10.222.0.88 "GET /v2.0/security-groups?id=32aac2ad-ebd7-406e-aacc-50e00c8b1d17&fields=id&fields=name HTTP/1.1" status: 200 len: 312 time: 0.3259284
Jul 12 10:47:24.583021 dv-cinder-847864-7-smb neutron-server[110917]: DEBUG neutron_lib.callbacks.manager [req-eae47709-f08d-4a20-8a45-e20df56f7099 req-94ff9335-d6c5-454a-8337-c3381ff849e8 service neutron] Publish callbacks [] for port (d771f720-1757-40d2-9009-4f7daff66192), precommit_update {{(pid=110917) _notify_loop /usr/local/lib/python3.8/dist-packages/neutron_lib/callbacks/manager.py:176}}
Jul 12 10:47:24.614854 dv-cinder-847864-7-smb neutron-server[110916]: DEBUG neutron.pecan_wsgi.hooks.policy_enforcement [req-23fd7fb4-e86b-403a-9cb6-e5aca5e297ea req-35d998bc-2010-445c-ae7d-d4f8bcf20ff4 tempest-DeleteServersTestJSON-1276187175 tempest-DeleteServersTestJSON-1276187175-project] Attributes excluded by policy engine: ['standard_attr_id', 'binding:profile', 'binding:host_id', 'binding:vif_type', 'binding:vif_details'] {{(pid=110916) _exclude_attributes_by_policy /opt/stack/neutron/neutron/pecan_wsgi/hooks/policy_enforcement.py:259}}
Jul 12 10:47:24.623672 dv-cinder-847864-7-smb neutron-server[110916]: INFO neutron.wsgi [req-23fd7fb4-e86b-403a-9cb6-e5aca5e297ea req-35d998bc-2010-445c-ae7d-d4f8bcf20ff4 tempest-DeleteServersTestJSON-1276187175 tempest-DeleteServersTestJSON-1276187175-project] 10.222.0.88 "GET /v2.0/ports?device_id=65e62afa-55fd-408e-8716-46dc5c6913be HTTP/1.1" status: 200 len: 944 time: 0.1581061
Jul 12 10:47:24.726062 dv-cinder-847864-7-smb neutron-server[110917]: DEBUG neutron.api.rpc.handlers.resources_rpc [None req-60d61009-f774-4c8d-9bd5-aaa1cb55feae admin admin] Pushing event updated for resources: {'SecurityGroup': ['ID=d9355f4a-0122-4207-91dc-97f76ef924e5,revision_number=1']} {{(pid=110917) push /opt/stack/neutron/neutron/api/rpc/handlers/resources_rpc.py:237}}
Jul 12 10:47:24.736644 dv-cinder-847864-7-smb neutron-server[110917]: INFO neutron.wsgi [None req-60d61009-f774-4c8d-9bd5-aaa1cb55feae admin admin] 10.222.0.88 "GET /v2.0/security-groups?tenant_id=4c16e38208a94b6d8d74dcd301bd37e4&name=default HTTP/1.1" status: 200 len: 2996 time: 1.0270681
Jul 12 10:47:24.747689 dv-cinder-847864-7-smb neutron-server[110916]: DEBUG neutron.wsgi [-] (110916) accepted ('10.222.0.88', 38688) {{(pid=110916) server /usr/local/lib/python3.8/dist-packages/eventlet/wsgi.py:1004}}
Jul 12 10:47:24.761739 dv-cinder-847864-7-smb neutron-server[110917]: DEBUG neutron.db.provisioning_blocks [req-eae47709-f08d-4a20-8a45-e20df56f7099 req-94ff9335-d6c5-454a-8337-c3381ff849e8 service neutron] Transition to ACTIVE for port object d771f720-1757-40d2-9009-4f7daff66192 will not be triggered until provisioned by entity L2. {{(pid=110917) add_provisioning_component /opt/stack/neutron/neutron/db/provisioning_blocks.py:74}}
Jul 12 10:47:24.761739 dv-cinder-847864-7-smb neutron-server[110917]: DEBUG neutron_lib.callbacks.manager [None req-40599a75-1430-4348-9332-08b5001f42ab admin admin] Publish callbacks [] for security_group (b355da5d-94d4-4bd2-9b09-dabfeeea76b1), precommit_delete {{(pid=110917) _notify_loop /usr/local/lib/python3.8/dist-packages/neutron_lib/callbacks/manager.py:176}}
Jul 12 10:47:24.780117 dv-cinder-847864-7-smb neutron-server[110916]: INFO neutron.wsgi [req-23fd7fb4-e86b-403a-9cb6-e5aca5e297ea req-867196e0-d4b2-4398-b9da-d119a57cb46c tempest-DeleteServersTestJSON-1276187175 tempest-DeleteServersTestJSON-1276187175-project] 10.222.0.88 "GET /v2.0/security-groups?id=74eb617d-ef9e-4b5c-8c5c-bd22e67a254f&fields=id&fields=name HTTP/1.1" status: 200 len: 286 time: 0.1553168
Jul 12 10:47:24.784118 dv-cinder-847864-7-smb neutron-server[110916]: INFO neutron.wsgi [req-80b89cd4-9a77-469a-bde1-af81ec2bddcc req-e699fba2-e57a-416a-a299-aba737739d2a service neutron] 10.222.0.61 "GET /v2.0/networks/138357b4-d5b8-4f00-af31-ecfed6ceacd5?fields=segments HTTP/1.1" status: 200 len: 212 time: 0.3167980
Jul 12 10:47:24.851928 dv-cinder-847864-7-smb neutron-server[110917]: DEBUG neutron.pecan_wsgi.hooks.policy_enforcement [req-22be5087-335b-4391-b4fe-2d50d2f7fc03 req-a89ab82f-e30f-4bfc-adc8-937a90ba6582 service neutron] Attributes excluded by policy engine: ['standard_attr_id', 'shared', 'segment_id'] {{(pid=110917) _exclude_attributes_by_policy /opt/stack/neutron/neutron/pecan_wsgi/hooks/policy_enforcement.py:259}}
Jul 12 10:47:24.854573 dv-cinder-847864-7-smb neutron-server[110917]: INFO neutron.wsgi [req-22be5087-335b-4391-b4fe-2d50d2f7fc03 req-a89ab82f-e30f-4bfc-adc8-937a90ba6582 service neutron] 10.222.0.61 "GET /v2.0/subnets?id=e914de89-2fe4-49e6-82c7-e5824024c784 HTTP/1.1" status: 200 len: 853 time: 0.2576606
Jul 12 10:47:24.877938 dv-cinder-847864-7-smb neutron-server[110917]: DEBUG neutron.pecan_wsgi.hooks.policy_enforcement [req-7ceb10c2-ea8b-48e3-a1a0-0fab75afb8e4 req-34fd0c03-49b4-4205-8861-33d423b9e68e tempest-AttachVolumeTestJSON-801014185 tempest-AttachVolumeTestJSON-801014185-project] Attributes excluded by policy engine: ['standard_attr_id', 'binding:profile', 'binding:host_id', 'binding:vif_type', 'binding:vif_details'] {{(pid=110917) _exclude_attributes_by_policy /opt/stack/neutron/neutron/pecan_wsgi/hooks/policy_enforcement.py:259}}
Jul 12 10:47:24.879778 dv-cinder-847864-7-smb neutron-server[110917]: INFO neutron.wsgi [req-7ceb10c2-ea8b-48e3-a1a0-0fab75afb8e4 req-34fd0c03-49b4-4205-8861-33d423b9e68e tempest-AttachVolumeTestJSON-801014185 tempest-AttachVolumeTestJSON-801014185-project] 10.222.0.88 "GET /v2.0/ports?device_id=e56d8c2f-b2e7-4cf5-a45e-c1ef2e3f62ab HTTP/1.1" status: 200 len: 931 time: 0.1207821
Jul 12 10:47:24.909063 dv-cinder-847864-7-smb neutron-server[110916]: DEBUG neutron_lib.callbacks.manager [None req-fe4f228f-121e-4f1c-bd4e-dd75adc2cc25 admin admin] Publish callbacks [] for security_group (d9355f4a-0122-4207-91dc-97f76ef924e5), before_delete {{(pid=110916) _notify_loop /usr/local/lib/python3.8/dist-packages/neutron_lib/callbacks/manager.py:176}}
Jul 12 10:47:24.956646 dv-cinder-847864-7-smb neutron-server[110916]: DEBUG neutron_lib.callbacks.manager [None req-fe4f228f-121e-4f1c-bd4e-dd75adc2cc25 admin admin] Publish callbacks [] for security_group (d9355f4a-0122-4207-91dc-97f76ef924e5), precommit_delete {{(pid=110916) _notify_loop /usr/local/lib/python3.8/dist-packages/neutron_lib/callbacks/manager.py:176}}
Jul 12 10:47:24.966401 dv-cinder-847864-7-smb neutron-server[110916]: INFO neutron.wsgi [req-80b89cd4-9a77-469a-bde1-af81ec2bddcc req-09b28520-2f41-474f-9606-05ca9b3c045a service neutron] 10.222.0.61 "GET /v2.0/networks/138357b4-d5b8-4f00-af31-ecfed6ceacd5?fields=provider%3Aphysical_network&fields=provider%3Anetwork_type HTTP/1.1" status: 200 len: 281 time: 0.1694474
Jul 12 10:47:25.039450 dv-cinder-847864-7-smb neutron-server[110917]: DEBUG neutron.pecan_wsgi.hooks.policy_enforcement [req-22be5087-335b-4391-b4fe-2d50d2f7fc03 req-4cd85cc8-909f-43b0-8f7c-9c55e2098c75 service neutron] Attributes excluded by policy engine: ['standard_attr_id'] {{(pid=110917) _exclude_attributes_by_policy /opt/stack/neutron/neutron/pecan_wsgi/hooks/policy_enforcement.py:259}}
Jul 12 10:47:25.044214 dv-cinder-847864-7-smb neutron-server[110917]: INFO neutron.wsgi [req-22be5087-335b-4391-b4fe-2d50d2f7fc03 req-4cd85cc8-909f-43b0-8f7c-9c55e2098c75 service neutron] 10.222.0.61 "GET /v2.0/ports?network_id=9ce3de0e-e9c3-4e8c-8e51-736396823871&device_owner=network%3Adhcp HTTP/1.1" status: 200 len: 1210 time: 0.1711862
Jul 12 10:47:25.047256 dv-cinder-847864-7-smb neutron-server[110917]: DEBUG neutron_lib.callbacks.manager [req-eae47709-f08d-4a20-8a45-e20df56f7099 req-94ff9335-d6c5-454a-8337-c3381ff849e8 service neutron] Publish callbacks ['neutron.plugins.ml2.plugin.SecurityGroupServerNotifierRpcMixin._notify_sg_on_port_change-4166440', 'neutron.plugins.ml2.ovo_rpc._ObjectChangeHandler.handle_event-330548', 'neutron.api.rpc.agentnotifiers.dhcp_rpc_agent_api.DhcpAgentNotifyAPI._native_event_send_dhcp_notification-583064', 'neutron.db.l3_db.L3RpcNotifierMixin._notify_gateway_port_ip_changed-8790747012648', 'neutron.db.l3_dvrscheduler_db._notify_l3_agent_port_update-8790746556501', 'neutron.db.l3_hascheduler_db._notify_l3_agent_ha_port_update-8790746556519', 'neutron.services.segments.plugin.NovaSegmentNotifier._notify_port_updated-28797611'] for port (d771f720-1757-40d2-9009-4f7daff66192), after_update {{(pid=110917) _notify_loop /usr/local/lib/python3.8/dist-packages/neutron_lib/callbacks/manager.py:176}}
Jul 12 10:47:25.105094 dv-cinder-847864-7-smb neutron-server[110917]: INFO neutron.wsgi [req-7ceb10c2-ea8b-48e3-a1a0-0fab75afb8e4 req-1a39c90a-7397-4371-836f-8cd03796f36f tempest-AttachVolumeTestJSON-801014185 tempest-AttachVolumeTestJSON-801014185-project] 10.222.0.88 "GET /v2.0/security-groups?id=f46455b5-ae86-422f-b442-0f7e803cfbe4&fields=id&fields=name HTTP/1.1" status: 200 len: 312 time: 0.1814065
Jul 12 10:47:25.123802 dv-cinder-847864-7-smb neutron-server[110917]: DEBUG neutron.api.rpc.handlers.resources_rpc [None req-94ff9335-d6c5-454a-8337-c3381ff849e8 service neutron] Pushing event updated for resources: {'Port': ['ID=d771f720-1757-40d2-9009-4f7daff66192,revision_number=2']} {{(pid=110917) push /opt/stack/neutron/neutron/api/rpc/handlers/resources_rpc.py:237}}
Jul 12 10:47:25.177621 dv-cinder-847864-7-smb neutron-server[110916]: DEBUG neutron_lib.callbacks.manager [None req-fe4f228f-121e-4f1c-bd4e-dd75adc2cc25 admin admin] Publish callbacks ['neutron.plugins.ml2.ovo_rpc._ObjectChangeHandler.handle_event-551331'] for security_group (d9355f4a-0122-4207-91dc-97f76ef924e5), after_delete {{(pid=110916) _notify_loop /usr/local/lib/python3.8/dist-packages/neutron_lib/callbacks/manager.py:176}}
Jul 12 10:47:25.180479 dv-cinder-847864-7-smb neutron-server[110916]: DEBUG neutron_lib.callbacks.manager [None req-fe4f228f-121e-4f1c-bd4e-dd75adc2cc25 admin admin] Publish callbacks [] for security_group (None), before_response {{(pid=110916) _notify_loop /usr/local/lib/python3.8/dist-packages/neutron_lib/callbacks/manager.py:176}}
Jul 12 10:47:25.181738 dv-cinder-847864-7-smb neutron-server[110916]: INFO neutron.wsgi [None req-fe4f228f-121e-4f1c-bd4e-dd75adc2cc25 admin admin] 10.222.0.88 "DELETE /v2.0/security-groups/d9355f4a-0122-4207-91dc-97f76ef924e5 HTTP/1.1" status: 204 len: 168 time: 0.4330420
Jul 12 10:47:25.199589 dv-cinder-847864-7-smb neutron-server[110916]: DEBUG neutron.api.rpc.handlers.resources_rpc [None req-fe4f228f-121e-4f1c-bd4e-dd75adc2cc25 admin admin] Pushing event deleted for resources: {'SecurityGroup': ['ID=d9355f4a-0122-4207-91dc-97f76ef924e5,revision_number=None']} {{(pid=110916) push /opt/stack/neutron/neutron/api/rpc/handlers/resources_rpc.py:237}}
Jul 12 10:47:25.246377 dv-cinder-847864-7-smb neutron-server[110917]: DEBUG neutron_lib.callbacks.manager [None req-40599a75-1430-4348-9332-08b5001f42ab admin admin] Publish callbacks ['neutron.plugins.ml2.ovo_rpc._ObjectChangeHandler.handle_event-551331'] for security_group (b355da5d-94d4-4bd2-9b09-dabfeeea76b1), after_delete {{(pid=110917) _notify_loop /usr/local/lib/python3.8/dist-packages/neutron_lib/callbacks/manager.py:176}}
Jul 12 10:47:25.258342 dv-cinder-847864-7-smb neutron-server[110917]: DEBUG neutron_lib.callbacks.manager [None req-40599a75-1430-4348-9332-08b5001f42ab admin admin] Publish callbacks [] for security_group (None), before_response {{(pid=110917) _notify_loop /usr/local/lib/python3.8/dist-packages/neutron_lib/callbacks/manager.py:176}}
Jul 12 10:47:25.268533 dv-cinder-847864-7-smb neutron-server[110917]: INFO neutron.wsgi [None req-40599a75-1430-4348-9332-08b5001f42ab admin admin] 10.222.0.88 "DELETE /v2.0/security-groups/b355da5d-94d4-4bd2-9b09-dabfeeea76b1 HTTP/1.1" status: 204 len: 168 time: 1.0141981
Jul 12 10:47:25.344956 dv-cinder-847864-7-smb neutron-server[110917]: DEBUG neutron.api.rpc.handlers.resources_rpc [None req-40599a75-1430-4348-9332-08b5001f42ab admin admin] Pushing event deleted for resources: {'SecurityGroup': ['ID=b355da5d-94d4-4bd2-9b09-dabfeeea76b1,revision_number=None']} {{(pid=110917) push /opt/stack/neutron/neutron/api/rpc/handlers/resources_rpc.py:237}}
Jul 12 10:47:25.492061 dv-cinder-847864-7-smb neutron-server[110917]: DEBUG neutron.plugins.ml2.managers [req-eae47709-f08d-4a20-8a45-e20df56f7099 req-94ff9335-d6c5-454a-8337-c3381ff849e8 service neutron] Attempting to bind port d771f720-1757-40d2-9009-4f7daff66192 on host hv-cinder-84786 for vnic_type normal with profile {{(pid=110917) bind_port /opt/stack/neutron/neutron/plugins/ml2/managers.py:811}}
Jul 12 10:47:25.492401 dv-cinder-847864-7-smb neutron-server[110917]: DEBUG neutron.plugins.ml2.managers [req-eae47709-f08d-4a20-8a45-e20df56f7099 req-94ff9335-d6c5-454a-8337-c3381ff849e8 service neutron] Attempting to bind port d771f720-1757-40d2-9009-4f7daff66192 by drivers openvswitch,hyperv on host hv-cinder-84786 at level 0 using segments [{'id': '60bd844d-5e03-4892-8680-e8040160691a', 'network_type': 'vlan', 'physical_network': 'physnet1', 'segmentation_id': 1000, 'network_id': '3dee3279-e763-4eeb-bf13-43fb79ae692e'}] {{(pid=110917) _bind_port_level /opt/stack/neutron/neutron/plugins/ml2/managers.py:836}}
Jul 12 10:47:25.492732 dv-cinder-847864-7-smb neutron-server[110917]: DEBUG neutron.plugins.ml2.drivers.mech_agent [req-eae47709-f08d-4a20-8a45-e20df56f7099 req-94ff9335-d6c5-454a-8337-c3381ff849e8 service neutron] Attempting to bind port d771f720-1757-40d2-9009-4f7daff66192 on network 3dee3279-e763-4eeb-bf13-43fb79ae692e {{(pid=110917) bind_port /opt/stack/neutron/neutron/plugins/ml2/drivers/mech_agent.py:91}}
Jul 12 10:47:25.497671 dv-cinder-847864-7-smb neutron-server[110916]: DEBUG neutron.pecan_wsgi.hooks.policy_enforcement [req-b599369c-2797-49e5-b44a-2f0df2602203 req-6d438ee9-510a-41f1-8134-75a3eb65785e tempest-AttachVolumeShelveTestJSON-1994286323 tempest-AttachVolumeShelveTestJSON-1994286323-project] Attributes excluded by policy engine: ['standard_attr_id', 'binding:profile', 'binding:host_id', 'binding:vif_type', 'binding:vif_details'] {{(pid=110916) _exclude_attributes_by_policy /opt/stack/neutron/neutron/pecan_wsgi/hooks/policy_enforcement.py:259}}
Jul 12 10:47:25.499331 dv-cinder-847864-7-smb neutron-server[110916]: INFO neutron.wsgi [req-b599369c-2797-49e5-b44a-2f0df2602203 req-6d438ee9-510a-41f1-8134-75a3eb65785e tempest-AttachVolumeShelveTestJSON-1994286323 tempest-AttachVolumeShelveTestJSON-1994286323-project] 10.222.0.88 "GET /v2.0/ports?device_id=77cedfc6-86d1-41f1-a445-701e28897cfc HTTP/1.1" status: 200 len: 943 time: 0.0772853
Jul 12 10:47:25.504073 dv-cinder-847864-7-smb neutron-server[110917]: DEBUG neutron.plugins.ml2.drivers.mech_agent [req-eae47709-f08d-4a20-8a45-e20df56f7099 req-94ff9335-d6c5-454a-8337-c3381ff849e8 service neutron] Port d771f720-1757-40d2-9009-4f7daff66192 on network 3dee3279-e763-4eeb-bf13-43fb79ae692e not bound, no agent of type Open vSwitch agent registered on host hv-cinder-84786 {{(pid=110917) bind_port /opt/stack/neutron/neutron/plugins/ml2/drivers/mech_agent.py:103}}
Jul 12 10:47:25.513439 dv-cinder-847864-7-smb neutron-server[110917]: DEBUG neutron.plugins.ml2.drivers.mech_agent [req-eae47709-f08d-4a20-8a45-e20df56f7099 req-94ff9335-d6c5-454a-8337-c3381ff849e8 service neutron] Attempting to bind port d771f720-1757-40d2-9009-4f7daff66192 on network 3dee3279-e763-4eeb-bf13-43fb79ae692e {{(pid=110917) bind_port /opt/stack/neutron/neutron/plugins/ml2/drivers/mech_agent.py:91}}
Jul 12 10:47:25.516898 dv-cinder-847864-7-smb neutron-server[110917]: DEBUG neutron.plugins.ml2.drivers.mech_agent [req-eae47709-f08d-4a20-8a45-e20df56f7099 req-94ff9335-d6c5-454a-8337-c3381ff849e8 service neutron] Checking agent: {'id': '3666e45e-f153-4945-a739-ddf66fb8b829', 'agent_type': 'HyperV agent', 'binary': 'neutron-hyperv-agent', 'topic': 'N/A', 'host': 'hv-cinder-84786', 'admin_state_up': True, 'created_at': datetime.datetime(2022, 7, 12, 10, 44, 32), 'started_at': datetime.datetime(2022, 7, 12, 10, 44, 32), 'heartbeat_timestamp': datetime.datetime(2022, 7, 12, 10, 47, 2), 'description': None, 'resources_synced': None, 'availability_zone': None, 'alive': True, 'configurations': {'vswitch_mappings': {'physnet1$': 'br-data'}}, 'resource_versions': {}} {{(pid=110917) bind_port /opt/stack/neutron/neutron/plugins/ml2/drivers/mech_agent.py:110}}
Jul 12 10:47:25.517243 dv-cinder-847864-7-smb neutron-server[110917]: DEBUG neutron.plugins.ml2.drivers.mech_agent [req-eae47709-f08d-4a20-8a45-e20df56f7099 req-94ff9335-d6c5-454a-8337-c3381ff849e8 service neutron] Checking segment: {'id': '60bd844d-5e03-4892-8680-e8040160691a', 'network_type': 'vlan', 'physical_network': 'physnet1', 'segmentation_id': 1000, 'network_id': '3dee3279-e763-4eeb-bf13-43fb79ae692e'} for mappings: {'physnet1$': 'br-data'} with network types: ['local', 'flat', 'vlan'] {{(pid=110917) check_segment_for_agent /opt/stack/neutron/neutron/plugins/ml2/drivers/mech_agent.py:373}}
Jul 12 10:47:25.517628 dv-cinder-847864-7-smb neutron-server[110917]: DEBUG neutron.plugins.ml2.drivers.mech_agent [req-eae47709-f08d-4a20-8a45-e20df56f7099 req-94ff9335-d6c5-454a-8337-c3381ff849e8 service neutron] Bound using segment: {'id': '60bd844d-5e03-4892-8680-e8040160691a', 'network_type': 'vlan', 'physical_network': 'physnet1', 'segmentation_id': 1000, 'network_id': '3dee3279-e763-4eeb-bf13-43fb79ae692e'} {{(pid=110917) bind_port /opt/stack/neutron/neutron/plugins/ml2/drivers/mech_agent.py:120}}
Jul 12 10:47:25.518067 dv-cinder-847864-7-smb neutron-server[110917]: DEBUG neutron.plugins.ml2.managers [req-eae47709-f08d-4a20-8a45-e20df56f7099 req-94ff9335-d6c5-454a-8337-c3381ff849e8 service neutron] Bound port: d771f720-1757-40d2-9009-4f7daff66192, host: hv-cinder-84786, vif_type: hyperv, vif_details: {"connectivity": "legacy", "port_filter": false}, binding_levels: [{'bound_driver': 'hyperv', 'bound_segment': {'id': '60bd844d-5e03-4892-8680-e8040160691a', 'network_type': 'vlan', 'physical_network': 'physnet1', 'segmentation_id': 1000, 'network_id': '3dee3279-e763-4eeb-bf13-43fb79ae692e'}}] {{(pid=110917) _bind_port_level /opt/stack/neutron/neutron/plugins/ml2/managers.py:948}}
Jul 12 10:47:25.518451 dv-cinder-847864-7-smb neutron-server[110917]: DEBUG neutron_lib.callbacks.manager [req-eae47709-f08d-4a20-8a45-e20df56f7099 req-94ff9335-d6c5-454a-8337-c3381ff849e8 service neutron] Publish callbacks ['neutron.plugins.ml2.plugin.SecurityGroupDbMixin._ensure_default_security_group_handler-4167576'] for port (d771f720-1757-40d2-9009-4f7daff66192), before_update {{(pid=110917) _notify_loop /usr/local/lib/python3.8/dist-packages/neutron_lib/callbacks/manager.py:176}}
Jul 12 10:47:25.521848 dv-cinder-847864-7-smb neutron-server[110917]: INFO neutron.wsgi [req-22be5087-335b-4391-b4fe-2d50d2f7fc03 req-b1df147c-5570-4941-b1df-c532d1062782 service neutron] 10.222.0.61 "GET /v2.0/networks/9ce3de0e-e9c3-4e8c-8e51-736396823871?fields=segments HTTP/1.1" status: 200 len: 212 time: 0.3123438
Jul 12 10:47:25.585552 dv-cinder-847864-7-smb neutron-server[110916]: INFO neutron.wsgi [req-b599369c-2797-49e5-b44a-2f0df2602203 req-d15a84d9-a2bf-44cd-b821-c4dc84883fd6 tempest-AttachVolumeShelveTestJSON-1994286323 tempest-AttachVolumeShelveTestJSON-1994286323-project] 10.222.0.88 "GET /v2.0/security-groups?id=0de77e85-b864-4c2a-a20f-bff253f432d1&fields=id&fields=name HTTP/1.1" status: 200 len: 312 time: 0.0736351
Jul 12 10:47:25.876856 dv-cinder-847864-7-smb neutron-server[110917]: DEBUG neutron.plugins.ml2.db [req-eae47709-f08d-4a20-8a45-e20df56f7099 req-94ff9335-d6c5-454a-8337-c3381ff849e8 service neutron] For port d771f720-1757-40d2-9009-4f7daff66192, host hv-cinder-84786, cleared binding levels {{(pid=110917) clear_binding_levels /opt/stack/neutron/neutron/plugins/ml2/db.py:87}}
Jul 12 10:47:25.881651 dv-cinder-847864-7-smb neutron-server[110917]: DEBUG neutron.plugins.ml2.db [req-eae47709-f08d-4a20-8a45-e20df56f7099 req-94ff9335-d6c5-454a-8337-c3381ff849e8 service neutron] For port d771f720-1757-40d2-9009-4f7daff66192, host hv-cinder-84786, set binding levels [PortBindingLevel(driver='hyperv',host='hv-cinder-84786',level=0,port_id=d771f720-1757-40d2-9009-4f7daff66192,segment=NetworkSegment(60bd844d-5e03-4892-8680-e8040160691a),segment_id=60bd844d-5e03-4892-8680-e8040160691a)] {{(pid=110917) set_binding_levels /opt/stack/neutron/neutron/plugins/ml2/db.py:59}}
Jul 12 10:47:25.885291 dv-cinder-847864-7-smb neutron-server[110917]: INFO neutron.wsgi [req-22be5087-335b-4391-b4fe-2d50d2f7fc03 req-1d450343-b803-46ef-96dc-d050eecccaa9 service neutron] 10.222.0.61 "GET /v2.0/networks/9ce3de0e-e9c3-4e8c-8e51-736396823871?fields=provider%3Aphysical_network&fields=provider%3Anetwork_type HTTP/1.1" status: 200 len: 281 time: 0.3528814
Jul 12 10:47:25.898239 dv-cinder-847864-7-smb neutron-server[110917]: DEBUG neutron.pecan_wsgi.hooks.policy_enforcement [req-85eadd44-d998-465e-8d5f-138d4d517ab7 req-e26703a4-464c-4913-a0f9-3145b23b7fd3 tempest-AttachVolumeNegativeTest-75412426 tempest-AttachVolumeNegativeTest-75412426-project] Attributes excluded by policy engine: ['standard_attr_id', 'binding:profile', 'binding:host_id', 'binding:vif_type', 'binding:vif_details'] {{(pid=110917) _exclude_attributes_by_policy /opt/stack/neutron/neutron/pecan_wsgi/hooks/policy_enforcement.py:259}}
Jul 12 10:47:25.899839 dv-cinder-847864-7-smb neutron-server[110917]: INFO neutron.wsgi [req-85eadd44-d998-465e-8d5f-138d4d517ab7 req-e26703a4-464c-4913-a0f9-3145b23b7fd3 tempest-AttachVolumeNegativeTest-75412426 tempest-AttachVolumeNegativeTest-75412426-project] 10.222.0.88 "GET /v2.0/ports?device_id=8b230683-80eb-4ef2-90b4-3977bf51e568 HTTP/1.1" status: 200 len: 943 time: 0.1170313
Jul 12 10:47:25.961557 dv-cinder-847864-7-smb neutron-server[110917]: INFO neutron.wsgi [req-85eadd44-d998-465e-8d5f-138d4d517ab7 req-0ccb599c-4c3d-4947-b586-05b1ec82c287 tempest-AttachVolumeNegativeTest-75412426 tempest-AttachVolumeNegativeTest-75412426-project] 10.222.0.88 "GET /v2.0/security-groups?id=32aac2ad-ebd7-406e-aacc-50e00c8b1d17&fields=id&fields=name HTTP/1.1" status: 200 len: 312 time: 0.0555778
Jul 12 10:47:25.985870 dv-cinder-847864-7-smb neutron-server[110916]: DEBUG neutron.wsgi [-] (110916) accepted ('10.222.0.88', 38726) {{(pid=110916) server /usr/local/lib/python3.8/dist-packages/eventlet/wsgi.py:1004}}
Jul 12 10:47:26.002005 dv-cinder-847864-7-smb neutron-server[110917]: DEBUG neutron_lib.callbacks.manager [req-eae47709-f08d-4a20-8a45-e20df56f7099 req-94ff9335-d6c5-454a-8337-c3381ff849e8 service neutron] Publish callbacks ['neutron.plugins.ml2.plugin.SecurityGroupServerNotifierRpcMixin._notify_sg_on_port_change-4166440', 'neutron.plugins.ml2.ovo_rpc._ObjectChangeHandler.handle_event-330548', 'neutron.api.rpc.agentnotifiers.dhcp_rpc_agent_api.DhcpAgentNotifyAPI._native_event_send_dhcp_notification-583064', 'neutron.db.l3_db.L3RpcNotifierMixin._notify_gateway_port_ip_changed-8790747012648', 'neutron.db.l3_dvrscheduler_db._notify_l3_agent_port_update-8790746556501', 'neutron.db.l3_hascheduler_db._notify_l3_agent_ha_port_update-8790746556519', 'neutron.services.segments.plugin.NovaSegmentNotifier._notify_port_updated-28797611'] for port (d771f720-1757-40d2-9009-4f7daff66192), after_update {{(pid=110917) _notify_loop /usr/local/lib/python3.8/dist-packages/neutron_lib/callbacks/manager.py:176}}
Jul 12 10:47:26.025479 dv-cinder-847864-7-smb neutron-server[110916]: DEBUG neutron.pecan_wsgi.hooks.policy_enforcement [req-e6564024-be95-4d4f-9458-a51146a2e08d req-f0635b8f-6402-4119-bbff-d8822bce1643 tempest-DeleteServersTestJSON-1276187175 tempest-DeleteServersTestJSON-1276187175-project] Attributes excluded by policy engine: ['standard_attr_id', 'binding:profile', 'binding:host_id', 'binding:vif_type', 'binding:vif_details'] {{(pid=110916) _exclude_attributes_by_policy /opt/stack/neutron/neutron/pecan_wsgi/hooks/policy_enforcement.py:259}}
Jul 12 10:47:26.025479 dv-cinder-847864-7-smb neutron-server[110916]: INFO neutron.wsgi [req-e6564024-be95-4d4f-9458-a51146a2e08d req-f0635b8f-6402-4119-bbff-d8822bce1643 tempest-DeleteServersTestJSON-1276187175 tempest-DeleteServersTestJSON-1276187175-project] 10.222.0.88 "GET /v2.0/ports?device_id=65e62afa-55fd-408e-8716-46dc5c6913be HTTP/1.1" status: 200 len: 944 time: 0.1146660
Jul 12 10:47:26.046979 dv-cinder-847864-7-smb neutron-server[110916]: DEBUG neutron_lib.callbacks.manager [None req-ade4ac91-b1c7-4f28-8656-7ab5bdee8bf4 admin admin] Publish callbacks [] for security_group (None), before_create {{(pid=110916) _notify_loop /usr/local/lib/python3.8/dist-packages/neutron_lib/callbacks/manager.py:176}}
Jul 12 10:47:26.056785 dv-cinder-847864-7-smb neutron-server[110917]: DEBUG neutron.pecan_wsgi.hooks.policy_enforcement [req-eae47709-f08d-4a20-8a45-e20df56f7099 req-94ff9335-d6c5-454a-8337-c3381ff849e8 service neutron] Attributes excluded by policy engine: ['standard_attr_id'] {{(pid=110917) _exclude_attributes_by_policy /opt/stack/neutron/neutron/pecan_wsgi/hooks/policy_enforcement.py:259}}
Jul 12 10:47:26.057421 dv-cinder-847864-7-smb neutron-server[110917]: DEBUG neutron_lib.callbacks.manager [req-eae47709-f08d-4a20-8a45-e20df56f7099 req-94ff9335-d6c5-454a-8337-c3381ff849e8 service neutron] Publish callbacks ['neutron.notifiers.nova.Notifier._send_nova_notification-507986', 'neutron.api.rpc.agentnotifiers.dhcp_rpc_agent_api.DhcpAgentNotifyAPI._send_dhcp_notification-583082'] for port (None), before_response {{(pid=110917) _notify_loop /usr/local/lib/python3.8/dist-packages/neutron_lib/callbacks/manager.py:176}}
Jul 12 10:47:26.058843 dv-cinder-847864-7-smb neutron-server[110917]: INFO neutron.wsgi [req-eae47709-f08d-4a20-8a45-e20df56f7099 req-94ff9335-d6c5-454a-8337-c3381ff849e8 service neutron] 10.222.0.61 "PUT /v2.0/ports/d771f720-1757-40d2-9009-4f7daff66192 HTTP/1.1" status: 200 len: 1093 time: 2.7129450
Jul 12 10:47:26.106708 dv-cinder-847864-7-smb neutron-server[110916]: INFO neutron.wsgi [req-e6564024-be95-4d4f-9458-a51146a2e08d req-6e9c61a9-1906-4437-9985-fb104ebc7376 tempest-DeleteServersTestJSON-1276187175 tempest-DeleteServersTestJSON-1276187175-project] 10.222.0.88 "GET /v2.0/security-groups?id=74eb617d-ef9e-4b5c-8c5c-bd22e67a254f&fields=id&fields=name HTTP/1.1" status: 200 len: 286 time: 0.0778463
Jul 12 10:47:26.166060 dv-cinder-847864-7-smb neutron-server[110917]: DEBUG neutron.api.rpc.handlers.resources_rpc [None req-94ff9335-d6c5-454a-8337-c3381ff849e8 service neutron] Pushing event updated for resources: {'Port': ['ID=d771f720-1757-40d2-9009-4f7daff66192,revision_number=3']} {{(pid=110917) push /opt/stack/neutron/neutron/api/rpc/handlers/resources_rpc.py:237}}
Jul 12 10:47:26.208721 dv-cinder-847864-7-smb neutron-server[110917]: DEBUG neutron.pecan_wsgi.hooks.policy_enforcement [req-37c0f6a3-d75e-4e63-9d1a-f90416322dee req-cba15e45-21b3-423d-8194-1ce1cd304274 service neutron] Attributes excluded by policy engine: ['standard_attr_id'] {{(pid=110917) _exclude_attributes_by_policy /opt/stack/neutron/neutron/pecan_wsgi/hooks/policy_enforcement.py:259}}
Jul 12 10:47:26.210288 dv-cinder-847864-7-smb neutron-server[110917]: INFO neutron.wsgi [req-37c0f6a3-d75e-4e63-9d1a-f90416322dee req-cba15e45-21b3-423d-8194-1ce1cd304274 service neutron] 10.222.0.61 "GET /v2.0/ports?tenant_id=03c0ad5538e643f6b7c7de1c25203567&device_id=8b230683-80eb-4ef2-90b4-3977bf51e568 HTTP/1.1" status: 200 len: 1127 time: 0.1175680
Jul 12 10:47:26.245772 dv-cinder-847864-7-smb neutron-server[110916]: DEBUG neutron_lib.callbacks.manager [None req-ade4ac91-b1c7-4f28-8656-7ab5bdee8bf4 admin admin] Publish callbacks [] for security_group (1856d36a-3d4d-41be-b90f-518ae9c73bba), precommit_create {{(pid=110916) _notify_loop /usr/local/lib/python3.8/dist-packages/neutron_lib/callbacks/manager.py:176}}
Jul 12 10:47:26.332593 dv-cinder-847864-7-smb neutron-server[110916]: DEBUG neutron_lib.callbacks.manager [None req-ade4ac91-b1c7-4f28-8656-7ab5bdee8bf4 admin admin] Publish callbacks ['neutron.plugins.ml2.ovo_rpc._ObjectChangeHandler.handle_event-551331'] for security_group (1856d36a-3d4d-41be-b90f-518ae9c73bba), after_create {{(pid=110916) _notify_loop /usr/local/lib/python3.8/dist-packages/neutron_lib/callbacks/manager.py:176}}
Jul 12 10:47:26.387065 dv-cinder-847864-7-smb neutron-server[110916]: DEBUG neutron.api.rpc.handlers.resources_rpc [None req-ade4ac91-b1c7-4f28-8656-7ab5bdee8bf4 admin admin] Pushing event updated for resources: {'SecurityGroup': ['ID=1856d36a-3d4d-41be-b90f-518ae9c73bba,revision_number=1']} {{(pid=110916) push /opt/stack/neutron/neutron/api/rpc/handlers/resources_rpc.py:237}}
Jul 12 10:47:26.389711 dv-cinder-847864-7-smb neutron-server[110917]: DEBUG neutron.pecan_wsgi.hooks.policy_enforcement [req-eae47709-f08d-4a20-8a45-e20df56f7099 req-e239d44c-bbb4-4ba7-9977-5fc21cd70ff5 service neutron] Attributes excluded by policy engine: ['standard_attr_id'] {{(pid=110917) _exclude_attributes_by_policy /opt/stack/neutron/neutron/pecan_wsgi/hooks/policy_enforcement.py:259}}
Jul 12 10:47:26.391270 dv-cinder-847864-7-smb neutron-server[110917]: INFO neutron.wsgi [req-eae47709-f08d-4a20-8a45-e20df56f7099 req-e239d44c-bbb4-4ba7-9977-5fc21cd70ff5 service neutron] 10.222.0.61 "GET /v2.0/ports?tenant_id=9401a740bdda4a499f59eec7b97a85ea&device_id=e56d8c2f-b2e7-4cf5-a45e-c1ef2e3f62ab HTTP/1.1" status: 200 len: 1127 time: 0.1707356
Jul 12 10:47:26.401960 dv-cinder-847864-7-smb neutron-server[110916]: INFO neutron.wsgi [None req-ade4ac91-b1c7-4f28-8656-7ab5bdee8bf4 admin admin] 10.222.0.88 "GET /v2.0/security-groups?tenant_id=bdf7144d73b0446d94696030107c451c&name=default HTTP/1.1" status: 200 len: 2996 time: 0.4123831
Jul 12 10:47:26.402611 dv-cinder-847864-7-smb neutron-server[110916]: DEBUG neutron.wsgi [-] (110916) accepted ('10.222.0.88', 38744) {{(pid=110916) server /usr/local/lib/python3.8/dist-packages/eventlet/wsgi.py:1004}}
Jul 12 10:47:26.409741 dv-cinder-847864-7-smb neutron-server[110917]: DEBUG neutron.pecan_wsgi.hooks.policy_enforcement [req-6e743c56-08a5-4daf-be73-4c035cc2c9ee req-f0b1f3ac-e176-4680-9448-7fcecff1427d tempest-AttachVolumeTestJSON-801014185 tempest-AttachVolumeTestJSON-801014185-project] Attributes excluded by policy engine: ['standard_attr_id', 'binding:profile', 'binding:host_id', 'binding:vif_type', 'binding:vif_details'] {{(pid=110917) _exclude_attributes_by_policy /opt/stack/neutron/neutron/pecan_wsgi/hooks/policy_enforcement.py:259}}
Jul 12 10:47:26.410816 dv-cinder-847864-7-smb neutron-server[110917]: INFO neutron.wsgi [req-6e743c56-08a5-4daf-be73-4c035cc2c9ee req-f0b1f3ac-e176-4680-9448-7fcecff1427d tempest-AttachVolumeTestJSON-801014185 tempest-AttachVolumeTestJSON-801014185-project] 10.222.0.88 "GET /v2.0/ports?device_id=e56d8c2f-b2e7-4cf5-a45e-c1ef2e3f62ab HTTP/1.1" status: 200 len: 943 time: 0.2045581
Jul 12 10:47:26.418773 dv-cinder-847864-7-smb neutron-server[110917]: DEBUG neutron.notifiers.nova [-] Sending events: [{'name': 'network-changed', 'server_uuid': 'e56d8c2f-b2e7-4cf5-a45e-c1ef2e3f62ab', 'tag': 'd771f720-1757-40d2-9009-4f7daff66192'}] {{(pid=110917) send_events /opt/stack/neutron/neutron/notifiers/nova.py:271}}
Jul 12 10:47:26.420694 dv-cinder-847864-7-smb neutron-server[110917]: DEBUG novaclient.v2.client [-] REQ: curl -g -i --cacert "/opt/stack/data/ca-bundle.pem" -X POST http://10.222.0.88/compute/v2.1/os-server-external-events -H "Accept: application/json" -H "Content-Type: application/json" -H "User-Agent: python-novaclient" -H "X-Auth-Token: {SHA256}bbeaf286f0c982a1226dc315a9b9f65f0a4bf2e97f9b983baa445aaf6189c15d" -H "X-OpenStack-Nova-API-Version: 2.1" -H "X-OpenStack-Request-ID: req-41f83295-279e-4600-82af-8bf87054bf31" -d '{"events": [{"name": "network-changed", "server_uuid": "e56d8c2f-b2e7-4cf5-a45e-c1ef2e3f62ab", "tag": "d771f720-1757-40d2-9009-4f7daff66192"}]}' {{(pid=110917) _http_log_request /usr/local/lib/python3.8/dist-packages/keystoneauth1/session.py:519}}
Jul 12 10:47:26.472263 dv-cinder-847864-7-smb neutron-server[110916]: DEBUG neutron_lib.callbacks.manager [None req-4ffc01b0-1b9c-4710-8b55-8576c43dc56b admin admin] Publish callbacks [] for security_group (1856d36a-3d4d-41be-b90f-518ae9c73bba), before_delete {{(pid=110916) _notify_loop /usr/local/lib/python3.8/dist-packages/neutron_lib/callbacks/manager.py:176}}
Jul 12 10:47:26.487999 dv-cinder-847864-7-smb neutron-server[110917]: DEBUG novaclient.v2.client [-] RESP: [200] Connection: close Content-Length: 179 Content-Type: application/json Date: Tue, 12 Jul 2022 10:47:26 GMT OpenStack-API-Version: compute 2.1 Server: Apache/2.4.41 (Ubuntu) Vary: OpenStack-API-Version,X-OpenStack-Nova-API-Version X-OpenStack-Nova-API-Version: 2.1 x-compute-request-id: req-0680cc35-42f5-497a-9d68-746150838cbb x-openstack-request-id: req-0680cc35-42f5-497a-9d68-746150838cbb {{(pid=110917) _http_log_response /usr/local/lib/python3.8/dist-packages/keystoneauth1/session.py:550}}
Jul 12 10:47:26.488305 dv-cinder-847864-7-smb neutron-server[110917]: DEBUG novaclient.v2.client [-] RESP BODY: {"events": [{"name": "network-changed", "server_uuid": "e56d8c2f-b2e7-4cf5-a45e-c1ef2e3f62ab", "tag": "d771f720-1757-40d2-9009-4f7daff66192", "status": "completed", "code": 200}]} {{(pid=110917) _http_log_response /usr/local/lib/python3.8/dist-packages/keystoneauth1/session.py:582}}
Jul 12 10:47:26.488632 dv-cinder-847864-7-smb neutron-server[110917]: DEBUG novaclient.v2.client [-] POST call to compute for http://10.222.0.88/compute/v2.1/os-server-external-events used request id req-0680cc35-42f5-497a-9d68-746150838cbb {{(pid=110917) request /usr/local/lib/python3.8/dist-packages/keystoneauth1/session.py:954}}
Jul 12 10:47:26.488926 dv-cinder-847864-7-smb neutron-server[110917]: INFO neutron.notifiers.nova [-] Nova event matching ['req-0680cc35-42f5-497a-9d68-746150838cbb'] response: {'name': 'network-changed', 'server_uuid': 'e56d8c2f-b2e7-4cf5-a45e-c1ef2e3f62ab', 'tag': 'd771f720-1757-40d2-9009-4f7daff66192', 'status': 'completed', 'code': 200}
Jul 12 10:47:26.498937 dv-cinder-847864-7-smb neutron-server[110916]: DEBUG neutron_lib.callbacks.manager [None req-4ffc01b0-1b9c-4710-8b55-8576c43dc56b admin admin] Publish callbacks [] for security_group (1856d36a-3d4d-41be-b90f-518ae9c73bba), precommit_delete {{(pid=110916) _notify_loop /usr/local/lib/python3.8/dist-packages/neutron_lib/callbacks/manager.py:176}}
Jul 12 10:47:26.503176 dv-cinder-847864-7-smb neutron-server[110917]: INFO neutron.wsgi [req-eae47709-f08d-4a20-8a45-e20df56f7099 req-56715c57-d76f-4745-9dad-67dca853a131 service neutron] 10.222.0.61 "GET /v2.0/floatingips?fixed_ip_address=172.20.0.9&port_id=d771f720-1757-40d2-9009-4f7daff66192 HTTP/1.1" status: 200 len: 217 time: 0.0913744
Jul 12 10:47:26.513297 dv-cinder-847864-7-smb neutron-server[110917]: DEBUG neutron.pecan_wsgi.hooks.policy_enforcement [req-37c0f6a3-d75e-4e63-9d1a-f90416322dee req-a1d0ef50-4dc0-4309-b9ef-cd48f709dd02 service neutron] Attributes excluded by policy engine: ['standard_attr_id', 'vlan_transparent'] {{(pid=110917) _exclude_attributes_by_policy /opt/stack/neutron/neutron/pecan_wsgi/hooks/policy_enforcement.py:259}}
Jul 12 10:47:26.514760 dv-cinder-847864-7-smb neutron-server[110917]: INFO neutron.wsgi [req-37c0f6a3-d75e-4e63-9d1a-f90416322dee req-a1d0ef50-4dc0-4309-b9ef-cd48f709dd02 service neutron] 10.222.0.61 "GET /v2.0/networks?id=9ce3de0e-e9c3-4e8c-8e51-736396823871 HTTP/1.1" status: 200 len: 916 time: 0.2930806
Jul 12 10:47:26.595874 dv-cinder-847864-7-smb neutron-server[110917]: INFO neutron.wsgi [req-37c0f6a3-d75e-4e63-9d1a-f90416322dee req-8a266c11-7e98-45ec-8237-2fd468f09d47 service neutron] 10.222.0.61 "GET /v2.0/floatingips?fixed_ip_address=172.20.0.9&port_id=a8af50a4-f234-428f-bd91-0e085bc67385 HTTP/1.1" status: 200 len: 217 time: 0.0649233
Jul 12 10:47:26.602533 dv-cinder-847864-7-smb neutron-server[110917]: INFO neutron.wsgi [req-6e743c56-08a5-4daf-be73-4c035cc2c9ee req-bfaa6409-f96d-4ef6-9a6c-43c4cf37cee0 tempest-AttachVolumeTestJSON-801014185 tempest-AttachVolumeTestJSON-801014185-project] 10.222.0.88 "GET /v2.0/security-groups?id=f46455b5-ae86-422f-b442-0f7e803cfbe4&fields=id&fields=name HTTP/1.1" status: 200 len: 312 time: 0.1791685
Jul 12 10:47:26.627955 dv-cinder-847864-7-smb neutron-server[110916]: DEBUG neutron_lib.callbacks.manager [None req-4ffc01b0-1b9c-4710-8b55-8576c43dc56b admin admin] Publish callbacks ['neutron.plugins.ml2.ovo_rpc._ObjectChangeHandler.handle_event-551331'] for security_group (1856d36a-3d4d-41be-b90f-518ae9c73bba), after_delete {{(pid=110916) _notify_loop /usr/local/lib/python3.8/dist-packages/neutron_lib/callbacks/manager.py:176}}
Jul 12 10:47:26.631889 dv-cinder-847864-7-smb neutron-server[110916]: DEBUG neutron_lib.callbacks.manager [None req-4ffc01b0-1b9c-4710-8b55-8576c43dc56b admin admin] Publish callbacks [] for security_group (None), before_response {{(pid=110916) _notify_loop /usr/local/lib/python3.8/dist-packages/neutron_lib/callbacks/manager.py:176}}
Jul 12 10:47:26.633276 dv-cinder-847864-7-smb neutron-server[110916]: INFO neutron.wsgi [None req-4ffc01b0-1b9c-4710-8b55-8576c43dc56b admin admin] 10.222.0.88 "DELETE /v2.0/security-groups/1856d36a-3d4d-41be-b90f-518ae9c73bba HTTP/1.1" status: 204 len: 168 time: 0.2292778
Jul 12 10:47:26.637749 dv-cinder-847864-7-smb neutron-server[110917]: DEBUG neutron.pecan_wsgi.hooks.policy_enforcement [req-eae47709-f08d-4a20-8a45-e20df56f7099 req-3ec172cb-70da-41d2-8032-b0ab20c4922c service neutron] Attributes excluded by policy engine: ['standard_attr_id', 'shared', 'segment_id'] {{(pid=110917) _exclude_attributes_by_policy /opt/stack/neutron/neutron/pecan_wsgi/hooks/policy_enforcement.py:259}}
Jul 12 10:47:26.639133 dv-cinder-847864-7-smb neutron-server[110917]: INFO neutron.wsgi [req-eae47709-f08d-4a20-8a45-e20df56f7099 req-3ec172cb-70da-41d2-8032-b0ab20c4922c service neutron] 10.222.0.61 "GET /v2.0/subnets?id=e3ca7972-ce70-4dc5-9741-058a23e1b475 HTTP/1.1" status: 200 len: 850 time: 0.1272459
Jul 12 10:47:26.670251 dv-cinder-847864-7-smb neutron-server[110916]: DEBUG neutron.wsgi [-] (110916) accepted ('10.222.0.88', 38752) {{(pid=110916) server /usr/local/lib/python3.8/dist-packages/eventlet/wsgi.py:1004}}
Jul 12 10:47:26.674880 dv-cinder-847864-7-smb neutron-server[110916]: DEBUG neutron.api.rpc.handlers.resources_rpc [None req-4ffc01b0-1b9c-4710-8b55-8576c43dc56b admin admin] Pushing event deleted for resources: {'SecurityGroup': ['ID=1856d36a-3d4d-41be-b90f-518ae9c73bba,revision_number=None']} {{(pid=110916) push /opt/stack/neutron/neutron/api/rpc/handlers/resources_rpc.py:237}}
Jul 12 10:47:26.682478 dv-cinder-847864-7-smb neutron-server[110917]: DEBUG neutron.pecan_wsgi.hooks.policy_enforcement [req-37c0f6a3-d75e-4e63-9d1a-f90416322dee req-e7463264-1e1a-463e-aa84-ad0c971a8b6c service neutron] Attributes excluded by policy engine: ['standard_attr_id', 'shared', 'segment_id'] {{(pid=110917) _exclude_attributes_by_policy /opt/stack/neutron/neutron/pecan_wsgi/hooks/policy_enforcement.py:259}}
Jul 12 10:47:26.684150 dv-cinder-847864-7-smb neutron-server[110917]: INFO neutron.wsgi [req-37c0f6a3-d75e-4e63-9d1a-f90416322dee req-e7463264-1e1a-463e-aa84-ad0c971a8b6c service neutron] 10.222.0.61 "GET /v2.0/subnets?id=e914de89-2fe4-49e6-82c7-e5824024c784 HTTP/1.1" status: 200 len: 853 time: 0.0805981
Jul 12 10:47:26.716077 dv-cinder-847864-7-smb neutron-server[110916]: DEBUG neutron_lib.callbacks.manager [None req-b40d78bc-e7ae-47bc-a55c-cbc06c5c8cd0 admin admin] Publish callbacks [] for security_group (None), before_create {{(pid=110916) _notify_loop /usr/local/lib/python3.8/dist-packages/neutron_lib/callbacks/manager.py:176}}
Jul 12 10:47:26.735510 dv-cinder-847864-7-smb neutron-server[110917]: DEBUG neutron.pecan_wsgi.hooks.policy_enforcement [req-eae47709-f08d-4a20-8a45-e20df56f7099 req-eab47aad-a7cd-4b9e-a8d6-0e52400f3ef6 service neutron] Attributes excluded by policy engine: ['standard_attr_id'] {{(pid=110917) _exclude_attributes_by_policy /opt/stack/neutron/neutron/pecan_wsgi/hooks/policy_enforcement.py:259}}
Jul 12 10:47:26.744054 dv-cinder-847864-7-smb neutron-server[110917]: INFO neutron.wsgi [req-eae47709-f08d-4a20-8a45-e20df56f7099 req-eab47aad-a7cd-4b9e-a8d6-0e52400f3ef6 service neutron] 10.222.0.61 "GET /v2.0/ports?network_id=3dee3279-e763-4eeb-bf13-43fb79ae692e&device_owner=network%3Adhcp HTTP/1.1" status: 200 len: 1210 time: 0.0900521
Jul 12 10:47:26.789611 dv-cinder-847864-7-smb neutron-server[110916]: DEBUG neutron.pecan_wsgi.hooks.policy_enforcement [req-2d92ab38-79ef-43e0-83b1-ce4d1ecbeb78 req-09489df3-2633-47f1-808a-9d9ff81dbb8b tempest-AttachVolumeShelveTestJSON-1994286323 tempest-AttachVolumeShelveTestJSON-1994286323-project] Attributes excluded by policy engine: ['standard_attr_id', 'binding:profile', 'binding:host_id', 'binding:vif_type', 'binding:vif_details'] {{(pid=110916) _exclude_attributes_by_policy /opt/stack/neutron/neutron/pecan_wsgi/hooks/policy_enforcement.py:259}}
Jul 12 10:47:26.790718 dv-cinder-847864-7-smb neutron-server[110917]: DEBUG neutron.pecan_wsgi.hooks.policy_enforcement [req-37c0f6a3-d75e-4e63-9d1a-f90416322dee req-7d279e21-f0b6-4ca7-919f-0badf507879d service neutron] Attributes excluded by policy engine: ['standard_attr_id'] {{(pid=110917) _exclude_attributes_by_policy /opt/stack/neutron/neutron/pecan_wsgi/hooks/policy_enforcement.py:259}}
Jul 12 10:47:26.791091 dv-cinder-847864-7-smb neutron-server[110916]: INFO neutron.wsgi [req-2d92ab38-79ef-43e0-83b1-ce4d1ecbeb78 req-09489df3-2633-47f1-808a-9d9ff81dbb8b tempest-AttachVolumeShelveTestJSON-1994286323 tempest-AttachVolumeShelveTestJSON-1994286323-project] 10.222.0.88 "GET /v2.0/ports?device_id=77cedfc6-86d1-41f1-a445-701e28897cfc HTTP/1.1" status: 200 len: 943 time: 0.0942647
Jul 12 10:47:26.792209 dv-cinder-847864-7-smb neutron-server[110917]: INFO neutron.wsgi [req-37c0f6a3-d75e-4e63-9d1a-f90416322dee req-7d279e21-f0b6-4ca7-919f-0badf507879d service neutron] 10.222.0.61 "GET /v2.0/ports?network_id=9ce3de0e-e9c3-4e8c-8e51-736396823871&device_owner=network%3Adhcp HTTP/1.1" status: 200 len: 1210 time: 0.1006868
Jul 12 10:47:26.859724 dv-cinder-847864-7-smb neutron-server[110916]: INFO neutron.wsgi [req-2d92ab38-79ef-43e0-83b1-ce4d1ecbeb78 req-668c8a0d-0ca6-4800-a3a2-612d695c33d6 tempest-AttachVolumeShelveTestJSON-1994286323 tempest-AttachVolumeShelveTestJSON-1994286323-project] 10.222.0.88 "GET /v2.0/security-groups?id=0de77e85-b864-4c2a-a20f-bff253f432d1&fields=id&fields=name HTTP/1.1" status: 200 len: 312 time: 0.0590758
Jul 12 10:47:26.903846 dv-cinder-847864-7-smb neutron-server[110917]: INFO neutron.wsgi [req-eae47709-f08d-4a20-8a45-e20df56f7099 req-af0179e2-ad00-44b3-a085-a9915db63434 service neutron] 10.222.0.61 "GET /v2.0/networks/3dee3279-e763-4eeb-bf13-43fb79ae692e?fields=segments HTTP/1.1" status: 200 len: 212 time: 0.1517262
Jul 12 10:47:26.913373 dv-cinder-847864-7-smb neutron-server[110916]: DEBUG neutron_lib.callbacks.manager [None req-b40d78bc-e7ae-47bc-a55c-cbc06c5c8cd0 admin admin] Publish callbacks [] for security_group (4f1a69b4-4a83-481b-b104-9740bbd6a9f2), precommit_create {{(pid=110916) _notify_loop /usr/local/lib/python3.8/dist-packages/neutron_lib/callbacks/manager.py:176}}
Jul 12 10:47:26.921269 dv-cinder-847864-7-smb neutron-server[110917]: INFO neutron.wsgi [req-37c0f6a3-d75e-4e63-9d1a-f90416322dee req-a17bf203-93c8-4e6e-86ae-9ec8a45c65b6 service neutron] 10.222.0.61 "GET /v2.0/networks/9ce3de0e-e9c3-4e8c-8e51-736396823871?fields=segments HTTP/1.1" status: 200 len: 212 time: 0.1199317
Jul 12 10:47:27.038691 dv-cinder-847864-7-smb neutron-server[110916]: DEBUG neutron_lib.callbacks.manager [None req-b40d78bc-e7ae-47bc-a55c-cbc06c5c8cd0 admin admin] Publish callbacks ['neutron.plugins.ml2.ovo_rpc._ObjectChangeHandler.handle_event-551331'] for security_group (4f1a69b4-4a83-481b-b104-9740bbd6a9f2), after_create {{(pid=110916) _notify_loop /usr/local/lib/python3.8/dist-packages/neutron_lib/callbacks/manager.py:176}}
Jul 12 10:47:27.082623 dv-cinder-847864-7-smb neutron-server[110916]: INFO neutron.wsgi [None req-b40d78bc-e7ae-47bc-a55c-cbc06c5c8cd0 admin admin] 10.222.0.88 "GET /v2.0/security-groups?tenant_id=67efc6ec441f467bb9e6a32bc672d9e1&name=default HTTP/1.1" status: 200 len: 2996 time: 0.3937137
Jul 12 10:47:27.086391 dv-cinder-847864-7-smb neutron-server[110916]: DEBUG neutron.wsgi [-] (110916) accepted ('10.222.0.88', 38766) {{(pid=110916) server /usr/local/lib/python3.8/dist-packages/eventlet/wsgi.py:1004}}
Jul 12 10:47:27.092826 dv-cinder-847864-7-smb neutron-server[110916]: DEBUG neutron.api.rpc.handlers.resources_rpc [None req-b40d78bc-e7ae-47bc-a55c-cbc06c5c8cd0 admin admin] Pushing event updated for resources: {'SecurityGroup': ['ID=4f1a69b4-4a83-481b-b104-9740bbd6a9f2,revision_number=1']} {{(pid=110916) push /opt/stack/neutron/neutron/api/rpc/handlers/resources_rpc.py:237}}
Jul 12 10:47:27.140625 dv-cinder-847864-7-smb neutron-server[110917]: INFO neutron.wsgi [req-eae47709-f08d-4a20-8a45-e20df56f7099 req-af84e615-7a1f-49e1-9e05-db209db4dc89 service neutron] 10.222.0.61 "GET /v2.0/networks/3dee3279-e763-4eeb-bf13-43fb79ae692e?fields=provider%3Aphysical_network&fields=provider%3Anetwork_type HTTP/1.1" status: 200 len: 281 time: 0.2172008
Jul 12 10:47:27.144094 dv-cinder-847864-7-smb neutron-server[110917]: INFO neutron.wsgi [req-37c0f6a3-d75e-4e63-9d1a-f90416322dee req-71291846-d50d-41dd-8f57-da260dc21a98 service neutron] 10.222.0.61 "GET /v2.0/networks/9ce3de0e-e9c3-4e8c-8e51-736396823871?fields=provider%3Aphysical_network&fields=provider%3Anetwork_type HTTP/1.1" status: 200 len: 281 time: 0.2129717
Jul 12 10:47:27.163834 dv-cinder-847864-7-smb neutron-server[110917]: DEBUG neutron.pecan_wsgi.hooks.policy_enforcement [req-47fa25d4-3f40-4f3d-97b4-6fe61af22aef req-1ccbe480-a690-4def-bd4e-2723c4f733bc tempest-AttachVolumeNegativeTest-75412426 tempest-AttachVolumeNegativeTest-75412426-project] Attributes excluded by policy engine: ['standard_attr_id', 'binding:profile', 'binding:host_id', 'binding:vif_type', 'binding:vif_details'] {{(pid=110917) _exclude_attributes_by_policy /opt/stack/neutron/neutron/pecan_wsgi/hooks/policy_enforcement.py:259}}
Jul 12 10:47:27.165883 dv-cinder-847864-7-smb neutron-server[110917]: INFO neutron.wsgi [req-47fa25d4-3f40-4f3d-97b4-6fe61af22aef req-1ccbe480-a690-4def-bd4e-2723c4f733bc tempest-AttachVolumeNegativeTest-75412426 tempest-AttachVolumeNegativeTest-75412426-project] 10.222.0.88 "GET /v2.0/ports?device_id=8b230683-80eb-4ef2-90b4-3977bf51e568 HTTP/1.1" status: 200 len: 943 time: 0.1070347
Jul 12 10:47:27.187155 dv-cinder-847864-7-smb neutron-server[110916]: DEBUG neutron_lib.callbacks.manager [None req-1c3395a4-57bf-408a-9fa3-b5ad8d9d6a98 admin admin] Publish callbacks [] for security_group (4f1a69b4-4a83-481b-b104-9740bbd6a9f2), before_delete {{(pid=110916) _notify_loop /usr/local/lib/python3.8/dist-packages/neutron_lib/callbacks/manager.py:176}}
Jul 12 10:47:27.235314 dv-cinder-847864-7-smb neutron-server[110917]: INFO neutron.wsgi [req-47fa25d4-3f40-4f3d-97b4-6fe61af22aef req-7ff38041-23a5-4c83-85b9-d93db15afa56 tempest-AttachVolumeNegativeTest-75412426 tempest-AttachVolumeNegativeTest-75412426-project] 10.222.0.88 "GET /v2.0/security-groups?id=32aac2ad-ebd7-406e-aacc-50e00c8b1d17&fields=id&fields=name HTTP/1.1" status: 200 len: 312 time: 0.0616834
Jul 12 10:47:27.252984 dv-cinder-847864-7-smb neutron-server[110916]: DEBUG neutron_lib.callbacks.manager [None req-1c3395a4-57bf-408a-9fa3-b5ad8d9d6a98 admin admin] Publish callbacks [] for security_group (4f1a69b4-4a83-481b-b104-9740bbd6a9f2), precommit_delete {{(pid=110916) _notify_loop /usr/local/lib/python3.8/dist-packages/neutron_lib/callbacks/manager.py:176}}
Jul 12 10:47:27.338667 dv-cinder-847864-7-smb neutron-server[110916]: DEBUG neutron.pecan_wsgi.hooks.policy_enforcement [req-043fd74c-77c8-4ed7-a3f3-8fd85dd4caf4 req-f0b2a7f5-c206-4c77-955f-394c06132549 tempest-DeleteServersTestJSON-1276187175 tempest-DeleteServersTestJSON-1276187175-project] Attributes excluded by policy engine: ['standard_attr_id', 'binding:profile', 'binding:host_id', 'binding:vif_type', 'binding:vif_details'] {{(pid=110916) _exclude_attributes_by_policy /opt/stack/neutron/neutron/pecan_wsgi/hooks/policy_enforcement.py:259}}
