Jul 12 10:47:05.171419 dv-cinder-847864-7-smb neutron-server[110916]: DEBUG neutron_lib.callbacks.manager [None req-715531c7-4b1e-40a9-8424-41d5b7ebfd1c admin admin] Subscribe: > subnet before_update 55550000 {{(pid=110916) subscribe /usr/local/lib/python3.8/dist-packages/neutron_lib/callbacks/manager.py:45}}
Jul 12 10:47:05.171820 dv-cinder-847864-7-smb neutron-server[110916]: DEBUG neutron.services.segments.db [None req-715531c7-4b1e-40a9-8424-41d5b7ebfd1c admin admin] neutron.services.segments.plugin.Plugin method get_segments called with arguments (,) {'filters': {'network_id': ['3947746a-a5c1-40e9-a620-25f69cc8ea79']}} {{(pid=110916) wrapper /usr/local/lib/python3.8/dist-packages/oslo_log/helpers.py:65}}
Jul 12 10:47:05.199397 dv-cinder-847864-7-smb neutron-server[110918]: DEBUG neutron.db.l3_dvrscheduler_db [None req-198634dd-5915-41fb-9a59-e710e27ad8d4 None None] Routers {'14af2090-ab28-4025-a0f0-1c45facb6c67'} bound to L3 agent in host dv-cinder-847864-7-smb {{(pid=110918) _get_router_ids_for_agent /opt/stack/neutron/neutron/db/l3_dvrscheduler_db.py:421}}
Jul 12 10:47:05.200206 dv-cinder-847864-7-smb neutron-server[110918]: DEBUG neutron.db.l3_hamode_db [None req-198634dd-5915-41fb-9a59-e710e27ad8d4 None None] neutron.services.l3_router.l3_router_plugin.L3RouterPlugin method get_ha_sync_data_for_host called with arguments (, 'dv-cinder-847864-7-smb', Agent(admin_state_up=True,agent_type='L3 agent',availability_zone='nova',binary='neutron-l3-agent',configurations={"agent_mode": "legacy", "ex_gw_ports": 4, "extensions": [], "floating_ips": 0, "handle_internal_only_routers": true, "interface_driver": "openvswitch", "interfaces": 1, "log_agent_heartbeats": false, "routers": 4},created_at=2022-07-12T10:37:30Z,description=,heartbeat_timestamp=2022-07-12T10:47:00Z,host='dv-cinder-847864-7-smb',id=c8e2e299-db79-4850-a639-e5e345f066ac,load=0,resource_versions=,resources_synced=,started_at=2022-07-12T10:37:30Z,topic='l3_agent')) {'router_ids': ['14af2090-ab28-4025-a0f0-1c45facb6c67'], 'active': True} {{(pid=110918) wrapper /usr/local/lib/python3.8/dist-packages/oslo_log/helpers.py:65}}
Jul 12 10:47:05.205264 dv-cinder-847864-7-smb neutron-server[110917]: DEBUG neutron.db.l3_dvrscheduler_db [None req-5e1aa1d2-592b-4792-8f7b-2d519948e8f6 tempest-AttachVolumeShelveTestJSON-1994286323 tempest-AttachVolumeShelveTestJSON-1994286323-project] Received port after_create {{(pid=110917) _notify_l3_agent_new_port /opt/stack/neutron/neutron/db/l3_dvrscheduler_db.py:536}}
Jul 12 10:47:05.227797 dv-cinder-847864-7-smb neutron-server[110916]: INFO neutron.wsgi [req-97332859-db03-4093-bb9c-b554286a33bb req-af3dff1f-f8c4-4b61-94db-7252e5753643 tempest-DeleteServersTestJSON-1276187175 tempest-DeleteServersTestJSON-1276187175-project] 10.222.0.88 "GET /v2.0/ports?device_id=65e62afa-55fd-408e-8716-46dc5c6913be HTTP/1.1" status: 200 len: 210 time: 0.7111197
Jul 12 10:47:05.245788 dv-cinder-847864-7-smb neutron-server[110916]: DEBUG neutron.services.segments.db [None req-715531c7-4b1e-40a9-8424-41d5b7ebfd1c admin admin] neutron.services.segments.plugin.Plugin method delete_segment called with arguments (, 'aaf272b7-5d10-41f1-b1e2-ffd303271beb') {'for_net_delete': True} {{(pid=110916) wrapper /usr/local/lib/python3.8/dist-packages/oslo_log/helpers.py:65}}
Jul 12 10:47:05.246087 dv-cinder-847864-7-smb neutron-server[110916]: DEBUG neutron.services.segments.db [None req-715531c7-4b1e-40a9-8424-41d5b7ebfd1c admin admin] neutron.services.segments.plugin.Plugin method get_segment called with arguments (, 'aaf272b7-5d10-41f1-b1e2-ffd303271beb') {} {{(pid=110916) wrapper /usr/local/lib/python3.8/dist-packages/oslo_log/helpers.py:65}}
Jul 12 10:47:05.251803 dv-cinder-847864-7-smb neutron-server[110917]: DEBUG neutron_lib.callbacks.manager [None req-a7494672-c2ca-45f4-974e-1347f834b5aa tempest-AttachVolumeNegativeTest-75412426 tempest-AttachVolumeNegativeTest-75412426-project] Publish callbacks [] for security_group_rule (None), before_response {{(pid=110917) _notify_loop /usr/local/lib/python3.8/dist-packages/neutron_lib/callbacks/manager.py:176}}
Jul 12 10:47:05.264482 dv-cinder-847864-7-smb neutron-server[110917]: INFO neutron.wsgi [None req-a7494672-c2ca-45f4-974e-1347f834b5aa tempest-AttachVolumeNegativeTest-75412426 tempest-AttachVolumeNegativeTest-75412426-project] 10.222.0.88 "POST /v2.0/security-group-rules HTTP/1.1" status: 201 len: 769 time: 1.3374009
Jul 12 10:47:05.307969 dv-cinder-847864-7-smb neutron-server[110916]: DEBUG neutron.wsgi [-] (110916) accepted ('10.222.0.88', 38032) {{(pid=110916) server /usr/local/lib/python3.8/dist-packages/eventlet/wsgi.py:1004}}
Jul 12 10:47:05.324040 dv-cinder-847864-7-smb neutron-server[110916]: DEBUG neutron.api.v2.base [None req-daaf6e85-2fbf-4a42-9b72-739e23fcc9df tempest-AttachVolumeNegativeTest-75412426 tempest-AttachVolumeNegativeTest-75412426-project] Request body: {'floatingip': {'floating_network_id': 'fed8a4d9-c1d3-4918-a403-46a9e2b9b740'}} {{(pid=110916) prepare_request_body /opt/stack/neutron/neutron/api/v2/base.py:730}}
Jul 12 10:47:05.351662 dv-cinder-847864-7-smb neutron-server[110918]: DEBUG neutron.api.rpc.handlers.resources_rpc [None req-6f47c3f8-bbac-40e7-a26a-86876282d91a None None] Pushing event updated for resources: {'Port': ['ID=a3705ed8-37ec-46c2-baee-f2cea6cac176,revision_number=4']} {{(pid=110918) push /opt/stack/neutron/neutron/api/rpc/handlers/resources_rpc.py:237}}
Jul 12 10:47:05.352016 dv-cinder-847864-7-smb neutron-server[110916]: DEBUG neutron_lib.callbacks.manager [None req-715531c7-4b1e-40a9-8424-41d5b7ebfd1c admin admin] Publish callbacks ['neutron.plugins.ml2.db._prevent_segment_delete_with_port_bound-8790747099859', 'neutron.services.segments.plugin.Plugin._prevent_segment_delete_with_subnet_associated-28012647'] for segment (aaf272b7-5d10-41f1-b1e2-ffd303271beb), before_delete {{(pid=110916) _notify_loop /usr/local/lib/python3.8/dist-packages/neutron_lib/callbacks/manager.py:176}}
Jul 12 10:47:05.355169 dv-cinder-847864-7-smb neutron-server[110918]: DEBUG neutron.db.provisioning_blocks [None req-d25b45f0-35c2-498a-8171-ba21c8e55737 None None] Provisioning complete for port 65546c3a-471a-4f23-bf84-daec81f9d381 triggered by entity DHCP. {{(pid=110918) provisioning_complete /opt/stack/neutron/neutron/db/provisioning_blocks.py:140}}
Jul 12 10:47:05.355548 dv-cinder-847864-7-smb neutron-server[110918]: DEBUG neutron_lib.callbacks.manager [None req-d25b45f0-35c2-498a-8171-ba21c8e55737 None None] Publish callbacks ['neutron.plugins.ml2.plugin.Ml2Plugin._port_provisioned-4094476'] for port (65546c3a-471a-4f23-bf84-daec81f9d381), provisioning_complete {{(pid=110918) _notify_loop /usr/local/lib/python3.8/dist-packages/neutron_lib/callbacks/manager.py:176}}
Jul 12 10:47:05.368852 dv-cinder-847864-7-smb neutron-server[110917]: DEBUG neutron.api.rpc.handlers.resources_rpc [None req-5e1aa1d2-592b-4792-8f7b-2d519948e8f6 tempest-AttachVolumeShelveTestJSON-1994286323 tempest-AttachVolumeShelveTestJSON-1994286323-project] Pushing event updated for resources: {'Port': ['ID=4b2b90cd-0a6a-42b9-ab21-f589500535ba,revision_number=1']} {{(pid=110917) push /opt/stack/neutron/neutron/api/rpc/handlers/resources_rpc.py:237}}
Jul 12 10:47:05.383407 dv-cinder-847864-7-smb neutron-server[110916]: DEBUG neutron_lib.callbacks.manager [None req-715531c7-4b1e-40a9-8424-41d5b7ebfd1c admin admin] Publish callbacks ['neutron.plugins.ml2.plugin.Ml2Plugin._handle_segment_change-4094914'] for segment (aaf272b7-5d10-41f1-b1e2-ffd303271beb), precommit_delete {{(pid=110916) _notify_loop /usr/local/lib/python3.8/dist-packages/neutron_lib/callbacks/manager.py:176}}
Jul 12 10:47:05.396048 dv-cinder-847864-7-smb neutron-server[110916]: DEBUG neutron.plugins.ml2.drivers.type_vlan [None req-715531c7-4b1e-40a9-8424-41d5b7ebfd1c admin admin] Releasing vlan 1017 on physical network physnet1 to pool {{(pid=110916) release_segment /opt/stack/neutron/neutron/plugins/ml2/drivers/type_vlan.py:304}}
Jul 12 10:47:05.396374 dv-cinder-847864-7-smb neutron-server[110916]: DEBUG neutron_lib.callbacks.manager [None req-715531c7-4b1e-40a9-8424-41d5b7ebfd1c admin admin] Publish callbacks ['neutron.plugins.ml2.plugin.Ml2Plugin._handle_segment_change-4094914', 'neutron.services.segments.plugin.NovaSegmentNotifier._notify_segment_deleted-28663221'] for segment (aaf272b7-5d10-41f1-b1e2-ffd303271beb), after_delete {{(pid=110916) _notify_loop /usr/local/lib/python3.8/dist-packages/neutron_lib/callbacks/manager.py:176}}
Jul 12 10:47:05.401558 dv-cinder-847864-7-smb neutron-server[110918]: DEBUG neutron.db.provisioning_blocks [None req-3a9770ca-2b6e-497b-9e47-9fa3e102e698 None None] Provisioning complete for port 92b28564-bc71-4790-b407-8817ba4fae02 triggered by entity L2. {{(pid=110918) provisioning_complete /opt/stack/neutron/neutron/db/provisioning_blocks.py:140}}
Jul 12 10:47:05.401933 dv-cinder-847864-7-smb neutron-server[110918]: DEBUG neutron_lib.callbacks.manager [None req-3a9770ca-2b6e-497b-9e47-9fa3e102e698 None None] Publish callbacks ['neutron.plugins.ml2.plugin.Ml2Plugin._port_provisioned-4094476'] for port (92b28564-bc71-4790-b407-8817ba4fae02), provisioning_complete {{(pid=110918) _notify_loop /usr/local/lib/python3.8/dist-packages/neutron_lib/callbacks/manager.py:176}}
Jul 12 10:47:05.496130 dv-cinder-847864-7-smb neutron-server[110916]: DEBUG neutron_lib.callbacks.manager [None req-daaf6e85-2fbf-4a42-9b72-739e23fcc9df tempest-AttachVolumeNegativeTest-75412426 tempest-AttachVolumeNegativeTest-75412426-project] Publish callbacks [] for floatingip (None), before_create {{(pid=110916) _notify_loop /usr/local/lib/python3.8/dist-packages/neutron_lib/callbacks/manager.py:176}}
Jul 12 10:47:05.666169 dv-cinder-847864-7-smb neutron-server[110919]: DEBUG neutron_lib.callbacks.manager [None req-4c2e674a-5ee0-4643-9b58-d214c65b6a62 None None] Publish callbacks [] for port (cbd282e9-315b-4c63-b95e-99767a9d23ab), precommit_update {{(pid=110919) _notify_loop /usr/local/lib/python3.8/dist-packages/neutron_lib/callbacks/manager.py:176}}
Jul 12 10:47:05.677895 dv-cinder-847864-7-smb neutron-server[110918]: DEBUG neutron.plugins.ml2.plugin [None req-3a9770ca-2b6e-497b-9e47-9fa3e102e698 None None] Current status of the port 92b28564-bc71-4790-b407-8817ba4fae02 is: DOWN; New status is: ACTIVE {{(pid=110918) _update_individual_port_db_status /opt/stack/neutron/neutron/plugins/ml2/plugin.py:2258}}
Jul 12 10:47:05.679092 dv-cinder-847864-7-smb neutron-server[110918]: DEBUG neutron_lib.callbacks.manager [None req-3a9770ca-2b6e-497b-9e47-9fa3e102e698 None None] Publish callbacks ['neutron.plugins.ml2.plugin.SecurityGroupDbMixin._ensure_default_security_group_handler-4167576'] for port (92b28564-bc71-4790-b407-8817ba4fae02), before_update {{(pid=110918) _notify_loop /usr/local/lib/python3.8/dist-packages/neutron_lib/callbacks/manager.py:176}}
Jul 12 10:47:05.691034 dv-cinder-847864-7-smb neutron-server[110917]: DEBUG neutron_lib.callbacks.manager [None req-4a84cbf9-8ca9-4485-96fb-2dea27e61c95 admin admin] Publish callbacks [] for security_group (d5356e9b-f27b-4b06-bd19-ea0c7f6455c2), before_delete {{(pid=110917) _notify_loop /usr/local/lib/python3.8/dist-packages/neutron_lib/callbacks/manager.py:176}}
Jul 12 10:47:05.706867 dv-cinder-847864-7-smb neutron-server[110916]: DEBUG neutron_lib.callbacks.manager [None req-715531c7-4b1e-40a9-8424-41d5b7ebfd1c admin admin] Publish callbacks ['neutron.plugins.ml2.plugin.Ml2Plugin._network_delete_after_delete_handler-4092512', 'neutron.plugins.ml2.ovo_rpc._ObjectChangeHandler.handle_event-551282', 'neutron.api.rpc.agentnotifiers.dhcp_rpc_agent_api.DhcpAgentNotifyAPI._native_event_send_dhcp_notification-583064', 'neutron.services.l3_router.l3_router_plugin.DVRResourceOperationHandler.delete_fip_namespaces_for_ext_net-948155'] for network (3947746a-a5c1-40e9-a620-25f69cc8ea79), after_delete {{(pid=110916) _notify_loop /usr/local/lib/python3.8/dist-packages/neutron_lib/callbacks/manager.py:176}}
Jul 12 10:47:05.715203 dv-cinder-847864-7-smb neutron-server[110916]: DEBUG neutron_lib.callbacks.manager [None req-715531c7-4b1e-40a9-8424-41d5b7ebfd1c admin admin] Publish callbacks ['neutron.api.rpc.agentnotifiers.dhcp_rpc_agent_api.DhcpAgentNotifyAPI._send_dhcp_notification-583082'] for network (None), before_response {{(pid=110916) _notify_loop /usr/local/lib/python3.8/dist-packages/neutron_lib/callbacks/manager.py:176}}
Jul 12 10:47:05.718904 dv-cinder-847864-7-smb neutron-server[110918]: DEBUG neutron.plugins.ml2.db [None req-3a9770ca-2b6e-497b-9e47-9fa3e102e698 None None] For port 92b28564-bc71-4790-b407-8817ba4fae02, host dv-cinder-847864-7-smb, got binding levels [PortBindingLevel(driver='openvswitch',host='dv-cinder-847864-7-smb',level=0,port_id=92b28564-bc71-4790-b407-8817ba4fae02,segment=NetworkSegment(908e7cd1-7f92-46e4-8851-eadf793e8de4),segment_id=908e7cd1-7f92-46e4-8851-eadf793e8de4)] {{(pid=110918) get_binding_level_objs /opt/stack/neutron/neutron/plugins/ml2/db.py:74}}
Jul 12 10:47:05.724669 dv-cinder-847864-7-smb neutron-server[110916]: INFO neutron.wsgi [None req-715531c7-4b1e-40a9-8424-41d5b7ebfd1c admin admin] 10.222.0.88 "DELETE /v2.0/networks/3947746a-a5c1-40e9-a620-25f69cc8ea79 HTTP/1.1" status: 204 len: 168 time: 1.8801043
Jul 12 10:47:05.725348 dv-cinder-847864-7-smb neutron-server[110918]: DEBUG neutron.db.l3_dvr_db [None req-198634dd-5915-41fb-9a59-e710e27ad8d4 None None] Set router 14af2090-ab28-4025-a0f0-1c45facb6c67 gateway port host: dv-cinder-847864-7-smb {{(pid=110918) _build_routers_list /opt/stack/neutron/neutron/db/l3_dvr_db.py:906}}
Jul 12 10:47:05.725576 dv-cinder-847864-7-smb neutron-server[110917]: DEBUG neutron_lib.callbacks.manager [None req-4a84cbf9-8ca9-4485-96fb-2dea27e61c95 admin admin] Publish callbacks [] for security_group (d5356e9b-f27b-4b06-bd19-ea0c7f6455c2), precommit_delete {{(pid=110917) _notify_loop /usr/local/lib/python3.8/dist-packages/neutron_lib/callbacks/manager.py:176}}
Jul 12 10:47:05.732765 dv-cinder-847864-7-smb neutron-server[110919]: DEBUG neutron_lib.callbacks.manager [None req-4c2e674a-5ee0-4643-9b58-d214c65b6a62 None None] Publish callbacks ['neutron.plugins.ml2.plugin.SecurityGroupServerNotifierRpcMixin._notify_sg_on_port_change-4166440', 'neutron.plugins.ml2.ovo_rpc._ObjectChangeHandler.handle_event-330548', 'neutron.api.rpc.agentnotifiers.dhcp_rpc_agent_api.DhcpAgentNotifyAPI._native_event_send_dhcp_notification-583064', 'neutron.db.l3_db.L3RpcNotifierMixin._notify_gateway_port_ip_changed-8790747012648', 'neutron.db.l3_dvrscheduler_db._notify_l3_agent_port_update-8790746556501', 'neutron.db.l3_hascheduler_db._notify_l3_agent_ha_port_update-8790746556519'] for port (cbd282e9-315b-4c63-b95e-99767a9d23ab), after_update {{(pid=110919) _notify_loop /usr/local/lib/python3.8/dist-packages/neutron_lib/callbacks/manager.py:176}}
Jul 12 10:47:05.738921 dv-cinder-847864-7-smb neutron-server[110916]: DEBUG neutron.wsgi [-] (110916) accepted ('10.222.0.88', 38048) {{(pid=110916) server /usr/local/lib/python3.8/dist-packages/eventlet/wsgi.py:1004}}
Jul 12 10:47:05.776853 dv-cinder-847864-7-smb neutron-server[110917]: DEBUG neutron_lib.callbacks.manager [None req-5e1aa1d2-592b-4792-8f7b-2d519948e8f6 tempest-AttachVolumeShelveTestJSON-1994286323 tempest-AttachVolumeShelveTestJSON-1994286323-project] Publish callbacks [] for floatingip (b96b7415-744d-453d-8464-4b86ffed32a9), precommit_create {{(pid=110917) _notify_loop /usr/local/lib/python3.8/dist-packages/neutron_lib/callbacks/manager.py:176}}
Jul 12 10:47:05.799605 dv-cinder-847864-7-smb neutron-server[110916]: DEBUG neutron.api.rpc.handlers.resources_rpc [None req-715531c7-4b1e-40a9-8424-41d5b7ebfd1c admin admin] Pushing event deleted for resources: {'Network': ['ID=3947746a-a5c1-40e9-a620-25f69cc8ea79,revision_number=None']} {{(pid=110916) push /opt/stack/neutron/neutron/api/rpc/handlers/resources_rpc.py:237}}
Jul 12 10:47:05.830295 dv-cinder-847864-7-smb neutron-server[110917]: DEBUG neutron_lib.callbacks.manager [None req-19724d42-c980-42f9-a693-1cfe5204bd76 tempest-AttachVolumeTestJSON-801014185 tempest-AttachVolumeTestJSON-801014185-project] Publish callbacks [] for security_group_rule (4028699d-9fd0-4f21-825d-e5c175d82991), precommit_create {{(pid=110917) _notify_loop /usr/local/lib/python3.8/dist-packages/neutron_lib/callbacks/manager.py:176}}
Jul 12 10:47:05.861663 dv-cinder-847864-7-smb neutron-server[110917]: DEBUG neutron_lib.callbacks.manager [None req-4a84cbf9-8ca9-4485-96fb-2dea27e61c95 admin admin] Publish callbacks ['neutron.plugins.ml2.ovo_rpc._ObjectChangeHandler.handle_event-551331'] for security_group (d5356e9b-f27b-4b06-bd19-ea0c7f6455c2), after_delete {{(pid=110917) _notify_loop /usr/local/lib/python3.8/dist-packages/neutron_lib/callbacks/manager.py:176}}
Jul 12 10:47:05.864270 dv-cinder-847864-7-smb neutron-server[110917]: DEBUG neutron_lib.callbacks.manager [None req-4a84cbf9-8ca9-4485-96fb-2dea27e61c95 admin admin] Publish callbacks [] for security_group (None), before_response {{(pid=110917) _notify_loop /usr/local/lib/python3.8/dist-packages/neutron_lib/callbacks/manager.py:176}}
Jul 12 10:47:05.875133 dv-cinder-847864-7-smb neutron-server[110917]: INFO neutron.wsgi [None req-4a84cbf9-8ca9-4485-96fb-2dea27e61c95 admin admin] 10.222.0.88 "DELETE /v2.0/security-groups/d5356e9b-f27b-4b06-bd19-ea0c7f6455c2 HTTP/1.1" status: 204 len: 168 time: 1.2251258
Jul 12 10:47:05.896570 dv-cinder-847864-7-smb neutron-server[110918]: DEBUG neutron_lib.callbacks.manager [None req-3a9770ca-2b6e-497b-9e47-9fa3e102e698 None None] Publish callbacks ['neutron.plugins.ml2.plugin.SecurityGroupServerNotifierRpcMixin._notify_sg_on_port_change-4166440', 'neutron.plugins.ml2.ovo_rpc._ObjectChangeHandler.handle_event-330548', 'neutron.api.rpc.agentnotifiers.dhcp_rpc_agent_api.DhcpAgentNotifyAPI._native_event_send_dhcp_notification-583064', 'neutron.db.l3_db.L3RpcNotifierMixin._notify_gateway_port_ip_changed-8790747012648', 'neutron.db.l3_dvrscheduler_db._notify_l3_agent_port_update-8790746556501', 'neutron.db.l3_hascheduler_db._notify_l3_agent_ha_port_update-8790746556519'] for port (92b28564-bc71-4790-b407-8817ba4fae02), after_update {{(pid=110918) _notify_loop /usr/local/lib/python3.8/dist-packages/neutron_lib/callbacks/manager.py:176}}
Jul 12 10:47:05.897476 dv-cinder-847864-7-smb neutron-server[110918]: DEBUG neutron.plugins.ml2.rpc [None req-3a9770ca-2b6e-497b-9e47-9fa3e102e698 None None] Device b689d007-c898-4d1c-bf61-07390508699d up at agent ovs-agent-dv-cinder-847864-7-smb {{(pid=110918) update_device_up /opt/stack/neutron/neutron/plugins/ml2/rpc.py:296}}
Jul 12 10:47:05.909699 dv-cinder-847864-7-smb neutron-server[110916]: INFO neutron.services.segments.plugin [-] Segment aaf272b7-5d10-41f1-b1e2-ffd303271beb resource provider aggregate not found
Jul 12 10:47:05.922862 dv-cinder-847864-7-smb neutron-server[110917]: DEBUG neutron.api.rpc.handlers.resources_rpc [None req-4a84cbf9-8ca9-4485-96fb-2dea27e61c95 admin admin] Pushing event deleted for resources: {'SecurityGroup': ['ID=d5356e9b-f27b-4b06-bd19-ea0c7f6455c2,revision_number=None']} {{(pid=110917) push /opt/stack/neutron/neutron/api/rpc/handlers/resources_rpc.py:237}}
Jul 12 10:47:05.943028 dv-cinder-847864-7-smb neutron-server[110917]: DEBUG neutron_lib.callbacks.manager [None req-19724d42-c980-42f9-a693-1cfe5204bd76 tempest-AttachVolumeTestJSON-801014185 tempest-AttachVolumeTestJSON-801014185-project] Publish callbacks ['neutron.plugins.ml2.ovo_rpc._ObjectChangeHandler.handle_event-552732'] for security_group_rule (4028699d-9fd0-4f21-825d-e5c175d82991), after_create {{(pid=110917) _notify_loop /usr/local/lib/python3.8/dist-packages/neutron_lib/callbacks/manager.py:176}}
Jul 12 10:47:05.952465 dv-cinder-847864-7-smb neutron-server[110916]: INFO neutron.services.segments.plugin [-] Segment aaf272b7-5d10-41f1-b1e2-ffd303271beb resource provider not found; error: Placement Client Error (4xx): {"errors": [{"status": 404, "title": "Not Found", "detail": "The resource could not be found.\n\n No resource provider with uuid aaf272b7-5d10-41f1-b1e2-ffd303271beb found for delete ", "request_id": "req-2f2d0a1e-9ea9-4938-b234-4e3ebb3b42fc"}]}
Jul 12 10:47:05.975390 dv-cinder-847864-7-smb neutron-server[110917]: DEBUG neutron.api.rpc.handlers.resources_rpc [None req-19724d42-c980-42f9-a693-1cfe5204bd76 tempest-AttachVolumeTestJSON-801014185 tempest-AttachVolumeTestJSON-801014185-project] Pushing event updated for resources: {'SecurityGroupRule': ['ID=4028699d-9fd0-4f21-825d-e5c175d82991,revision_number=0']} {{(pid=110917) push /opt/stack/neutron/neutron/api/rpc/handlers/resources_rpc.py:237}}
Jul 12 10:47:05.992906 dv-cinder-847864-7-smb neutron-server[110919]: DEBUG neutron.api.rpc.handlers.resources_rpc [None req-78085ac3-08ed-4e0f-8e99-868020f3b3d9 None None] Pushing event updated for resources: {'Port': ['ID=cbd282e9-315b-4c63-b95e-99767a9d23ab,revision_number=3']} {{(pid=110919) push /opt/stack/neutron/neutron/api/rpc/handlers/resources_rpc.py:237}}
Jul 12 10:47:05.994727 dv-cinder-847864-7-smb neutron-server[110916]: DEBUG neutron.db.db_base_plugin_v2 [None req-703dd7eb-b81b-4665-9166-1efc001c4dd6 admin admin] Deleting subnet 677689dd-b80e-4fff-ad66-240a117dd42b {{(pid=110916) delete_subnet /opt/stack/neutron/neutron/db/db_base_plugin_v2.py:1066}}
Jul 12 10:47:06.009951 dv-cinder-847864-7-smb neutron-server[110916]: DEBUG neutron_lib.callbacks.manager [None req-703dd7eb-b81b-4665-9166-1efc001c4dd6 admin admin] Publish callbacks [] for subnet (677689dd-b80e-4fff-ad66-240a117dd42b), before_delete {{(pid=110916) _notify_loop /usr/local/lib/python3.8/dist-packages/neutron_lib/callbacks/manager.py:176}}
Jul 12 10:47:06.014234 dv-cinder-847864-7-smb neutron-server[110917]: DEBUG neutron_lib.callbacks.manager [None req-1335bd13-db8b-458d-89a7-b867465ca99e admin admin] Publish callbacks [] for security_group (9fc7abc3-ee05-4d36-bc66-711f781622e0), precommit_create {{(pid=110917) _notify_loop /usr/local/lib/python3.8/dist-packages/neutron_lib/callbacks/manager.py:176}}
Jul 12 10:47:06.021730 dv-cinder-847864-7-smb neutron-server[110917]: DEBUG neutron_lib.callbacks.manager [None req-5e1aa1d2-592b-4792-8f7b-2d519948e8f6 tempest-AttachVolumeShelveTestJSON-1994286323 tempest-AttachVolumeShelveTestJSON-1994286323-project] Publish callbacks ['neutron.plugins.ml2.plugin.SecurityGroupDbMixin._ensure_default_security_group_handler-4167576'] for port (4b2b90cd-0a6a-42b9-ab21-f589500535ba), before_update {{(pid=110917) _notify_loop /usr/local/lib/python3.8/dist-packages/neutron_lib/callbacks/manager.py:176}}
Jul 12 10:47:06.025487 dv-cinder-847864-7-smb neutron-server[110918]: DEBUG neutron.api.rpc.handlers.resources_rpc [None req-3a9770ca-2b6e-497b-9e47-9fa3e102e698 None None] Pushing event updated for resources: {'Port': ['ID=92b28564-bc71-4790-b407-8817ba4fae02,revision_number=4']} {{(pid=110918) push /opt/stack/neutron/neutron/api/rpc/handlers/resources_rpc.py:237}}
Jul 12 10:47:06.045062 dv-cinder-847864-7-smb neutron-server[110918]: DEBUG neutron.api.rpc.handlers.l3_rpc [None req-399801f4-6c88-472e-8818-39853a866fab None None] Sync routers for ids ['68d98ab1-d03c-4dc8-a155-36e7b29d153e'] in dv-cinder-847864-7-smb {{(pid=110918) sync_routers /opt/stack/neutron/neutron/api/rpc/handlers/l3_rpc.py:125}}
Jul 12 10:47:06.045988 dv-cinder-847864-7-smb neutron-server[110918]: DEBUG neutron.plugins.ml2.plugin [None req-d25b45f0-35c2-498a-8171-ba21c8e55737 None None] Current status of the port 65546c3a-471a-4f23-bf84-daec81f9d381 is: ACTIVE; New status is: ACTIVE {{(pid=110918) _update_individual_port_db_status /opt/stack/neutron/neutron/plugins/ml2/plugin.py:2258}}
Jul 12 10:47:06.062807 dv-cinder-847864-7-smb neutron-server[110919]: DEBUG neutron.plugins.ml2.managers [None req-4c2e674a-5ee0-4643-9b58-d214c65b6a62 None None] Attempting to bind port cbd282e9-315b-4c63-b95e-99767a9d23ab on host dv-cinder-847864-7-smb for vnic_type normal with profile {{(pid=110919) bind_port /opt/stack/neutron/neutron/plugins/ml2/managers.py:811}}
Jul 12 10:47:06.063184 dv-cinder-847864-7-smb neutron-server[110919]: DEBUG neutron.plugins.ml2.managers [None req-4c2e674a-5ee0-4643-9b58-d214c65b6a62 None None] Attempting to bind port cbd282e9-315b-4c63-b95e-99767a9d23ab by drivers openvswitch,hyperv on host dv-cinder-847864-7-smb at level 0 using segments [{'id': '983894e7-9aff-414f-a2cb-8793766e28d5', 'network_type': 'vlan', 'physical_network': 'physnet1', 'segmentation_id': 1047, 'network_id': '138357b4-d5b8-4f00-af31-ecfed6ceacd5'}] {{(pid=110919) _bind_port_level /opt/stack/neutron/neutron/plugins/ml2/managers.py:836}}
Jul 12 10:47:06.063543 dv-cinder-847864-7-smb neutron-server[110919]: DEBUG neutron.plugins.ml2.drivers.mech_agent [None req-4c2e674a-5ee0-4643-9b58-d214c65b6a62 None None] Attempting to bind port cbd282e9-315b-4c63-b95e-99767a9d23ab on network 138357b4-d5b8-4f00-af31-ecfed6ceacd5 {{(pid=110919) bind_port /opt/stack/neutron/neutron/plugins/ml2/drivers/mech_agent.py:91}}
Jul 12 10:47:06.084031 dv-cinder-847864-7-smb neutron-server[110919]: DEBUG neutron.plugins.ml2.drivers.mech_agent [None req-4c2e674a-5ee0-4643-9b58-d214c65b6a62 None None] Checking agent: {'id': 'd0b5c249-2961-4c6b-8d59-614282ef431a', 'agent_type': 'Open vSwitch agent', 'binary': 'neutron-openvswitch-agent', 'topic': 'N/A', 'host': 'dv-cinder-847864-7-smb', 'admin_state_up': True, 'created_at': datetime.datetime(2022, 7, 12, 10, 37, 34), 'started_at': datetime.datetime(2022, 7, 12, 10, 38, 4), 'heartbeat_timestamp': datetime.datetime(2022, 7, 12, 10, 47, 4), 'description': None, 'resources_synced': None, 'availability_zone': None, 'alive': True, 'configurations': {'arp_responder_enabled': False, 'baremetal_smartnic': False, 'bridge_mappings': {'physnet1': 'br-data'}, 'datapath_type': 'system', 'devices': 0, 'enable_distributed_routing': False, 'extensions': [], 'in_distributed_mode': False, 'integration_bridge': 'br-int', 'l2_population': False, 'log_agent_heartbeats': False, 'ovs_capabilities': {'datapath_types': ['netdev', 'system'], 'iface_types': ['erspan', 'geneve', 'gre', 'internal', 'ip6erspan', 'ip6gre', 'lisp', 'patch', 'stt', 'system', 'tap', 'vxlan']}, 'ovs_hybrid_plug': False, 'resource_provider_bandwidths': {}, 'resource_provider_hypervisors': {'br-data': 'dv-cinder-847864-7-smb'}, 'resource_provider_inventory_defaults': {'allocation_ratio': 1.0, 'min_unit': 1, 'step_size': 1, 'reserved': 0}, 'resource_provider_packet_processing_inventory_defaults': {'allocation_ratio': 1.0, 'min_unit': 1, 'step_size': 1, 'reserved': 0}, 'resource_provider_packet_processing_with_direction': {}, 'resource_provider_packet_processing_without_direction': {}, 'tunnel_types': [], 'tunneling_ip': None, 'vhostuser_socket_dir': '/var/run/openvswitch'}, 'resource_versions': {'AddressGroup': '1.2', 'ConntrackHelper': '1.0', 'LocalIPAssociation': '1.0', 'Log': '1.0', 'Network': '1.1', 'Port': '1.7', 'PortForwarding': '1.2', 'QosPolicy': '1.10', 'SecurityGroup': '1.5', 'SecurityGroupRule': '1.2', 'SubPort': '1.0', 'Subnet': '1.1', 'Trunk': '1.1'}} {{(pid=110919) bind_port /opt/stack/neutron/neutron/plugins/ml2/drivers/mech_agent.py:110}}
Jul 12 10:47:06.084426 dv-cinder-847864-7-smb neutron-server[110919]: DEBUG neutron.plugins.ml2.drivers.mech_agent [None req-4c2e674a-5ee0-4643-9b58-d214c65b6a62 None None] Checking segment: {'id': '983894e7-9aff-414f-a2cb-8793766e28d5', 'network_type': 'vlan', 'physical_network': 'physnet1', 'segmentation_id': 1047, 'network_id': '138357b4-d5b8-4f00-af31-ecfed6ceacd5'} for mappings: {'physnet1': 'br-data'} with network types: ['local', 'flat', 'vlan'] {{(pid=110919) check_segment_for_agent /opt/stack/neutron/neutron/plugins/ml2/drivers/mech_agent.py:373}}
Jul 12 10:47:06.084792 dv-cinder-847864-7-smb neutron-server[110919]: DEBUG neutron_lib.callbacks.manager [None req-4c2e674a-5ee0-4643-9b58-d214c65b6a62 None None] Publish callbacks [] for ovs_bridge_name (None), before_read {{(pid=110919) _notify_loop /usr/local/lib/python3.8/dist-packages/neutron_lib/callbacks/manager.py:176}}
Jul 12 10:47:06.085176 dv-cinder-847864-7-smb neutron-server[110919]: DEBUG neutron.plugins.ml2.drivers.mech_agent [None req-4c2e674a-5ee0-4643-9b58-d214c65b6a62 None None] Bound using segment: {'id': '983894e7-9aff-414f-a2cb-8793766e28d5', 'network_type': 'vlan', 'physical_network': 'physnet1', 'segmentation_id': 1047, 'network_id': '138357b4-d5b8-4f00-af31-ecfed6ceacd5'} {{(pid=110919) bind_port /opt/stack/neutron/neutron/plugins/ml2/drivers/mech_agent.py:120}}
Jul 12 10:47:06.092147 dv-cinder-847864-7-smb neutron-server[110919]: DEBUG neutron.plugins.ml2.managers [None req-4c2e674a-5ee0-4643-9b58-d214c65b6a62 None None] Bound port: cbd282e9-315b-4c63-b95e-99767a9d23ab, host: dv-cinder-847864-7-smb, vif_type: ovs, vif_details: {"connectivity": "l2", "port_filter": true, "ovs_hybrid_plug": false, "datapath_type": "system", "bridge_name": "br-int"}, binding_levels: [{'bound_driver': 'openvswitch', 'bound_segment': {'id': '983894e7-9aff-414f-a2cb-8793766e28d5', 'network_type': 'vlan', 'physical_network': 'physnet1', 'segmentation_id': 1047, 'network_id': '138357b4-d5b8-4f00-af31-ecfed6ceacd5'}}] {{(pid=110919) _bind_port_level /opt/stack/neutron/neutron/plugins/ml2/managers.py:948}}
Jul 12 10:47:06.094383 dv-cinder-847864-7-smb neutron-server[110919]: DEBUG neutron_lib.callbacks.manager [None req-4c2e674a-5ee0-4643-9b58-d214c65b6a62 None None] Publish callbacks ['neutron.plugins.ml2.plugin.SecurityGroupDbMixin._ensure_default_security_group_handler-4167576'] for port (cbd282e9-315b-4c63-b95e-99767a9d23ab), before_update {{(pid=110919) _notify_loop /usr/local/lib/python3.8/dist-packages/neutron_lib/callbacks/manager.py:176}}
Jul 12 10:47:06.097817 dv-cinder-847864-7-smb neutron-server[110916]: DEBUG neutron_lib.callbacks.manager [None req-703dd7eb-b81b-4665-9166-1efc001c4dd6 admin admin] Publish callbacks ['neutron.services.segments.plugin.Plugin._validate_auto_address_subnet_delete-28012638'] for subnet (677689dd-b80e-4fff-ad66-240a117dd42b), precommit_delete_associations {{(pid=110916) _notify_loop /usr/local/lib/python3.8/dist-packages/neutron_lib/callbacks/manager.py:176}}
Jul 12 10:47:06.189901 dv-cinder-847864-7-smb neutron-server[110916]: DEBUG neutron_lib.callbacks.manager [None req-703dd7eb-b81b-4665-9166-1efc001c4dd6 admin admin] Publish callbacks ['neutron.plugins.ml2.plugin.Ml2Plugin._subnet_delete_precommit_handler-4090622'] for subnet (677689dd-b80e-4fff-ad66-240a117dd42b), precommit_delete {{(pid=110916) _notify_loop /usr/local/lib/python3.8/dist-packages/neutron_lib/callbacks/manager.py:176}}
Jul 12 10:47:06.196859 dv-cinder-847864-7-smb neutron-server[110918]: DEBUG neutron.db.l3_dvrscheduler_db [None req-399801f4-6c88-472e-8818-39853a866fab None None] Routers {'68d98ab1-d03c-4dc8-a155-36e7b29d153e'} bound to L3 agent in host dv-cinder-847864-7-smb {{(pid=110918) _get_router_ids_for_agent /opt/stack/neutron/neutron/db/l3_dvrscheduler_db.py:421}}
Jul 12 10:47:06.197784 dv-cinder-847864-7-smb neutron-server[110918]: DEBUG neutron.db.l3_hamode_db [None req-399801f4-6c88-472e-8818-39853a866fab None None] neutron.services.l3_router.l3_router_plugin.L3RouterPlugin method get_ha_sync_data_for_host called with arguments (, 'dv-cinder-847864-7-smb', Agent(admin_state_up=True,agent_type='L3 agent',availability_zone='nova',binary='neutron-l3-agent',configurations={"agent_mode": "legacy", "ex_gw_ports": 4, "extensions": [], "floating_ips": 0, "handle_internal_only_routers": true, "interface_driver": "openvswitch", "interfaces": 1, "log_agent_heartbeats": false, "routers": 4},created_at=2022-07-12T10:37:30Z,description=,heartbeat_timestamp=2022-07-12T10:47:00Z,host='dv-cinder-847864-7-smb',id=c8e2e299-db79-4850-a639-e5e345f066ac,load=0,resource_versions=,resources_synced=,started_at=2022-07-12T10:37:30Z,topic='l3_agent')) {'router_ids': ['68d98ab1-d03c-4dc8-a155-36e7b29d153e'], 'active': True} {{(pid=110918) wrapper /usr/local/lib/python3.8/dist-packages/oslo_log/helpers.py:65}}
Jul 12 10:47:06.245956 dv-cinder-847864-7-smb neutron-server[110917]: DEBUG neutron_lib.callbacks.manager [None req-19724d42-c980-42f9-a693-1cfe5204bd76 tempest-AttachVolumeTestJSON-801014185 tempest-AttachVolumeTestJSON-801014185-project] Publish callbacks [] for security_group_rule (None), before_response {{(pid=110917) _notify_loop /usr/local/lib/python3.8/dist-packages/neutron_lib/callbacks/manager.py:176}}
Jul 12 10:47:06.252231 dv-cinder-847864-7-smb neutron-server[110917]: INFO neutron.wsgi [None req-19724d42-c980-42f9-a693-1cfe5204bd76 tempest-AttachVolumeTestJSON-801014185 tempest-AttachVolumeTestJSON-801014185-project] 10.222.0.88 "POST /v2.0/security-group-rules HTTP/1.1" status: 201 len: 769 time: 1.8871918
Jul 12 10:47:06.253467 dv-cinder-847864-7-smb neutron-server[110916]: DEBUG neutron.wsgi [-] (110916) accepted ('10.222.0.88', 38064) {{(pid=110916) server /usr/local/lib/python3.8/dist-packages/eventlet/wsgi.py:1004}}
Jul 12 10:47:06.256246 dv-cinder-847864-7-smb neutron-server[110917]: DEBUG neutron_lib.callbacks.manager [None req-1335bd13-db8b-458d-89a7-b867465ca99e admin admin] Publish callbacks ['neutron.plugins.ml2.ovo_rpc._ObjectChangeHandler.handle_event-551331'] for security_group (9fc7abc3-ee05-4d36-bc66-711f781622e0), after_create {{(pid=110917) _notify_loop /usr/local/lib/python3.8/dist-packages/neutron_lib/callbacks/manager.py:176}}
Jul 12 10:47:06.260762 dv-cinder-847864-7-smb neutron-server[110916]: DEBUG neutron.api.v2.base [None req-3d64b6d7-ebf3-4d05-b501-5edc456ca03e tempest-AttachVolumeTestJSON-801014185 tempest-AttachVolumeTestJSON-801014185-project] Request body: {'floatingip': {'floating_network_id': 'fed8a4d9-c1d3-4918-a403-46a9e2b9b740'}} {{(pid=110916) prepare_request_body /opt/stack/neutron/neutron/api/v2/base.py:730}}
Jul 12 10:47:06.274965 dv-cinder-847864-7-smb neutron-server[110919]: DEBUG neutron.plugins.ml2.db [None req-4c2e674a-5ee0-4643-9b58-d214c65b6a62 None None] For port cbd282e9-315b-4c63-b95e-99767a9d23ab, host dv-cinder-847864-7-smb, cleared binding levels {{(pid=110919) clear_binding_levels /opt/stack/neutron/neutron/plugins/ml2/db.py:87}}
Jul 12 10:47:06.282352 dv-cinder-847864-7-smb neutron-server[110919]: DEBUG neutron.plugins.ml2.db [None req-4c2e674a-5ee0-4643-9b58-d214c65b6a62 None None] For port cbd282e9-315b-4c63-b95e-99767a9d23ab, host dv-cinder-847864-7-smb, set binding levels [PortBindingLevel(driver='openvswitch',host='dv-cinder-847864-7-smb',level=0,port_id=cbd282e9-315b-4c63-b95e-99767a9d23ab,segment=NetworkSegment(983894e7-9aff-414f-a2cb-8793766e28d5),segment_id=983894e7-9aff-414f-a2cb-8793766e28d5)] {{(pid=110919) set_binding_levels /opt/stack/neutron/neutron/plugins/ml2/db.py:59}}
Jul 12 10:47:06.301981 dv-cinder-847864-7-smb neutron-server[110916]: DEBUG neutron_lib.callbacks.manager [None req-daaf6e85-2fbf-4a42-9b72-739e23fcc9df tempest-AttachVolumeNegativeTest-75412426 tempest-AttachVolumeNegativeTest-75412426-project] Publish callbacks ['neutron.plugins.ml2.plugin.SecurityGroupDbMixin._ensure_default_security_group_handler-4167576'] for port (None), before_create {{(pid=110916) _notify_loop /usr/local/lib/python3.8/dist-packages/neutron_lib/callbacks/manager.py:176}}
Jul 12 10:47:06.309916 dv-cinder-847864-7-smb neutron-server[110917]: DEBUG neutron.api.rpc.handlers.resources_rpc [None req-1335bd13-db8b-458d-89a7-b867465ca99e admin admin] Pushing event updated for resources: {'SecurityGroup': ['ID=9fc7abc3-ee05-4d36-bc66-711f781622e0,revision_number=1']} {{(pid=110917) push /opt/stack/neutron/neutron/api/rpc/handlers/resources_rpc.py:237}}
Jul 12 10:47:06.354475 dv-cinder-847864-7-smb neutron-server[110916]: DEBUG neutron.wsgi [-] (110916) accepted ('10.222.0.88', 38070) {{(pid=110916) server /usr/local/lib/python3.8/dist-packages/eventlet/wsgi.py:1004}}
Jul 12 10:47:06.355019 dv-cinder-847864-7-smb neutron-server[110917]: INFO neutron.wsgi [None req-1335bd13-db8b-458d-89a7-b867465ca99e admin admin] 10.222.0.88 "GET /v2.0/security-groups?tenant_id=4010f23fee28407eb25cfd1bac93ff96&name=default HTTP/1.1" status: 200 len: 2996 time: 1.3995383
Jul 12 10:47:06.376952 dv-cinder-847864-7-smb neutron-server[110917]: DEBUG neutron_lib.callbacks.manager [None req-5e1aa1d2-592b-4792-8f7b-2d519948e8f6 tempest-AttachVolumeShelveTestJSON-1994286323 tempest-AttachVolumeShelveTestJSON-1994286323-project] Publish callbacks [] for port (4b2b90cd-0a6a-42b9-ab21-f589500535ba), precommit_update {{(pid=110917) _notify_loop /usr/local/lib/python3.8/dist-packages/neutron_lib/callbacks/manager.py:176}}
Jul 12 10:47:06.385432 dv-cinder-847864-7-smb neutron-server[110919]: DEBUG neutron_lib.callbacks.manager [None req-4c2e674a-5ee0-4643-9b58-d214c65b6a62 None None] Publish callbacks ['neutron.plugins.ml2.plugin.SecurityGroupServerNotifierRpcMixin._notify_sg_on_port_change-4166440', 'neutron.plugins.ml2.ovo_rpc._ObjectChangeHandler.handle_event-330548', 'neutron.api.rpc.agentnotifiers.dhcp_rpc_agent_api.DhcpAgentNotifyAPI._native_event_send_dhcp_notification-583064', 'neutron.db.l3_db.L3RpcNotifierMixin._notify_gateway_port_ip_changed-8790747012648', 'neutron.db.l3_dvrscheduler_db._notify_l3_agent_port_update-8790746556501', 'neutron.db.l3_hascheduler_db._notify_l3_agent_ha_port_update-8790746556519'] for port (cbd282e9-315b-4c63-b95e-99767a9d23ab), after_update {{(pid=110919) _notify_loop /usr/local/lib/python3.8/dist-packages/neutron_lib/callbacks/manager.py:176}}
Jul 12 10:47:06.430665 dv-cinder-847864-7-smb neutron-server[110916]: DEBUG neutron_lib.callbacks.manager [None req-3d64b6d7-ebf3-4d05-b501-5edc456ca03e tempest-AttachVolumeTestJSON-801014185 tempest-AttachVolumeTestJSON-801014185-project] Publish callbacks [] for floatingip (None), before_create {{(pid=110916) _notify_loop /usr/local/lib/python3.8/dist-packages/neutron_lib/callbacks/manager.py:176}}
Jul 12 10:47:06.448223 dv-cinder-847864-7-smb neutron-server[110917]: INFO neutron.wsgi [req-71072c3d-ed80-45a0-80a5-34bf34d16538 req-a88ecbdc-8d5b-4a00-85a6-3aba43e2cf16 tempest-DeleteServersTestJSON-1276187175 tempest-DeleteServersTestJSON-1276187175-project] 10.222.0.88 "GET /v2.0/ports?device_id=65e62afa-55fd-408e-8716-46dc5c6913be HTTP/1.1" status: 200 len: 210 time: 0.0561461
Jul 12 10:47:06.458647 dv-cinder-847864-7-smb neutron-server[110919]: DEBUG neutron.db.l3_dvrscheduler_db [None req-4c2e674a-5ee0-4643-9b58-d214c65b6a62 None None] Routers {'77511383-b6f0-4764-8902-d44e8a00c4f5'} bound to L3 agent in host dv-cinder-847864-7-smb {{(pid=110919) _get_router_ids_for_agent /opt/stack/neutron/neutron/db/l3_dvrscheduler_db.py:421}}
Jul 12 10:47:06.459271 dv-cinder-847864-7-smb neutron-server[110919]: DEBUG neutron.db.l3_hamode_db [None req-4c2e674a-5ee0-4643-9b58-d214c65b6a62 None None] neutron.services.l3_router.l3_router_plugin.L3RouterPlugin method get_ha_sync_data_for_host called with arguments (, 'dv-cinder-847864-7-smb', Agent(admin_state_up=True,agent_type='L3 agent',availability_zone='nova',binary='neutron-l3-agent',configurations={"agent_mode": "legacy", "ex_gw_ports": 4, "extensions": [], "floating_ips": 0, "handle_internal_only_routers": true, "interface_driver": "openvswitch", "interfaces": 1, "log_agent_heartbeats": false, "routers": 4},created_at=2022-07-12T10:37:30Z,description=,heartbeat_timestamp=2022-07-12T10:47:00Z,host='dv-cinder-847864-7-smb',id=c8e2e299-db79-4850-a639-e5e345f066ac,load=0,resource_versions=,resources_synced=,started_at=2022-07-12T10:37:30Z,topic='l3_agent')) {'router_ids': ['77511383-b6f0-4764-8902-d44e8a00c4f5'], 'active': True} {{(pid=110919) wrapper /usr/local/lib/python3.8/dist-packages/oslo_log/helpers.py:65}}
Jul 12 10:47:06.464516 dv-cinder-847864-7-smb neutron-server[110919]: DEBUG neutron.api.rpc.handlers.resources_rpc [None req-78085ac3-08ed-4e0f-8e99-868020f3b3d9 None None] Pushing event updated for resources: {'Port': ['ID=cbd282e9-315b-4c63-b95e-99767a9d23ab,revision_number=4']} {{(pid=110919) push /opt/stack/neutron/neutron/api/rpc/handlers/resources_rpc.py:237}}
Jul 12 10:47:06.489528 dv-cinder-847864-7-smb neutron-server[110917]: DEBUG neutron_lib.callbacks.manager [None req-5e1aa1d2-592b-4792-8f7b-2d519948e8f6 tempest-AttachVolumeShelveTestJSON-1994286323 tempest-AttachVolumeShelveTestJSON-1994286323-project] Publish callbacks ['neutron.plugins.ml2.plugin.SecurityGroupServerNotifierRpcMixin._notify_sg_on_port_change-4166440', 'neutron.plugins.ml2.ovo_rpc._ObjectChangeHandler.handle_event-330548', 'neutron.api.rpc.agentnotifiers.dhcp_rpc_agent_api.DhcpAgentNotifyAPI._native_event_send_dhcp_notification-583064', 'neutron.db.l3_db.L3RpcNotifierMixin._notify_gateway_port_ip_changed-8790747012648', 'neutron.db.l3_dvrscheduler_db._notify_l3_agent_port_update-8790746556501', 'neutron.db.l3_hascheduler_db._notify_l3_agent_ha_port_update-8790746556519'] for port (4b2b90cd-0a6a-42b9-ab21-f589500535ba), after_update {{(pid=110917) _notify_loop /usr/local/lib/python3.8/dist-packages/neutron_lib/callbacks/manager.py:176}}
Jul 12 10:47:06.497182 dv-cinder-847864-7-smb neutron-server[110916]: DEBUG neutron_lib.callbacks.manager [None req-703dd7eb-b81b-4665-9166-1efc001c4dd6 admin admin] Publish callbacks ['neutron.plugins.ml2.plugin.Ml2Plugin._subnet_delete_after_delete_handler-4090615', 'neutron.plugins.ml2.ovo_rpc._ObjectChangeHandler.handle_event-527740', 'neutron.api.rpc.agentnotifiers.dhcp_rpc_agent_api.DhcpAgentNotifyAPI._native_event_send_dhcp_notification-583064', 'neutron.services.segments.plugin.NovaSegmentNotifier._notify_subnet_deleted-28663055', 'neutron.services.segments.plugin.SegmentHostRoutes.host_routes_after_delete-28344227'] for subnet (677689dd-b80e-4fff-ad66-240a117dd42b), after_delete {{(pid=110916) _notify_loop /usr/local/lib/python3.8/dist-packages/neutron_lib/callbacks/manager.py:176}}
Jul 12 10:47:06.555358 dv-cinder-847864-7-smb neutron-server[110916]: DEBUG neutron.api.rpc.handlers.resources_rpc [None req-703dd7eb-b81b-4665-9166-1efc001c4dd6 admin admin] Pushing event deleted for resources: {'Subnet': ['ID=677689dd-b80e-4fff-ad66-240a117dd42b,revision_number=None']} {{(pid=110916) push /opt/stack/neutron/neutron/api/rpc/handlers/resources_rpc.py:237}}
Jul 12 10:47:06.588637 dv-cinder-847864-7-smb neutron-server[110916]: DEBUG neutron.db.db_base_plugin_common [None req-daaf6e85-2fbf-4a42-9b72-739e23fcc9df tempest-AttachVolumeNegativeTest-75412426 tempest-AttachVolumeNegativeTest-75412426-project] Allocated IP 172.28.1.234 (fed8a4d9-c1d3-4918-a403-46a9e2b9b740/ee659e9e-d5e8-4dc7-b835-10b2f5de2dd0/2a4b9084-b19b-4d07-be16-626d172c7168) {{(pid=110916) _store_ip_allocation /opt/stack/neutron/neutron/db/db_base_plugin_common.py:131}}
Jul 12 10:47:06.593599 dv-cinder-847864-7-smb neutron-server[110916]: DEBUG neutron_lib.callbacks.manager [None req-ed56a2a6-30d9-47e0-b3ef-cffde6ef592b admin admin] Publish callbacks [] for security_group (9fc7abc3-ee05-4d36-bc66-711f781622e0), before_delete {{(pid=110916) _notify_loop /usr/local/lib/python3.8/dist-packages/neutron_lib/callbacks/manager.py:176}}
Jul 12 10:47:06.609379 dv-cinder-847864-7-smb neutron-server[110917]: DEBUG neutron.api.rpc.handlers.resources_rpc [None req-5e1aa1d2-592b-4792-8f7b-2d519948e8f6 tempest-AttachVolumeShelveTestJSON-1994286323 tempest-AttachVolumeShelveTestJSON-1994286323-project] Pushing event updated for resources: {'Port': ['ID=4b2b90cd-0a6a-42b9-ab21-f589500535ba,revision_number=2']} {{(pid=110917) push /opt/stack/neutron/neutron/api/rpc/handlers/resources_rpc.py:237}}
Jul 12 10:47:06.622579 dv-cinder-847864-7-smb neutron-server[110917]: DEBUG neutron_lib.callbacks.manager [None req-5e1aa1d2-592b-4792-8f7b-2d519948e8f6 tempest-AttachVolumeShelveTestJSON-1994286323 tempest-AttachVolumeShelveTestJSON-1994286323-project] Publish callbacks ['neutron.services.l3_router.l3_router_plugin.DVRResourceOperationHandler._create_dvr_floating_gw_port-948133'] for floatingip (b96b7415-744d-453d-8464-4b86ffed32a9), after_create {{(pid=110917) _notify_loop /usr/local/lib/python3.8/dist-packages/neutron_lib/callbacks/manager.py:176}}
Jul 12 10:47:06.628598 dv-cinder-847864-7-smb neutron-server[110916]: DEBUG neutron_lib.callbacks.manager [None req-ed56a2a6-30d9-47e0-b3ef-cffde6ef592b admin admin] Publish callbacks [] for security_group (9fc7abc3-ee05-4d36-bc66-711f781622e0), precommit_delete {{(pid=110916) _notify_loop /usr/local/lib/python3.8/dist-packages/neutron_lib/callbacks/manager.py:176}}
Jul 12 10:47:06.676366 dv-cinder-847864-7-smb neutron-server[110916]: DEBUG neutron_lib.callbacks.manager [None req-703dd7eb-b81b-4665-9166-1efc001c4dd6 admin admin] Publish callbacks ['neutron.api.rpc.agentnotifiers.dhcp_rpc_agent_api.DhcpAgentNotifyAPI._send_dhcp_notification-583082'] for subnet (None), before_response {{(pid=110916) _notify_loop /usr/local/lib/python3.8/dist-packages/neutron_lib/callbacks/manager.py:176}}
Jul 12 10:47:06.680088 dv-cinder-847864-7-smb neutron-server[110916]: INFO neutron.wsgi [None req-703dd7eb-b81b-4665-9166-1efc001c4dd6 admin admin] 10.222.0.88 "DELETE /v2.0/subnets/677689dd-b80e-4fff-ad66-240a117dd42b HTTP/1.1" status: 204 len: 168 time: 0.9203818
Jul 12 10:47:06.682677 dv-cinder-847864-7-smb neutron-server[110917]: DEBUG neutron.wsgi [-] (110917) accepted ('10.222.0.88', 38076) {{(pid=110917) server /usr/local/lib/python3.8/dist-packages/eventlet/wsgi.py:1004}}
Jul 12 10:47:06.698327 dv-cinder-847864-7-smb neutron-server[110918]: DEBUG neutron.db.provisioning_blocks [None req-9c1d358c-d77a-41f9-bbd1-6b9b25761694 None None] Provisioning complete for port a3705ed8-37ec-46c2-baee-f2cea6cac176 triggered by entity DHCP. {{(pid=110918) provisioning_complete /opt/stack/neutron/neutron/db/provisioning_blocks.py:140}}
Jul 12 10:47:06.698872 dv-cinder-847864-7-smb neutron-server[110918]: DEBUG neutron_lib.callbacks.manager [None req-9c1d358c-d77a-41f9-bbd1-6b9b25761694 None None] Publish callbacks ['neutron.plugins.ml2.plugin.Ml2Plugin._port_provisioned-4094476'] for port (a3705ed8-37ec-46c2-baee-f2cea6cac176), provisioning_complete {{(pid=110918) _notify_loop /usr/local/lib/python3.8/dist-packages/neutron_lib/callbacks/manager.py:176}}
Jul 12 10:47:06.720067 dv-cinder-847864-7-smb neutron-server[110919]: DEBUG neutron.db.l3_dvr_db [None req-4c2e674a-5ee0-4643-9b58-d214c65b6a62 None None] Set router 77511383-b6f0-4764-8902-d44e8a00c4f5 gateway port host: dv-cinder-847864-7-smb {{(pid=110919) _build_routers_list /opt/stack/neutron/neutron/db/l3_dvr_db.py:906}}
Jul 12 10:47:06.767904 dv-cinder-847864-7-smb neutron-server[110917]: DEBUG neutron_lib.callbacks.manager [None req-5e1aa1d2-592b-4792-8f7b-2d519948e8f6 tempest-AttachVolumeShelveTestJSON-1994286323 tempest-AttachVolumeShelveTestJSON-1994286323-project] Publish callbacks ['neutron.notifiers.nova.Notifier._send_nova_notification-507986'] for floatingip (None), before_response {{(pid=110917) _notify_loop /usr/local/lib/python3.8/dist-packages/neutron_lib/callbacks/manager.py:176}}
Jul 12 10:47:06.769435 dv-cinder-847864-7-smb neutron-server[110917]: INFO neutron.wsgi [None req-5e1aa1d2-592b-4792-8f7b-2d519948e8f6 tempest-AttachVolumeShelveTestJSON-1994286323 tempest-AttachVolumeShelveTestJSON-1994286323-project] 10.222.0.88 "POST /v2.0/floatingips HTTP/1.1" status: 201 len: 693 time: 3.2804222
Jul 12 10:47:06.810756 dv-cinder-847864-7-smb neutron-server[110917]: DEBUG neutron_lib.callbacks.manager [None req-a89c689d-be22-400f-98b2-b7e5d870858e admin admin] Publish callbacks ['neutron.plugins.ml2.plugin.External_net_db_mixin._before_network_delete_handler-4096545'] for network (45d3dc97-8b9f-44a4-894b-9e78adc8c9fa), before_delete {{(pid=110917) _notify_loop /usr/local/lib/python3.8/dist-packages/neutron_lib/callbacks/manager.py:176}}
Jul 12 10:47:06.865140 dv-cinder-847864-7-smb neutron-server[110916]: DEBUG neutron_lib.callbacks.manager [None req-daaf6e85-2fbf-4a42-9b72-739e23fcc9df tempest-AttachVolumeNegativeTest-75412426 tempest-AttachVolumeNegativeTest-75412426-project] Publish callbacks [] for port (2a4b9084-b19b-4d07-be16-626d172c7168), precommit_create {{(pid=110916) _notify_loop /usr/local/lib/python3.8/dist-packages/neutron_lib/callbacks/manager.py:176}}
Jul 12 10:47:06.877179 dv-cinder-847864-7-smb neutron-server[110918]: DEBUG neutron.db.provisioning_blocks [None req-3a9770ca-2b6e-497b-9e47-9fa3e102e698 None None] Provisioning complete for port b689d007-c898-4d1c-bf61-07390508699d triggered by entity L2. {{(pid=110918) provisioning_complete /opt/stack/neutron/neutron/db/provisioning_blocks.py:140}}
Jul 12 10:47:06.877556 dv-cinder-847864-7-smb neutron-server[110918]: DEBUG neutron_lib.callbacks.manager [None req-3a9770ca-2b6e-497b-9e47-9fa3e102e698 None None] Publish callbacks ['neutron.plugins.ml2.plugin.Ml2Plugin._port_provisioned-4094476'] for port (b689d007-c898-4d1c-bf61-07390508699d), provisioning_complete {{(pid=110918) _notify_loop /usr/local/lib/python3.8/dist-packages/neutron_lib/callbacks/manager.py:176}}
Jul 12 10:47:06.997581 dv-cinder-847864-7-smb neutron-server[110916]: DEBUG neutron_lib.callbacks.manager [None req-3d64b6d7-ebf3-4d05-b501-5edc456ca03e tempest-AttachVolumeTestJSON-801014185 tempest-AttachVolumeTestJSON-801014185-project] Publish callbacks ['neutron.plugins.ml2.plugin.SecurityGroupDbMixin._ensure_default_security_group_handler-4167576'] for port (None), before_create {{(pid=110916) _notify_loop /usr/local/lib/python3.8/dist-packages/neutron_lib/callbacks/manager.py:176}}
Jul 12 10:47:07.000483 dv-cinder-847864-7-smb neutron-server[110918]: DEBUG neutron.db.l3_dvr_db [None req-399801f4-6c88-472e-8818-39853a866fab None None] Set router 68d98ab1-d03c-4dc8-a155-36e7b29d153e gateway port host: dv-cinder-847864-7-smb {{(pid=110918) _build_routers_list /opt/stack/neutron/neutron/db/l3_dvr_db.py:906}}
