Jun 29 08:59:23.452836 dv-cinder-847864-4-iscsi devstack@c-api.service[110569]: /usr/local/lib/python3.8/dist-packages/oslo_policy/policy.py:809: UserWarning: Policy "volume_extension:default_set_or_update":"rule:system_or_domain_or_project_admin" was deprecated in X in favor of "volume_extension:default_set_or_update":"rule:admin_api". Reason: Default policies now support the three Keystone default roles, namely 'admin', 'member', and 'reader' to implement three Cinder "personas". See "Policy Personas and Permissions" in the "Cinder Service Configuration" documentation (Xena release) for details.. Either ensure your deployment is ready for the new default or copy/paste the deprecated policy into your policy file and maintain it manually.
Jun 29 08:59:23.452836 dv-cinder-847864-4-iscsi devstack@c-api.service[110569]: warnings.warn(deprecated_msg)
Jun 29 08:59:23.452836 dv-cinder-847864-4-iscsi devstack@c-api.service[110569]: /usr/local/lib/python3.8/dist-packages/oslo_policy/policy.py:809: UserWarning: Policy "volume_extension:default_get":"rule:system_or_domain_or_project_admin" was deprecated in X in favor of "volume_extension:default_get":"rule:admin_api". Reason: Default policies now support the three Keystone default roles, namely 'admin', 'member', and 'reader' to implement three Cinder "personas". See "Policy Personas and Permissions" in the "Cinder Service Configuration" documentation (Xena release) for details.. Either ensure your deployment is ready for the new default or copy/paste the deprecated policy into your policy file and maintain it manually.
Jun 29 08:59:23.452836 dv-cinder-847864-4-iscsi devstack@c-api.service[110569]: warnings.warn(deprecated_msg)
Jun 29 08:59:23.452836 dv-cinder-847864-4-iscsi devstack@c-api.service[110569]: /usr/local/lib/python3.8/dist-packages/oslo_policy/policy.py:809: UserWarning: Policy "volume_extension:default_get_all":"role:admin and system_scope:all" was deprecated in X in favor of "volume_extension:default_get_all":"rule:admin_api". Reason: Default policies now support the three Keystone default roles, namely 'admin', 'member', and 'reader' to implement three Cinder "personas". See "Policy Personas and Permissions" in the "Cinder Service Configuration" documentation (Xena release) for details.. Either ensure your deployment is ready for the new default or copy/paste the deprecated policy into your policy file and maintain it manually.
Jun 29 08:59:23.453554 dv-cinder-847864-4-iscsi devstack@c-api.service[110569]: warnings.warn(deprecated_msg)
Jun 29 08:59:23.453554 dv-cinder-847864-4-iscsi devstack@c-api.service[110569]: /usr/local/lib/python3.8/dist-packages/oslo_policy/policy.py:809: UserWarning: Policy "volume_extension:default_unset":"rule:system_or_domain_or_project_admin" was deprecated in X in favor of "volume_extension:default_unset":"rule:admin_api". Reason: Default policies now support the three Keystone default roles, namely 'admin', 'member', and 'reader' to implement three Cinder "personas". See "Policy Personas and Permissions" in the "Cinder Service Configuration" documentation (Xena release) for details.. Either ensure your deployment is ready for the new default or copy/paste the deprecated policy into your policy file and maintain it manually.
Jun 29 08:59:23.453554 dv-cinder-847864-4-iscsi devstack@c-api.service[110569]: warnings.warn(deprecated_msg)
Jun 29 08:59:23.453554 dv-cinder-847864-4-iscsi devstack@c-api.service[110569]: DEBUG cinder.api.middleware.request_id [None req-54f17eaf-de20-463c-b61c-18c6d754f898 None None] RequestId filter calling following filter/app {{(pid=110569) _context_setter /opt/stack/cinder/cinder/api/middleware/request_id.py:62}}
Jun 29 08:59:24.361051 dv-cinder-847864-4-iscsi devstack@c-api.service[110569]: INFO cinder.api.openstack.wsgi [None req-54f17eaf-de20-463c-b61c-18c6d754f898 admin admin] POST http://10.222.0.16/volume/v3/79b5163f0c194993964cbc5893c345bc/types
Jun 29 08:59:24.362262 dv-cinder-847864-4-iscsi devstack@c-api.service[110569]: DEBUG cinder.api.openstack.wsgi [None req-54f17eaf-de20-463c-b61c-18c6d754f898 admin admin] Action: 'create', calling method: _create, body: {"volume_type": {"name": "lvmdriver-1", "description": null, "os-volume-type-access:is_public": true}} {{(pid=110569) _process_stack /opt/stack/cinder/cinder/api/openstack/wsgi.py:866}}
Jun 29 08:59:24.364399 dv-cinder-847864-4-iscsi devstack@c-api.service[110569]: /usr/local/lib/python3.8/dist-packages/oslo_context/context.py:100: DeprecationWarning: Policy enforcement is depending on the value of is_admin. This key is deprecated. Please update your policy file to use the standard policy values.
Jun 29 08:59:24.364399 dv-cinder-847864-4-iscsi devstack@c-api.service[110569]: warnings.warn('Policy enforcement is depending on the value of '
Jun 29 08:59:24.374588 dv-cinder-847864-4-iscsi devstack@c-api.service[110569]: DEBUG oslo_db.sqlalchemy.engines [None req-54f17eaf-de20-463c-b61c-18c6d754f898 admin admin] MySQL server mode set to STRICT_TRANS_TABLES,STRICT_ALL_TABLES,NO_ZERO_IN_DATE,NO_ZERO_DATE,ERROR_FOR_DIVISION_BY_ZERO,TRADITIONAL,NO_ENGINE_SUBSTITUTION {{(pid=110569) _check_effective_sql_mode /usr/local/lib/python3.8/dist-packages/oslo_db/sqlalchemy/engines.py:314}}
Jun 29 08:59:24.418598 dv-cinder-847864-4-iscsi devstack@c-api.service[110569]: INFO cinder.api.openstack.wsgi [None req-54f17eaf-de20-463c-b61c-18c6d754f898 admin admin] http://10.222.0.16/volume/v3/79b5163f0c194993964cbc5893c345bc/types returned with HTTP 200
Jun 29 08:59:24.419517 dv-cinder-847864-4-iscsi devstack@c-api.service[110569]: [pid: 110569|app: 0|req: 1/2] 10.222.0.16 () {60 vars in 1237 bytes} [Wed Jun 29 08:59:23 2022] POST /volume/v3/79b5163f0c194993964cbc5893c345bc/types => generated 186 bytes in 1016 msecs (HTTP/1.1 200) 7 headers in 285 bytes (1 switches on core 0)
Jun 29 08:59:24.426199 dv-cinder-847864-4-iscsi devstack@c-api.service[110570]: DEBUG cinder.api.middleware.request_id [req-54f17eaf-de20-463c-b61c-18c6d754f898 req-a215bade-59ac-450f-b57e-486ec169ffd1 None None] RequestId filter calling following filter/app {{(pid=110570) _context_setter /opt/stack/cinder/cinder/api/middleware/request_id.py:62}}
Jun 29 08:59:25.161099 dv-cinder-847864-4-iscsi devstack@c-api.service[110570]: INFO cinder.api.openstack.wsgi [req-54f17eaf-de20-463c-b61c-18c6d754f898 req-a215bade-59ac-450f-b57e-486ec169ffd1 admin admin] POST http://10.222.0.16/volume/v3/79b5163f0c194993964cbc5893c345bc/types/224d010f-3b25-490d-aa02-8fd3a3745937/extra_specs
Jun 29 08:59:25.162320 dv-cinder-847864-4-iscsi devstack@c-api.service[110570]: DEBUG cinder.api.openstack.wsgi [req-54f17eaf-de20-463c-b61c-18c6d754f898 req-a215bade-59ac-450f-b57e-486ec169ffd1 admin admin] Action: 'create', calling method: create, body: {"extra_specs": {"volume_backend_name": "lvmdriver-1"}} {{(pid=110570) _process_stack /opt/stack/cinder/cinder/api/openstack/wsgi.py:866}}
Jun 29 08:59:25.164396 dv-cinder-847864-4-iscsi devstack@c-api.service[110570]: /usr/local/lib/python3.8/dist-packages/oslo_context/context.py:100: DeprecationWarning: Policy enforcement is depending on the value of is_admin. This key is deprecated. Please update your policy file to use the standard policy values.
Jun 29 08:59:25.164396 dv-cinder-847864-4-iscsi devstack@c-api.service[110570]: warnings.warn('Policy enforcement is depending on the value of '
Jun 29 08:59:25.179123 dv-cinder-847864-4-iscsi devstack@c-api.service[110570]: DEBUG oslo_db.sqlalchemy.engines [req-54f17eaf-de20-463c-b61c-18c6d754f898 req-a215bade-59ac-450f-b57e-486ec169ffd1 admin admin] MySQL server mode set to STRICT_TRANS_TABLES,STRICT_ALL_TABLES,NO_ZERO_IN_DATE,NO_ZERO_DATE,ERROR_FOR_DIVISION_BY_ZERO,TRADITIONAL,NO_ENGINE_SUBSTITUTION {{(pid=110570) _check_effective_sql_mode /usr/local/lib/python3.8/dist-packages/oslo_db/sqlalchemy/engines.py:314}}
Jun 29 08:59:25.294066 dv-cinder-847864-4-iscsi devstack@c-api.service[110570]: INFO cinder.api.openstack.wsgi [req-54f17eaf-de20-463c-b61c-18c6d754f898 req-a215bade-59ac-450f-b57e-486ec169ffd1 admin admin] http://10.222.0.16/volume/v3/79b5163f0c194993964cbc5893c345bc/types/224d010f-3b25-490d-aa02-8fd3a3745937/extra_specs returned with HTTP 200
Jun 29 08:59:25.295128 dv-cinder-847864-4-iscsi devstack@c-api.service[110570]: [pid: 110570|app: 0|req: 2/3] 10.222.0.16 () {62 vars in 1454 bytes} [Wed Jun 29 08:59:24 2022] POST /volume/v3/79b5163f0c194993964cbc5893c345bc/types/224d010f-3b25-490d-aa02-8fd3a3745937/extra_specs => generated 55 bytes in 870 msecs (HTTP/1.1 200) 7 headers in 284 bytes (1 switches on core 0)
Jun 29 09:00:04.123318 dv-cinder-847864-4-iscsi devstack@c-api.service[110569]: DEBUG cinder.api.middleware.request_id [None req-ca476e5d-f8d3-4c06-8052-fadaefbaea13 None None] RequestId filter calling following filter/app {{(pid=110569) _context_setter /opt/stack/cinder/cinder/api/middleware/request_id.py:62}}
Jun 29 09:00:04.124536 dv-cinder-847864-4-iscsi devstack@c-api.service[110569]: INFO cinder.api.openstack.wsgi [None req-ca476e5d-f8d3-4c06-8052-fadaefbaea13 None None] GET http://10.222.0.16/volume//
Jun 29 09:00:04.124929 dv-cinder-847864-4-iscsi devstack@c-api.service[110569]: DEBUG cinder.api.openstack.wsgi [None req-ca476e5d-f8d3-4c06-8052-fadaefbaea13 None None] Empty body provided in request {{(pid=110569) get_body /opt/stack/cinder/cinder/api/openstack/wsgi.py:715}}
Jun 29 09:00:04.125376 dv-cinder-847864-4-iscsi devstack@c-api.service[110569]: DEBUG cinder.api.openstack.wsgi [None req-ca476e5d-f8d3-4c06-8052-fadaefbaea13 None None] Calling method 'all' {{(pid=110569) _process_stack /opt/stack/cinder/cinder/api/openstack/wsgi.py:868}}
Jun 29 09:00:04.126463 dv-cinder-847864-4-iscsi devstack@c-api.service[110569]: INFO cinder.api.openstack.wsgi [None req-ca476e5d-f8d3-4c06-8052-fadaefbaea13 None None] http://10.222.0.16/volume// returned with HTTP 300
Jun 29 09:00:04.127024 dv-cinder-847864-4-iscsi devstack@c-api.service[110569]: [pid: 110569|app: 0|req: 2/4] 10.222.0.16 () {56 vars in 1098 bytes} [Wed Jun 29 09:00:04 2022] GET /volume/ => generated 386 bytes in 6 msecs (HTTP/1.1 300) 7 headers in 299 bytes (1 switches on core 0)
Jun 29 09:02:45.532819 dv-cinder-847864-4-iscsi devstack@c-api.service[110570]: DEBUG cinder.api.middleware.request_id [None req-8d58bb42-f710-48ee-9d57-99bbc5c48f90 None None] RequestId filter calling following filter/app {{(pid=110570) _context_setter /opt/stack/cinder/cinder/api/middleware/request_id.py:62}}
Jun 29 09:02:45.662899 dv-cinder-847864-4-iscsi devstack@c-api.service[110570]: INFO cinder.api.openstack.wsgi [None req-8d58bb42-f710-48ee-9d57-99bbc5c48f90 tempest-verify_tempest_config-1190671304 tempest-verify_tempest_config-1190671304-project] GET http://10.222.0.16/volume/v3/a05c0749eff24a52bbe8a0264dc9445d/extensions
Jun 29 09:02:45.663342 dv-cinder-847864-4-iscsi devstack@c-api.service[110570]: DEBUG cinder.api.openstack.wsgi [None req-8d58bb42-f710-48ee-9d57-99bbc5c48f90 tempest-verify_tempest_config-1190671304 tempest-verify_tempest_config-1190671304-project] Empty body provided in request {{(pid=110570) get_body /opt/stack/cinder/cinder/api/openstack/wsgi.py:715}}
Jun 29 09:02:45.663781 dv-cinder-847864-4-iscsi devstack@c-api.service[110570]: DEBUG cinder.api.openstack.wsgi [None req-8d58bb42-f710-48ee-9d57-99bbc5c48f90 tempest-verify_tempest_config-1190671304 tempest-verify_tempest_config-1190671304-project] Calling method 'index' {{(pid=110570) _process_stack /opt/stack/cinder/cinder/api/openstack/wsgi.py:868}}
Jun 29 09:02:45.664490 dv-cinder-847864-4-iscsi devstack@c-api.service[110570]: INFO cinder.api.openstack.wsgi [None req-8d58bb42-f710-48ee-9d57-99bbc5c48f90 tempest-verify_tempest_config-1190671304 tempest-verify_tempest_config-1190671304-project] http://10.222.0.16/volume/v3/a05c0749eff24a52bbe8a0264dc9445d/extensions returned with HTTP 200
Jun 29 09:02:45.665181 dv-cinder-847864-4-iscsi devstack@c-api.service[110570]: [pid: 110570|app: 0|req: 3/5] 10.222.0.16 () {58 vars in 1222 bytes} [Wed Jun 29 09:02:45 2022] GET /volume/v3/a05c0749eff24a52bbe8a0264dc9445d/extensions => generated 5245 bytes in 134 msecs (HTTP/1.1 200) 7 headers in 286 bytes (1 switches on core 0)
Jun 29 09:04:47.918087 dv-cinder-847864-4-iscsi devstack@c-api.service[110569]: DEBUG cinder.api.middleware.request_id [None req-bcc5255a-1ff9-4054-8d70-5d21c6797040 None None] RequestId filter calling following filter/app {{(pid=110569) _context_setter /opt/stack/cinder/cinder/api/middleware/request_id.py:62}}
Jun 29 09:04:48.012166 dv-cinder-847864-4-iscsi devstack@c-api.service[110569]: INFO cinder.api.openstack.wsgi [None req-bcc5255a-1ff9-4054-8d70-5d21c6797040 admin admin] GET http://10.222.0.16/volume/v3/79b5163f0c194993964cbc5893c345bc/os-services
Jun 29 09:04:48.012612 dv-cinder-847864-4-iscsi devstack@c-api.service[110569]: DEBUG cinder.api.openstack.wsgi [None req-bcc5255a-1ff9-4054-8d70-5d21c6797040 admin admin] Empty body provided in request {{(pid=110569) get_body /opt/stack/cinder/cinder/api/openstack/wsgi.py:715}}
Jun 29 09:04:48.013056 dv-cinder-847864-4-iscsi devstack@c-api.service[110569]: DEBUG cinder.api.openstack.wsgi [None req-bcc5255a-1ff9-4054-8d70-5d21c6797040 admin admin] Calling method 'index' {{(pid=110569) _process_stack /opt/stack/cinder/cinder/api/openstack/wsgi.py:868}}
Jun 29 09:04:48.021278 dv-cinder-847864-4-iscsi devstack@c-api.service[110569]: INFO cinder.api.openstack.wsgi [None req-bcc5255a-1ff9-4054-8d70-5d21c6797040 admin admin] http://10.222.0.16/volume/v3/79b5163f0c194993964cbc5893c345bc/os-services returned with HTTP 200
Jun 29 09:04:48.022000 dv-cinder-847864-4-iscsi devstack@c-api.service[110569]: [pid: 110569|app: 0|req: 3/6] 10.222.0.16 () {56 vars in 1201 bytes} [Wed Jun 29 09:04:47 2022] GET /volume/v3/79b5163f0c194993964cbc5893c345bc/os-services => generated 642 bytes in 105 msecs (HTTP/1.1 200) 7 headers in 285 bytes (1 switches on core 0)
Jun 29 09:04:50.620791 dv-cinder-847864-4-iscsi devstack@c-api.service[110570]: DEBUG cinder.api.middleware.request_id [None req-a7858cf1-bb22-48d3-9d4f-0975b076e217 None None] RequestId filter calling following filter/app {{(pid=110570) _context_setter /opt/stack/cinder/cinder/api/middleware/request_id.py:62}}
Jun 29 09:04:50.671040 dv-cinder-847864-4-iscsi devstack@c-api.service[110570]: INFO cinder.api.openstack.wsgi [None req-a7858cf1-bb22-48d3-9d4f-0975b076e217 admin admin] GET http://10.222.0.16/volume/v3/79b5163f0c194993964cbc5893c345bc/os-services
Jun 29 09:04:50.671493 dv-cinder-847864-4-iscsi devstack@c-api.service[110570]: DEBUG cinder.api.openstack.wsgi [None req-a7858cf1-bb22-48d3-9d4f-0975b076e217 admin admin] Empty body provided in request {{(pid=110570) get_body /opt/stack/cinder/cinder/api/openstack/wsgi.py:715}}
Jun 29 09:04:50.671981 dv-cinder-847864-4-iscsi devstack@c-api.service[110570]: DEBUG cinder.api.openstack.wsgi [None req-a7858cf1-bb22-48d3-9d4f-0975b076e217 admin admin] Calling method 'index' {{(pid=110570) _process_stack /opt/stack/cinder/cinder/api/openstack/wsgi.py:868}}
Jun 29 09:04:50.680530 dv-cinder-847864-4-iscsi devstack@c-api.service[110570]: INFO cinder.api.openstack.wsgi [None req-a7858cf1-bb22-48d3-9d4f-0975b076e217 admin admin] http://10.222.0.16/volume/v3/79b5163f0c194993964cbc5893c345bc/os-services returned with HTTP 200
Jun 29 09:04:50.681216 dv-cinder-847864-4-iscsi devstack@c-api.service[110570]: [pid: 110570|app: 0|req: 4/7] 10.222.0.16 () {56 vars in 1201 bytes} [Wed Jun 29 09:04:50 2022] GET /volume/v3/79b5163f0c194993964cbc5893c345bc/os-services => generated 642 bytes in 61 msecs (HTTP/1.1 200) 7 headers in 285 bytes (1 switches on core 0)
Jun 29 09:06:29.896820 dv-cinder-847864-4-iscsi devstack@c-api.service[110569]: DEBUG cinder.api.middleware.request_id [None req-059e588d-161f-4a16-9595-2663bbc91771 None None] RequestId filter calling following filter/app {{(pid=110569) _context_setter /opt/stack/cinder/cinder/api/middleware/request_id.py:62}}
Jun 29 09:06:30.050319 dv-cinder-847864-4-iscsi devstack@c-api.service[110570]: DEBUG cinder.api.middleware.request_id [req-8c21d35b-2cb1-47da-9188-266d9a954846 req-d0e0441c-205d-4203-9496-d7eeb053db3d None None] RequestId filter calling following filter/app {{(pid=110570) _context_setter /opt/stack/cinder/cinder/api/middleware/request_id.py:62}}
Jun 29 09:06:30.293038 dv-cinder-847864-4-iscsi devstack@c-api.service[110570]: WARNING keystonemiddleware.auth_token [req-8c21d35b-2cb1-47da-9188-266d9a954846 req-d0e0441c-205d-4203-9496-d7eeb053db3d None None] A valid token was submitted as a service token, but it was not a valid service token. This is incorrect but backwards compatible behaviour. This will be removed in future releases.
Jun 29 09:06:30.296486 dv-cinder-847864-4-iscsi devstack@c-api.service[110570]: INFO cinder.api.openstack.wsgi [req-8c21d35b-2cb1-47da-9188-266d9a954846 req-d0e0441c-205d-4203-9496-d7eeb053db3d tempest-VolumesGetTestJSON-1761098335 tempest-VolumesGetTestJSON-1761098335-project] POST http://10.222.0.16/volume/v3/d0dd771f1b1d497baf12532b1933d0b7/volumes
Jun 29 09:06:30.297500 dv-cinder-847864-4-iscsi devstack@c-api.service[110570]: DEBUG cinder.api.openstack.wsgi [req-8c21d35b-2cb1-47da-9188-266d9a954846 req-d0e0441c-205d-4203-9496-d7eeb053db3d tempest-VolumesGetTestJSON-1761098335 tempest-VolumesGetTestJSON-1761098335-project] Action: 'create', calling method: create, body: {"volume": {"size": 1, "consistencygroup_id": null, "snapshot_id": null, "name": "tempest-VolumesGetTestJSON-Volume-517735187", "description": null, "volume_type": null, "availability_zone": null, "metadata": {"Type": "work"}, "imageRef": null, "source_volid": null, "backup_id": null}} {{(pid=110570) _process_stack /opt/stack/cinder/cinder/api/openstack/wsgi.py:866}}
Jun 29 09:06:30.299996 dv-cinder-847864-4-iscsi devstack@c-api.service[110570]: DEBUG cinder.api.v3.volumes [req-8c21d35b-2cb1-47da-9188-266d9a954846 req-d0e0441c-205d-4203-9496-d7eeb053db3d tempest-VolumesGetTestJSON-1761098335 tempest-VolumesGetTestJSON-1761098335-project] Create volume request body: {'volume': {'size': 1, 'consistencygroup_id': None, 'snapshot_id': None, 'name': 'tempest-VolumesGetTestJSON-Volume-517735187', 'description': None, 'volume_type': None, 'availability_zone': None, 'metadata': {'Type': 'work'}, 'imageRef': None, 'source_volid': None, 'backup_id': None}} {{(pid=110570) create /opt/stack/cinder/cinder/api/v3/volumes.py:298}}
Jun 29 09:06:30.301931 dv-cinder-847864-4-iscsi devstack@c-api.service[110570]: INFO cinder.api.v3.volumes [req-8c21d35b-2cb1-47da-9188-266d9a954846 req-d0e0441c-205d-4203-9496-d7eeb053db3d tempest-VolumesGetTestJSON-1761098335 tempest-VolumesGetTestJSON-1761098335-project] Create volume of 1 GB
Jun 29 09:06:30.365114 dv-cinder-847864-4-iscsi devstack@c-api.service[110570]: DEBUG cinder.volume.api [req-8c21d35b-2cb1-47da-9188-266d9a954846 req-d0e0441c-205d-4203-9496-d7eeb053db3d tempest-VolumesGetTestJSON-1761098335 tempest-VolumesGetTestJSON-1761098335-project] Availability zone cache updated, next update will occur around 2022-06-29 10:06:30.361683. {{(pid=110570) list_availability_zones /opt/stack/cinder/cinder/volume/api.py:152}}
Jun 29 09:06:30.367090 dv-cinder-847864-4-iscsi devstack@c-api.service[110570]: INFO cinder.volume.api [req-8c21d35b-2cb1-47da-9188-266d9a954846 req-d0e0441c-205d-4203-9496-d7eeb053db3d tempest-VolumesGetTestJSON-1761098335 tempest-VolumesGetTestJSON-1761098335-project] Availability Zones retrieved successfully.
Jun 29 09:06:30.412678 dv-cinder-847864-4-iscsi devstack@c-api.service[110569]: INFO cinder.api.openstack.wsgi [None req-059e588d-161f-4a16-9595-2663bbc91771 tempest-GroupTypeSpecsTest-182668948 tempest-GroupTypeSpecsTest-182668948-project-admin] POST http://10.222.0.16/volume/v3/206fec47f9394898b333f4ab9ac37a29/group_types
Jun 29 09:06:30.414233 dv-cinder-847864-4-iscsi devstack@c-api.service[110569]: DEBUG cinder.api.openstack.wsgi [None req-059e588d-161f-4a16-9595-2663bbc91771 tempest-GroupTypeSpecsTest-182668948 tempest-GroupTypeSpecsTest-182668948-project-admin] Action: 'create', calling method: version_select, body: {"group_type": {"name": "tempest-GroupTypeSpecsTest-group-type-1894406864"}} {{(pid=110569) _process_stack /opt/stack/cinder/cinder/api/openstack/wsgi.py:866}}
Jun 29 09:06:30.507389 dv-cinder-847864-4-iscsi devstack@c-api.service[110569]: INFO cinder.api.openstack.wsgi [None req-059e588d-161f-4a16-9595-2663bbc91771 tempest-GroupTypeSpecsTest-182668948 tempest-GroupTypeSpecsTest-182668948-project-admin] http://10.222.0.16/volume/v3/206fec47f9394898b333f4ab9ac37a29/group_types returned with HTTP 202
Jun 29 09:06:30.509589 dv-cinder-847864-4-iscsi devstack@c-api.service[110570]: DEBUG cinder.volume.api [req-8c21d35b-2cb1-47da-9188-266d9a954846 req-d0e0441c-205d-4203-9496-d7eeb053db3d tempest-VolumesGetTestJSON-1761098335 tempest-VolumesGetTestJSON-1761098335-project] Flow 'volume_create_api' (9e3ce7d2-c94c-43bf-935f-73c2bf6f08e3) transitioned into state 'RUNNING' from state 'PENDING' {{(pid=110570) _flow_receiver /usr/local/lib/python3.8/dist-packages/taskflow/listeners/logging.py:141}}
Jun 29 09:06:30.510295 dv-cinder-847864-4-iscsi devstack@c-api.service[110569]: [pid: 110569|app: 0|req: 4/8] 10.222.0.16 () {62 vars in 1287 bytes} [Wed Jun 29 09:06:29 2022] POST /volume/v3/206fec47f9394898b333f4ab9ac37a29/group_types => generated 181 bytes in 614 msecs (HTTP/1.1 202) 7 headers in 292 bytes (1 switches on core 0)
Jun 29 09:06:30.514791 dv-cinder-847864-4-iscsi devstack@c-api.service[110569]: DEBUG cinder.api.middleware.request_id [None req-e5917434-23a2-456b-8ed4-5ed0d818bbdb None None] RequestId filter calling following filter/app {{(pid=110569) _context_setter /opt/stack/cinder/cinder/api/middleware/request_id.py:62}}
Jun 29 09:06:30.518087 dv-cinder-847864-4-iscsi devstack@c-api.service[110570]: DEBUG cinder.volume.api [req-8c21d35b-2cb1-47da-9188-266d9a954846 req-d0e0441c-205d-4203-9496-d7eeb053db3d tempest-VolumesGetTestJSON-1761098335 tempest-VolumesGetTestJSON-1761098335-project] Task 'cinder.volume.flows.api.create_volume.ExtractVolumeRequestTask;volume:create' (3cc2091e-736b-445b-8111-898f186131a5) transitioned into state 'RUNNING' from state 'PENDING' {{(pid=110570) _task_receiver /usr/local/lib/python3.8/dist-packages/taskflow/listeners/logging.py:190}}
Jun 29 09:06:30.523466 dv-cinder-847864-4-iscsi devstack@c-api.service[110570]: DEBUG cinder.volume.flows.api.create_volume [req-8c21d35b-2cb1-47da-9188-266d9a954846 req-d0e0441c-205d-4203-9496-d7eeb053db3d tempest-VolumesGetTestJSON-1761098335 tempest-VolumesGetTestJSON-1761098335-project] Validating volume size '1' using validate_int {{(pid=110570) _extract_size /opt/stack/cinder/cinder/volume/flows/api/create_volume.py:225}}
Jun 29 09:06:30.640023 dv-cinder-847864-4-iscsi devstack@c-api.service[110570]: DEBUG cinder.volume.api [req-8c21d35b-2cb1-47da-9188-266d9a954846 req-d0e0441c-205d-4203-9496-d7eeb053db3d tempest-VolumesGetTestJSON-1761098335 tempest-VolumesGetTestJSON-1761098335-project] Task 'cinder.volume.flows.api.create_volume.ExtractVolumeRequestTask;volume:create' (3cc2091e-736b-445b-8111-898f186131a5) transitioned into state 'SUCCESS' from state 'RUNNING' with result '{'size': 1, 'snapshot_id': None, 'source_volid': None, 'volume_type': VolumeType(created_at=2022-06-29T08:56:33Z,deleted=False,deleted_at=None,description='Default Volume Type',extra_specs={},id=a009e2bf-bd7b-44d8-8878-b1f2a656f639,is_public=True,name='__DEFAULT__',projects=[],qos_specs=,qos_specs_id=None,updated_at=2022-06-29T08:56:33Z), 'volume_type_id': 'a009e2bf-bd7b-44d8-8878-b1f2a656f639', 'encryption_key_id': None, 'qos_specs': None, 'consistencygroup_id': None, 'cgsnapshot_id': None, 'group_id': None, 'replication_status': 'disabled', 'refresh_az': False, 'backup_id': None, 'multiattach': False, 'availability_zones': ['nova']}' {{(pid=110570) _task_receiver /usr/local/lib/python3.8/dist-packages/taskflow/listeners/logging.py:178}}
Jun 29 09:06:30.644400 dv-cinder-847864-4-iscsi devstack@c-api.service[110570]: DEBUG cinder.volume.api [req-8c21d35b-2cb1-47da-9188-266d9a954846 req-d0e0441c-205d-4203-9496-d7eeb053db3d tempest-VolumesGetTestJSON-1761098335 tempest-VolumesGetTestJSON-1761098335-project] Task 'cinder.volume.flows.api.create_volume.QuotaReserveTask;volume:create' (16d00145-d8ac-4fff-820d-0f84f69167ac) transitioned into state 'RUNNING' from state 'PENDING' {{(pid=110570) _task_receiver /usr/local/lib/python3.8/dist-packages/taskflow/listeners/logging.py:190}}
Jun 29 09:06:30.716442 dv-cinder-847864-4-iscsi devstack@c-api.service[110570]: WARNING cinder.quota [req-8c21d35b-2cb1-47da-9188-266d9a954846 req-d0e0441c-205d-4203-9496-d7eeb053db3d tempest-VolumesGetTestJSON-1761098335 tempest-VolumesGetTestJSON-1761098335-project] Deprecated: Default quota for resource: volumes___DEFAULT__ is set by the default quota flag: quota_volumes___DEFAULT__, it is now deprecated. Please use the default quota class for default quota.
Jun 29 09:06:30.718467 dv-cinder-847864-4-iscsi devstack@c-api.service[110570]: WARNING cinder.quota [req-8c21d35b-2cb1-47da-9188-266d9a954846 req-d0e0441c-205d-4203-9496-d7eeb053db3d tempest-VolumesGetTestJSON-1761098335 tempest-VolumesGetTestJSON-1761098335-project] Deprecated: Default quota for resource: gigabytes___DEFAULT__ is set by the default quota flag: quota_gigabytes___DEFAULT__, it is now deprecated. Please use the default quota class for default quota.
Jun 29 09:06:30.807862 dv-cinder-847864-4-iscsi devstack@c-api.service[110569]: INFO cinder.api.openstack.wsgi [None req-e5917434-23a2-456b-8ed4-5ed0d818bbdb tempest-GroupsTest-481554192 tempest-GroupsTest-481554192-project-admin] POST http://10.222.0.16/volume/v3/0e8530eee19049ef9c31d9069e8b06b7/types
Jun 29 09:06:30.809665 dv-cinder-847864-4-iscsi devstack@c-api.service[110569]: DEBUG cinder.api.openstack.wsgi [None req-e5917434-23a2-456b-8ed4-5ed0d818bbdb tempest-GroupsTest-481554192 tempest-GroupsTest-481554192-project-admin] Action: 'create', calling method: _create, body: {"volume_type": {"name": "tempest-GroupsTest-volume-type-1461162878"}} {{(pid=110569) _process_stack /opt/stack/cinder/cinder/api/openstack/wsgi.py:866}}
Jun 29 09:06:30.833634 dv-cinder-847864-4-iscsi devstack@c-api.service[110570]: DEBUG cinder.quota [req-8c21d35b-2cb1-47da-9188-266d9a954846 req-d0e0441c-205d-4203-9496-d7eeb053db3d tempest-VolumesGetTestJSON-1761098335 tempest-VolumesGetTestJSON-1761098335-project] Created reservations ['7c8bbf16-fb53-4e59-b1a2-16e9c6d5c9ae', 'a7b30ee0-0b5d-435f-b725-088e1547102c', 'e1876f8a-66e2-4ec4-9baa-35725f1d23e9', 'd64d048c-4b72-4328-a941-bfc329673443'] {{(pid=110570) reserve /opt/stack/cinder/cinder/quota.py:755}}
Jun 29 09:06:30.837056 dv-cinder-847864-4-iscsi devstack@c-api.service[110570]: DEBUG cinder.volume.api [req-8c21d35b-2cb1-47da-9188-266d9a954846 req-d0e0441c-205d-4203-9496-d7eeb053db3d tempest-VolumesGetTestJSON-1761098335 tempest-VolumesGetTestJSON-1761098335-project] Task 'cinder.volume.flows.api.create_volume.QuotaReserveTask;volume:create' (16d00145-d8ac-4fff-820d-0f84f69167ac) transitioned into state 'SUCCESS' from state 'RUNNING' with result '{'reservations': ['7c8bbf16-fb53-4e59-b1a2-16e9c6d5c9ae', 'a7b30ee0-0b5d-435f-b725-088e1547102c', 'e1876f8a-66e2-4ec4-9baa-35725f1d23e9', 'd64d048c-4b72-4328-a941-bfc329673443']}' {{(pid=110570) _task_receiver /usr/local/lib/python3.8/dist-packages/taskflow/listeners/logging.py:178}}
Jun 29 09:06:30.839410 dv-cinder-847864-4-iscsi devstack@c-api.service[110570]: DEBUG cinder.volume.api [req-8c21d35b-2cb1-47da-9188-266d9a954846 req-d0e0441c-205d-4203-9496-d7eeb053db3d tempest-VolumesGetTestJSON-1761098335 tempest-VolumesGetTestJSON-1761098335-project] Task 'cinder.volume.flows.api.create_volume.EntryCreateTask;volume:create' (86bdeb3a-dfdc-4f38-a967-24e225b8c75e) transitioned into state 'RUNNING' from state 'PENDING' {{(pid=110570) _task_receiver /usr/local/lib/python3.8/dist-packages/taskflow/listeners/logging.py:190}}
Jun 29 09:06:30.860971 dv-cinder-847864-4-iscsi devstack@c-api.service[110569]: INFO cinder.api.openstack.wsgi [None req-e5917434-23a2-456b-8ed4-5ed0d818bbdb tempest-GroupsTest-481554192 tempest-GroupsTest-481554192-project-admin] http://10.222.0.16/volume/v3/0e8530eee19049ef9c31d9069e8b06b7/types returned with HTTP 200
Jun 29 09:06:30.864731 dv-cinder-847864-4-iscsi devstack@c-api.service[110569]: [pid: 110569|app: 0|req: 5/9] 10.222.0.16 () {60 vars in 1228 bytes} [Wed Jun 29 09:06:30 2022] POST /volume/v3/0e8530eee19049ef9c31d9069e8b06b7/types => generated 216 bytes in 353 msecs (HTTP/1.1 200) 7 headers in 285 bytes (1 switches on core 0)
Jun 29 09:06:30.872919 dv-cinder-847864-4-iscsi devstack@c-api.service[110569]: DEBUG cinder.api.middleware.request_id [None req-71f8ec9b-ac51-4706-a120-765e1e7f7900 None None] RequestId filter calling following filter/app {{(pid=110569) _context_setter /opt/stack/cinder/cinder/api/middleware/request_id.py:62}}
Jun 29 09:06:30.878011 dv-cinder-847864-4-iscsi devstack@c-api.service[110569]: INFO cinder.api.openstack.wsgi [None req-71f8ec9b-ac51-4706-a120-765e1e7f7900 tempest-GroupTypeSpecsTest-182668948 tempest-GroupTypeSpecsTest-182668948-project-admin] POST http://10.222.0.16/volume/v3/206fec47f9394898b333f4ab9ac37a29/group_types/32a9117e-a7b0-4930-a333-34c6add8de63/group_specs
Jun 29 09:06:30.879122 dv-cinder-847864-4-iscsi devstack@c-api.service[110569]: DEBUG cinder.api.openstack.wsgi [None req-71f8ec9b-ac51-4706-a120-765e1e7f7900 tempest-GroupTypeSpecsTest-182668948 tempest-GroupTypeSpecsTest-182668948-project-admin] Action: 'create', calling method: version_select, body: {"group_specs": {"key1": "value1", "key2": "value2"}} {{(pid=110569) _process_stack /opt/stack/cinder/cinder/api/openstack/wsgi.py:866}}
Jun 29 09:06:30.943076 dv-cinder-847864-4-iscsi devstack@c-api.service[110569]: INFO cinder.api.openstack.wsgi [None req-71f8ec9b-ac51-4706-a120-765e1e7f7900 tempest-GroupTypeSpecsTest-182668948 tempest-GroupTypeSpecsTest-182668948-project-admin] http://10.222.0.16/volume/v3/206fec47f9394898b333f4ab9ac37a29/group_types/32a9117e-a7b0-4930-a333-34c6add8de63/group_specs returned with HTTP 202
Jun 29 09:06:30.944931 dv-cinder-847864-4-iscsi devstack@c-api.service[110569]: [pid: 110569|app: 0|req: 6/10] 10.222.0.16 () {62 vars in 1434 bytes} [Wed Jun 29 09:06:30 2022] POST /volume/v3/206fec47f9394898b333f4ab9ac37a29/group_types/32a9117e-a7b0-4930-a333-34c6add8de63/group_specs => generated 53 bytes in 79 msecs (HTTP/1.1 202) 7 headers in 291 bytes (1 switches on core 0)
Jun 29 09:06:30.946881 dv-cinder-847864-4-iscsi devstack@c-api.service[110569]: DEBUG cinder.api.middleware.request_id [None req-103ef8a2-7000-4187-8a68-f94c8f7eae07 None None] RequestId filter calling following filter/app {{(pid=110569) _context_setter /opt/stack/cinder/cinder/api/middleware/request_id.py:62}}
Jun 29 09:06:31.022500 dv-cinder-847864-4-iscsi devstack@c-api.service[110570]: DEBUG cinder.volume.api [req-8c21d35b-2cb1-47da-9188-266d9a954846 req-d0e0441c-205d-4203-9496-d7eeb053db3d tempest-VolumesGetTestJSON-1761098335 tempest-VolumesGetTestJSON-1761098335-project] Task 'cinder.volume.flows.api.create_volume.EntryCreateTask;volume:create' (86bdeb3a-dfdc-4f38-a967-24e225b8c75e) transitioned into state 'SUCCESS' from state 'RUNNING' with result '{'volume_id': 'bb8acb4a-06f2-4f1b-9ddb-30106cd3d30e', 'volume_properties': VolumeProperties(attach_status='detached',availability_zone='nova',cgsnapshot_id=None,consistencygroup_id=None,display_description=None,display_name='tempest-VolumesGetTestJSON-Volume-517735187',encryption_key_id=None,group_id=None,group_type_id=,metadata={Type='work'},multiattach=False,project_id='d0dd771f1b1d497baf12532b1933d0b7',qos_specs=None,replication_status=,reservations=['7c8bbf16-fb53-4e59-b1a2-16e9c6d5c9ae','a7b30ee0-0b5d-435f-b725-088e1547102c','e1876f8a-66e2-4ec4-9baa-35725f1d23e9','d64d048c-4b72-4328-a941-bfc329673443'],size=1,snapshot_id=None,source_replicaid=,source_volid=None,status='creating',user_id='41f5bbf769d6495180748cb9cb890ece',volume_type_id=a009e2bf-bd7b-44d8-8878-b1f2a656f639), 'volume': Volume(_name_id=None,admin_metadata=,attach_status='detached',availability_zone='nova',bootable=False,cluster=,cluster_name=None,consistencygroup=,consistencygroup_id=None,created_at=2022-06-29T09:06:30Z,deleted=False,deleted_at=None,display_description=None,display_name='tempest-VolumesGetTestJSON-Volume-517735187',ec2_id=None,encryption_key_id=None,glance_metadata=,group=,group_id=None,host=None,id=bb8acb4a-06f2-4f1b-9ddb-30106cd3d30e,launched_at=None,metadata={Type='work'},migration_status=None,multiattach=False,previous_status=None,project_id='d0dd771f1b1d497baf12532b1933d0b7',provider_auth=None,provider_geometry=None,provider_id=None,provider_location=None,replication_driver_data=None,replication_extended_status=None,replication_status=None,scheduled_at=None,service_uuid=None,shared_targets=True,size=1,snapshot_id=None,snapshots=,source_volid=None,status='creating',terminated_at=None,updated_at=None,use_quota=True,user_id='41f5bbf769d6495180748cb9cb890ece',volume_attachment=VolumeAttachmentList,volume_type=VolumeType(a009e2bf-bd7b-44d8-8878-b1f2a656f639),volume_type_id=a009e2bf-bd7b-44d8-8878-b1f2a656f639)}' {{(pid=110570) _task_receiver /usr/local/lib/python3.8/dist-packages/taskflow/listeners/logging.py:178}}
Jun 29 09:06:31.024355 dv-cinder-847864-4-iscsi devstack@c-api.service[110570]: DEBUG cinder.volume.api [req-8c21d35b-2cb1-47da-9188-266d9a954846 req-d0e0441c-205d-4203-9496-d7eeb053db3d tempest-VolumesGetTestJSON-1761098335 tempest-VolumesGetTestJSON-1761098335-project] Task 'cinder.volume.flows.api.create_volume.QuotaCommitTask;volume:create' (345f2252-1a5e-443d-9236-2075a5eb3ca1) transitioned into state 'RUNNING' from state 'PENDING' {{(pid=110570) _task_receiver /usr/local/lib/python3.8/dist-packages/taskflow/listeners/logging.py:190}}
Jun 29 09:06:31.034755 dv-cinder-847864-4-iscsi devstack@c-api.service[110569]: INFO cinder.api.openstack.wsgi [None req-103ef8a2-7000-4187-8a68-f94c8f7eae07 tempest-BackendsCapabilitiesAdminTestsJSON-1627235648 tempest-BackendsCapabilitiesAdminTestsJSON-1627235648-project-admin] GET http://10.222.0.16/volume/v3/9eda8643ee2f4a9ab879c2ff74e5ffd8/scheduler-stats/get_pools
Jun 29 09:06:31.035219 dv-cinder-847864-4-iscsi devstack@c-api.service[110569]: DEBUG cinder.api.openstack.wsgi [None req-103ef8a2-7000-4187-8a68-f94c8f7eae07 tempest-BackendsCapabilitiesAdminTestsJSON-1627235648 tempest-BackendsCapabilitiesAdminTestsJSON-1627235648-project-admin] Empty body provided in request {{(pid=110569) get_body /opt/stack/cinder/cinder/api/openstack/wsgi.py:715}}
Jun 29 09:06:31.035689 dv-cinder-847864-4-iscsi devstack@c-api.service[110569]: DEBUG cinder.api.openstack.wsgi [None req-103ef8a2-7000-4187-8a68-f94c8f7eae07 tempest-BackendsCapabilitiesAdminTestsJSON-1627235648 tempest-BackendsCapabilitiesAdminTestsJSON-1627235648-project-admin] Calling method 'get_pools' {{(pid=110569) _process_stack /opt/stack/cinder/cinder/api/openstack/wsgi.py:868}}
Jun 29 09:06:31.064470 dv-cinder-847864-4-iscsi devstack@c-api.service[110570]: DEBUG cinder.volume.api [req-8c21d35b-2cb1-47da-9188-266d9a954846 req-d0e0441c-205d-4203-9496-d7eeb053db3d tempest-VolumesGetTestJSON-1761098335 tempest-VolumesGetTestJSON-1761098335-project] Task 'cinder.volume.flows.api.create_volume.QuotaCommitTask;volume:create' (345f2252-1a5e-443d-9236-2075a5eb3ca1) transitioned into state 'SUCCESS' from state 'RUNNING' with result '{'volume_properties': VolumeProperties(attach_status='detached',availability_zone='nova',cgsnapshot_id=None,consistencygroup_id=None,display_description=None,display_name='tempest-VolumesGetTestJSON-Volume-517735187',encryption_key_id=None,group_id=None,group_type_id=,metadata={Type='work'},multiattach=False,project_id='d0dd771f1b1d497baf12532b1933d0b7',qos_specs=None,replication_status=,reservations=['7c8bbf16-fb53-4e59-b1a2-16e9c6d5c9ae','a7b30ee0-0b5d-435f-b725-088e1547102c','e1876f8a-66e2-4ec4-9baa-35725f1d23e9','d64d048c-4b72-4328-a941-bfc329673443'],size=1,snapshot_id=None,source_replicaid=,source_volid=None,status='creating',user_id='41f5bbf769d6495180748cb9cb890ece',volume_type_id=a009e2bf-bd7b-44d8-8878-b1f2a656f639)}' {{(pid=110570) _task_receiver /usr/local/lib/python3.8/dist-packages/taskflow/listeners/logging.py:178}}
Jun 29 09:06:31.066807 dv-cinder-847864-4-iscsi devstack@c-api.service[110570]: DEBUG cinder.volume.api [req-8c21d35b-2cb1-47da-9188-266d9a954846 req-d0e0441c-205d-4203-9496-d7eeb053db3d tempest-VolumesGetTestJSON-1761098335 tempest-VolumesGetTestJSON-1761098335-project] Task 'cinder.volume.flows.api.create_volume.VolumeCastTask;volume:create' (e22962c9-edb3-4b3c-9ca3-f0b1f0fed4ae) transitioned into state 'RUNNING' from state 'PENDING' {{(pid=110570) _task_receiver /usr/local/lib/python3.8/dist-packages/taskflow/listeners/logging.py:190}}
Jun 29 09:06:31.133818 dv-cinder-847864-4-iscsi devstack@c-api.service[110569]: INFO cinder.api.openstack.wsgi [None req-103ef8a2-7000-4187-8a68-f94c8f7eae07 tempest-BackendsCapabilitiesAdminTestsJSON-1627235648 tempest-BackendsCapabilitiesAdminTestsJSON-1627235648-project-admin] http://10.222.0.16/volume/v3/9eda8643ee2f4a9ab879c2ff74e5ffd8/scheduler-stats/get_pools returned with HTTP 200
Jun 29 09:06:31.135743 dv-cinder-847864-4-iscsi devstack@c-api.service[110569]: [pid: 110569|app: 0|req: 7/11] 10.222.0.16 () {58 vars in 1267 bytes} [Wed Jun 29 09:06:30 2022] GET /volume/v3/9eda8643ee2f4a9ab879c2ff74e5ffd8/scheduler-stats/get_pools => generated 66 bytes in 190 msecs (HTTP/1.1 200) 7 headers in 284 bytes (1 switches on core 0)
Jun 29 09:06:31.138400 dv-cinder-847864-4-iscsi devstack@c-api.service[110569]: DEBUG cinder.api.middleware.request_id [None req-34069021-8b42-40f9-bce5-eed4f6f1e7bd None None] RequestId filter calling following filter/app {{(pid=110569) _context_setter /opt/stack/cinder/cinder/api/middleware/request_id.py:62}}
Jun 29 09:06:31.143756 dv-cinder-847864-4-iscsi devstack@c-api.service[110569]: INFO cinder.api.openstack.wsgi [None req-34069021-8b42-40f9-bce5-eed4f6f1e7bd tempest-GroupsTest-481554192 tempest-GroupsTest-481554192-project-admin] POST http://10.222.0.16/volume/v3/0e8530eee19049ef9c31d9069e8b06b7/group_types
Jun 29 09:06:31.144839 dv-cinder-847864-4-iscsi devstack@c-api.service[110569]: DEBUG cinder.api.openstack.wsgi [None req-34069021-8b42-40f9-bce5-eed4f6f1e7bd tempest-GroupsTest-481554192 tempest-GroupsTest-481554192-project-admin] Action: 'create', calling method: version_select, body: {"group_type": {"name": "tempest-GroupsTest-group-type-980572574"}} {{(pid=110569) _process_stack /opt/stack/cinder/cinder/api/openstack/wsgi.py:866}}
Jun 29 09:06:31.160606 dv-cinder-847864-4-iscsi devstack@c-api.service[110570]: DEBUG cinder.volume.api [req-8c21d35b-2cb1-47da-9188-266d9a954846 req-d0e0441c-205d-4203-9496-d7eeb053db3d tempest-VolumesGetTestJSON-1761098335 tempest-VolumesGetTestJSON-1761098335-project] Task 'cinder.volume.flows.api.create_volume.VolumeCastTask;volume:create' (e22962c9-edb3-4b3c-9ca3-f0b1f0fed4ae) transitioned into state 'SUCCESS' from state 'RUNNING' with result 'None' {{(pid=110570) _task_receiver /usr/local/lib/python3.8/dist-packages/taskflow/listeners/logging.py:178}}
Jun 29 09:06:31.165042 dv-cinder-847864-4-iscsi devstack@c-api.service[110570]: DEBUG cinder.volume.api [req-8c21d35b-2cb1-47da-9188-266d9a954846 req-d0e0441c-205d-4203-9496-d7eeb053db3d tempest-VolumesGetTestJSON-1761098335 tempest-VolumesGetTestJSON-1761098335-project] Flow 'volume_create_api' (9e3ce7d2-c94c-43bf-935f-73c2bf6f08e3) transitioned into state 'SUCCESS' from state 'RUNNING' {{(pid=110570) _flow_receiver /usr/local/lib/python3.8/dist-packages/taskflow/listeners/logging.py:141}}
Jun 29 09:06:31.166848 dv-cinder-847864-4-iscsi devstack@c-api.service[110570]: INFO cinder.volume.api [req-8c21d35b-2cb1-47da-9188-266d9a954846 req-d0e0441c-205d-4203-9496-d7eeb053db3d tempest-VolumesGetTestJSON-1761098335 tempest-VolumesGetTestJSON-1761098335-project] Create volume request issued successfully.
Jun 29 09:06:31.169254 dv-cinder-847864-4-iscsi devstack@c-api.service[110570]: INFO cinder.api.openstack.wsgi [req-8c21d35b-2cb1-47da-9188-266d9a954846 req-d0e0441c-205d-4203-9496-d7eeb053db3d tempest-VolumesGetTestJSON-1761098335 tempest-VolumesGetTestJSON-1761098335-project] http://10.222.0.16/volume/v3/d0dd771f1b1d497baf12532b1933d0b7/volumes returned with HTTP 202
Jun 29 09:06:31.170578 dv-cinder-847864-4-iscsi devstack@c-api.service[110570]: [pid: 110570|app: 0|req: 5/12] 10.222.0.16 () {64 vars in 1521 bytes} [Wed Jun 29 09:06:30 2022] POST /volume/v3/d0dd771f1b1d497baf12532b1933d0b7/volumes => generated 831 bytes in 1122 msecs (HTTP/1.1 202) 7 headers in 291 bytes (1 switches on core 0)
Jun 29 09:06:31.172241 dv-cinder-847864-4-iscsi devstack@c-api.service[110570]: DEBUG cinder.api.middleware.request_id [None req-6777ba68-77c7-45ce-bcad-d51d32440940 None None] RequestId filter calling following filter/app {{(pid=110570) _context_setter /opt/stack/cinder/cinder/api/middleware/request_id.py:62}}
Jun 29 09:06:31.177240 dv-cinder-847864-4-iscsi devstack@c-api.service[110570]: INFO cinder.api.openstack.wsgi [None req-6777ba68-77c7-45ce-bcad-d51d32440940 tempest-GroupTypeSpecsTest-182668948 tempest-GroupTypeSpecsTest-182668948-project-admin] POST http://10.222.0.16/volume/v3/206fec47f9394898b333f4ab9ac37a29/group_types/32a9117e-a7b0-4930-a333-34c6add8de63/group_specs
Jun 29 09:06:31.179193 dv-cinder-847864-4-iscsi devstack@c-api.service[110570]: DEBUG cinder.api.openstack.wsgi [None req-6777ba68-77c7-45ce-bcad-d51d32440940 tempest-GroupTypeSpecsTest-182668948 tempest-GroupTypeSpecsTest-182668948-project-admin] Action: 'create', calling method: version_select, body: {"group_specs": {"key2": "value2-updated", "key3": "value3"}} {{(pid=110570) _process_stack /opt/stack/cinder/cinder/api/openstack/wsgi.py:866}}
Jun 29 09:06:31.180630 dv-cinder-847864-4-iscsi devstack@c-api.service[110570]: /usr/local/lib/python3.8/dist-packages/oslo_context/context.py:100: DeprecationWarning: Policy enforcement is depending on the value of is_admin. This key is deprecated. Please update your policy file to use the standard policy values.
Jun 29 09:06:31.180630 dv-cinder-847864-4-iscsi devstack@c-api.service[110570]: warnings.warn('Policy enforcement is depending on the value of '
Jun 29 09:06:31.190213 dv-cinder-847864-4-iscsi devstack@c-api.service[110569]: INFO cinder.api.openstack.wsgi [None req-34069021-8b42-40f9-bce5-eed4f6f1e7bd tempest-GroupsTest-481554192 tempest-GroupsTest-481554192-project-admin] http://10.222.0.16/volume/v3/0e8530eee19049ef9c31d9069e8b06b7/group_types returned with HTTP 202
Jun 29 09:06:31.191327 dv-cinder-847864-4-iscsi devstack@c-api.service[110569]: [pid: 110569|app: 0|req: 8/13] 10.222.0.16 () {62 vars in 1287 bytes} [Wed Jun 29 09:06:31 2022] POST /volume/v3/0e8530eee19049ef9c31d9069e8b06b7/group_types => generated 172 bytes in 54 msecs (HTTP/1.1 202) 7 headers in 292 bytes (1 switches on core 0)
Jun 29 09:06:31.192939 dv-cinder-847864-4-iscsi devstack@c-api.service[110569]: DEBUG cinder.api.middleware.request_id [None req-c7ba45c9-0f73-4cb2-bebf-28c045b01859 None None] RequestId filter calling following filter/app {{(pid=110569) _context_setter /opt/stack/cinder/cinder/api/middleware/request_id.py:62}}
Jun 29 09:06:31.208111 dv-cinder-847864-4-iscsi devstack@c-api.service[110569]: INFO cinder.api.openstack.wsgi [None req-c7ba45c9-0f73-4cb2-bebf-28c045b01859 tempest-BackendsCapabilitiesAdminTestsJSON-1627235648 tempest-BackendsCapabilitiesAdminTestsJSON-1627235648-project-admin] GET http://10.222.0.16/volume/v3/9eda8643ee2f4a9ab879c2ff74e5ffd8/scheduler-stats/get_pools?detail=True
Jun 29 09:06:31.208640 dv-cinder-847864-4-iscsi devstack@c-api.service[110569]: DEBUG cinder.api.openstack.wsgi [None req-c7ba45c9-0f73-4cb2-bebf-28c045b01859 tempest-BackendsCapabilitiesAdminTestsJSON-1627235648 tempest-BackendsCapabilitiesAdminTestsJSON-1627235648-project-admin] Empty body provided in request {{(pid=110569) get_body /opt/stack/cinder/cinder/api/openstack/wsgi.py:715}}
Jun 29 09:06:31.209110 dv-cinder-847864-4-iscsi devstack@c-api.service[110569]: DEBUG cinder.api.openstack.wsgi [None req-c7ba45c9-0f73-4cb2-bebf-28c045b01859 tempest-BackendsCapabilitiesAdminTestsJSON-1627235648 tempest-BackendsCapabilitiesAdminTestsJSON-1627235648-project-admin] Calling method 'get_pools' {{(pid=110569) _process_stack /opt/stack/cinder/cinder/api/openstack/wsgi.py:868}}
Jun 29 09:06:31.223967 dv-cinder-847864-4-iscsi devstack@c-api.service[110570]: INFO cinder.api.openstack.wsgi [None req-6777ba68-77c7-45ce-bcad-d51d32440940 tempest-GroupTypeSpecsTest-182668948 tempest-GroupTypeSpecsTest-182668948-project-admin] http://10.222.0.16/volume/v3/206fec47f9394898b333f4ab9ac37a29/group_types/32a9117e-a7b0-4930-a333-34c6add8de63/group_specs returned with HTTP 202
Jun 29 09:06:31.225910 dv-cinder-847864-4-iscsi devstack@c-api.service[110570]: [pid: 110570|app: 0|req: 6/14] 10.222.0.16 () {62 vars in 1434 bytes} [Wed Jun 29 09:06:31 2022] POST /volume/v3/206fec47f9394898b333f4ab9ac37a29/group_types/32a9117e-a7b0-4930-a333-34c6add8de63/group_specs => generated 61 bytes in 54 msecs (HTTP/1.1 202) 7 headers in 291 bytes (1 switches on core 0)
Jun 29 09:06:31.227773 dv-cinder-847864-4-iscsi devstack@c-api.service[110570]: DEBUG cinder.api.middleware.request_id [req-8c21d35b-2cb1-47da-9188-266d9a954846 req-ec1510fa-c3e3-43e4-a30c-3230836a98da None None] RequestId filter calling following filter/app {{(pid=110570) _context_setter /opt/stack/cinder/cinder/api/middleware/request_id.py:62}}
Jun 29 09:06:31.233653 dv-cinder-847864-4-iscsi devstack@c-api.service[110570]: INFO cinder.api.openstack.wsgi [req-8c21d35b-2cb1-47da-9188-266d9a954846 req-ec1510fa-c3e3-43e4-a30c-3230836a98da tempest-VolumesGetTestJSON-1761098335 tempest-VolumesGetTestJSON-1761098335-project] GET http://10.222.0.16/volume/v3/d0dd771f1b1d497baf12532b1933d0b7/volumes/bb8acb4a-06f2-4f1b-9ddb-30106cd3d30e
Jun 29 09:06:31.234370 dv-cinder-847864-4-iscsi devstack@c-api.service[110570]: DEBUG cinder.api.openstack.wsgi [req-8c21d35b-2cb1-47da-9188-266d9a954846 req-ec1510fa-c3e3-43e4-a30c-3230836a98da tempest-VolumesGetTestJSON-1761098335 tempest-VolumesGetTestJSON-1761098335-project] Empty body provided in request {{(pid=110570) get_body /opt/stack/cinder/cinder/api/openstack/wsgi.py:715}}
Jun 29 09:06:31.235264 dv-cinder-847864-4-iscsi devstack@c-api.service[110570]: DEBUG cinder.api.openstack.wsgi [req-8c21d35b-2cb1-47da-9188-266d9a954846 req-ec1510fa-c3e3-43e4-a30c-3230836a98da tempest-VolumesGetTestJSON-1761098335 tempest-VolumesGetTestJSON-1761098335-project] Calling method 'show' {{(pid=110570) _process_stack /opt/stack/cinder/cinder/api/openstack/wsgi.py:868}}
Jun 29 09:06:31.254269 dv-cinder-847864-4-iscsi devstack@c-api.service[110570]: /usr/local/lib/python3.8/dist-packages/oslo_context/context.py:100: DeprecationWarning: Policy enforcement is depending on the value of is_admin. This key is deprecated. Please update your policy file to use the standard policy values.
Jun 29 09:06:31.254269 dv-cinder-847864-4-iscsi devstack@c-api.service[110570]: warnings.warn('Policy enforcement is depending on the value of '
Jun 29 09:06:31.269286 dv-cinder-847864-4-iscsi devstack@c-api.service[110570]: INFO cinder.volume.api [req-8c21d35b-2cb1-47da-9188-266d9a954846 req-ec1510fa-c3e3-43e4-a30c-3230836a98da tempest-VolumesGetTestJSON-1761098335 tempest-VolumesGetTestJSON-1761098335-project] Volume info retrieved successfully.
Jun 29 09:06:31.287008 dv-cinder-847864-4-iscsi devstack@c-api.service[110570]: INFO cinder.api.openstack.wsgi [req-8c21d35b-2cb1-47da-9188-266d9a954846 req-ec1510fa-c3e3-43e4-a30c-3230836a98da tempest-VolumesGetTestJSON-1761098335 tempest-VolumesGetTestJSON-1761098335-project] http://10.222.0.16/volume/v3/d0dd771f1b1d497baf12532b1933d0b7/volumes/bb8acb4a-06f2-4f1b-9ddb-30106cd3d30e returned with HTTP 200
Jun 29 09:06:31.288466 dv-cinder-847864-4-iscsi devstack@c-api.service[110570]: [pid: 110570|app: 0|req: 7/15] 10.222.0.16 () {60 vars in 1578 bytes} [Wed Jun 29 09:06:31 2022] GET /volume/v3/d0dd771f1b1d497baf12532b1933d0b7/volumes/bb8acb4a-06f2-4f1b-9ddb-30106cd3d30e => generated 899 bytes in 62 msecs (HTTP/1.1 200) 7 headers in 285 bytes (1 switches on core 0)
Jun 29 09:06:31.290535 dv-cinder-847864-4-iscsi devstack@c-api.service[110570]: DEBUG cinder.api.middleware.request_id [None req-27c02340-69b6-44f4-b5ef-320552df7f88 None None] RequestId filter calling following filter/app {{(pid=110570) _context_setter /opt/stack/cinder/cinder/api/middleware/request_id.py:62}}
Jun 29 09:06:31.493972 dv-cinder-847864-4-iscsi devstack@c-api.service[110570]: INFO cinder.api.openstack.wsgi [None req-27c02340-69b6-44f4-b5ef-320552df7f88 tempest-GroupsTest-1547040073 tempest-GroupsTest-1547040073-project] POST http://10.222.0.16/volume/v3/3b414333e0024dc7bfdec2544b9d6f4b/groups
Jun 29 09:06:31.494940 dv-cinder-847864-4-iscsi devstack@c-api.service[110570]: DEBUG cinder.api.openstack.wsgi [None req-27c02340-69b6-44f4-b5ef-320552df7f88 tempest-GroupsTest-1547040073 tempest-GroupsTest-1547040073-project] Action: 'create', calling method: version_select, body: {"group": {"group_type": "7ce1f342-3bb9-4e3c-a751-9023785c9731", "volume_types": ["687aa62c-a2be-4350-af4b-83946b65e6e5"], "name": "tempest-Group1-77683038"}} {{(pid=110570) _process_stack /opt/stack/cinder/cinder/api/openstack/wsgi.py:866}}
Jun 29 09:06:31.496436 dv-cinder-847864-4-iscsi devstack@c-api.service[110570]: DEBUG cinder.api.v3.groups [None req-27c02340-69b6-44f4-b5ef-320552df7f88 tempest-GroupsTest-1547040073 tempest-GroupsTest-1547040073-project] Creating new group {'group': {'group_type': '7ce1f342-3bb9-4e3c-a751-9023785c9731', 'volume_types': ['687aa62c-a2be-4350-af4b-83946b65e6e5'], 'name': 'tempest-Group1-77683038'}} {{(pid=110570) create /opt/stack/cinder/cinder/api/v3/groups.py:190}}
