Jun 27 15:34:26.295842 dv-cinder-847801-1-iscsi devstack@keystone.service[91941]: DEBUG keystone.server.flask.request_processing.middleware.auth_context [None req-4988eadd-fc33-49f0-8c21-4dc0c6b176f3 None admin] RBAC: auth_context: {'token': , 'domain_id': None, 'trust_id': None, 'trustor_id': None, 'trustee_id': None, 'domain_name': None, 'group_ids': [], 'user_id': '4b433ad0233c4e5dbe8fad9896962e25', 'user_domain_id': 'default', 'system_scope': 'all', 'project_id': None, 'project_domain_id': None, 'roles': ['admin', 'member', 'reader'], 'is_admin_project': True, 'service_user_id': None, 'service_user_domain_id': None, 'service_project_id': None, 'service_project_domain_id': None, 'service_roles': []} {{(pid=91941) fill_context /opt/stack/keystone/keystone/server/flask/request_processing/middleware/auth_context.py:478}}
Jun 27 15:34:26.296659 dv-cinder-847801-1-iscsi devstack@keystone.service[91941]: DEBUG keystone.server.flask.request_processing.req_logging [None req-4988eadd-fc33-49f0-8c21-4dc0c6b176f3 None admin] REQUEST_METHOD: `GET` {{(pid=91941) log_request_info /opt/stack/keystone/keystone/server/flask/request_processing/req_logging.py:27}}
Jun 27 15:34:26.296939 dv-cinder-847801-1-iscsi devstack@keystone.service[91941]: DEBUG keystone.server.flask.request_processing.req_logging [None req-4988eadd-fc33-49f0-8c21-4dc0c6b176f3 None admin] SCRIPT_NAME: `/identity` {{(pid=91941) log_request_info /opt/stack/keystone/keystone/server/flask/request_processing/req_logging.py:28}}
Jun 27 15:34:26.297209 dv-cinder-847801-1-iscsi devstack@keystone.service[91941]: DEBUG keystone.server.flask.request_processing.req_logging [None req-4988eadd-fc33-49f0-8c21-4dc0c6b176f3 None admin] PATH_INFO: `/v3/roles/admin` {{(pid=91941) log_request_info /opt/stack/keystone/keystone/server/flask/request_processing/req_logging.py:29}}
Jun 27 15:34:26.300454 dv-cinder-847801-1-iscsi devstack@keystone.service[91942]: DEBUG dbcounter [-] [91942] Writing DB stats keystone:SELECT=100 {{(pid=91942) stat_writer /usr/local/lib/python3.8/dist-packages/dbcounter.py:114}}
Jun 27 15:34:26.323772 dv-cinder-847801-1-iscsi devstack@keystone.service[91941]: DEBUG keystone.common.rbac_enforcer.enforcer [None req-4988eadd-fc33-49f0-8c21-4dc0c6b176f3 None admin] Extracting inferred target data resulted in "NOT FOUND (404)". {{(pid=91941) enforce_call /opt/stack/keystone/keystone/common/rbac_enforcer/enforcer.py:409}}
Jun 27 15:34:26.332445 dv-cinder-847801-1-iscsi devstack@keystone.service[91941]: ERROR keystone.server.flask.application [None req-4988eadd-fc33-49f0-8c21-4dc0c6b176f3 None admin] Could not find role: admin.: keystone.exception.RoleNotFound: Could not find role: admin.
Jun 27 15:34:26.332445 dv-cinder-847801-1-iscsi devstack@keystone.service[91941]: ERROR keystone.server.flask.application
Traceback (most recent call last):
Jun 27 15:34:26.332445 dv-cinder-847801-1-iscsi devstack@keystone.service[91941]: ERROR keystone.server.flask.application
File "/usr/local/lib/python3.8/dist-packages/flask/app.py", line 1523, in full_dispatch_request
Jun 27 15:34:26.332445 dv-cinder-847801-1-iscsi devstack@keystone.service[91941]: ERROR keystone.server.flask.application rv = self.dispatch_request()
Jun 27 15:34:26.332445 dv-cinder-847801-1-iscsi devstack@keystone.service[91941]: ERROR keystone.server.flask.application
File "/usr/local/lib/python3.8/dist-packages/flask/app.py", line 1509, in dispatch_request
Jun 27 15:34:26.332445 dv-cinder-847801-1-iscsi devstack@keystone.service[91941]: ERROR keystone.server.flask.application return self.ensure_sync(self.view_functions[rule.endpoint])(**req.view_args)
Jun 27 15:34:26.332445 dv-cinder-847801-1-iscsi devstack@keystone.service[91941]: ERROR keystone.server.flask.application
File "/usr/local/lib/python3.8/dist-packages/flask_restful/__init__.py", line 467, in wrapper
Jun 27 15:34:26.332445 dv-cinder-847801-1-iscsi devstack@keystone.service[91941]: ERROR keystone.server.flask.application resp = resource(*args, **kwargs)
Jun 27 15:34:26.332445 dv-cinder-847801-1-iscsi devstack@keystone.service[91941]: ERROR keystone.server.flask.application
File "/usr/local/lib/python3.8/dist-packages/flask/views.py", line 84, in view
Jun 27 15:34:26.332445 dv-cinder-847801-1-iscsi devstack@keystone.service[91941]: ERROR keystone.server.flask.application return current_app.ensure_sync(self.dispatch_request)(*args, **kwargs)
Jun 27 15:34:26.332445 dv-cinder-847801-1-iscsi devstack@keystone.service[91941]: ERROR keystone.server.flask.application
File "/usr/local/lib/python3.8/dist-packages/flask_restful/__init__.py", line 582, in dispatch_request
Jun 27 15:34:26.332445 dv-cinder-847801-1-iscsi devstack@keystone.service[91941]: ERROR keystone.server.flask.application resp = meth(*args, **kwargs)
Jun 27 15:34:26.332445 dv-cinder-847801-1-iscsi devstack@keystone.service[91941]: ERROR keystone.server.flask.application
File "/opt/stack/keystone/keystone/api/roles.py", line 50, in get
Jun 27 15:34:26.332445 dv-cinder-847801-1-iscsi devstack@keystone.service[91941]: ERROR keystone.server.flask.application return self._get_role(role_id)
Jun 27 15:34:26.332445 dv-cinder-847801-1-iscsi devstack@keystone.service[91941]: ERROR keystone.server.flask.application
File "/opt/stack/keystone/keystone/api/roles.py", line 70, in _get_role
Jun 27 15:34:26.332445 dv-cinder-847801-1-iscsi devstack@keystone.service[91941]: ERROR keystone.server.flask.application ENFORCER.enforce_call(action='identity:get_role')
Jun 27 15:34:26.333367 dv-cinder-847801-1-iscsi devstack@keystone.service[91941]: ERROR keystone.server.flask.application
File "/opt/stack/keystone/keystone/common/rbac_enforcer/enforcer.py", line 402, in enforce_call
Jun 27 15:34:26.333367 dv-cinder-847801-1-iscsi devstack@keystone.service[91941]: ERROR keystone.server.flask.application policy_dict.update(cls._extract_member_target_data(
Jun 27 15:34:26.333367 dv-cinder-847801-1-iscsi devstack@keystone.service[91941]: ERROR keystone.server.flask.application
File "/opt/stack/keystone/keystone/common/rbac_enforcer/enforcer.py", line 234, in _extract_member_target_data
Jun 27 15:34:26.333367 dv-cinder-847801-1-iscsi devstack@keystone.service[91941]: ERROR keystone.server.flask.application member_name: func(flask.request.view_args[key])
Jun 27 15:34:26.333367 dv-cinder-847801-1-iscsi devstack@keystone.service[91941]: ERROR keystone.server.flask.application
File "/opt/stack/keystone/keystone/common/manager.py", line 115, in wrapped
Jun 27 15:34:26.333367 dv-cinder-847801-1-iscsi devstack@keystone.service[91941]: ERROR keystone.server.flask.application __ret_val = __f(*args, **kwargs)
Jun 27 15:34:26.333367 dv-cinder-847801-1-iscsi devstack@keystone.service[91941]: ERROR keystone.server.flask.application
File "/usr/local/lib/python3.8/dist-packages/decorator.py", line 232, in fun
Jun 27 15:34:26.333367 dv-cinder-847801-1-iscsi devstack@keystone.service[91941]: ERROR keystone.server.flask.application return caller(func, *(extras + args), **kw)
Jun 27 15:34:26.333367 dv-cinder-847801-1-iscsi devstack@keystone.service[91941]: ERROR keystone.server.flask.application
File "/usr/local/lib/python3.8/dist-packages/dogpile/cache/region.py", line 1577, in get_or_create_for_user_func
Jun 27 15:34:26.333367 dv-cinder-847801-1-iscsi devstack@keystone.service[91941]: ERROR keystone.server.flask.application return self.get_or_create(
Jun 27 15:34:26.333367 dv-cinder-847801-1-iscsi devstack@keystone.service[91941]: ERROR keystone.server.flask.application
File "/usr/local/lib/python3.8/dist-packages/dogpile/cache/region.py", line 1042, in get_or_create
Jun 27 15:34:26.333367 dv-cinder-847801-1-iscsi devstack@keystone.service[91941]: ERROR keystone.server.flask.application with Lock(
Jun 27 15:34:26.333367 dv-cinder-847801-1-iscsi devstack@keystone.service[91941]: ERROR keystone.server.flask.application
File "/usr/local/lib/python3.8/dist-packages/dogpile/lock.py", line 185, in __enter__
Jun 27 15:34:26.333367 dv-cinder-847801-1-iscsi devstack@keystone.service[91941]: ERROR keystone.server.flask.application return self._enter()
Jun 27 15:34:26.333367 dv-cinder-847801-1-iscsi devstack@keystone.service[91941]: ERROR keystone.server.flask.application
File "/usr/local/lib/python3.8/dist-packages/dogpile/lock.py", line 94, in _enter
Jun 27 15:34:26.333367 dv-cinder-847801-1-iscsi devstack@keystone.service[91941]: ERROR keystone.server.flask.application generated = self._enter_create(value, createdtime)
Jun 27 15:34:26.334172 dv-cinder-847801-1-iscsi devstack@keystone.service[91941]: ERROR keystone.server.flask.application
File "/usr/local/lib/python3.8/dist-packages/dogpile/lock.py", line 178, in _enter_create
Jun 27 15:34:26.334172 dv-cinder-847801-1-iscsi devstack@keystone.service[91941]: ERROR keystone.server.flask.application return self.creator()
Jun 27 15:34:26.334172 dv-cinder-847801-1-iscsi devstack@keystone.service[91941]: ERROR keystone.server.flask.application
File "/usr/local/lib/python3.8/dist-packages/dogpile/cache/region.py", line 995, in gen_value
Jun 27 15:34:26.334172 dv-cinder-847801-1-iscsi devstack@keystone.service[91941]: ERROR keystone.server.flask.application created_value = creator(
Jun 27 15:34:26.334172 dv-cinder-847801-1-iscsi devstack@keystone.service[91941]: ERROR keystone.server.flask.application
File "/opt/stack/keystone/keystone/assignment/core.py", line 1276, in get_role
Jun 27 15:34:26.334172 dv-cinder-847801-1-iscsi devstack@keystone.service[91941]: ERROR keystone.server.flask.application return self.driver.get_role(role_id)
Jun 27 15:34:26.334172 dv-cinder-847801-1-iscsi devstack@keystone.service[91941]: ERROR keystone.server.flask.application
File "/opt/stack/keystone/keystone/assignment/role_backends/sql.py", line 70, in get_role
Jun 27 15:34:26.334172 dv-cinder-847801-1-iscsi devstack@keystone.service[91941]: ERROR keystone.server.flask.application return self._get_role(session, role_id).to_dict()
Jun 27 15:34:26.334172 dv-cinder-847801-1-iscsi devstack@keystone.service[91941]: ERROR keystone.server.flask.application
File "/opt/stack/keystone/keystone/assignment/role_backends/sql.py", line 65, in _get_role
Jun 27 15:34:26.334172 dv-cinder-847801-1-iscsi devstack@keystone.service[91941]: ERROR keystone.server.flask.application raise exception.RoleNotFound(role_id=role_id)
Jun 27 15:34:26.334172 dv-cinder-847801-1-iscsi devstack@keystone.service[91941]: ERROR keystone.server.flask.application keystone.exception.RoleNotFound: Could not find role: admin.
Jun 27 15:34:26.334172 dv-cinder-847801-1-iscsi devstack@keystone.service[91941]: ERROR keystone.server.flask.application
Jun 27 15:34:26.337670 dv-cinder-847801-1-iscsi devstack@keystone.service[91941]: [pid: 91941|app: 0|req: 175/367] 10.222.0.20 () {56 vars in 1096 bytes} [Mon Jun 27 15:34:26 2022] GET /identity/v3/roles/admin => generated 83 bytes in 256 msecs (HTTP/1.1 404) 5 headers in 183 bytes (1 switches on core 0)
Jun 27 15:34:26.338749 dv-cinder-847801-1-iscsi devstack@keystone.service[91941]: DEBUG keystone.server.flask.request_processing.middleware.auth_context [None req-4988eadd-fc33-49f0-8c21-4dc0c6b176f3 None admin] Authenticating user token {{(pid=91941) process_request /usr/local/lib/python3.8/dist-packages/keystonemiddleware/auth_token/__init__.py:407}}
Jun 27 15:34:26.412406 dv-cinder-847801-1-iscsi devstack@keystone.service[91942]: DEBUG keystone.server.flask.request_processing.middleware.auth_context [None req-4676be29-f739-4eea-94a2-531331979181 None admin] Validating token access rules against request {{(pid=91942) validate_allowed_request /usr/local/lib/python3.8/dist-packages/keystonemiddleware/auth_token/__init__.py:545}}
Jun 27 15:34:26.448840 dv-cinder-847801-1-iscsi devstack@keystone.service[91941]: DEBUG dbcounter [-] [91941] Writing DB stats keystone:SELECT=100 {{(pid=91941) stat_writer /usr/local/lib/python3.8/dist-packages/dbcounter.py:114}}
Jun 27 15:34:26.458894 dv-cinder-847801-1-iscsi devstack@keystone.service[91942]: DEBUG keystone.server.flask.request_processing.middleware.auth_context [None req-96082cae-ddb3-47f3-b829-9ea25c65b056 None admin] RBAC: auth_context: {'token': , 'domain_id': None, 'trust_id': None, 'trustor_id': None, 'trustee_id': None, 'domain_name': None, 'group_ids': [], 'user_id': '4b433ad0233c4e5dbe8fad9896962e25', 'user_domain_id': 'default', 'system_scope': 'all', 'project_id': None, 'project_domain_id': None, 'roles': ['admin', 'member', 'reader'], 'is_admin_project': True, 'service_user_id': None, 'service_user_domain_id': None, 'service_project_id': None, 'service_project_domain_id': None, 'service_roles': []} {{(pid=91942) fill_context /opt/stack/keystone/keystone/server/flask/request_processing/middleware/auth_context.py:478}}
Jun 27 15:34:26.459585 dv-cinder-847801-1-iscsi devstack@keystone.service[91942]: DEBUG keystone.server.flask.request_processing.req_logging [None req-96082cae-ddb3-47f3-b829-9ea25c65b056 None admin] REQUEST_METHOD: `GET` {{(pid=91942) log_request_info /opt/stack/keystone/keystone/server/flask/request_processing/req_logging.py:27}}
Jun 27 15:34:26.459874 dv-cinder-847801-1-iscsi devstack@keystone.service[91942]: DEBUG keystone.server.flask.request_processing.req_logging [None req-96082cae-ddb3-47f3-b829-9ea25c65b056 None admin] SCRIPT_NAME: `/identity` {{(pid=91942) log_request_info /opt/stack/keystone/keystone/server/flask/request_processing/req_logging.py:28}}
Jun 27 15:34:26.460154 dv-cinder-847801-1-iscsi devstack@keystone.service[91942]: DEBUG keystone.server.flask.request_processing.req_logging [None req-96082cae-ddb3-47f3-b829-9ea25c65b056 None admin] PATH_INFO: `/v3/roles` {{(pid=91942) log_request_info /opt/stack/keystone/keystone/server/flask/request_processing/req_logging.py:29}}
Jun 27 15:34:26.460922 dv-cinder-847801-1-iscsi devstack@keystone.service[91942]: DEBUG keystone.common.rbac_enforcer.enforcer [None req-96082cae-ddb3-47f3-b829-9ea25c65b056 None admin] RBAC: Adding query filter params (name=reader) {{(pid=91942) _extract_filter_values /opt/stack/keystone/keystone/common/rbac_enforcer/enforcer.py:167}}
Jun 27 15:34:26.461233 dv-cinder-847801-1-iscsi devstack@keystone.service[91942]: DEBUG keystone.common.rbac_enforcer.enforcer [None req-96082cae-ddb3-47f3-b829-9ea25c65b056 None admin] RBAC: Authorizing `identity:list_roles()` {{(pid=91942) enforce_call /opt/stack/keystone/keystone/common/rbac_enforcer/enforcer.py:449}}
Jun 27 15:34:26.463935 dv-cinder-847801-1-iscsi devstack@keystone.service[91942]: DEBUG keystone.common.rbac_enforcer.enforcer [None req-96082cae-ddb3-47f3-b829-9ea25c65b056 None admin] RBAC: Authorization granted {{(pid=91942) enforce_call /opt/stack/keystone/keystone/common/rbac_enforcer/enforcer.py:457}}
Jun 27 15:34:26.476582 dv-cinder-847801-1-iscsi devstack@keystone.service[91942]: [pid: 91942|app: 0|req: 193/368] 10.222.0.20 () {56 vars in 1101 bytes} [Mon Jun 27 15:34:26 2022] GET /identity/v3/roles?name=reader => generated 341 bytes in 223 msecs (HTTP/1.1 200) 5 headers in 177 bytes (1 switches on core 0)
Jun 27 15:34:26.477521 dv-cinder-847801-1-iscsi devstack@keystone.service[91942]: DEBUG keystone.server.flask.request_processing.middleware.auth_context [None req-96082cae-ddb3-47f3-b829-9ea25c65b056 None admin] Authenticating user token {{(pid=91942) process_request /usr/local/lib/python3.8/dist-packages/keystonemiddleware/auth_token/__init__.py:407}}
Jun 27 15:34:26.492941 dv-cinder-847801-1-iscsi devstack@keystone.service[91941]: DEBUG keystone.server.flask.request_processing.middleware.auth_context [None req-4988eadd-fc33-49f0-8c21-4dc0c6b176f3 None admin] Validating token access rules against request {{(pid=91941) validate_allowed_request /usr/local/lib/python3.8/dist-packages/keystonemiddleware/auth_token/__init__.py:545}}
Jun 27 15:34:26.541511 dv-cinder-847801-1-iscsi devstack@keystone.service[91941]: DEBUG keystone.server.flask.request_processing.middleware.auth_context [None req-e19c14fa-cf62-44f3-9a8c-7b12e07a62f1 None admin] RBAC: auth_context: {'token': , 'domain_id': None, 'trust_id': None, 'trustor_id': None, 'trustee_id': None, 'domain_name': None, 'group_ids': [], 'user_id': '4b433ad0233c4e5dbe8fad9896962e25', 'user_domain_id': 'default', 'system_scope': 'all', 'project_id': None, 'project_domain_id': None, 'roles': ['admin', 'member', 'reader'], 'is_admin_project': True, 'service_user_id': None, 'service_user_domain_id': None, 'service_project_id': None, 'service_project_domain_id': None, 'service_roles': []} {{(pid=91941) fill_context /opt/stack/keystone/keystone/server/flask/request_processing/middleware/auth_context.py:478}}
Jun 27 15:34:26.542143 dv-cinder-847801-1-iscsi devstack@keystone.service[91941]: DEBUG keystone.server.flask.request_processing.req_logging [None req-e19c14fa-cf62-44f3-9a8c-7b12e07a62f1 None admin] REQUEST_METHOD: `GET` {{(pid=91941) log_request_info /opt/stack/keystone/keystone/server/flask/request_processing/req_logging.py:27}}
Jun 27 15:34:26.542433 dv-cinder-847801-1-iscsi devstack@keystone.service[91941]: DEBUG keystone.server.flask.request_processing.req_logging [None req-e19c14fa-cf62-44f3-9a8c-7b12e07a62f1 None admin] SCRIPT_NAME: `/identity` {{(pid=91941) log_request_info /opt/stack/keystone/keystone/server/flask/request_processing/req_logging.py:28}}
Jun 27 15:34:26.542715 dv-cinder-847801-1-iscsi devstack@keystone.service[91941]: DEBUG keystone.server.flask.request_processing.req_logging [None req-e19c14fa-cf62-44f3-9a8c-7b12e07a62f1 None admin] PATH_INFO: `/v3/auth/tokens` {{(pid=91941) log_request_info /opt/stack/keystone/keystone/server/flask/request_processing/req_logging.py:29}}
Jun 27 15:34:26.611301 dv-cinder-847801-1-iscsi devstack@keystone.service[91942]: DEBUG dbcounter [-] [91942] Writing DB stats keystone:SELECT=100 {{(pid=91942) stat_writer /usr/local/lib/python3.8/dist-packages/dbcounter.py:114}}
Jun 27 15:34:26.623526 dv-cinder-847801-1-iscsi devstack@keystone.service[91942]: DEBUG keystone.server.flask.request_processing.middleware.auth_context [None req-96082cae-ddb3-47f3-b829-9ea25c65b056 None admin] Validating token access rules against request {{(pid=91942) validate_allowed_request /usr/local/lib/python3.8/dist-packages/keystonemiddleware/auth_token/__init__.py:545}}
Jun 27 15:34:26.630145 dv-cinder-847801-1-iscsi devstack@keystone.service[91941]: DEBUG keystone.common.rbac_enforcer.enforcer [None req-e19c14fa-cf62-44f3-9a8c-7b12e07a62f1 None admin] RBAC: Authorizing `identity:validate_token()` {{(pid=91941) enforce_call /opt/stack/keystone/keystone/common/rbac_enforcer/enforcer.py:449}}
Jun 27 15:34:26.631627 dv-cinder-847801-1-iscsi devstack@keystone.service[91941]: DEBUG keystone.common.rbac_enforcer.enforcer [None req-e19c14fa-cf62-44f3-9a8c-7b12e07a62f1 None admin] RBAC: Authorization granted {{(pid=91941) enforce_call /opt/stack/keystone/keystone/common/rbac_enforcer/enforcer.py:457}}
Jun 27 15:34:26.669474 dv-cinder-847801-1-iscsi devstack@keystone.service[91942]: DEBUG keystone.server.flask.request_processing.middleware.auth_context [None req-268de8a3-4509-4da1-a2df-68ce5428037a None admin] RBAC: auth_context: {'token': , 'domain_id': None, 'trust_id': None, 'trustor_id': None, 'trustee_id': None, 'domain_name': None, 'group_ids': [], 'user_id': '4b433ad0233c4e5dbe8fad9896962e25', 'user_domain_id': 'default', 'system_scope': 'all', 'project_id': None, 'project_domain_id': None, 'roles': ['admin', 'member', 'reader'], 'is_admin_project': True, 'service_user_id': None, 'service_user_domain_id': None, 'service_project_id': None, 'service_project_domain_id': None, 'service_roles': []} {{(pid=91942) fill_context /opt/stack/keystone/keystone/server/flask/request_processing/middleware/auth_context.py:478}}
Jun 27 15:34:26.671259 dv-cinder-847801-1-iscsi devstack@keystone.service[91942]: DEBUG keystone.server.flask.request_processing.req_logging [None req-268de8a3-4509-4da1-a2df-68ce5428037a None admin] REQUEST_METHOD: `GET` {{(pid=91942) log_request_info /opt/stack/keystone/keystone/server/flask/request_processing/req_logging.py:27}}
Jun 27 15:34:26.671701 dv-cinder-847801-1-iscsi devstack@keystone.service[91942]: DEBUG keystone.server.flask.request_processing.req_logging [None req-268de8a3-4509-4da1-a2df-68ce5428037a None admin] SCRIPT_NAME: `/identity` {{(pid=91942) log_request_info /opt/stack/keystone/keystone/server/flask/request_processing/req_logging.py:28}}
Jun 27 15:34:26.672127 dv-cinder-847801-1-iscsi devstack@keystone.service[91942]: DEBUG keystone.server.flask.request_processing.req_logging [None req-268de8a3-4509-4da1-a2df-68ce5428037a None admin] PATH_INFO: `/v3/role_assignments` {{(pid=91942) log_request_info /opt/stack/keystone/keystone/server/flask/request_processing/req_logging.py:29}}
Jun 27 15:34:26.673121 dv-cinder-847801-1-iscsi devstack@keystone.service[91942]: DEBUG keystone.common.rbac_enforcer.enforcer [None req-268de8a3-4509-4da1-a2df-68ce5428037a None admin] RBAC: Adding query filter params (group.id=91b7d5b4243043bd9dcb0b7289081f89, role.id=5dc71eded4f64c08b2fb5f545b63b2f6, scope.project.id=9974edfe18e14b8a9711b3f5c02808a9) {{(pid=91942) _extract_filter_values /opt/stack/keystone/keystone/common/rbac_enforcer/enforcer.py:167}}
Jun 27 15:34:26.673589 dv-cinder-847801-1-iscsi devstack@keystone.service[91942]: DEBUG keystone.common.rbac_enforcer.enforcer [None req-268de8a3-4509-4da1-a2df-68ce5428037a None admin] RBAC: Authorizing `identity:list_role_assignments()` {{(pid=91942) enforce_call /opt/stack/keystone/keystone/common/rbac_enforcer/enforcer.py:449}}
Jun 27 15:34:26.675739 dv-cinder-847801-1-iscsi devstack@keystone.service[91942]: DEBUG keystone.common.rbac_enforcer.enforcer [None req-268de8a3-4509-4da1-a2df-68ce5428037a None admin] RBAC: Authorization granted {{(pid=91942) enforce_call /opt/stack/keystone/keystone/common/rbac_enforcer/enforcer.py:457}}
Jun 27 15:34:26.685093 dv-cinder-847801-1-iscsi devstack@keystone.service[91942]: [pid: 91942|app: 0|req: 194/369] 10.222.0.20 () {56 vars in 1376 bytes} [Mon Jun 27 15:34:26 2022] GET /identity/v3/role_assignments?group.id=91b7d5b4243043bd9dcb0b7289081f89&scope.project.id=9974edfe18e14b8a9711b3f5c02808a9&role.id=5dc71eded4f64c08b2fb5f545b63b2f6 => generated 260 bytes in 208 msecs (HTTP/1.1 200) 5 headers in 177 bytes (1 switches on core 0)
Jun 27 15:34:26.686381 dv-cinder-847801-1-iscsi devstack@keystone.service[91942]: DEBUG keystone.server.flask.request_processing.middleware.auth_context [None req-268de8a3-4509-4da1-a2df-68ce5428037a None admin] Authenticating user token {{(pid=91942) process_request /usr/local/lib/python3.8/dist-packages/keystonemiddleware/auth_token/__init__.py:407}}
Jun 27 15:34:26.707944 dv-cinder-847801-1-iscsi devstack@keystone.service[91941]: DEBUG dbcounter [-] [91941] Writing DB stats keystone:SELECT=100 {{(pid=91941) stat_writer /usr/local/lib/python3.8/dist-packages/dbcounter.py:114}}
Jun 27 15:34:26.755758 dv-cinder-847801-1-iscsi devstack@keystone.service[91941]: [pid: 91941|app: 0|req: 176/370] 10.222.0.20 () {58 vars in 1282 bytes} [Mon Jun 27 15:34:26 2022] GET /identity/v3/auth/tokens => generated 799 bytes in 413 msecs (HTTP/1.1 200) 6 headers in 358 bytes (1 switches on core 0)
Jun 27 15:34:26.755758 dv-cinder-847801-1-iscsi devstack@keystone.service[91941]: DEBUG keystone.server.flask.request_processing.middleware.auth_context [None req-e19c14fa-cf62-44f3-9a8c-7b12e07a62f1 None admin] Authenticating user token {{(pid=91941) process_request /usr/local/lib/python3.8/dist-packages/keystonemiddleware/auth_token/__init__.py:407}}
Jun 27 15:34:26.846417 dv-cinder-847801-1-iscsi devstack@keystone.service[91942]: DEBUG keystone.server.flask.request_processing.middleware.auth_context [None req-268de8a3-4509-4da1-a2df-68ce5428037a None admin] Validating token access rules against request {{(pid=91942) validate_allowed_request /usr/local/lib/python3.8/dist-packages/keystonemiddleware/auth_token/__init__.py:545}}
Jun 27 15:34:26.887648 dv-cinder-847801-1-iscsi devstack@keystone.service[91942]: DEBUG keystone.server.flask.request_processing.middleware.auth_context [None req-ca14e7ad-3d6f-48c8-a1ff-715959e7ffa9 None admin] RBAC: auth_context: {'token': , 'domain_id': None, 'trust_id': None, 'trustor_id': None, 'trustee_id': None, 'domain_name': None, 'group_ids': [], 'user_id': '4b433ad0233c4e5dbe8fad9896962e25', 'user_domain_id': 'default', 'system_scope': 'all', 'project_id': None, 'project_domain_id': None, 'roles': ['admin', 'member', 'reader'], 'is_admin_project': True, 'service_user_id': None, 'service_user_domain_id': None, 'service_project_id': None, 'service_project_domain_id': None, 'service_roles': []} {{(pid=91942) fill_context /opt/stack/keystone/keystone/server/flask/request_processing/middleware/auth_context.py:478}}
Jun 27 15:34:26.888344 dv-cinder-847801-1-iscsi devstack@keystone.service[91942]: DEBUG keystone.server.flask.request_processing.req_logging [None req-ca14e7ad-3d6f-48c8-a1ff-715959e7ffa9 None admin] REQUEST_METHOD: `GET` {{(pid=91942) log_request_info /opt/stack/keystone/keystone/server/flask/request_processing/req_logging.py:27}}
Jun 27 15:34:26.888631 dv-cinder-847801-1-iscsi devstack@keystone.service[91942]: DEBUG keystone.server.flask.request_processing.req_logging [None req-ca14e7ad-3d6f-48c8-a1ff-715959e7ffa9 None admin] SCRIPT_NAME: `/identity` {{(pid=91942) log_request_info /opt/stack/keystone/keystone/server/flask/request_processing/req_logging.py:28}}
Jun 27 15:34:26.888909 dv-cinder-847801-1-iscsi devstack@keystone.service[91942]: DEBUG keystone.server.flask.request_processing.req_logging [None req-ca14e7ad-3d6f-48c8-a1ff-715959e7ffa9 None admin] PATH_INFO: `/v3/roles` {{(pid=91942) log_request_info /opt/stack/keystone/keystone/server/flask/request_processing/req_logging.py:29}}
Jun 27 15:34:26.889863 dv-cinder-847801-1-iscsi devstack@keystone.service[91942]: DEBUG keystone.common.rbac_enforcer.enforcer [None req-ca14e7ad-3d6f-48c8-a1ff-715959e7ffa9 None admin] RBAC: Adding query filter params (name=admin) {{(pid=91942) _extract_filter_values /opt/stack/keystone/keystone/common/rbac_enforcer/enforcer.py:167}}
Jun 27 15:34:26.890187 dv-cinder-847801-1-iscsi devstack@keystone.service[91942]: DEBUG keystone.common.rbac_enforcer.enforcer [None req-ca14e7ad-3d6f-48c8-a1ff-715959e7ffa9 None admin] RBAC: Authorizing `identity:list_roles()` {{(pid=91942) enforce_call /opt/stack/keystone/keystone/common/rbac_enforcer/enforcer.py:449}}
Jun 27 15:34:26.891600 dv-cinder-847801-1-iscsi devstack@keystone.service[91942]: DEBUG keystone.common.rbac_enforcer.enforcer [None req-ca14e7ad-3d6f-48c8-a1ff-715959e7ffa9 None admin] RBAC: Authorization granted {{(pid=91942) enforce_call /opt/stack/keystone/keystone/common/rbac_enforcer/enforcer.py:457}}
Jun 27 15:34:26.909021 dv-cinder-847801-1-iscsi devstack@keystone.service[91942]: [pid: 91942|app: 0|req: 195/371] 10.222.0.20 () {56 vars in 1099 bytes} [Mon Jun 27 15:34:26 2022] GET /identity/v3/roles?name=admin => generated 339 bytes in 223 msecs (HTTP/1.1 200) 5 headers in 177 bytes (1 switches on core 0)
Jun 27 15:34:26.910734 dv-cinder-847801-1-iscsi devstack@keystone.service[91942]: DEBUG keystone.server.flask.request_processing.middleware.auth_context [None req-ca14e7ad-3d6f-48c8-a1ff-715959e7ffa9 None admin] Authenticating user token {{(pid=91942) process_request /usr/local/lib/python3.8/dist-packages/keystonemiddleware/auth_token/__init__.py:407}}
Jun 27 15:34:26.913248 dv-cinder-847801-1-iscsi devstack@keystone.service[91941]: DEBUG keystone.server.flask.request_processing.middleware.auth_context [None req-e19c14fa-cf62-44f3-9a8c-7b12e07a62f1 None admin] Validating token access rules against request {{(pid=91941) validate_allowed_request /usr/local/lib/python3.8/dist-packages/keystonemiddleware/auth_token/__init__.py:545}}
Jun 27 15:34:26.962437 dv-cinder-847801-1-iscsi devstack@keystone.service[91942]: DEBUG dbcounter [-] [91942] Writing DB stats keystone:SELECT=100 {{(pid=91942) stat_writer /usr/local/lib/python3.8/dist-packages/dbcounter.py:114}}
Jun 27 15:34:26.987546 dv-cinder-847801-1-iscsi devstack@keystone.service[91941]: DEBUG keystone.server.flask.request_processing.middleware.auth_context [None req-7ea9a49c-3952-45bb-ad98-5d7145fe279f None admin] RBAC: auth_context: {'token': , 'domain_id': None, 'trust_id': None, 'trustor_id': None, 'trustee_id': None, 'domain_name': None, 'group_ids': [], 'user_id': '4b433ad0233c4e5dbe8fad9896962e25', 'user_domain_id': 'default', 'system_scope': 'all', 'project_id': None, 'project_domain_id': None, 'roles': ['admin', 'member', 'reader'], 'is_admin_project': True, 'service_user_id': None, 'service_user_domain_id': None, 'service_project_id': None, 'service_project_domain_id': None, 'service_roles': []} {{(pid=91941) fill_context /opt/stack/keystone/keystone/server/flask/request_processing/middleware/auth_context.py:478}}
Jun 27 15:34:26.988450 dv-cinder-847801-1-iscsi devstack@keystone.service[91941]: DEBUG keystone.server.flask.request_processing.req_logging [None req-7ea9a49c-3952-45bb-ad98-5d7145fe279f None admin] REQUEST_METHOD: `GET` {{(pid=91941) log_request_info /opt/stack/keystone/keystone/server/flask/request_processing/req_logging.py:27}}
Jun 27 15:34:26.988730 dv-cinder-847801-1-iscsi devstack@keystone.service[91941]: DEBUG keystone.server.flask.request_processing.req_logging [None req-7ea9a49c-3952-45bb-ad98-5d7145fe279f None admin] SCRIPT_NAME: `/identity` {{(pid=91941) log_request_info /opt/stack/keystone/keystone/server/flask/request_processing/req_logging.py:28}}
Jun 27 15:34:26.989007 dv-cinder-847801-1-iscsi devstack@keystone.service[91941]: DEBUG keystone.server.flask.request_processing.req_logging [None req-7ea9a49c-3952-45bb-ad98-5d7145fe279f None admin] PATH_INFO: `/v3/users/6a9d1766cf804e8e984c43d0f7ac9e54` {{(pid=91941) log_request_info /opt/stack/keystone/keystone/server/flask/request_processing/req_logging.py:29}}
Jun 27 15:34:26.994925 dv-cinder-847801-1-iscsi devstack@keystone.service[91941]: DEBUG keystone.common.rbac_enforcer.enforcer [None req-7ea9a49c-3952-45bb-ad98-5d7145fe279f None admin] RBAC: Authorizing `identity:get_user(user_id=6a9d1766cf804e8e984c43d0f7ac9e54)` {{(pid=91941) enforce_call /opt/stack/keystone/keystone/common/rbac_enforcer/enforcer.py:449}}
Jun 27 15:34:26.996434 dv-cinder-847801-1-iscsi devstack@keystone.service[91941]: DEBUG keystone.common.rbac_enforcer.enforcer [None req-7ea9a49c-3952-45bb-ad98-5d7145fe279f None admin] RBAC: Authorization granted {{(pid=91941) enforce_call /opt/stack/keystone/keystone/common/rbac_enforcer/enforcer.py:457}}
Jun 27 15:34:26.998191 dv-cinder-847801-1-iscsi devstack@keystone.service[91941]: [pid: 91941|app: 0|req: 177/372] 10.222.0.20 () {56 vars in 1177 bytes} [Mon Jun 27 15:34:26 2022] GET /identity/v3/users/6a9d1766cf804e8e984c43d0f7ac9e54 => generated 293 bytes in 247 msecs (HTTP/1.1 200) 5 headers in 177 bytes (1 switches on core 0)
Jun 27 15:34:26.999038 dv-cinder-847801-1-iscsi devstack@keystone.service[91941]: DEBUG keystone.server.flask.request_processing.middleware.auth_context [None req-7ea9a49c-3952-45bb-ad98-5d7145fe279f None admin] Authenticating user token {{(pid=91941) process_request /usr/local/lib/python3.8/dist-packages/keystonemiddleware/auth_token/__init__.py:407}}
Jun 27 15:34:27.065683 dv-cinder-847801-1-iscsi devstack@keystone.service[91942]: DEBUG keystone.server.flask.request_processing.middleware.auth_context [None req-ca14e7ad-3d6f-48c8-a1ff-715959e7ffa9 None admin] Validating token access rules against request {{(pid=91942) validate_allowed_request /usr/local/lib/python3.8/dist-packages/keystonemiddleware/auth_token/__init__.py:545}}
Jun 27 15:34:27.066854 dv-cinder-847801-1-iscsi devstack@keystone.service[91941]: DEBUG dbcounter [-] [91941] Writing DB stats keystone:SELECT=100 {{(pid=91941) stat_writer /usr/local/lib/python3.8/dist-packages/dbcounter.py:114}}
Jun 27 15:34:27.101732 dv-cinder-847801-1-iscsi devstack@keystone.service[91942]: DEBUG keystone.server.flask.request_processing.middleware.auth_context [None req-079b0473-392b-4fa8-8080-9d9ec9c00dd1 None admin] RBAC: auth_context: {'token': , 'domain_id': None, 'trust_id': None, 'trustor_id': None, 'trustee_id': None, 'domain_name': None, 'group_ids': [], 'user_id': '4b433ad0233c4e5dbe8fad9896962e25', 'user_domain_id': 'default', 'system_scope': 'all', 'project_id': None, 'project_domain_id': None, 'roles': ['admin', 'member', 'reader'], 'is_admin_project': True, 'service_user_id': None, 'service_user_domain_id': None, 'service_project_id': None, 'service_project_domain_id': None, 'service_roles': []} {{(pid=91942) fill_context /opt/stack/keystone/keystone/server/flask/request_processing/middleware/auth_context.py:478}}
Jun 27 15:34:27.103120 dv-cinder-847801-1-iscsi devstack@keystone.service[91942]: DEBUG keystone.server.flask.request_processing.req_logging [None req-079b0473-392b-4fa8-8080-9d9ec9c00dd1 None admin] REQUEST_METHOD: `GET` {{(pid=91942) log_request_info /opt/stack/keystone/keystone/server/flask/request_processing/req_logging.py:27}}
Jun 27 15:34:27.103509 dv-cinder-847801-1-iscsi devstack@keystone.service[91942]: DEBUG keystone.server.flask.request_processing.req_logging [None req-079b0473-392b-4fa8-8080-9d9ec9c00dd1 None admin] SCRIPT_NAME: `/identity` {{(pid=91942) log_request_info /opt/stack/keystone/keystone/server/flask/request_processing/req_logging.py:28}}
Jun 27 15:34:27.104106 dv-cinder-847801-1-iscsi devstack@keystone.service[91942]: DEBUG keystone.server.flask.request_processing.req_logging [None req-079b0473-392b-4fa8-8080-9d9ec9c00dd1 None admin] PATH_INFO: `/v3/projects/9974edfe18e14b8a9711b3f5c02808a9` {{(pid=91942) log_request_info /opt/stack/keystone/keystone/server/flask/request_processing/req_logging.py:29}}
Jun 27 15:34:27.104974 dv-cinder-847801-1-iscsi devstack@keystone.service[91942]: DEBUG keystone.common.rbac_enforcer.enforcer [None req-079b0473-392b-4fa8-8080-9d9ec9c00dd1 None admin] RBAC: Authorizing `identity:get_project(project_id=9974edfe18e14b8a9711b3f5c02808a9)` {{(pid=91942) enforce_call /opt/stack/keystone/keystone/common/rbac_enforcer/enforcer.py:449}}
Jun 27 15:34:27.106484 dv-cinder-847801-1-iscsi devstack@keystone.service[91942]: DEBUG keystone.common.rbac_enforcer.enforcer [None req-079b0473-392b-4fa8-8080-9d9ec9c00dd1 None admin] RBAC: Authorization granted {{(pid=91942) enforce_call /opt/stack/keystone/keystone/common/rbac_enforcer/enforcer.py:457}}
Jun 27 15:34:27.108282 dv-cinder-847801-1-iscsi devstack@keystone.service[91942]: [pid: 91942|app: 0|req: 196/373] 10.222.0.20 () {56 vars in 1186 bytes} [Mon Jun 27 15:34:26 2022] GET /identity/v3/projects/9974edfe18e14b8a9711b3f5c02808a9 => generated 302 bytes in 199 msecs (HTTP/1.1 200) 5 headers in 177 bytes (1 switches on core 0)
Jun 27 15:34:27.113726 dv-cinder-847801-1-iscsi devstack@keystone.service[91942]: DEBUG keystone.server.flask.request_processing.middleware.auth_context [None req-079b0473-392b-4fa8-8080-9d9ec9c00dd1 None admin] Authenticating user token {{(pid=91942) process_request /usr/local/lib/python3.8/dist-packages/keystonemiddleware/auth_token/__init__.py:407}}
Jun 27 15:34:27.160642 dv-cinder-847801-1-iscsi devstack@keystone.service[91941]: DEBUG keystone.server.flask.request_processing.middleware.auth_context [None req-7ea9a49c-3952-45bb-ad98-5d7145fe279f None admin] Validating token access rules against request {{(pid=91941) validate_allowed_request /usr/local/lib/python3.8/dist-packages/keystonemiddleware/auth_token/__init__.py:545}}
Jun 27 15:34:27.211732 dv-cinder-847801-1-iscsi devstack@keystone.service[91941]: DEBUG keystone.server.flask.request_processing.middleware.auth_context [None req-6c9b06d0-0f18-4bfd-83ed-3ca9d02681ee None admin] RBAC: auth_context: {'token': , 'domain_id': None, 'trust_id': None, 'trustor_id': None, 'trustee_id': None, 'domain_name': None, 'group_ids': [], 'user_id': '4b433ad0233c4e5dbe8fad9896962e25', 'user_domain_id': 'default', 'system_scope': 'all', 'project_id': None, 'project_domain_id': None, 'roles': ['admin', 'member', 'reader'], 'is_admin_project': True, 'service_user_id': None, 'service_user_domain_id': None, 'service_project_id': None, 'service_project_domain_id': None, 'service_roles': []} {{(pid=91941) fill_context /opt/stack/keystone/keystone/server/flask/request_processing/middleware/auth_context.py:478}}
Jun 27 15:34:27.213921 dv-cinder-847801-1-iscsi devstack@keystone.service[91941]: DEBUG keystone.server.flask.request_processing.req_logging [None req-6c9b06d0-0f18-4bfd-83ed-3ca9d02681ee None admin] REQUEST_METHOD: `GET` {{(pid=91941) log_request_info /opt/stack/keystone/keystone/server/flask/request_processing/req_logging.py:27}}
Jun 27 15:34:27.214448 dv-cinder-847801-1-iscsi devstack@keystone.service[91941]: DEBUG keystone.server.flask.request_processing.req_logging [None req-6c9b06d0-0f18-4bfd-83ed-3ca9d02681ee None admin] SCRIPT_NAME: `/identity` {{(pid=91941) log_request_info /opt/stack/keystone/keystone/server/flask/request_processing/req_logging.py:28}}
Jun 27 15:34:27.215211 dv-cinder-847801-1-iscsi devstack@keystone.service[91941]: DEBUG keystone.server.flask.request_processing.req_logging [None req-6c9b06d0-0f18-4bfd-83ed-3ca9d02681ee None admin] PATH_INFO: `/v3/auth/tokens` {{(pid=91941) log_request_info /opt/stack/keystone/keystone/server/flask/request_processing/req_logging.py:29}}
Jun 27 15:34:27.216462 dv-cinder-847801-1-iscsi devstack@keystone.service[91942]: DEBUG dbcounter [-] [91942] Writing DB stats keystone:SELECT=100 {{(pid=91942) stat_writer /usr/local/lib/python3.8/dist-packages/dbcounter.py:114}}
Jun 27 15:34:27.229404 dv-cinder-847801-1-iscsi devstack@keystone.service[91942]: DEBUG keystone.server.flask.request_processing.middleware.auth_context [None req-079b0473-392b-4fa8-8080-9d9ec9c00dd1 None admin] Validating token access rules against request {{(pid=91942) validate_allowed_request /usr/local/lib/python3.8/dist-packages/keystonemiddleware/auth_token/__init__.py:545}}
Jun 27 15:34:27.267955 dv-cinder-847801-1-iscsi devstack@keystone.service[91942]: DEBUG keystone.server.flask.request_processing.middleware.auth_context [None req-710585d5-ae47-4436-be2a-f6728ef6cca1 None admin] RBAC: auth_context: {'token': , 'domain_id': None, 'trust_id': None, 'trustor_id': None, 'trustee_id': None, 'domain_name': None, 'group_ids': [], 'user_id': '4b433ad0233c4e5dbe8fad9896962e25', 'user_domain_id': 'default', 'system_scope': 'all', 'project_id': None, 'project_domain_id': None, 'roles': ['admin', 'member', 'reader'], 'is_admin_project': True, 'service_user_id': None, 'service_user_domain_id': None, 'service_project_id': None, 'service_project_domain_id': None, 'service_roles': []} {{(pid=91942) fill_context /opt/stack/keystone/keystone/server/flask/request_processing/middleware/auth_context.py:478}}
Jun 27 15:34:27.268625 dv-cinder-847801-1-iscsi devstack@keystone.service[91942]: DEBUG keystone.server.flask.request_processing.req_logging [None req-710585d5-ae47-4436-be2a-f6728ef6cca1 None admin] REQUEST_METHOD: `GET` {{(pid=91942) log_request_info /opt/stack/keystone/keystone/server/flask/request_processing/req_logging.py:27}}
Jun 27 15:34:27.268914 dv-cinder-847801-1-iscsi devstack@keystone.service[91942]: DEBUG keystone.server.flask.request_processing.req_logging [None req-710585d5-ae47-4436-be2a-f6728ef6cca1 None admin] SCRIPT_NAME: `/identity` {{(pid=91942) log_request_info /opt/stack/keystone/keystone/server/flask/request_processing/req_logging.py:28}}
Jun 27 15:34:27.269197 dv-cinder-847801-1-iscsi devstack@keystone.service[91942]: DEBUG keystone.server.flask.request_processing.req_logging [None req-710585d5-ae47-4436-be2a-f6728ef6cca1 None admin] PATH_INFO: `/v3/role_assignments` {{(pid=91942) log_request_info /opt/stack/keystone/keystone/server/flask/request_processing/req_logging.py:29}}
Jun 27 15:34:27.270084 dv-cinder-847801-1-iscsi devstack@keystone.service[91942]: DEBUG keystone.common.rbac_enforcer.enforcer [None req-710585d5-ae47-4436-be2a-f6728ef6cca1 None admin] RBAC: Adding query filter params (role.id=7a691f6f838a4a25a074d1537bb677a6, user.id=6a9d1766cf804e8e984c43d0f7ac9e54, scope.system=all) {{(pid=91942) _extract_filter_values /opt/stack/keystone/keystone/common/rbac_enforcer/enforcer.py:167}}
Jun 27 15:34:27.270402 dv-cinder-847801-1-iscsi devstack@keystone.service[91942]: DEBUG keystone.common.rbac_enforcer.enforcer [None req-710585d5-ae47-4436-be2a-f6728ef6cca1 None admin] RBAC: Authorizing `identity:list_role_assignments()` {{(pid=91942) enforce_call /opt/stack/keystone/keystone/common/rbac_enforcer/enforcer.py:449}}
Jun 27 15:34:27.272072 dv-cinder-847801-1-iscsi devstack@keystone.service[91942]: DEBUG keystone.common.rbac_enforcer.enforcer [None req-710585d5-ae47-4436-be2a-f6728ef6cca1 None admin] RBAC: Authorization granted {{(pid=91942) enforce_call /opt/stack/keystone/keystone/common/rbac_enforcer/enforcer.py:457}}
Jun 27 15:34:27.296888 dv-cinder-847801-1-iscsi devstack@keystone.service[91942]: [pid: 91942|app: 0|req: 197/374] 10.222.0.20 () {56 vars in 1308 bytes} [Mon Jun 27 15:34:27 2022] GET /identity/v3/role_assignments?user.id=6a9d1766cf804e8e984c43d0f7ac9e54&scope.system=all&role.id=7a691f6f838a4a25a074d1537bb677a6 => generated 510 bytes in 188 msecs (HTTP/1.1 200) 5 headers in 177 bytes (1 switches on core 0)
Jun 27 15:34:27.298284 dv-cinder-847801-1-iscsi devstack@keystone.service[91942]: DEBUG keystone.server.flask.request_processing.middleware.auth_context [None req-710585d5-ae47-4436-be2a-f6728ef6cca1 None admin] Authenticating user token {{(pid=91942) process_request /usr/local/lib/python3.8/dist-packages/keystonemiddleware/auth_token/__init__.py:407}}
Jun 27 15:34:27.322453 dv-cinder-847801-1-iscsi devstack@keystone.service[91941]: DEBUG keystone.common.rbac_enforcer.enforcer [None req-6c9b06d0-0f18-4bfd-83ed-3ca9d02681ee None admin] RBAC: Authorizing `identity:validate_token()` {{(pid=91941) enforce_call /opt/stack/keystone/keystone/common/rbac_enforcer/enforcer.py:449}}
Jun 27 15:34:27.324004 dv-cinder-847801-1-iscsi devstack@keystone.service[91941]: DEBUG keystone.common.rbac_enforcer.enforcer [None req-6c9b06d0-0f18-4bfd-83ed-3ca9d02681ee None admin] RBAC: Authorization granted {{(pid=91941) enforce_call /opt/stack/keystone/keystone/common/rbac_enforcer/enforcer.py:457}}
Jun 27 15:34:27.368079 dv-cinder-847801-1-iscsi devstack@keystone.service[91941]: DEBUG dbcounter [-] [91941] Writing DB stats keystone:SELECT=100 {{(pid=91941) stat_writer /usr/local/lib/python3.8/dist-packages/dbcounter.py:114}}
Jun 27 15:34:27.551335 dv-cinder-847801-1-iscsi devstack@keystone.service[91942]: DEBUG keystone.server.flask.request_processing.middleware.auth_context [None req-710585d5-ae47-4436-be2a-f6728ef6cca1 None admin] Validating token access rules against request {{(pid=91942) validate_allowed_request /usr/local/lib/python3.8/dist-packages/keystonemiddleware/auth_token/__init__.py:545}}
Jun 27 15:34:27.583914 dv-cinder-847801-1-iscsi devstack@keystone.service[91941]: [pid: 91941|app: 0|req: 178/375] 10.222.0.20 () {58 vars in 1282 bytes} [Mon Jun 27 15:34:26 2022] GET /identity/v3/auth/tokens => generated 799 bytes in 585 msecs (HTTP/1.1 200) 6 headers in 358 bytes (1 switches on core 0)
Jun 27 15:34:27.590358 dv-cinder-847801-1-iscsi devstack@keystone.service[91941]: DEBUG keystone.server.flask.request_processing.middleware.auth_context [None req-6c9b06d0-0f18-4bfd-83ed-3ca9d02681ee None admin] Authenticating user token {{(pid=91941) process_request /usr/local/lib/python3.8/dist-packages/keystonemiddleware/auth_token/__init__.py:407}}
Jun 27 15:34:27.628705 dv-cinder-847801-1-iscsi devstack@keystone.service[91942]: DEBUG keystone.server.flask.request_processing.middleware.auth_context [None req-5c2c2393-0e22-4834-9537-650f4c7aba61 None admin] RBAC: auth_context: {'token': , 'domain_id': None, 'trust_id': None, 'trustor_id': None, 'trustee_id': None, 'domain_name': None, 'group_ids': [], 'user_id': '4b433ad0233c4e5dbe8fad9896962e25', 'user_domain_id': 'default', 'system_scope': 'all', 'project_id': None, 'project_domain_id': None, 'roles': ['admin', 'member', 'reader'], 'is_admin_project': True, 'service_user_id': None, 'service_user_domain_id': None, 'service_project_id': None, 'service_project_domain_id': None, 'service_roles': []} {{(pid=91942) fill_context /opt/stack/keystone/keystone/server/flask/request_processing/middleware/auth_context.py:478}}
Jun 27 15:34:27.629509 dv-cinder-847801-1-iscsi devstack@keystone.service[91942]: DEBUG keystone.server.flask.request_processing.req_logging [None req-5c2c2393-0e22-4834-9537-650f4c7aba61 None admin] REQUEST_METHOD: `GET` {{(pid=91942) log_request_info /opt/stack/keystone/keystone/server/flask/request_processing/req_logging.py:27}}
Jun 27 15:34:27.629815 dv-cinder-847801-1-iscsi devstack@keystone.service[91942]: DEBUG keystone.server.flask.request_processing.req_logging [None req-5c2c2393-0e22-4834-9537-650f4c7aba61 None admin] SCRIPT_NAME: `/identity` {{(pid=91942) log_request_info /opt/stack/keystone/keystone/server/flask/request_processing/req_logging.py:28}}
Jun 27 15:34:27.630089 dv-cinder-847801-1-iscsi devstack@keystone.service[91942]: DEBUG keystone.server.flask.request_processing.req_logging [None req-5c2c2393-0e22-4834-9537-650f4c7aba61 None admin] PATH_INFO: `/v3/groups/91b7d5b4243043bd9dcb0b7289081f89` {{(pid=91942) log_request_info /opt/stack/keystone/keystone/server/flask/request_processing/req_logging.py:29}}
Jun 27 15:34:27.631476 dv-cinder-847801-1-iscsi devstack@keystone.service[91942]: DEBUG keystone.common.rbac_enforcer.enforcer [None req-5c2c2393-0e22-4834-9537-650f4c7aba61 None admin] RBAC: Authorizing `identity:get_group(group_id=91b7d5b4243043bd9dcb0b7289081f89)` {{(pid=91942) enforce_call /opt/stack/keystone/keystone/common/rbac_enforcer/enforcer.py:449}}
Jun 27 15:34:27.632914 dv-cinder-847801-1-iscsi devstack@keystone.service[91942]: DEBUG keystone.common.rbac_enforcer.enforcer [None req-5c2c2393-0e22-4834-9537-650f4c7aba61 None admin] RBAC: Authorization granted {{(pid=91942) enforce_call /opt/stack/keystone/keystone/common/rbac_enforcer/enforcer.py:457}}
Jun 27 15:34:27.635406 dv-cinder-847801-1-iscsi devstack@keystone.service[91942]: [pid: 91942|app: 0|req: 198/376] 10.222.0.20 () {56 vars in 1180 bytes} [Mon Jun 27 15:34:27 2022] GET /identity/v3/groups/91b7d5b4243043bd9dcb0b7289081f89 => generated 226 bytes in 337 msecs (HTTP/1.1 200) 5 headers in 177 bytes (1 switches on core 0)
Jun 27 15:34:27.643814 dv-cinder-847801-1-iscsi devstack@keystone.service[91942]: DEBUG keystone.server.flask.request_processing.middleware.auth_context [None req-5c2c2393-0e22-4834-9537-650f4c7aba61 None admin] Authenticating user token {{(pid=91942) process_request /usr/local/lib/python3.8/dist-packages/keystonemiddleware/auth_token/__init__.py:407}}
Jun 27 15:34:27.683728 dv-cinder-847801-1-iscsi devstack@keystone.service[91942]: DEBUG dbcounter [-] [91942] Writing DB stats keystone:SELECT=100 {{(pid=91942) stat_writer /usr/local/lib/python3.8/dist-packages/dbcounter.py:114}}
Jun 27 15:34:27.814463 dv-cinder-847801-1-iscsi devstack@keystone.service[91941]: DEBUG keystone.server.flask.request_processing.middleware.auth_context [None req-6c9b06d0-0f18-4bfd-83ed-3ca9d02681ee None admin] Validating token access rules against request {{(pid=91941) validate_allowed_request /usr/local/lib/python3.8/dist-packages/keystonemiddleware/auth_token/__init__.py:545}}
Jun 27 15:34:27.865218 dv-cinder-847801-1-iscsi devstack@keystone.service[91942]: DEBUG keystone.server.flask.request_processing.middleware.auth_context [None req-5c2c2393-0e22-4834-9537-650f4c7aba61 None admin] Validating token access rules against request {{(pid=91942) validate_allowed_request /usr/local/lib/python3.8/dist-packages/keystonemiddleware/auth_token/__init__.py:545}}
Jun 27 15:34:27.889009 dv-cinder-847801-1-iscsi devstack@keystone.service[91941]: DEBUG keystone.server.flask.request_processing.middleware.auth_context [None req-b755b07c-d0fb-4068-aa7a-3ba2effaf157 None admin] RBAC: auth_context: {'token': , 'domain_id': None, 'trust_id': None, 'trustor_id': None, 'trustee_id': None, 'domain_name': None, 'group_ids': [], 'user_id': '4b433ad0233c4e5dbe8fad9896962e25', 'user_domain_id': 'default', 'system_scope': 'all', 'project_id': None, 'project_domain_id': None, 'roles': ['admin', 'member', 'reader'], 'is_admin_project': True, 'service_user_id': None, 'service_user_domain_id': None, 'service_project_id': None, 'service_project_domain_id': None, 'service_roles': []} {{(pid=91941) fill_context /opt/stack/keystone/keystone/server/flask/request_processing/middleware/auth_context.py:478}}
Jun 27 15:34:27.890173 dv-cinder-847801-1-iscsi devstack@keystone.service[91941]: DEBUG keystone.server.flask.request_processing.req_logging [None req-b755b07c-d0fb-4068-aa7a-3ba2effaf157 None admin] REQUEST_METHOD: `GET` {{(pid=91941) log_request_info /opt/stack/keystone/keystone/server/flask/request_processing/req_logging.py:27}}
Jun 27 15:34:27.890509 dv-cinder-847801-1-iscsi devstack@keystone.service[91941]: DEBUG keystone.server.flask.request_processing.req_logging [None req-b755b07c-d0fb-4068-aa7a-3ba2effaf157 None admin] SCRIPT_NAME: `/identity` {{(pid=91941) log_request_info /opt/stack/keystone/keystone/server/flask/request_processing/req_logging.py:28}}
Jun 27 15:34:27.890808 dv-cinder-847801-1-iscsi devstack@keystone.service[91941]: DEBUG keystone.server.flask.request_processing.req_logging [None req-b755b07c-d0fb-4068-aa7a-3ba2effaf157 None admin] PATH_INFO: `/v3/projects/53048925682f4806b3831f88058d3439` {{(pid=91941) log_request_info /opt/stack/keystone/keystone/server/flask/request_processing/req_logging.py:29}}
Jun 27 15:34:27.892047 dv-cinder-847801-1-iscsi devstack@keystone.service[91941]: DEBUG keystone.common.rbac_enforcer.enforcer [None req-b755b07c-d0fb-4068-aa7a-3ba2effaf157 None admin] RBAC: Authorizing `identity:get_project(project_id=53048925682f4806b3831f88058d3439)` {{(pid=91941) enforce_call /opt/stack/keystone/keystone/common/rbac_enforcer/enforcer.py:449}}
