Jun 27 15:26:38.511699 dv-cinder-847798-1-iscsi neutron-server[104033]: DEBUG neutron.api.rpc.handlers.l3_rpc [None req-94809717-a54b-43ef-a7ca-d359d5ced96c None None] The sync data for ids ['ec4aaba1-3174-4033-8024-037f1ab5181a'] in dv-cinder-847798-1-iscsi is: [{'id': 'ec4aaba1-3174-4033-8024-037f1ab5181a', 'name': 'tempest-AttachVolumeTestJSON-292349098-router', 'tenant_id': '2e07fc46cd5f4afe875767c926bd63ee', 'admin_state_up': True, 'status': 'ACTIVE', 'external_gateway_info': {'network_id': '514b9ef4-4f08-4cd6-bd5c-68d7bc3a7efb', 'external_fixed_ips': [{'subnet_id': '6226739c-eac4-4784-90b9-a0481f53f3ba', 'ip_address': '172.27.2.62'}], 'enable_snat': True}, 'gw_port_id': 'c7b0a1d2-1101-4d3f-8cee-10911bf22627', 'description': '', 'availability_zones': ['nova'], 'distributed': False, 'ha': False, 'ha_vr_id': 0, 'availability_zone_hints': [], 'routes': [], 'flavor_id': None, 'tags': [], 'created_at': '2022-06-27T15:26:18Z', 'updated_at': '2022-06-27T15:26:35Z', 'revision_number': 4, 'project_id': '2e07fc46cd5f4afe875767c926bd63ee', 'gw_port': {'id': 'c7b0a1d2-1101-4d3f-8cee-10911bf22627', 'name': '', 'network_id': '514b9ef4-4f08-4cd6-bd5c-68d7bc3a7efb', 'tenant_id': '', 'mac_address': 'fa:16:3e:0a:99:30', 'admin_state_up': True, 'status': 'DOWN', 'device_id': 'ec4aaba1-3174-4033-8024-037f1ab5181a', 'device_owner': 'network:router_gateway', 'standard_attr_id': 76, 'fixed_ips': [{'subnet_id': '6226739c-eac4-4784-90b9-a0481f53f3ba', 'ip_address': '172.27.2.62', 'prefixlen': 24}], 'allowed_address_pairs': [], 'extra_dhcp_opts': [], 'security_groups': [], 'description': '', 'binding:vnic_type': 'normal', 'binding:profile': {}, 'binding:host_id': 'dv-cinder-847798-1-iscsi', 'binding:vif_type': 'ovs', 'binding:vif_details': {'connectivity': 'l2', 'port_filter': True, 'ovs_hybrid_plug': False, 'datapath_type': 'system', 'bridge_name': 'br-int', 'bound_drivers': {'0': 'openvswitch'}}, 'port_security_enabled': False, 'tags': [], 'created_at': '2022-06-27T15:26:21Z', 'updated_at': '2022-06-27T15:26:35Z', 'revision_number': 3, 'project_id': '', 'subnets': [{'id': '6226739c-eac4-4784-90b9-a0481f53f3ba', 'cidr': '172.27.2.0/24', 'gateway_ip': '172.27.2.1', 'dns_nameservers': [], 'ipv6_ra_mode': None, 'subnetpool_id': None}], 'extra_subnets': [], 'address_scopes': {4: None, 6: None}, 'mtu': 1500}, 'enable_snat': True, 'gw_port_host': 'dv-cinder-847798-1-iscsi', '_interfaces': [{'id': '457104e6-73db-4efd-808c-941317798c14', 'name': '', 'network_id': '42d6796f-0df3-4f1e-9bd2-00a387c5c9c3', 'tenant_id': '2e07fc46cd5f4afe875767c926bd63ee', 'mac_address': 'fa:16:3e:7f:2c:50', 'admin_state_up': True, 'status': 'DOWN', 'device_id': 'ec4aaba1-3174-4033-8024-037f1ab5181a', 'device_owner': 'network:router_interface', 'standard_attr_id': 94, 'fixed_ips': [{'subnet_id': 'bf7190f5-96d6-4fc7-8135-6ae4628d416d', 'ip_address': '172.20.0.1', 'prefixlen': 28}], 'allowed_address_pairs': [], 'extra_dhcp_opts': [], 'security_groups': [], 'description': '', 'binding:vnic_type': 'normal', 'binding:profile': {}, 'binding:host_id': '', 'binding:vif_type': 'unbound', 'binding:vif_details': {}, 'port_security_enabled': False, 'tags': [], 'created_at': '2022-06-27T15:26:31Z', 'updated_at': '2022-06-27T15:26:32Z', 'revision_number': 1, 'project_id': '2e07fc46cd5f4afe875767c926bd63ee', 'subnets': [{'id': 'bf7190f5-96d6-4fc7-8135-6ae4628d416d', 'cidr': '172.20.0.0/28', 'gateway_ip': '172.20.0.1', 'dns_nameservers': [], 'ipv6_ra_mode': None, 'subnetpool_id': None}], 'extra_subnets': [], 'address_scopes': {4: None, 6: None}, 'mtu': 1500}]}] {{(pid=104033) sync_routers /opt/stack/neutron/neutron/api/rpc/handlers/l3_rpc.py:137}}
Jun 27 15:26:38.547856 dv-cinder-847798-1-iscsi neutron-server[104033]: DEBUG neutron.plugins.ml2.plugin [None req-9b36f1f8-55ec-42b6-a838-6175cd8301b8 None None] Current status of the port 28d74917-94c2-4449-b787-b0763b4a6246 is: ACTIVE; New status is: ACTIVE {{(pid=104033) _update_individual_port_db_status /opt/stack/neutron/neutron/plugins/ml2/plugin.py:2292}}
Jun 27 15:26:38.575912 dv-cinder-847798-1-iscsi neutron-server[104031]: DEBUG neutron.wsgi [-] (104031) accepted ('10.222.0.26', 49056) {{(pid=104031) server /usr/local/lib/python3.8/dist-packages/eventlet/wsgi.py:1004}}
Jun 27 15:26:38.611895 dv-cinder-847798-1-iscsi neutron-server[104033]: DEBUG dbcounter [-] [104033] Writing DB stats neutron:SELECT=98,neutron:UPDATE=2 {{(pid=104033) stat_writer /usr/local/lib/python3.8/dist-packages/dbcounter.py:114}}
Jun 27 15:26:38.622339 dv-cinder-847798-1-iscsi neutron-server[104033]: DEBUG neutron.api.rpc.handlers.resources_rpc [None req-c265e30e-3159-499a-b8f9-382fa01094d6 None None] Pushing event updated for resources: {'Port': ['ID=fe87aac8-52e6-410c-ab62-7a3b71b72370,revision_number=4']} {{(pid=104033) push /opt/stack/neutron/neutron/api/rpc/handlers/resources_rpc.py:237}}
Jun 27 15:26:38.734729 dv-cinder-847798-1-iscsi neutron-server[104033]: DEBUG neutron.db.provisioning_blocks [None req-e1bc10b2-8982-44a4-befa-cd7afe6242b3 None None] Provisioning complete for port e1b91a4f-0760-4eb6-8669-74245160977f triggered by entity DHCP. {{(pid=104033) provisioning_complete /opt/stack/neutron/neutron/db/provisioning_blocks.py:145}}
Jun 27 15:26:38.735460 dv-cinder-847798-1-iscsi neutron-server[104033]: DEBUG neutron_lib.callbacks.manager [None req-e1bc10b2-8982-44a4-befa-cd7afe6242b3 None None] Publish callbacks ['neutron.plugins.ml2.plugin.Ml2Plugin._port_provisioned-692438'] for port (e1b91a4f-0760-4eb6-8669-74245160977f), provisioning_complete {{(pid=104033) _notify_loop /usr/local/lib/python3.8/dist-packages/neutron_lib/callbacks/manager.py:176}}
Jun 27 15:26:39.075996 dv-cinder-847798-1-iscsi neutron-server[104033]: DEBUG neutron.plugins.ml2.rpc [None req-c265e30e-3159-499a-b8f9-382fa01094d6 None None] Device de82ebff-0148-470f-9958-53ef1f51b38b up at agent ovs-agent-dv-cinder-847798-1-iscsi {{(pid=104033) update_device_up /opt/stack/neutron/neutron/plugins/ml2/rpc.py:296}}
Jun 27 15:26:39.101642 dv-cinder-847798-1-iscsi neutron-server[104031]: DEBUG neutron_lib.callbacks.manager [None req-693f7cc4-fab6-4742-94ec-aacef6f9bc95 admin admin] Publish callbacks [] for security_group (None), before_create {{(pid=104031) _notify_loop /usr/local/lib/python3.8/dist-packages/neutron_lib/callbacks/manager.py:176}}
Jun 27 15:26:39.442029 dv-cinder-847798-1-iscsi neutron-server[104033]: DEBUG neutron_lib.callbacks.manager [None req-9d66cdc0-7961-41af-b94e-65e10703e3eb None None] Publish callbacks ['neutron.services.segments.db._update_segment_host_mapping_for_agent-8767603345785', 'neutron.plugins.ml2.plugin.Ml2Plugin._retry_binding_revived_agents-692852'] for agent (98079605-5130-4ae4-a555-f860a4678271), after_update {{(pid=104033) _notify_loop /usr/local/lib/python3.8/dist-packages/neutron_lib/callbacks/manager.py:176}}
Jun 27 15:26:39.467660 dv-cinder-847798-1-iscsi neutron-server[104033]: DEBUG neutron.plugins.ml2.plugin [None req-e1bc10b2-8982-44a4-befa-cd7afe6242b3 None None] Port e1b91a4f-0760-4eb6-8669-74245160977f cannot update to ACTIVE because it is not bound. {{(pid=104033) _port_provisioned /opt/stack/neutron/neutron/plugins/ml2/plugin.py:348}}
Jun 27 15:26:39.557957 dv-cinder-847798-1-iscsi neutron-server[104031]: DEBUG neutron_lib.callbacks.manager [None req-693f7cc4-fab6-4742-94ec-aacef6f9bc95 admin admin] Publish callbacks [] for security_group (aa015808-80b5-447b-a977-f9c7f9cda7f1), precommit_create {{(pid=104031) _notify_loop /usr/local/lib/python3.8/dist-packages/neutron_lib/callbacks/manager.py:176}}
Jun 27 15:26:39.565188 dv-cinder-847798-1-iscsi neutron-server[104033]: DEBUG neutron.db.provisioning_blocks [None req-e1bc10b2-8982-44a4-befa-cd7afe6242b3 None None] Provisioning complete for port 457104e6-73db-4efd-808c-941317798c14 triggered by entity DHCP. {{(pid=104033) provisioning_complete /opt/stack/neutron/neutron/db/provisioning_blocks.py:145}}
Jun 27 15:26:39.566263 dv-cinder-847798-1-iscsi neutron-server[104031]: DEBUG neutron_lib.callbacks.manager [None req-693f7cc4-fab6-4742-94ec-aacef6f9bc95 admin admin] Publish callbacks ['neutron.plugins.ml2.ovo_rpc._ObjectChangeHandler.handle_event-267984'] for security_group (aa015808-80b5-447b-a977-f9c7f9cda7f1), after_create {{(pid=104031) _notify_loop /usr/local/lib/python3.8/dist-packages/neutron_lib/callbacks/manager.py:176}}
Jun 27 15:26:39.566401 dv-cinder-847798-1-iscsi neutron-server[104033]: DEBUG neutron_lib.callbacks.manager [None req-e1bc10b2-8982-44a4-befa-cd7afe6242b3 None None] Publish callbacks ['neutron.plugins.ml2.plugin.Ml2Plugin._port_provisioned-692438'] for port (457104e6-73db-4efd-808c-941317798c14), provisioning_complete {{(pid=104033) _notify_loop /usr/local/lib/python3.8/dist-packages/neutron_lib/callbacks/manager.py:176}}
Jun 27 15:26:39.579108 dv-cinder-847798-1-iscsi neutron-server[104033]: DEBUG neutron.db.provisioning_blocks [None req-c265e30e-3159-499a-b8f9-382fa01094d6 None None] Provisioning complete for port de82ebff-0148-470f-9958-53ef1f51b38b triggered by entity L2. {{(pid=104033) provisioning_complete /opt/stack/neutron/neutron/db/provisioning_blocks.py:145}}
Jun 27 15:26:39.580174 dv-cinder-847798-1-iscsi neutron-server[104033]: DEBUG neutron_lib.callbacks.manager [None req-c265e30e-3159-499a-b8f9-382fa01094d6 None None] Publish callbacks ['neutron.plugins.ml2.plugin.Ml2Plugin._port_provisioned-692438'] for port (de82ebff-0148-470f-9958-53ef1f51b38b), provisioning_complete {{(pid=104033) _notify_loop /usr/local/lib/python3.8/dist-packages/neutron_lib/callbacks/manager.py:176}}
Jun 27 15:26:39.707698 dv-cinder-847798-1-iscsi neutron-server[104031]: DEBUG neutron.api.rpc.handlers.resources_rpc [None req-693f7cc4-fab6-4742-94ec-aacef6f9bc95 admin admin] Pushing event updated for resources: {'SecurityGroup': ['ID=aa015808-80b5-447b-a977-f9c7f9cda7f1,revision_number=1']} {{(pid=104031) push /opt/stack/neutron/neutron/api/rpc/handlers/resources_rpc.py:237}}
Jun 27 15:26:39.855723 dv-cinder-847798-1-iscsi neutron-server[104032]: DEBUG neutron_lib.callbacks.manager [None req-baaaba87-bb55-4d10-a243-0cf14833d85f admin admin] Publish callbacks [] for port (e1b91a4f-0760-4eb6-8669-74245160977f), precommit_update {{(pid=104032) _notify_loop /usr/local/lib/python3.8/dist-packages/neutron_lib/callbacks/manager.py:176}}
Jun 27 15:26:39.899653 dv-cinder-847798-1-iscsi neutron-server[104032]: DEBUG neutron_lib.callbacks.manager [None req-baaaba87-bb55-4d10-a243-0cf14833d85f admin admin] Publish callbacks ['neutron.plugins.ml2.plugin.SecurityGroupServerNotifierRpcMixin._notify_sg_on_port_change-715159', 'neutron.plugins.ml2.ovo_rpc._ObjectChangeHandler.handle_event-4193641', 'neutron.api.rpc.agentnotifiers.dhcp_rpc_agent_api.DhcpAgentNotifyAPI._native_event_send_dhcp_notification-3693041', 'neutron.db.l3_db.L3RpcNotifierMixin._notify_gateway_port_ip_changed-8767603357022', 'neutron.db.l3_dvrscheduler_db._notify_l3_agent_port_update-8767602808742', 'neutron.db.l3_hascheduler_db._notify_l3_agent_ha_port_update-8767602808760'] for port (e1b91a4f-0760-4eb6-8669-74245160977f), after_update {{(pid=104032) _notify_loop /usr/local/lib/python3.8/dist-packages/neutron_lib/callbacks/manager.py:176}}
Jun 27 15:26:39.901324 dv-cinder-847798-1-iscsi neutron-server[104032]: DEBUG neutron_lib.callbacks.manager [None req-baaaba87-bb55-4d10-a243-0cf14833d85f admin admin] Publish callbacks ['neutron.api.rpc.agentnotifiers.dhcp_rpc_agent_api.DhcpAgentNotifyAPI._after_router_interface_created-3692803', 'neutron.services.l3_router.l3_router_plugin.DVRResourceOperationHandler._update_snat_v6_addrs_after_intf_update-3703187'] for router_interface (d88e545f-3b13-43b5-88d4-b4caf72885d0), after_create {{(pid=104032) _notify_loop /usr/local/lib/python3.8/dist-packages/neutron_lib/callbacks/manager.py:176}}
Jun 27 15:26:39.984506 dv-cinder-847798-1-iscsi neutron-server[104031]: INFO neutron.wsgi [req-2e9ae043-7e34-40b1-82e8-97461303b765 req-ec7fa43f-d376-4c1b-af45-2c9122fbb52f tempest-DeleteServersTestJSON-1968028981 tempest-DeleteServersTestJSON-1968028981-project] 10.222.0.26 "GET /v2.0/ports?device_id=05ad818a-43eb-47d0-a466-eeeec96fd758 HTTP/1.1" status: 200 len: 210 time: 0.4075079
Jun 27 15:26:40.001270 dv-cinder-847798-1-iscsi neutron-server[104031]: INFO neutron.wsgi [None req-693f7cc4-fab6-4742-94ec-aacef6f9bc95 admin admin] 10.222.0.26 "GET /v2.0/security-groups?tenant_id=b9062a69feb844c58ccb2257100048de&name=default HTTP/1.1" status: 200 len: 2996 time: 1.4243541
Jun 27 15:26:40.006619 dv-cinder-847798-1-iscsi neutron-server[104031]: DEBUG neutron.wsgi [-] (104031) accepted ('10.222.0.26', 49114) {{(pid=104031) server /usr/local/lib/python3.8/dist-packages/eventlet/wsgi.py:1004}}
Jun 27 15:26:40.055030 dv-cinder-847798-1-iscsi neutron-server[104033]: DEBUG neutron.api.rpc.handlers.l3_rpc [None req-0950a987-d530-440e-ae36-dc717e0c06b9 None None] Sync routers for ids ['928f35cb-cf58-4dde-a4b4-eec4b75bf621'] in dv-cinder-847798-1-iscsi {{(pid=104033) sync_routers /opt/stack/neutron/neutron/api/rpc/handlers/l3_rpc.py:125}}
Jun 27 15:26:40.175511 dv-cinder-847798-1-iscsi neutron-server[104032]: INFO neutron.wsgi [req-457725ac-5fb3-45b9-8779-29cd2cd3f184 req-145ce1b7-7ce4-4a16-849f-1bd68e9d2d24 tempest-ServerRescueNegativeTestJSON-640731549 tempest-ServerRescueNegativeTestJSON-640731549-project] 10.222.0.26 "GET /v2.0/ports?device_id=7aa7f3fe-5f45-46ca-960d-1c77079dceb6 HTTP/1.1" status: 200 len: 210 time: 0.3158002
Jun 27 15:26:40.237853 dv-cinder-847798-1-iscsi neutron-server[104033]: DEBUG neutron.plugins.ml2.plugin [None req-e1bc10b2-8982-44a4-befa-cd7afe6242b3 None None] Port 457104e6-73db-4efd-808c-941317798c14 cannot update to ACTIVE because it is not bound. {{(pid=104033) _port_provisioned /opt/stack/neutron/neutron/plugins/ml2/plugin.py:348}}
Jun 27 15:26:40.243068 dv-cinder-847798-1-iscsi neutron-server[104033]: DEBUG neutron.db.l3_dvrscheduler_db [None req-0950a987-d530-440e-ae36-dc717e0c06b9 None None] Routers {'928f35cb-cf58-4dde-a4b4-eec4b75bf621'} bound to L3 agent in host dv-cinder-847798-1-iscsi {{(pid=104033) _get_router_ids_for_agent /opt/stack/neutron/neutron/db/l3_dvrscheduler_db.py:426}}
Jun 27 15:26:40.244520 dv-cinder-847798-1-iscsi neutron-server[104033]: DEBUG neutron.db.l3_hamode_db [None req-0950a987-d530-440e-ae36-dc717e0c06b9 None None] neutron.services.l3_router.l3_router_plugin.L3RouterPlugin method get_ha_sync_data_for_host called with arguments (, 'dv-cinder-847798-1-iscsi', Agent(admin_state_up=True,agent_type='L3 agent',availability_zone='nova',binary='neutron-l3-agent',configurations={"agent_mode": "legacy", "ex_gw_ports": 1, "extensions": [], "floating_ips": 0, "handle_internal_only_routers": true, "interface_driver": "openvswitch", "interfaces": 1, "log_agent_heartbeats": false, "routers": 1},created_at=2022-06-27T15:18:12Z,description=,heartbeat_timestamp=2022-06-27T15:26:12Z,host='dv-cinder-847798-1-iscsi',id=79d86378-7b28-4d3f-90d6-ed462a12d919,load=0,resource_versions=,resources_synced=,started_at=2022-06-27T15:18:12Z,topic='l3_agent')) {'router_ids': ['928f35cb-cf58-4dde-a4b4-eec4b75bf621'], 'active': True} {{(pid=104033) wrapper /usr/local/lib/python3.8/dist-packages/oslo_log/helpers.py:65}}
Jun 27 15:26:40.256240 dv-cinder-847798-1-iscsi neutron-server[104031]: DEBUG neutron_lib.callbacks.manager [None req-cdcb762d-8100-4947-a82e-00ab241459ca admin admin] Publish callbacks [] for security_group (aa015808-80b5-447b-a977-f9c7f9cda7f1), before_delete {{(pid=104031) _notify_loop /usr/local/lib/python3.8/dist-packages/neutron_lib/callbacks/manager.py:176}}
Jun 27 15:26:40.366353 dv-cinder-847798-1-iscsi neutron-server[104031]: DEBUG neutron_lib.callbacks.manager [None req-cdcb762d-8100-4947-a82e-00ab241459ca admin admin] Publish callbacks [] for security_group (aa015808-80b5-447b-a977-f9c7f9cda7f1), precommit_delete {{(pid=104031) _notify_loop /usr/local/lib/python3.8/dist-packages/neutron_lib/callbacks/manager.py:176}}
Jun 27 15:26:40.468649 dv-cinder-847798-1-iscsi neutron-server[104032]: DEBUG neutron.api.rpc.handlers.resources_rpc [None req-baaaba87-bb55-4d10-a243-0cf14833d85f admin admin] Pushing event updated for resources: {'Port': ['ID=e1b91a4f-0760-4eb6-8669-74245160977f,revision_number=2']} {{(pid=104032) push /opt/stack/neutron/neutron/api/rpc/handlers/resources_rpc.py:237}}
Jun 27 15:26:40.517855 dv-cinder-847798-1-iscsi neutron-server[104032]: DEBUG neutron.scheduler.l3_agent_scheduler [None req-cc2c3c16-d0f4-41ed-8f3e-faa312534a52 admin admin] Router ec4aaba1-3174-4033-8024-037f1ab5181a has already been hosted by L3 agent 79d86378-7b28-4d3f-90d6-ed462a12d919 {{(pid=104032) _get_candidates /opt/stack/neutron/neutron/scheduler/l3_agent_scheduler.py:126}}
Jun 27 15:26:40.536623 dv-cinder-847798-1-iscsi neutron-server[104031]: DEBUG neutron_lib.callbacks.manager [None req-cdcb762d-8100-4947-a82e-00ab241459ca admin admin] Publish callbacks ['neutron.plugins.ml2.ovo_rpc._ObjectChangeHandler.handle_event-267984'] for security_group (aa015808-80b5-447b-a977-f9c7f9cda7f1), after_delete {{(pid=104031) _notify_loop /usr/local/lib/python3.8/dist-packages/neutron_lib/callbacks/manager.py:176}}
Jun 27 15:26:40.539964 dv-cinder-847798-1-iscsi neutron-server[104031]: DEBUG neutron_lib.callbacks.manager [None req-cdcb762d-8100-4947-a82e-00ab241459ca admin admin] Publish callbacks [] for security_group (None), before_response {{(pid=104031) _notify_loop /usr/local/lib/python3.8/dist-packages/neutron_lib/callbacks/manager.py:176}}
Jun 27 15:26:40.546438 dv-cinder-847798-1-iscsi neutron-server[104031]: INFO neutron.wsgi [None req-cdcb762d-8100-4947-a82e-00ab241459ca admin admin] 10.222.0.26 "DELETE /v2.0/security-groups/aa015808-80b5-447b-a977-f9c7f9cda7f1 HTTP/1.1" status: 204 len: 168 time: 0.5335095
Jun 27 15:26:40.572168 dv-cinder-847798-1-iscsi neutron-server[104031]: DEBUG neutron.api.rpc.handlers.resources_rpc [None req-cdcb762d-8100-4947-a82e-00ab241459ca admin admin] Pushing event deleted for resources: {'SecurityGroup': ['ID=aa015808-80b5-447b-a977-f9c7f9cda7f1,revision_number=None']} {{(pid=104031) push /opt/stack/neutron/neutron/api/rpc/handlers/resources_rpc.py:237}}
Jun 27 15:26:40.734957 dv-cinder-847798-1-iscsi neutron-server[104032]: DEBUG neutron.scheduler.dhcp_agent_scheduler [None req-baaaba87-bb55-4d10-a243-0cf14833d85f admin admin] Network e8e77f3f-2787-4f23-b11e-9e909cc074b3 is already hosted by enough agents. {{(pid=104032) _get_dhcp_agents_hosting_network /opt/stack/neutron/neutron/scheduler/dhcp_agent_scheduler.py:275}}
Jun 27 15:26:40.764366 dv-cinder-847798-1-iscsi neutron-server[104032]: DEBUG neutron.scheduler.base_scheduler [None req-baaaba87-bb55-4d10-a243-0cf14833d85f admin admin] Resources bound (agent type, host, resource id): {{(pid=104032) schedule /opt/stack/neutron/neutron/scheduler/base_scheduler.py:57}}
Jun 27 15:26:40.808172 dv-cinder-847798-1-iscsi neutron-server[104033]: DEBUG neutron.db.l3_dvr_db [None req-0950a987-d530-440e-ae36-dc717e0c06b9 None None] Set router 928f35cb-cf58-4dde-a4b4-eec4b75bf621 gateway port host: dv-cinder-847798-1-iscsi {{(pid=104033) _build_routers_list /opt/stack/neutron/neutron/db/l3_dvr_db.py:907}}
Jun 27 15:26:41.256596 dv-cinder-847798-1-iscsi neutron-server[104031]: DEBUG neutron.wsgi [-] (104031) accepted ('10.222.0.26', 49168) {{(pid=104031) server /usr/local/lib/python3.8/dist-packages/eventlet/wsgi.py:1004}}
Jun 27 15:26:41.410478 dv-cinder-847798-1-iscsi neutron-server[104031]: DEBUG neutron.pecan_wsgi.hooks.policy_enforcement [req-8ab30d8c-fca6-4655-8960-c6526e5c4a3c req-a3b22eb3-5500-4457-8297-4f33b34e94d8 tempest-ServerRescueNegativeTestJSON-640731549 tempest-ServerRescueNegativeTestJSON-640731549-project] Attributes excluded by policy engine: ['standard_attr_id', 'vlan_transparent', 'provider:network_type', 'provider:physical_network', 'provider:segmentation_id'] {{(pid=104031) _exclude_attributes_by_policy /opt/stack/neutron/neutron/pecan_wsgi/hooks/policy_enforcement.py:259}}
Jun 27 15:26:41.415104 dv-cinder-847798-1-iscsi neutron-server[104031]: INFO neutron.wsgi [req-8ab30d8c-fca6-4655-8960-c6526e5c4a3c req-a3b22eb3-5500-4457-8297-4f33b34e94d8 tempest-ServerRescueNegativeTestJSON-640731549 tempest-ServerRescueNegativeTestJSON-640731549-project] 10.222.0.26 "GET /v2.0/networks?id=0dd13161-8ee5-4285-a373-761f6ed0abd7 HTTP/1.1" status: 200 len: 818 time: 0.4933729
Jun 27 15:26:41.455749 dv-cinder-847798-1-iscsi neutron-server[104031]: INFO neutron.wsgi [req-8ab30d8c-fca6-4655-8960-c6526e5c4a3c req-fd94eee2-341e-4071-9f7e-2bd5783fd221 tempest-ServerRescueNegativeTestJSON-640731549 tempest-ServerRescueNegativeTestJSON-640731549-project] 10.222.0.26 "GET /v2.0/quotas/2832173587a6494eb7f73b3ca0a09a0f HTTP/1.1" status: 200 len: 375 time: 0.0330074
Jun 27 15:26:41.632916 dv-cinder-847798-1-iscsi neutron-server[104031]: INFO neutron.wsgi [req-8ab30d8c-fca6-4655-8960-c6526e5c4a3c req-37211028-211d-4573-84cb-4b21435e8f53 tempest-ServerRescueNegativeTestJSON-640731549 tempest-ServerRescueNegativeTestJSON-640731549-project] 10.222.0.26 "GET /v2.0/ports?tenant_id=2832173587a6494eb7f73b3ca0a09a0f&fields=id HTTP/1.1" status: 200 len: 302 time: 0.1673427
Jun 27 15:26:41.741164 dv-cinder-847798-1-iscsi neutron-server[104031]: DEBUG dbcounter [-] [104031] Writing DB stats neutron:SELECT=88,neutron:INSERT=8,neutron:DELETE=4 {{(pid=104031) stat_writer /usr/local/lib/python3.8/dist-packages/dbcounter.py:114}}
Jun 27 15:26:41.829360 dv-cinder-847798-1-iscsi neutron-server[104032]: INFO neutron.wsgi [req-57c3dd46-2e00-45ad-b5db-7ce080ea13f6 req-8b2902c3-f8e9-4cde-869b-6ceb4d73bb53 tempest-DeleteServersTestJSON-1968028981 tempest-DeleteServersTestJSON-1968028981-project] 10.222.0.26 "GET /v2.0/ports?device_id=05ad818a-43eb-47d0-a466-eeeec96fd758 HTTP/1.1" status: 200 len: 210 time: 0.4233468
Jun 27 15:26:41.996358 dv-cinder-847798-1-iscsi neutron-server[104032]: DEBUG neutron.api.rpc.agentnotifiers.l3_rpc_agent_api [None req-cc2c3c16-d0f4-41ed-8f3e-faa312534a52 admin admin] Notify agent at l3_agent.dv-cinder-847798-1-iscsi the message routers_updated {{(pid=104032) _agent_notification /opt/stack/neutron/neutron/api/rpc/agentnotifiers/l3_rpc_agent_api.py:65}}
Jun 27 15:26:42.020140 dv-cinder-847798-1-iscsi neutron-server[104032]: DEBUG dbcounter [-] [104032] Writing DB stats neutron:SELECT=99,neutron:UPDATE=1 {{(pid=104032) stat_writer /usr/local/lib/python3.8/dist-packages/dbcounter.py:114}}
Jun 27 15:26:42.045019 dv-cinder-847798-1-iscsi neutron-server[104032]: INFO neutron.wsgi [None req-cc2c3c16-d0f4-41ed-8f3e-faa312534a52 admin admin] 10.222.0.26 "PUT /v2.0/routers/ec4aaba1-3174-4033-8024-037f1ab5181a/add_router_interface HTTP/1.1" status: 200 len: 503 time: 12.3490708
Jun 27 15:26:42.082031 dv-cinder-847798-1-iscsi neutron-server[104032]: DEBUG neutron.scheduler.l3_agent_scheduler [None req-baaaba87-bb55-4d10-a243-0cf14833d85f admin admin] Router d88e545f-3b13-43b5-88d4-b4caf72885d0 has already been hosted by L3 agent 79d86378-7b28-4d3f-90d6-ed462a12d919 {{(pid=104032) _get_candidates /opt/stack/neutron/neutron/scheduler/l3_agent_scheduler.py:126}}
Jun 27 15:26:42.103297 dv-cinder-847798-1-iscsi neutron-server[104031]: INFO neutron.wsgi [req-8ab30d8c-fca6-4655-8960-c6526e5c4a3c req-6e29aa9d-961a-4fef-80a5-3da14c003d2f service neutron] 10.222.0.26 "GET /v2.0/networks/0dd13161-8ee5-4285-a373-761f6ed0abd7?fields=segments HTTP/1.1" status: 200 len: 212 time: 0.4632316
Jun 27 15:26:42.148460 dv-cinder-847798-1-iscsi neutron-server[104033]: DEBUG neutron.db.provisioning_blocks [None req-98465172-176b-47cb-bdff-905ad96e8e27 None None] Provisioning complete for port e1b91a4f-0760-4eb6-8669-74245160977f triggered by entity DHCP. {{(pid=104033) provisioning_complete /opt/stack/neutron/neutron/db/provisioning_blocks.py:145}}
Jun 27 15:26:42.149433 dv-cinder-847798-1-iscsi neutron-server[104033]: DEBUG neutron_lib.callbacks.manager [None req-98465172-176b-47cb-bdff-905ad96e8e27 None None] Publish callbacks ['neutron.plugins.ml2.plugin.Ml2Plugin._port_provisioned-692438'] for port (e1b91a4f-0760-4eb6-8669-74245160977f), provisioning_complete {{(pid=104033) _notify_loop /usr/local/lib/python3.8/dist-packages/neutron_lib/callbacks/manager.py:176}}
Jun 27 15:26:42.154078 dv-cinder-847798-1-iscsi neutron-server[104033]: DEBUG neutron_lib.callbacks.manager [None req-cbfd4a2a-19e4-46e2-8b64-72f915f6d091 None None] Publish callbacks ['neutron.services.segments.db._update_segment_host_mapping_for_agent-8767603345785', 'neutron.plugins.ml2.plugin.Ml2Plugin._retry_binding_revived_agents-692852'] for agent (79d86378-7b28-4d3f-90d6-ed462a12d919), after_update {{(pid=104033) _notify_loop /usr/local/lib/python3.8/dist-packages/neutron_lib/callbacks/manager.py:176}}
Jun 27 15:26:42.181185 dv-cinder-847798-1-iscsi neutron-server[104033]: DEBUG neutron.plugins.ml2.plugin [None req-c265e30e-3159-499a-b8f9-382fa01094d6 None None] Current status of the port de82ebff-0148-470f-9958-53ef1f51b38b is: DOWN; New status is: ACTIVE {{(pid=104033) _update_individual_port_db_status /opt/stack/neutron/neutron/plugins/ml2/plugin.py:2292}}
Jun 27 15:26:42.181580 dv-cinder-847798-1-iscsi neutron-server[104033]: DEBUG neutron_lib.callbacks.manager [None req-c265e30e-3159-499a-b8f9-382fa01094d6 None None] Publish callbacks ['neutron.plugins.ml2.plugin.SecurityGroupDbMixin._ensure_default_security_group_handler-715222'] for port (de82ebff-0148-470f-9958-53ef1f51b38b), before_update {{(pid=104033) _notify_loop /usr/local/lib/python3.8/dist-packages/neutron_lib/callbacks/manager.py:176}}
Jun 27 15:26:42.313360 dv-cinder-847798-1-iscsi neutron-server[104033]: DEBUG neutron.db.l3_hamode_db [None req-0950a987-d530-440e-ae36-dc717e0c06b9 None None] neutron.services.l3_router.l3_router_plugin.L3RouterPlugin method _process_sync_ha_data called with arguments (, [{'id': '928f35cb-cf58-4dde-a4b4-eec4b75bf621', 'name': 'tempest-ServerRescueNegativeTestJSON-920464589-router', 'tenant_id': '2832173587a6494eb7f73b3ca0a09a0f', 'admin_state_up': True, 'status': 'ACTIVE', 'external_gateway_info': {'network_id': '514b9ef4-4f08-4cd6-bd5c-68d7bc3a7efb', 'external_fixed_ips': [{'subnet_id': '6226739c-eac4-4784-90b9-a0481f53f3ba', 'ip_address': '172.27.2.36'}], 'enable_snat': True}, 'gw_port_id': '44554097-c32e-4389-a40b-7f7699da4c96', 'description': '', 'availability_zones': ['nova'], 'distributed': False, 'ha': False, 'ha_vr_id': 0, 'availability_zone_hints': [], 'routes': [], 'flavor_id': None, 'tags': [], 'created_at': '2022-06-27T15:26:19Z', 'updated_at': '2022-06-27T15:26:29Z', 'revision_number': 4, 'project_id': '2832173587a6494eb7f73b3ca0a09a0f', 'gw_port': {'id': '44554097-c32e-4389-a40b-7f7699da4c96', 'name': '', 'network_id': '514b9ef4-4f08-4cd6-bd5c-68d7bc3a7efb', 'tenant_id': '', 'mac_address': 'fa:16:3e:cd:ca:f9', 'admin_state_up': True, 'status': 'DOWN', 'device_id': '928f35cb-cf58-4dde-a4b4-eec4b75bf621', 'device_owner': 'network:router_gateway', 'standard_attr_id': 75, 'fixed_ips': [{'subnet_id': '6226739c-eac4-4784-90b9-a0481f53f3ba', 'ip_address': '172.27.2.36', 'prefixlen': 24}], 'allowed_address_pairs': [], 'extra_dhcp_opts': [], 'security_groups': [], 'description': '', 'binding:vnic_type': 'normal', 'binding:profile': {}, 'binding:host_id': 'dv-cinder-847798-1-iscsi', 'binding:vif_type': 'ovs', 'binding:vif_details': {'connectivity': 'l2', 'port_filter': True, 'ovs_hybrid_plug': False, 'datapath_type': 'system', 'bridge_name': 'br-int', 'bound_drivers': {'0': 'openvswitch'}}, 'port_security_enabled': False, 'tags': [], 'created_at': '2022-06-27T15:26:20Z', 'updated_at': '2022-06-27T15:26:31Z', 'revision_number': 3, 'project_id': '', 'subnets': [{'id': '6226739c-eac4-4784-90b9-a0481f53f3ba', 'cidr': '172.27.2.0/24', 'gateway_ip': '172.27.2.1', 'dns_nameservers': [], 'ipv6_ra_mode': None, 'subnetpool_id': None}], 'extra_subnets': [], 'address_scopes': {4: None, 6: None}, 'mtu': 1500}, 'enable_snat': True, 'gw_port_host': 'dv-cinder-847798-1-iscsi', '_interfaces': [{'id': '88d59b94-6c8f-4037-93f9-0b01f6345524', 'name': '', 'network_id': '0dd13161-8ee5-4285-a373-761f6ed0abd7', 'tenant_id': '2832173587a6494eb7f73b3ca0a09a0f', 'mac_address': 'fa:16:3e:c7:3e:4a', 'admin_state_up': True, 'status': 'DOWN', 'device_id': '928f35cb-cf58-4dde-a4b4-eec4b75bf621', 'device_owner': 'network:router_interface', 'standard_attr_id': 91, 'fixed_ips': [{'subnet_id': '5101df7e-dc3e-4d22-92a5-4e633fba6a41', 'ip_address': '172.20.0.1', 'prefixlen': 28}], 'allowed_address_pairs': [], 'extra_dhcp_opts': [], 'security_groups': [], 'description': '', 'binding:vnic_type': 'normal', 'binding:profile': {}, 'binding:host_id': '', 'binding:vif_type': 'unbound', 'binding:vif_details': {}, 'port_security_enabled': False, 'tags': [], 'created_at': '2022-06-27T15:26:27Z', 'updated_at': '2022-06-27T15:26:29Z', 'revision_number': 2, 'project_id': '2832173587a6494eb7f73b3ca0a09a0f', 'subnets': [{'id': '5101df7e-dc3e-4d22-92a5-4e633fba6a41', 'cidr': '172.20.0.0/28', 'gateway_ip': '172.20.0.1', 'dns_nameservers': [], 'ipv6_ra_mode': None, 'subnetpool_id': None}], 'extra_subnets': [], 'address_scopes': {4: None, 6: None}, 'mtu': 1500}]}], 'dv-cinder-847798-1-iscsi', False) {} {{(pid=104033) wrapper /usr/local/lib/python3.8/dist-packages/oslo_log/helpers.py:65}}
Jun 27 15:26:42.337122 dv-cinder-847798-1-iscsi neutron-server[104031]: DEBUG neutron.api.v2.base [None req-5e1e5661-29ce-484c-a073-6f9150ff32e8 admin admin] Request body: {'network': {'name': 'tempest-EncryptedVolumesExtendAttachedTest-2130591295-network', 'tenant_id': '5f9abf50927347828b75d5a8763c35ce'}} {{(pid=104031) prepare_request_body /opt/stack/neutron/neutron/api/v2/base.py:730}}
Jun 27 15:26:42.409397 dv-cinder-847798-1-iscsi neutron-server[104031]: DEBUG neutron.pecan_wsgi.hooks.quota_enforcement [None req-5e1e5661-29ce-484c-a073-6f9150ff32e8 admin admin] Made reservation on behalf of 5f9abf50927347828b75d5a8763c35ce for: {'network': 1} {{(pid=104031) before /opt/stack/neutron/neutron/pecan_wsgi/hooks/quota_enforcement.py:53}}
Jun 27 15:26:42.411820 dv-cinder-847798-1-iscsi neutron-server[104031]: DEBUG neutron_lib.callbacks.manager [None req-5e1e5661-29ce-484c-a073-6f9150ff32e8 admin admin] Publish callbacks ['neutron.plugins.ml2.plugin.SecurityGroupDbMixin._ensure_default_security_group_handler-715222'] for network (None), before_create {{(pid=104031) _notify_loop /usr/local/lib/python3.8/dist-packages/neutron_lib/callbacks/manager.py:176}}
Jun 27 15:26:42.446293 dv-cinder-847798-1-iscsi neutron-server[104031]: DEBUG neutron_lib.callbacks.manager [None req-5e1e5661-29ce-484c-a073-6f9150ff32e8 admin admin] Publish callbacks [] for security_group (None), before_create {{(pid=104031) _notify_loop /usr/local/lib/python3.8/dist-packages/neutron_lib/callbacks/manager.py:176}}
Jun 27 15:26:42.450448 dv-cinder-847798-1-iscsi neutron-server[104031]: INFO neutron.wsgi [req-8ab30d8c-fca6-4655-8960-c6526e5c4a3c req-23a99a6c-1ecb-444a-b4f0-2e87da8ef8e3 service neutron] 10.222.0.26 "GET /v2.0/networks/0dd13161-8ee5-4285-a373-761f6ed0abd7?fields=provider%3Aphysical_network&fields=provider%3Anetwork_type HTTP/1.1" status: 200 len: 281 time: 0.3418524
Jun 27 15:26:42.468227 dv-cinder-847798-1-iscsi neutron-server[104033]: DEBUG neutron.api.rpc.handlers.l3_rpc [None req-0950a987-d530-440e-ae36-dc717e0c06b9 None None] Checking router: 928f35cb-cf58-4dde-a4b4-eec4b75bf621 for host: dv-cinder-847798-1-iscsi {{(pid=104033) _ensure_host_set_on_ports /opt/stack/neutron/neutron/api/rpc/handlers/l3_rpc.py:155}}
Jun 27 15:26:42.476061 dv-cinder-847798-1-iscsi neutron-server[104033]: DEBUG neutron.api.rpc.handlers.l3_rpc [None req-0950a987-d530-440e-ae36-dc717e0c06b9 None None] Updating router 928f35cb-cf58-4dde-a4b4-eec4b75bf621 port 88d59b94-6c8f-4037-93f9-0b01f6345524 binding host dv-cinder-847798-1-iscsi {{(pid=104033) _ensure_host_set_on_port /opt/stack/neutron/neutron/api/rpc/handlers/l3_rpc.py:205}}
Jun 27 15:26:42.497563 dv-cinder-847798-1-iscsi neutron-server[104032]: DEBUG dbcounter [-] [104032] Writing DB stats neutron:SELECT=99,neutron:UPDATE=1 {{(pid=104032) stat_writer /usr/local/lib/python3.8/dist-packages/dbcounter.py:114}}
Jun 27 15:26:42.506036 dv-cinder-847798-1-iscsi neutron-server[104032]: DEBUG neutron.api.rpc.agentnotifiers.l3_rpc_agent_api [None req-baaaba87-bb55-4d10-a243-0cf14833d85f admin admin] Notify agent at l3_agent.dv-cinder-847798-1-iscsi the message routers_updated {{(pid=104032) _agent_notification /opt/stack/neutron/neutron/api/rpc/agentnotifiers/l3_rpc_agent_api.py:65}}
Jun 27 15:26:42.532751 dv-cinder-847798-1-iscsi neutron-server[104032]: INFO neutron.wsgi [None req-baaaba87-bb55-4d10-a243-0cf14833d85f admin admin] 10.222.0.26 "PUT /v2.0/routers/d88e545f-3b13-43b5-88d4-b4caf72885d0/add_router_interface HTTP/1.1" status: 200 len: 503 time: 11.7763813
Jun 27 15:26:42.609211 dv-cinder-847798-1-iscsi neutron-server[104033]: DEBUG neutron_lib.callbacks.manager [None req-0950a987-d530-440e-ae36-dc717e0c06b9 None None] Publish callbacks ['neutron.plugins.ml2.plugin.SecurityGroupDbMixin._ensure_default_security_group_handler-715222'] for port (88d59b94-6c8f-4037-93f9-0b01f6345524), before_update {{(pid=104033) _notify_loop /usr/local/lib/python3.8/dist-packages/neutron_lib/callbacks/manager.py:176}}
Jun 27 15:26:42.628094 dv-cinder-847798-1-iscsi neutron-server[104033]: DEBUG neutron.plugins.ml2.db [None req-c265e30e-3159-499a-b8f9-382fa01094d6 None None] For port de82ebff-0148-470f-9958-53ef1f51b38b, host dv-cinder-847798-1-iscsi, got binding levels [PortBindingLevel(driver='openvswitch',host='dv-cinder-847798-1-iscsi',level=0,port_id=de82ebff-0148-470f-9958-53ef1f51b38b,segment=NetworkSegment(8a10ea46-bf64-4eeb-a875-fb291e9f235b),segment_id=8a10ea46-bf64-4eeb-a875-fb291e9f235b)] {{(pid=104033) get_binding_level_objs /opt/stack/neutron/neutron/plugins/ml2/db.py:74}}
Jun 27 15:26:42.649093 dv-cinder-847798-1-iscsi neutron-server[104033]: DEBUG neutron.plugins.ml2.plugin [None req-98465172-176b-47cb-bdff-905ad96e8e27 None None] Port e1b91a4f-0760-4eb6-8669-74245160977f cannot update to ACTIVE because it is not bound. {{(pid=104033) _port_provisioned /opt/stack/neutron/neutron/plugins/ml2/plugin.py:348}}
Jun 27 15:26:42.691705 dv-cinder-847798-1-iscsi neutron-server[104033]: DEBUG neutron_lib.callbacks.manager [None req-c265e30e-3159-499a-b8f9-382fa01094d6 None None] Publish callbacks ['neutron.plugins.ml2.plugin.SecurityGroupServerNotifierRpcMixin._notify_sg_on_port_change-715159', 'neutron.plugins.ml2.ovo_rpc._ObjectChangeHandler.handle_event-4193641', 'neutron.api.rpc.agentnotifiers.dhcp_rpc_agent_api.DhcpAgentNotifyAPI._native_event_send_dhcp_notification-3693041', 'neutron.db.l3_db.L3RpcNotifierMixin._notify_gateway_port_ip_changed-8767603357022', 'neutron.db.l3_dvrscheduler_db._notify_l3_agent_port_update-8767602808742', 'neutron.db.l3_hascheduler_db._notify_l3_agent_ha_port_update-8767602808760'] for port (de82ebff-0148-470f-9958-53ef1f51b38b), after_update {{(pid=104033) _notify_loop /usr/local/lib/python3.8/dist-packages/neutron_lib/callbacks/manager.py:176}}
Jun 27 15:26:42.692638 dv-cinder-847798-1-iscsi neutron-server[104033]: DEBUG neutron.plugins.ml2.rpc [None req-c265e30e-3159-499a-b8f9-382fa01094d6 None None] Device 28d74917-94c2-4449-b787-b0763b4a6246 up at agent ovs-agent-dv-cinder-847798-1-iscsi {{(pid=104033) update_device_up /opt/stack/neutron/neutron/plugins/ml2/rpc.py:296}}
Jun 27 15:26:42.760578 dv-cinder-847798-1-iscsi neutron-server[104031]: DEBUG dbcounter [-] [104031] Writing DB stats neutron:SELECT=92,neutron:UPDATE=1,neutron:INSERT=7 {{(pid=104031) stat_writer /usr/local/lib/python3.8/dist-packages/dbcounter.py:114}}
Jun 27 15:26:42.818422 dv-cinder-847798-1-iscsi neutron-server[104031]: DEBUG neutron_lib.callbacks.manager [None req-5e1e5661-29ce-484c-a073-6f9150ff32e8 admin admin] Publish callbacks [] for security_group (ac2dd97f-76d6-4d5b-bd8f-4c319e54209e), precommit_create {{(pid=104031) _notify_loop /usr/local/lib/python3.8/dist-packages/neutron_lib/callbacks/manager.py:176}}
Jun 27 15:26:42.827877 dv-cinder-847798-1-iscsi neutron-server[104032]: DEBUG neutron.wsgi [-] (104032) accepted ('10.222.0.26', 49214) {{(pid=104032) server /usr/local/lib/python3.8/dist-packages/eventlet/wsgi.py:1004}}
Jun 27 15:26:42.838920 dv-cinder-847798-1-iscsi neutron-server[104031]: DEBUG neutron_lib.callbacks.manager [None req-5e1e5661-29ce-484c-a073-6f9150ff32e8 admin admin] Publish callbacks ['neutron.plugins.ml2.ovo_rpc._ObjectChangeHandler.handle_event-267984'] for security_group (ac2dd97f-76d6-4d5b-bd8f-4c319e54209e), after_create {{(pid=104031) _notify_loop /usr/local/lib/python3.8/dist-packages/neutron_lib/callbacks/manager.py:176}}
Jun 27 15:26:42.907631 dv-cinder-847798-1-iscsi neutron-server[104032]: DEBUG neutron_lib.callbacks.manager [None req-c3824dfe-80e5-455a-8152-330b13499a11 admin admin] Publish callbacks [] for security_group (None), before_create {{(pid=104032) _notify_loop /usr/local/lib/python3.8/dist-packages/neutron_lib/callbacks/manager.py:176}}
Jun 27 15:26:42.918772 dv-cinder-847798-1-iscsi neutron-server[104031]: DEBUG neutron.plugins.ml2.drivers.helpers [None req-5e1e5661-29ce-484c-a073-6f9150ff32e8 admin admin] vlan segment allocate from pool success with {'vlan_id': 166, 'physical_network': 'physnet1'} {{(pid=104031) allocate_partially_specified_segment /opt/stack/neutron/neutron/plugins/ml2/drivers/helpers.py:153}}
Jun 27 15:26:42.957621 dv-cinder-847798-1-iscsi neutron-server[104031]: DEBUG neutron_lib.callbacks.manager [None req-5e1e5661-29ce-484c-a073-6f9150ff32e8 admin admin] Publish callbacks ['neutron.plugins.ml2.plugin.Ml2Plugin._handle_segment_change-768184'] for segment (d0aa45b4-2ee6-4ff9-91c2-ee0790357f58), precommit_create {{(pid=104031) _notify_loop /usr/local/lib/python3.8/dist-packages/neutron_lib/callbacks/manager.py:176}}
Jun 27 15:26:42.961419 dv-cinder-847798-1-iscsi neutron-server[104031]: INFO neutron.db.segments_db [None req-5e1e5661-29ce-484c-a073-6f9150ff32e8 admin admin] Added segment d0aa45b4-2ee6-4ff9-91c2-ee0790357f58 of type vlan for network 3c3b0fe5-f90c-420f-ba8e-10ad1d14bfa8
Jun 27 15:26:43.202102 dv-cinder-847798-1-iscsi neutron-server[104031]: DEBUG neutron_lib.callbacks.manager [None req-5e1e5661-29ce-484c-a073-6f9150ff32e8 admin admin] Publish callbacks ['neutron.services.auto_allocate.db._ensure_external_network_default_value_callback-8767602840778'] for network (3c3b0fe5-f90c-420f-ba8e-10ad1d14bfa8), precommit_create {{(pid=104031) _notify_loop /usr/local/lib/python3.8/dist-packages/neutron_lib/callbacks/manager.py:176}}
Jun 27 15:26:43.390558 dv-cinder-847798-1-iscsi neutron-server[104031]: DEBUG neutron_lib.callbacks.manager [None req-5e1e5661-29ce-484c-a073-6f9150ff32e8 admin admin] Publish callbacks ['neutron.plugins.ml2.ovo_rpc._ObjectChangeHandler.handle_event-267905', 'neutron.api.rpc.agentnotifiers.dhcp_rpc_agent_api.DhcpAgentNotifyAPI._native_event_send_dhcp_notification-3693041'] for network (3c3b0fe5-f90c-420f-ba8e-10ad1d14bfa8), after_create {{(pid=104031) _notify_loop /usr/local/lib/python3.8/dist-packages/neutron_lib/callbacks/manager.py:176}}
Jun 27 15:26:43.402189 dv-cinder-847798-1-iscsi neutron-server[104031]: DEBUG neutron.pecan_wsgi.hooks.policy_enforcement [None req-5e1e5661-29ce-484c-a073-6f9150ff32e8 admin admin] Attributes excluded by policy engine: ['standard_attr_id', 'vlan_transparent'] {{(pid=104031) _exclude_attributes_by_policy /opt/stack/neutron/neutron/pecan_wsgi/hooks/policy_enforcement.py:259}}
Jun 27 15:26:43.406468 dv-cinder-847798-1-iscsi neutron-server[104031]: DEBUG neutron_lib.callbacks.manager [None req-5e1e5661-29ce-484c-a073-6f9150ff32e8 admin admin] Publish callbacks ['neutron.api.rpc.agentnotifiers.dhcp_rpc_agent_api.DhcpAgentNotifyAPI._send_dhcp_notification-3693031'] for network (None), before_response {{(pid=104031) _notify_loop /usr/local/lib/python3.8/dist-packages/neutron_lib/callbacks/manager.py:176}}
Jun 27 15:26:43.498330 dv-cinder-847798-1-iscsi neutron-server[104032]: DEBUG neutron_lib.callbacks.manager [None req-c3824dfe-80e5-455a-8152-330b13499a11 admin admin] Publish callbacks [] for security_group (884c4d65-c932-42ab-a719-0433c426b43d), precommit_create {{(pid=104032) _notify_loop /usr/local/lib/python3.8/dist-packages/neutron_lib/callbacks/manager.py:176}}
Jun 27 15:26:43.501544 dv-cinder-847798-1-iscsi neutron-server[104034]: DEBUG neutron.api.rpc.handlers.l3_rpc [None req-23fbed3b-08c4-4210-93fb-eaf685ca0406 None None] Sync routers for ids ['d88e545f-3b13-43b5-88d4-b4caf72885d0'] in dv-cinder-847798-1-iscsi {{(pid=104034) sync_routers /opt/stack/neutron/neutron/api/rpc/handlers/l3_rpc.py:125}}
Jun 27 15:26:43.508252 dv-cinder-847798-1-iscsi neutron-server[104032]: DEBUG neutron_lib.callbacks.manager [None req-c3824dfe-80e5-455a-8152-330b13499a11 admin admin] Publish callbacks ['neutron.plugins.ml2.ovo_rpc._ObjectChangeHandler.handle_event-267984'] for security_group (884c4d65-c932-42ab-a719-0433c426b43d), after_create {{(pid=104032) _notify_loop /usr/local/lib/python3.8/dist-packages/neutron_lib/callbacks/manager.py:176}}
Jun 27 15:26:43.604512 dv-cinder-847798-1-iscsi neutron-server[104034]: DEBUG neutron.db.l3_dvrscheduler_db [None req-23fbed3b-08c4-4210-93fb-eaf685ca0406 None None] Routers {'d88e545f-3b13-43b5-88d4-b4caf72885d0'} bound to L3 agent in host dv-cinder-847798-1-iscsi {{(pid=104034) _get_router_ids_for_agent /opt/stack/neutron/neutron/db/l3_dvrscheduler_db.py:426}}
Jun 27 15:26:43.606168 dv-cinder-847798-1-iscsi neutron-server[104034]: DEBUG neutron.db.l3_hamode_db [None req-23fbed3b-08c4-4210-93fb-eaf685ca0406 None None] neutron.services.l3_router.l3_router_plugin.L3RouterPlugin method get_ha_sync_data_for_host called with arguments (, 'dv-cinder-847798-1-iscsi', Agent(admin_state_up=True,agent_type='L3 agent',availability_zone='nova',binary='neutron-l3-agent',configurations={"agent_mode": "legacy", "ex_gw_ports": 5, "extensions": [], "floating_ips": 0, "handle_internal_only_routers": true, "interface_driver": "openvswitch", "interfaces": 4, "log_agent_heartbeats": false, "routers": 5},created_at=2022-06-27T15:18:12Z,description=,heartbeat_timestamp=2022-06-27T15:26:42Z,host='dv-cinder-847798-1-iscsi',id=79d86378-7b28-4d3f-90d6-ed462a12d919,load=0,resource_versions=,resources_synced=,started_at=2022-06-27T15:18:12Z,topic='l3_agent')) {'router_ids': ['d88e545f-3b13-43b5-88d4-b4caf72885d0'], 'active': True} {{(pid=104034) wrapper /usr/local/lib/python3.8/dist-packages/oslo_log/helpers.py:65}}
Jun 27 15:26:43.610927 dv-cinder-847798-1-iscsi neutron-server[104031]: INFO neutron.wsgi [None req-5e1e5661-29ce-484c-a073-6f9150ff32e8 admin admin] 10.222.0.26 "POST /v2.0/networks HTTP/1.1" status: 201 len: 879 time: 2.3441162
Jun 27 15:26:43.625032 dv-cinder-847798-1-iscsi neutron-server[104032]: DEBUG neutron.wsgi [-] (104032) accepted ('10.222.0.26', 49224) {{(pid=104032) server /usr/local/lib/python3.8/dist-packages/eventlet/wsgi.py:1004}}
Jun 27 15:26:43.650170 dv-cinder-847798-1-iscsi neutron-server[104032]: DEBUG neutron.api.v2.base [None req-2b9c1e82-b749-4d00-99f0-e61c4dfd40d8 admin admin] Request body: {'subnet': {'network_id': '3c3b0fe5-f90c-420f-ba8e-10ad1d14bfa8', 'cidr': '172.20.0.0/28', 'name': 'tempest-EncryptedVolumesExtendAttachedTest-2130591295-subnet', 'tenant_id': '5f9abf50927347828b75d5a8763c35ce', 'enable_dhcp': False, 'ip_version': 4}} {{(pid=104032) prepare_request_body /opt/stack/neutron/neutron/api/v2/base.py:730}}
Jun 27 15:26:43.680408 dv-cinder-847798-1-iscsi neutron-server[104031]: DEBUG neutron.api.rpc.handlers.resources_rpc [None req-5e1e5661-29ce-484c-a073-6f9150ff32e8 admin admin] Pushing event updated for resources: {'SecurityGroup': ['ID=ac2dd97f-76d6-4d5b-bd8f-4c319e54209e,revision_number=1']} {{(pid=104031) push /opt/stack/neutron/neutron/api/rpc/handlers/resources_rpc.py:237}}
Jun 27 15:26:43.787549 dv-cinder-847798-1-iscsi neutron-server[104031]: DEBUG neutron.api.rpc.handlers.resources_rpc [None req-5e1e5661-29ce-484c-a073-6f9150ff32e8 admin admin] Pushing event updated for resources: {'Network': ['ID=3c3b0fe5-f90c-420f-ba8e-10ad1d14bfa8,revision_number=1']} {{(pid=104031) push /opt/stack/neutron/neutron/api/rpc/handlers/resources_rpc.py:237}}
Jun 27 15:26:43.869598 dv-cinder-847798-1-iscsi neutron-server[104032]: DEBUG neutron.pecan_wsgi.hooks.quota_enforcement [None req-2b9c1e82-b749-4d00-99f0-e61c4dfd40d8 admin admin] Made reservation on behalf of 5f9abf50927347828b75d5a8763c35ce for: {'subnet': 1} {{(pid=104032) before /opt/stack/neutron/neutron/pecan_wsgi/hooks/quota_enforcement.py:53}}
Jun 27 15:26:43.874685 dv-cinder-847798-1-iscsi neutron-server[104031]: DEBUG neutron.wsgi [-] (104031) accepted ('10.222.0.26', 49228) {{(pid=104031) server /usr/local/lib/python3.8/dist-packages/eventlet/wsgi.py:1004}}
Jun 27 15:26:43.886312 dv-cinder-847798-1-iscsi neutron-server[104032]: DEBUG neutron_lib.callbacks.manager [None req-2b9c1e82-b749-4d00-99f0-e61c4dfd40d8 admin admin] Publish callbacks [] for subnet (None), before_create {{(pid=104032) _notify_loop /usr/local/lib/python3.8/dist-packages/neutron_lib/callbacks/manager.py:176}}
Jun 27 15:26:44.029109 dv-cinder-847798-1-iscsi neutron-server[104032]: INFO neutron.wsgi [None req-c3824dfe-80e5-455a-8152-330b13499a11 admin admin] 10.222.0.26 "GET /v2.0/security-groups?tenant_id=1b97d142ddc3401d998421f25dd2e2d7&name=default HTTP/1.1" status: 200 len: 2996 time: 1.1939743
Jun 27 15:26:44.030222 dv-cinder-847798-1-iscsi neutron-server[104031]: DEBUG neutron.wsgi [-] (104031) accepted ('10.222.0.26', 49236) {{(pid=104031) server /usr/local/lib/python3.8/dist-packages/eventlet/wsgi.py:1004}}
Jun 27 15:26:44.091843 dv-cinder-847798-1-iscsi neutron-server[104032]: DEBUG neutron.api.rpc.handlers.resources_rpc [None req-c3824dfe-80e5-455a-8152-330b13499a11 admin admin] Pushing event updated for resources: {'SecurityGroup': ['ID=884c4d65-c932-42ab-a719-0433c426b43d,revision_number=1']} {{(pid=104032) push /opt/stack/neutron/neutron/api/rpc/handlers/resources_rpc.py:237}}
Jun 27 15:26:44.133628 dv-cinder-847798-1-iscsi neutron-server[104033]: DEBUG dbcounter [-] [104033] Writing DB stats neutron:SELECT=98,neutron:UPDATE=2 {{(pid=104033) stat_writer /usr/local/lib/python3.8/dist-packages/dbcounter.py:114}}
Jun 27 15:26:44.134438 dv-cinder-847798-1-iscsi neutron-server[104031]: DEBUG neutron.wsgi [-] (104031) accepted ('10.222.0.42', 64695) {{(pid=104031) server /usr/local/lib/python3.8/dist-packages/eventlet/wsgi.py:1004}}
Jun 27 15:26:44.135627 dv-cinder-847798-1-iscsi neutron-server[104033]: DEBUG dbcounter [-] [104033] Writing DB stats neutron:SELECT=97,neutron:UPDATE=3 {{(pid=104033) stat_writer /usr/local/lib/python3.8/dist-packages/dbcounter.py:114}}
Jun 27 15:26:44.153956 dv-cinder-847798-1-iscsi neutron-server[104033]: DEBUG neutron.plugins.ml2.rpc [None req-c265e30e-3159-499a-b8f9-382fa01094d6 None None] Network 3c3b0fe5-f90c-420f-ba8e-10ad1d14bfa8 details requested by agent ovs-agent-dv-cinder-847798-1-iscsi with host dv-cinder-847798-1-iscsi {{(pid=104033) get_network_details /opt/stack/neutron/neutron/plugins/ml2/rpc.py:248}}
Jun 27 15:26:44.208658 dv-cinder-847798-1-iscsi neutron-server[104034]: DEBUG neutron.db.l3_dvr_db [None req-23fbed3b-08c4-4210-93fb-eaf685ca0406 None None] Set router d88e545f-3b13-43b5-88d4-b4caf72885d0 gateway port host: dv-cinder-847798-1-iscsi {{(pid=104034) _build_routers_list /opt/stack/neutron/neutron/db/l3_dvr_db.py:907}}
Jun 27 15:26:44.279714 dv-cinder-847798-1-iscsi neutron-server[104032]: DEBUG neutron.wsgi [-] (104032) accepted ('10.222.0.42', 64696) {{(pid=104032) server /usr/local/lib/python3.8/dist-packages/eventlet/wsgi.py:1004}}
Jun 27 15:26:44.288088 dv-cinder-847798-1-iscsi neutron-server[104033]: DEBUG neutron.db.provisioning_blocks [None req-c265e30e-3159-499a-b8f9-382fa01094d6 None None] Provisioning complete for port 28d74917-94c2-4449-b787-b0763b4a6246 triggered by entity L2. {{(pid=104033) provisioning_complete /opt/stack/neutron/neutron/db/provisioning_blocks.py:145}}
Jun 27 15:26:44.288559 dv-cinder-847798-1-iscsi neutron-server[104033]: DEBUG neutron_lib.callbacks.manager [None req-c265e30e-3159-499a-b8f9-382fa01094d6 None None] Publish callbacks ['neutron.plugins.ml2.plugin.Ml2Plugin._port_provisioned-692438'] for port (28d74917-94c2-4449-b787-b0763b4a6246), provisioning_complete {{(pid=104033) _notify_loop /usr/local/lib/python3.8/dist-packages/neutron_lib/callbacks/manager.py:176}}
Jun 27 15:26:44.342199 dv-cinder-847798-1-iscsi neutron-server[104031]: INFO neutron.wsgi [req-299a20da-7767-4804-9dae-fef15797432c req-128b260b-3591-4e2b-8707-44fd1e68d087 tempest-DeleteServersTestJSON-1968028981 tempest-DeleteServersTestJSON-1968028981-project] 10.222.0.26 "GET /v2.0/ports?device_id=05ad818a-43eb-47d0-a466-eeeec96fd758 HTTP/1.1" status: 200 len: 210 time: 0.1970687
Jun 27 15:26:44.421031 dv-cinder-847798-1-iscsi neutron-server[104031]: DEBUG neutron_lib.callbacks.manager [None req-0d0f3a95-2325-4135-909c-cfb2d220922f admin admin] Publish callbacks [] for security_group (None), before_create {{(pid=104031) _notify_loop /usr/local/lib/python3.8/dist-packages/neutron_lib/callbacks/manager.py:176}}
Jun 27 15:26:44.450382 dv-cinder-847798-1-iscsi neutron-server[104033]: DEBUG neutron_lib.callbacks.manager [None req-e1c435ed-996b-4b18-959e-9efc48f8352e None None] Publish callbacks ['neutron.services.segments.db._update_segment_host_mapping_for_agent-8767603345785', 'neutron.plugins.ml2.plugin.Ml2Plugin._retry_binding_revived_agents-692852'] for agent (5951a689-b13c-4886-b94d-c093fc049ae5), after_update {{(pid=104033) _notify_loop /usr/local/lib/python3.8/dist-packages/neutron_lib/callbacks/manager.py:176}}
Jun 27 15:26:44.535015 dv-cinder-847798-1-iscsi neutron-server[104031]: DEBUG neutron_lib.callbacks.manager [None req-a4f8e6e0-4249-470e-a68b-6fee32156a82 admin admin] Publish callbacks [] for security_group (884c4d65-c932-42ab-a719-0433c426b43d), before_delete {{(pid=104031) _notify_loop /usr/local/lib/python3.8/dist-packages/neutron_lib/callbacks/manager.py:176}}
