Sep 08 13:59:43.146357 dv-cinder-847733-4-iscsi neutron-server[118377]: DEBUG neutron.scheduler.dhcp_agent_scheduler [None req-324fc13c-5f77-45bd-9aea-82dd67c14aa9 None None] Network 58c8bc7a-6681-4b5a-acdc-437bbe7f81ec is already hosted by enough agents. {{(pid=118377) _get_dhcp_agents_hosting_network /opt/stack/neutron/neutron/scheduler/dhcp_agent_scheduler.py:275}}
Sep 08 13:59:43.149491 dv-cinder-847733-4-iscsi neutron-server[118376]: DEBUG neutron.scheduler.base_scheduler [None req-10fb1d95-e432-4760-8b3e-f2f0b121eb95 admin admin] Resources bound (agent type, host, resource id): {{(pid=118376) schedule /opt/stack/neutron/neutron/scheduler/base_scheduler.py:57}}
Sep 08 13:59:43.158927 dv-cinder-847733-4-iscsi neutron-server[118377]: DEBUG neutron.scheduler.dhcp_agent_scheduler [None req-0d917b95-1a15-4861-82ea-87d74b0813d3 None None] Network 955cd46c-55dd-4620-a904-f617035eddf3 is already hosted by enough agents. {{(pid=118377) _get_dhcp_agents_hosting_network /opt/stack/neutron/neutron/scheduler/dhcp_agent_scheduler.py:275}}
Sep 08 13:59:43.159119 dv-cinder-847733-4-iscsi neutron-server[118376]: DEBUG neutron.db.l3_dvrscheduler_db [None req-10fb1d95-e432-4760-8b3e-f2f0b121eb95 admin admin] Received port after_create {{(pid=118376) _notify_l3_agent_new_port /opt/stack/neutron/neutron/db/l3_dvrscheduler_db.py:538}}
Sep 08 13:59:43.165486 dv-cinder-847733-4-iscsi neutron-server[118377]: DEBUG neutron.api.rpc.handlers.resources_rpc [None req-324fc13c-5f77-45bd-9aea-82dd67c14aa9 None None] Pushing event updated for resources: {'Port': ['ID=e46730fb-c727-4f21-b8ea-26cc57720fad,revision_number=1']} {{(pid=118377) push /opt/stack/neutron/neutron/api/rpc/handlers/resources_rpc.py:237}}
Sep 08 13:59:43.168764 dv-cinder-847733-4-iscsi neutron-server[118377]: DEBUG neutron.scheduler.base_scheduler [None req-0d917b95-1a15-4861-82ea-87d74b0813d3 None None] Resources bound (agent type, host, resource id): {{(pid=118377) schedule /opt/stack/neutron/neutron/scheduler/base_scheduler.py:57}}
Sep 08 13:59:43.170663 dv-cinder-847733-4-iscsi neutron-server[118377]: DEBUG neutron.scheduler.base_scheduler [None req-324fc13c-5f77-45bd-9aea-82dd67c14aa9 None None] Resources bound (agent type, host, resource id): {{(pid=118377) schedule /opt/stack/neutron/neutron/scheduler/base_scheduler.py:57}}
Sep 08 13:59:43.174857 dv-cinder-847733-4-iscsi neutron-server[118377]: DEBUG neutron.db.l3_dvrscheduler_db [None req-0d917b95-1a15-4861-82ea-87d74b0813d3 None None] Received port after_create {{(pid=118377) _notify_l3_agent_new_port /opt/stack/neutron/neutron/db/l3_dvrscheduler_db.py:538}}
Sep 08 13:59:43.295278 dv-cinder-847733-4-iscsi neutron-server[118377]: DEBUG neutron.api.rpc.handlers.resources_rpc [None req-a02fa0ee-5826-47b8-9b17-dfba8fbfa22e None None] Pushing event updated for resources: {'Port': ['ID=f36ed846-fa9b-4e02-a5c5-27ee736954d8,revision_number=2']} {{(pid=118377) push /opt/stack/neutron/neutron/api/rpc/handlers/resources_rpc.py:237}}
Sep 08 13:59:43.321083 dv-cinder-847733-4-iscsi neutron-server[118375]: DEBUG dbcounter [-] [118375] Writing DB stats neutron:SELECT=80,neutron:INSERT=17,neutron:UPDATE=3 {{(pid=118375) stat_writer /usr/local/lib/python3.8/dist-packages/dbcounter.py:114}}
Sep 08 13:59:43.383404 dv-cinder-847733-4-iscsi neutron-server[118375]: DEBUG neutron.db.db_base_plugin_common [None req-6ad088f5-3ce3-42ce-9914-b450ea2ff999 admin admin] Allocated IP 172.27.3.121 (0108ad69-d832-4982-a4c2-99583f0b7051/6e18a235-7769-4826-826f-90d709175b0f/e39aac5b-d628-40b5-86d3-be669c398ce1) {{(pid=118375) _store_ip_allocation /opt/stack/neutron/neutron/db/db_base_plugin_common.py:131}}
Sep 08 13:59:43.389797 dv-cinder-847733-4-iscsi neutron-server[118375]: DEBUG dbcounter [-] [118375] Writing DB stats neutron:SELECT=91,neutron:INSERT=6,neutron:UPDATE=3 {{(pid=118375) stat_writer /usr/local/lib/python3.8/dist-packages/dbcounter.py:114}}
Sep 08 13:59:43.404366 dv-cinder-847733-4-iscsi neutron-server[118375]: DEBUG neutron_lib.callbacks.manager [None req-ffff86ca-e1b5-445f-9d1e-4eb3b5731847 admin admin] Publish callbacks [] for router_gateway (b50a2480-0248-4668-b3bb-079d40341ce9), precommit_update {{(pid=118375) _notify_loop /usr/local/lib/python3.8/dist-packages/neutron_lib/callbacks/manager.py:176}}
Sep 08 13:59:43.414611 dv-cinder-847733-4-iscsi neutron-server[118377]: DEBUG neutron.plugins.ml2.managers [None req-0d917b95-1a15-4861-82ea-87d74b0813d3 None None] Attempting to bind port 83a94d0c-a32a-4dad-a6c3-a99c8880a760 on host dv-cinder-847733-4-iscsi for vnic_type normal with profile {{(pid=118377) bind_port /opt/stack/neutron/neutron/plugins/ml2/managers.py:810}}
Sep 08 13:59:43.416312 dv-cinder-847733-4-iscsi neutron-server[118377]: DEBUG neutron.plugins.ml2.managers [None req-0d917b95-1a15-4861-82ea-87d74b0813d3 None None] Attempting to bind port 83a94d0c-a32a-4dad-a6c3-a99c8880a760 by drivers openvswitch,hyperv on host dv-cinder-847733-4-iscsi at level 0 using segments [{'id': 'fdf3ee12-e359-4554-93de-63f49d363972', 'network_type': 'vlan', 'physical_network': 'physnet1', 'segmentation_id': 1042, 'network_id': '955cd46c-55dd-4620-a904-f617035eddf3'}] {{(pid=118377) _bind_port_level /opt/stack/neutron/neutron/plugins/ml2/managers.py:835}}
Sep 08 13:59:43.416312 dv-cinder-847733-4-iscsi neutron-server[118377]: DEBUG neutron.plugins.ml2.drivers.mech_agent [None req-0d917b95-1a15-4861-82ea-87d74b0813d3 None None] Attempting to bind port 83a94d0c-a32a-4dad-a6c3-a99c8880a760 on network 955cd46c-55dd-4620-a904-f617035eddf3 {{(pid=118377) bind_port /opt/stack/neutron/neutron/plugins/ml2/drivers/mech_agent.py:91}}
Sep 08 13:59:43.437855 dv-cinder-847733-4-iscsi neutron-server[118375]: DEBUG neutron_lib.callbacks.manager [None req-085a122a-d98f-44d7-aa14-47b771055e7c admin admin] Publish callbacks [] for router_gateway (67ed4e9b-bd81-42a0-a736-9d99c692f5d1), before_create {{(pid=118375) _notify_loop /usr/local/lib/python3.8/dist-packages/neutron_lib/callbacks/manager.py:176}}
Sep 08 13:59:43.490546 dv-cinder-847733-4-iscsi neutron-server[118375]: DEBUG neutron_lib.callbacks.manager [None req-085a122a-d98f-44d7-aa14-47b771055e7c admin admin] Publish callbacks ['neutron.plugins.ml2.plugin.SecurityGroupDbMixin._ensure_default_security_group_handler-1743666'] for port (None), before_create {{(pid=118375) _notify_loop /usr/local/lib/python3.8/dist-packages/neutron_lib/callbacks/manager.py:176}}
Sep 08 13:59:43.500218 dv-cinder-847733-4-iscsi neutron-server[118377]: DEBUG neutron.api.rpc.handlers.resources_rpc [None req-0d917b95-1a15-4861-82ea-87d74b0813d3 None None] Pushing event updated for resources: {'Port': ['ID=83a94d0c-a32a-4dad-a6c3-a99c8880a760,revision_number=1']} {{(pid=118377) push /opt/stack/neutron/neutron/api/rpc/handlers/resources_rpc.py:237}}
Sep 08 13:59:43.627010 dv-cinder-847733-4-iscsi neutron-server[118375]: DEBUG neutron_lib.callbacks.manager [None req-4f235ef6-5caa-4d64-8310-0173f4d36aa3 admin admin] Publish callbacks [] for security_group (92087d3a-4e82-4ac6-b0c8-7599b55c4134), precommit_create {{(pid=118375) _notify_loop /usr/local/lib/python3.8/dist-packages/neutron_lib/callbacks/manager.py:176}}
Sep 08 13:59:43.642547 dv-cinder-847733-4-iscsi neutron-server[118377]: DEBUG neutron_lib.callbacks.manager [None req-22e980b3-9cb2-4629-aa22-9eb414b7522c None None] Publish callbacks [] for port (c1a21b6f-d72d-4f88-9442-6da6d1c220b1), precommit_create {{(pid=118377) _notify_loop /usr/local/lib/python3.8/dist-packages/neutron_lib/callbacks/manager.py:176}}
Sep 08 13:59:43.663397 dv-cinder-847733-4-iscsi neutron-server[118377]: DEBUG dbcounter [-] [118377] Writing DB stats neutron:SELECT=90,neutron:INSERT=6,neutron:UPDATE=4 {{(pid=118377) stat_writer /usr/local/lib/python3.8/dist-packages/dbcounter.py:114}}
Sep 08 13:59:43.668443 dv-cinder-847733-4-iscsi neutron-server[118377]: DEBUG neutron.db.l3_dvrscheduler_db [None req-324fc13c-5f77-45bd-9aea-82dd67c14aa9 None None] Received port after_create {{(pid=118377) _notify_l3_agent_new_port /opt/stack/neutron/neutron/db/l3_dvrscheduler_db.py:538}}
Sep 08 13:59:43.699448 dv-cinder-847733-4-iscsi neutron-server[118376]: DEBUG neutron_lib.callbacks.manager [None req-10fb1d95-e432-4760-8b3e-f2f0b121eb95 admin admin] Publish callbacks [] for router_gateway (cbe46aac-fe24-467e-be50-b135c725c4ba), after_create {{(pid=118376) _notify_loop /usr/local/lib/python3.8/dist-packages/neutron_lib/callbacks/manager.py:176}}
Sep 08 13:59:43.712959 dv-cinder-847733-4-iscsi neutron-server[118377]: DEBUG neutron.plugins.ml2.drivers.mech_agent [None req-0d917b95-1a15-4861-82ea-87d74b0813d3 None None] Checking agent: {'id': 'dd4664d4-9dc2-4780-b4db-e23b6876074b', 'agent_type': 'Open vSwitch agent', 'binary': 'neutron-openvswitch-agent', 'topic': 'N/A', 'host': 'dv-cinder-847733-4-iscsi', 'admin_state_up': True, 'created_at': datetime.datetime(2022, 9, 8, 13, 51, 5), 'started_at': datetime.datetime(2022, 9, 8, 13, 51, 35), 'heartbeat_timestamp': datetime.datetime(2022, 9, 8, 13, 59, 35), 'description': None, 'resources_synced': None, 'availability_zone': None, 'alive': True, 'configurations': {'arp_responder_enabled': False, 'baremetal_smartnic': False, 'bridge_mappings': {'physnet1': 'br-data'}, 'datapath_type': 'system', 'devices': 0, 'enable_distributed_routing': False, 'extensions': [], 'in_distributed_mode': False, 'integration_bridge': 'br-int', 'l2_population': False, 'log_agent_heartbeats': False, 'ovs_capabilities': {'datapath_types': ['netdev', 'system'], 'iface_types': ['erspan', 'geneve', 'gre', 'internal', 'ip6erspan', 'ip6gre', 'lisp', 'patch', 'stt', 'system', 'tap', 'vxlan']}, 'ovs_hybrid_plug': False, 'resource_provider_bandwidths': {}, 'resource_provider_hypervisors': {'br-data': 'dv-cinder-847733-4-iscsi'}, 'resource_provider_inventory_defaults': {'allocation_ratio': 1.0, 'min_unit': 1, 'step_size': 1, 'reserved': 0}, 'resource_provider_packet_processing_inventory_defaults': {'allocation_ratio': 1.0, 'min_unit': 1, 'step_size': 1, 'reserved': 0}, 'resource_provider_packet_processing_with_direction': {}, 'resource_provider_packet_processing_without_direction': {}, 'tunnel_types': [], 'tunneling_ip': None, 'vhostuser_socket_dir': '/var/run/openvswitch'}, 'resource_versions': {'AddressGroup': '1.2', 'Agent': '1.1', 'ConntrackHelper': '1.0', 'LocalIPAssociation': '1.0', 'Log': '1.0', 'NDPProxy': '1.0', 'Network': '1.1', 'Port': '1.7', 'PortForwarding': '1.3', 'QosPolicy': '1.10', 'SecurityGroup': '1.5', 'SecurityGroupRule': '1.2', 'SubPort': '1.0', 'Subnet': '1.1', 'Trunk': '1.1'}} {{(pid=118377) bind_port /opt/stack/neutron/neutron/plugins/ml2/drivers/mech_agent.py:127}}
Sep 08 13:59:43.714178 dv-cinder-847733-4-iscsi neutron-server[118377]: DEBUG neutron.plugins.ml2.drivers.mech_agent [None req-0d917b95-1a15-4861-82ea-87d74b0813d3 None None] Checking segment: {'id': 'fdf3ee12-e359-4554-93de-63f49d363972', 'network_type': 'vlan', 'physical_network': 'physnet1', 'segmentation_id': 1042, 'network_id': '955cd46c-55dd-4620-a904-f617035eddf3'} for mappings: {'physnet1': 'br-data'} with network types: ['local', 'flat', 'vlan'] {{(pid=118377) check_segment_for_agent /opt/stack/neutron/neutron/plugins/ml2/drivers/mech_agent.py:399}}
Sep 08 13:59:43.714928 dv-cinder-847733-4-iscsi neutron-server[118377]: DEBUG neutron_lib.callbacks.manager [None req-0d917b95-1a15-4861-82ea-87d74b0813d3 None None] Publish callbacks [] for ovs_bridge_name (None), before_read {{(pid=118377) _notify_loop /usr/local/lib/python3.8/dist-packages/neutron_lib/callbacks/manager.py:176}}
Sep 08 13:59:43.715470 dv-cinder-847733-4-iscsi neutron-server[118377]: DEBUG neutron.plugins.ml2.drivers.mech_agent [None req-0d917b95-1a15-4861-82ea-87d74b0813d3 None None] Bound using segment: {'id': 'fdf3ee12-e359-4554-93de-63f49d363972', 'network_type': 'vlan', 'physical_network': 'physnet1', 'segmentation_id': 1042, 'network_id': '955cd46c-55dd-4620-a904-f617035eddf3'} {{(pid=118377) bind_port /opt/stack/neutron/neutron/plugins/ml2/drivers/mech_agent.py:137}}
Sep 08 13:59:43.716101 dv-cinder-847733-4-iscsi neutron-server[118377]: DEBUG neutron.plugins.ml2.managers [None req-0d917b95-1a15-4861-82ea-87d74b0813d3 None None] Bound port: 83a94d0c-a32a-4dad-a6c3-a99c8880a760, host: dv-cinder-847733-4-iscsi, vif_type: ovs, vif_details: {"connectivity": "l2", "port_filter": true, "ovs_hybrid_plug": false, "datapath_type": "system", "bridge_name": "br-int"}, binding_levels: [{'bound_driver': 'openvswitch', 'bound_segment': {'id': 'fdf3ee12-e359-4554-93de-63f49d363972', 'network_type': 'vlan', 'physical_network': 'physnet1', 'segmentation_id': 1042, 'network_id': '955cd46c-55dd-4620-a904-f617035eddf3'}}] {{(pid=118377) _bind_port_level /opt/stack/neutron/neutron/plugins/ml2/managers.py:947}}
Sep 08 13:59:43.716686 dv-cinder-847733-4-iscsi neutron-server[118377]: DEBUG neutron_lib.callbacks.manager [None req-0d917b95-1a15-4861-82ea-87d74b0813d3 None None] Publish callbacks ['neutron.plugins.ml2.plugin.SecurityGroupDbMixin._ensure_default_security_group_handler-1743666'] for port (83a94d0c-a32a-4dad-a6c3-a99c8880a760), before_update {{(pid=118377) _notify_loop /usr/local/lib/python3.8/dist-packages/neutron_lib/callbacks/manager.py:176}}
Sep 08 13:59:43.790923 dv-cinder-847733-4-iscsi neutron-server[118375]: DEBUG neutron_lib.callbacks.manager [None req-6ad088f5-3ce3-42ce-9914-b450ea2ff999 admin admin] Publish callbacks [] for port (e39aac5b-d628-40b5-86d3-be669c398ce1), precommit_create {{(pid=118375) _notify_loop /usr/local/lib/python3.8/dist-packages/neutron_lib/callbacks/manager.py:176}}
Sep 08 13:59:43.790923 dv-cinder-847733-4-iscsi neutron-server[118375]: DEBUG neutron_lib.callbacks.manager [None req-4f235ef6-5caa-4d64-8310-0173f4d36aa3 admin admin] Publish callbacks ['neutron.plugins.ml2.ovo_rpc._ObjectChangeHandler.handle_event-630988'] for security_group (92087d3a-4e82-4ac6-b0c8-7599b55c4134), after_create {{(pid=118375) _notify_loop /usr/local/lib/python3.8/dist-packages/neutron_lib/callbacks/manager.py:176}}
Sep 08 13:59:43.797278 dv-cinder-847733-4-iscsi neutron-server[118377]: DEBUG neutron_lib.callbacks.manager [None req-22e980b3-9cb2-4629-aa22-9eb414b7522c None None] Publish callbacks ['neutron.plugins.ml2.plugin.SecurityGroupServerNotifierRpcMixin._notify_sg_on_port_change-1743731', 'neutron.plugins.ml2.ovo_rpc._ObjectChangeHandler.handle_event-959542', 'neutron.api.rpc.agentnotifiers.dhcp_rpc_agent_api.DhcpAgentNotifyAPI._native_event_send_dhcp_notification-773921', 'neutron.db.l3_dvrscheduler_db._notify_l3_agent_new_port-8771441111709'] for port (c1a21b6f-d72d-4f88-9442-6da6d1c220b1), after_create {{(pid=118377) _notify_loop /usr/local/lib/python3.8/dist-packages/neutron_lib/callbacks/manager.py:176}}
Sep 08 13:59:43.799435 dv-cinder-847733-4-iscsi neutron-server[118375]: DEBUG neutron.wsgi [-] (118375) accepted ('10.222.0.91', 45932) {{(pid=118375) server /usr/local/lib/python3.8/dist-packages/eventlet/wsgi.py:1004}}
Sep 08 13:59:43.806716 dv-cinder-847733-4-iscsi neutron-server[118375]: DEBUG neutron.api.v2.base [None req-695d2ef0-108d-44cc-8def-3768e67dc02c admin admin] Request body: {'network': {'name': 'tempest-EncryptedVolumesExtendAttachedTest-1079007815-network', 'tenant_id': '516db22260e64e888a2c06164c83e3f0'}} {{(pid=118375) prepare_request_body /opt/stack/neutron/neutron/api/v2/base.py:730}}
Sep 08 13:59:43.910987 dv-cinder-847733-4-iscsi neutron-server[118376]: DEBUG neutron.wsgi [-] (118376) accepted ('10.222.0.91', 45936) {{(pid=118376) server /usr/local/lib/python3.8/dist-packages/eventlet/wsgi.py:1004}}
Sep 08 13:59:43.930484 dv-cinder-847733-4-iscsi neutron-server[118376]: DEBUG neutron_lib.callbacks.manager [None req-8e3f126f-2e00-4f05-9033-442225e818bb admin admin] Publish callbacks [] for security_group (None), before_create {{(pid=118376) _notify_loop /usr/local/lib/python3.8/dist-packages/neutron_lib/callbacks/manager.py:176}}
Sep 08 13:59:43.946557 dv-cinder-847733-4-iscsi neutron-server[118375]: DEBUG neutron.api.rpc.handlers.resources_rpc [None req-4f235ef6-5caa-4d64-8310-0173f4d36aa3 admin admin] Pushing event updated for resources: {'SecurityGroup': ['ID=92087d3a-4e82-4ac6-b0c8-7599b55c4134,revision_number=1']} {{(pid=118375) push /opt/stack/neutron/neutron/api/rpc/handlers/resources_rpc.py:237}}
Sep 08 13:59:43.983710 dv-cinder-847733-4-iscsi neutron-server[118375]: INFO neutron.wsgi [None req-4f235ef6-5caa-4d64-8310-0173f4d36aa3 admin admin] 10.222.0.91 "GET /networking/v2.0/security-groups?tenant_id=b5693cbae8eb4f34a7a7b216223a3d1f&name=default HTTP/1.1" status: 200 len: 2992 time: 1.4183550
Sep 08 13:59:43.994530 dv-cinder-847733-4-iscsi neutron-server[118375]: DEBUG neutron.wsgi [-] (118375) accepted ('10.222.0.91', 45940) {{(pid=118375) server /usr/local/lib/python3.8/dist-packages/eventlet/wsgi.py:1004}}
Sep 08 13:59:44.005855 dv-cinder-847733-4-iscsi neutron-server[118377]: DEBUG dbcounter [-] [118377] Writing DB stats neutron:SELECT=92,neutron:INSERT=4,neutron:UPDATE=4 {{(pid=118377) stat_writer /usr/local/lib/python3.8/dist-packages/dbcounter.py:114}}
Sep 08 13:59:44.018037 dv-cinder-847733-4-iscsi neutron-server[118377]: DEBUG neutron.scheduler.dhcp_agent_scheduler [None req-22e980b3-9cb2-4629-aa22-9eb414b7522c None None] Network 38509184-249f-4b78-9ab0-339bc3caa638 is already hosted by enough agents. {{(pid=118377) _get_dhcp_agents_hosting_network /opt/stack/neutron/neutron/scheduler/dhcp_agent_scheduler.py:275}}
Sep 08 13:59:44.028361 dv-cinder-847733-4-iscsi neutron-server[118377]: DEBUG neutron.plugins.ml2.db [None req-0d917b95-1a15-4861-82ea-87d74b0813d3 None None] For port 83a94d0c-a32a-4dad-a6c3-a99c8880a760, host dv-cinder-847733-4-iscsi, cleared binding levels {{(pid=118377) clear_binding_levels /opt/stack/neutron/neutron/plugins/ml2/db.py:87}}
Sep 08 13:59:44.032382 dv-cinder-847733-4-iscsi neutron-server[118377]: DEBUG neutron.scheduler.base_scheduler [None req-22e980b3-9cb2-4629-aa22-9eb414b7522c None None] Resources bound (agent type, host, resource id): {{(pid=118377) schedule /opt/stack/neutron/neutron/scheduler/base_scheduler.py:57}}
Sep 08 13:59:44.045974 dv-cinder-847733-4-iscsi neutron-server[118377]: DEBUG neutron.db.l3_dvrscheduler_db [None req-22e980b3-9cb2-4629-aa22-9eb414b7522c None None] Received port after_create {{(pid=118377) _notify_l3_agent_new_port /opt/stack/neutron/neutron/db/l3_dvrscheduler_db.py:538}}
Sep 08 13:59:44.062702 dv-cinder-847733-4-iscsi neutron-server[118377]: DEBUG neutron.plugins.ml2.managers [None req-324fc13c-5f77-45bd-9aea-82dd67c14aa9 None None] Attempting to bind port e46730fb-c727-4f21-b8ea-26cc57720fad on host dv-cinder-847733-4-iscsi for vnic_type normal with profile {{(pid=118377) bind_port /opt/stack/neutron/neutron/plugins/ml2/managers.py:810}}
Sep 08 13:59:44.063451 dv-cinder-847733-4-iscsi neutron-server[118377]: DEBUG neutron.plugins.ml2.managers [None req-324fc13c-5f77-45bd-9aea-82dd67c14aa9 None None] Attempting to bind port e46730fb-c727-4f21-b8ea-26cc57720fad by drivers openvswitch,hyperv on host dv-cinder-847733-4-iscsi at level 0 using segments [{'id': '10cae8f8-54da-42d9-ad27-d1848e039b56', 'network_type': 'vlan', 'physical_network': 'physnet1', 'segmentation_id': 1001, 'network_id': '58c8bc7a-6681-4b5a-acdc-437bbe7f81ec'}] {{(pid=118377) _bind_port_level /opt/stack/neutron/neutron/plugins/ml2/managers.py:835}}
Sep 08 13:59:44.063965 dv-cinder-847733-4-iscsi neutron-server[118377]: DEBUG neutron.plugins.ml2.drivers.mech_agent [None req-324fc13c-5f77-45bd-9aea-82dd67c14aa9 None None] Attempting to bind port e46730fb-c727-4f21-b8ea-26cc57720fad on network 58c8bc7a-6681-4b5a-acdc-437bbe7f81ec {{(pid=118377) bind_port /opt/stack/neutron/neutron/plugins/ml2/drivers/mech_agent.py:91}}
Sep 08 13:59:44.067998 dv-cinder-847733-4-iscsi neutron-server[118377]: DEBUG neutron.plugins.ml2.db [None req-0d917b95-1a15-4861-82ea-87d74b0813d3 None None] For port 83a94d0c-a32a-4dad-a6c3-a99c8880a760, host dv-cinder-847733-4-iscsi, set binding levels [PortBindingLevel(driver='openvswitch',host='dv-cinder-847733-4-iscsi',level=0,port_id=83a94d0c-a32a-4dad-a6c3-a99c8880a760,segment=NetworkSegment(fdf3ee12-e359-4554-93de-63f49d363972),segment_id=fdf3ee12-e359-4554-93de-63f49d363972)] {{(pid=118377) set_binding_levels /opt/stack/neutron/neutron/plugins/ml2/db.py:59}}
Sep 08 13:59:44.089486 dv-cinder-847733-4-iscsi neutron-server[118376]: DEBUG neutron_lib.callbacks.manager [None req-10fb1d95-e432-4760-8b3e-f2f0b121eb95 admin admin] Publish callbacks ['neutron.services.l3_router.l3_router_plugin.L3_HA_NAT_db_mixin._after_router_create-596927', 'neutron.services.l3_router.l3_router_plugin.DVRResourceOperationHandler._create_snat_interfaces_after_change-615492'] for router (cbe46aac-fe24-467e-be50-b135c725c4ba), after_create {{(pid=118376) _notify_loop /usr/local/lib/python3.8/dist-packages/neutron_lib/callbacks/manager.py:176}}
Sep 08 13:59:44.102017 dv-cinder-847733-4-iscsi neutron-server[118375]: DEBUG neutron_lib.callbacks.manager [None req-ffff86ca-e1b5-445f-9d1e-4eb3b5731847 admin admin] Publish callbacks [] for router_gateway (b50a2480-0248-4668-b3bb-079d40341ce9), before_create {{(pid=118375) _notify_loop /usr/local/lib/python3.8/dist-packages/neutron_lib/callbacks/manager.py:176}}
Sep 08 13:59:44.136782 dv-cinder-847733-4-iscsi neutron-server[118377]: DEBUG neutron.api.rpc.handlers.resources_rpc [None req-22e980b3-9cb2-4629-aa22-9eb414b7522c None None] Pushing event updated for resources: {'Port': ['ID=c1a21b6f-d72d-4f88-9442-6da6d1c220b1,revision_number=1']} {{(pid=118377) push /opt/stack/neutron/neutron/api/rpc/handlers/resources_rpc.py:237}}
Sep 08 13:59:44.139978 dv-cinder-847733-4-iscsi neutron-server[118375]: DEBUG neutron_lib.callbacks.manager [None req-ffff86ca-e1b5-445f-9d1e-4eb3b5731847 admin admin] Publish callbacks ['neutron.plugins.ml2.plugin.SecurityGroupDbMixin._ensure_default_security_group_handler-1743666'] for port (None), before_create {{(pid=118375) _notify_loop /usr/local/lib/python3.8/dist-packages/neutron_lib/callbacks/manager.py:176}}
Sep 08 13:59:44.185497 dv-cinder-847733-4-iscsi neutron-server[118375]: DEBUG neutron_lib.callbacks.manager [None req-a9f643a2-d262-4294-984c-8dbee1496e1a admin admin] Publish callbacks [] for security_group (92087d3a-4e82-4ac6-b0c8-7599b55c4134), before_delete {{(pid=118375) _notify_loop /usr/local/lib/python3.8/dist-packages/neutron_lib/callbacks/manager.py:176}}
Sep 08 13:59:44.252028 dv-cinder-847733-4-iscsi neutron-server[118377]: DEBUG neutron_lib.callbacks.manager [None req-0d917b95-1a15-4861-82ea-87d74b0813d3 None None] Publish callbacks ['neutron.plugins.ml2.plugin.SecurityGroupServerNotifierRpcMixin._notify_sg_on_port_change-1743731', 'neutron.plugins.ml2.ovo_rpc._ObjectChangeHandler.handle_event-959542', 'neutron.api.rpc.agentnotifiers.dhcp_rpc_agent_api.DhcpAgentNotifyAPI._native_event_send_dhcp_notification-773921', 'neutron.db.l3_db.L3RpcNotifierMixin._notify_gateway_port_ip_changed-8771441570434', 'neutron.db.l3_dvrscheduler_db._notify_l3_agent_port_update-8771441111727', 'neutron.db.l3_hascheduler_db._notify_l3_agent_ha_port_update-8771441111745'] for port (83a94d0c-a32a-4dad-a6c3-a99c8880a760), after_update {{(pid=118377) _notify_loop /usr/local/lib/python3.8/dist-packages/neutron_lib/callbacks/manager.py:176}}
Sep 08 13:59:44.342103 dv-cinder-847733-4-iscsi neutron-server[118375]: DEBUG neutron.pecan_wsgi.hooks.quota_enforcement [None req-695d2ef0-108d-44cc-8def-3768e67dc02c admin admin] Made reservation on behalf of 516db22260e64e888a2c06164c83e3f0 for: {'network': 1} {{(pid=118375) before /opt/stack/neutron/neutron/pecan_wsgi/hooks/quota_enforcement.py:53}}
Sep 08 13:59:44.347902 dv-cinder-847733-4-iscsi neutron-server[118375]: DEBUG neutron_lib.callbacks.manager [None req-695d2ef0-108d-44cc-8def-3768e67dc02c admin admin] Publish callbacks ['neutron.plugins.ml2.plugin.SecurityGroupDbMixin._ensure_default_security_group_handler-1743666'] for network (None), before_create {{(pid=118375) _notify_loop /usr/local/lib/python3.8/dist-packages/neutron_lib/callbacks/manager.py:176}}
Sep 08 13:59:44.352118 dv-cinder-847733-4-iscsi neutron-server[118375]: DEBUG neutron_lib.callbacks.manager [None req-6ad088f5-3ce3-42ce-9914-b450ea2ff999 admin admin] Publish callbacks ['neutron.plugins.ml2.plugin.SecurityGroupServerNotifierRpcMixin._notify_sg_on_port_change-1743731', 'neutron.plugins.ml2.ovo_rpc._ObjectChangeHandler.handle_event-959542', 'neutron.api.rpc.agentnotifiers.dhcp_rpc_agent_api.DhcpAgentNotifyAPI._native_event_send_dhcp_notification-773921', 'neutron.db.l3_dvrscheduler_db._notify_l3_agent_new_port-8771441111709'] for port (e39aac5b-d628-40b5-86d3-be669c398ce1), after_create {{(pid=118375) _notify_loop /usr/local/lib/python3.8/dist-packages/neutron_lib/callbacks/manager.py:176}}
Sep 08 13:59:44.397900 dv-cinder-847733-4-iscsi neutron-server[118376]: DEBUG neutron_lib.callbacks.manager [None req-8e3f126f-2e00-4f05-9033-442225e818bb admin admin] Publish callbacks [] for security_group (2d696d86-ecc6-4dfa-8958-b5bab5e0ae07), precommit_create {{(pid=118376) _notify_loop /usr/local/lib/python3.8/dist-packages/neutron_lib/callbacks/manager.py:176}}
Sep 08 13:59:44.427809 dv-cinder-847733-4-iscsi neutron-server[118377]: DEBUG neutron.plugins.ml2.managers [None req-22e980b3-9cb2-4629-aa22-9eb414b7522c None None] Attempting to bind port c1a21b6f-d72d-4f88-9442-6da6d1c220b1 on host dv-cinder-847733-4-iscsi for vnic_type normal with profile {{(pid=118377) bind_port /opt/stack/neutron/neutron/plugins/ml2/managers.py:810}}
Sep 08 13:59:44.428183 dv-cinder-847733-4-iscsi neutron-server[118377]: DEBUG neutron.plugins.ml2.managers [None req-22e980b3-9cb2-4629-aa22-9eb414b7522c None None] Attempting to bind port c1a21b6f-d72d-4f88-9442-6da6d1c220b1 by drivers openvswitch,hyperv on host dv-cinder-847733-4-iscsi at level 0 using segments [{'id': '17146962-afdd-4cb5-9ff1-2f3f7b47ac86', 'network_type': 'vlan', 'physical_network': 'physnet1', 'segmentation_id': 1016, 'network_id': '38509184-249f-4b78-9ab0-339bc3caa638'}] {{(pid=118377) _bind_port_level /opt/stack/neutron/neutron/plugins/ml2/managers.py:835}}
Sep 08 13:59:44.428544 dv-cinder-847733-4-iscsi neutron-server[118377]: DEBUG neutron.plugins.ml2.drivers.mech_agent [None req-22e980b3-9cb2-4629-aa22-9eb414b7522c None None] Attempting to bind port c1a21b6f-d72d-4f88-9442-6da6d1c220b1 on network 38509184-249f-4b78-9ab0-339bc3caa638 {{(pid=118377) bind_port /opt/stack/neutron/neutron/plugins/ml2/drivers/mech_agent.py:91}}
Sep 08 13:59:44.506678 dv-cinder-847733-4-iscsi neutron-server[118377]: DEBUG neutron.plugins.ml2.drivers.mech_agent [None req-324fc13c-5f77-45bd-9aea-82dd67c14aa9 None None] Checking agent: {'id': 'dd4664d4-9dc2-4780-b4db-e23b6876074b', 'agent_type': 'Open vSwitch agent', 'binary': 'neutron-openvswitch-agent', 'topic': 'N/A', 'host': 'dv-cinder-847733-4-iscsi', 'admin_state_up': True, 'created_at': datetime.datetime(2022, 9, 8, 13, 51, 5), 'started_at': datetime.datetime(2022, 9, 8, 13, 51, 35), 'heartbeat_timestamp': datetime.datetime(2022, 9, 8, 13, 59, 35), 'description': None, 'resources_synced': None, 'availability_zone': None, 'alive': True, 'configurations': {'arp_responder_enabled': False, 'baremetal_smartnic': False, 'bridge_mappings': {'physnet1': 'br-data'}, 'datapath_type': 'system', 'devices': 0, 'enable_distributed_routing': False, 'extensions': [], 'in_distributed_mode': False, 'integration_bridge': 'br-int', 'l2_population': False, 'log_agent_heartbeats': False, 'ovs_capabilities': {'datapath_types': ['netdev', 'system'], 'iface_types': ['erspan', 'geneve', 'gre', 'internal', 'ip6erspan', 'ip6gre', 'lisp', 'patch', 'stt', 'system', 'tap', 'vxlan']}, 'ovs_hybrid_plug': False, 'resource_provider_bandwidths': {}, 'resource_provider_hypervisors': {'br-data': 'dv-cinder-847733-4-iscsi'}, 'resource_provider_inventory_defaults': {'allocation_ratio': 1.0, 'min_unit': 1, 'step_size': 1, 'reserved': 0}, 'resource_provider_packet_processing_inventory_defaults': {'allocation_ratio': 1.0, 'min_unit': 1, 'step_size': 1, 'reserved': 0}, 'resource_provider_packet_processing_with_direction': {}, 'resource_provider_packet_processing_without_direction': {}, 'tunnel_types': [], 'tunneling_ip': None, 'vhostuser_socket_dir': '/var/run/openvswitch'}, 'resource_versions': {'AddressGroup': '1.2', 'Agent': '1.1', 'ConntrackHelper': '1.0', 'LocalIPAssociation': '1.0', 'Log': '1.0', 'NDPProxy': '1.0', 'Network': '1.1', 'Port': '1.7', 'PortForwarding': '1.3', 'QosPolicy': '1.10', 'SecurityGroup': '1.5', 'SecurityGroupRule': '1.2', 'SubPort': '1.0', 'Subnet': '1.1', 'Trunk': '1.1'}} {{(pid=118377) bind_port /opt/stack/neutron/neutron/plugins/ml2/drivers/mech_agent.py:127}}
Sep 08 13:59:44.507369 dv-cinder-847733-4-iscsi neutron-server[118377]: DEBUG neutron.plugins.ml2.drivers.mech_agent [None req-324fc13c-5f77-45bd-9aea-82dd67c14aa9 None None] Checking segment: {'id': '10cae8f8-54da-42d9-ad27-d1848e039b56', 'network_type': 'vlan', 'physical_network': 'physnet1', 'segmentation_id': 1001, 'network_id': '58c8bc7a-6681-4b5a-acdc-437bbe7f81ec'} for mappings: {'physnet1': 'br-data'} with network types: ['local', 'flat', 'vlan'] {{(pid=118377) check_segment_for_agent /opt/stack/neutron/neutron/plugins/ml2/drivers/mech_agent.py:399}}
Sep 08 13:59:44.507729 dv-cinder-847733-4-iscsi neutron-server[118377]: DEBUG neutron_lib.callbacks.manager [None req-324fc13c-5f77-45bd-9aea-82dd67c14aa9 None None] Publish callbacks [] for ovs_bridge_name (None), before_read {{(pid=118377) _notify_loop /usr/local/lib/python3.8/dist-packages/neutron_lib/callbacks/manager.py:176}}
Sep 08 13:59:44.507987 dv-cinder-847733-4-iscsi neutron-server[118377]: DEBUG neutron.plugins.ml2.drivers.mech_agent [None req-324fc13c-5f77-45bd-9aea-82dd67c14aa9 None None] Bound using segment: {'id': '10cae8f8-54da-42d9-ad27-d1848e039b56', 'network_type': 'vlan', 'physical_network': 'physnet1', 'segmentation_id': 1001, 'network_id': '58c8bc7a-6681-4b5a-acdc-437bbe7f81ec'} {{(pid=118377) bind_port /opt/stack/neutron/neutron/plugins/ml2/drivers/mech_agent.py:137}}
Sep 08 13:59:44.508535 dv-cinder-847733-4-iscsi neutron-server[118377]: DEBUG neutron.plugins.ml2.managers [None req-324fc13c-5f77-45bd-9aea-82dd67c14aa9 None None] Bound port: e46730fb-c727-4f21-b8ea-26cc57720fad, host: dv-cinder-847733-4-iscsi, vif_type: ovs, vif_details: {"connectivity": "l2", "port_filter": true, "ovs_hybrid_plug": false, "datapath_type": "system", "bridge_name": "br-int"}, binding_levels: [{'bound_driver': 'openvswitch', 'bound_segment': {'id': '10cae8f8-54da-42d9-ad27-d1848e039b56', 'network_type': 'vlan', 'physical_network': 'physnet1', 'segmentation_id': 1001, 'network_id': '58c8bc7a-6681-4b5a-acdc-437bbe7f81ec'}}] {{(pid=118377) _bind_port_level /opt/stack/neutron/neutron/plugins/ml2/managers.py:947}}
Sep 08 13:59:44.508844 dv-cinder-847733-4-iscsi neutron-server[118377]: DEBUG neutron_lib.callbacks.manager [None req-324fc13c-5f77-45bd-9aea-82dd67c14aa9 None None] Publish callbacks ['neutron.plugins.ml2.plugin.SecurityGroupDbMixin._ensure_default_security_group_handler-1743666'] for port (e46730fb-c727-4f21-b8ea-26cc57720fad), before_update {{(pid=118377) _notify_loop /usr/local/lib/python3.8/dist-packages/neutron_lib/callbacks/manager.py:176}}
Sep 08 13:59:44.517815 dv-cinder-847733-4-iscsi neutron-server[118376]: DEBUG neutron_lib.callbacks.manager [None req-8e3f126f-2e00-4f05-9033-442225e818bb admin admin] Publish callbacks ['neutron.plugins.ml2.ovo_rpc._ObjectChangeHandler.handle_event-630988'] for security_group (2d696d86-ecc6-4dfa-8958-b5bab5e0ae07), after_create {{(pid=118376) _notify_loop /usr/local/lib/python3.8/dist-packages/neutron_lib/callbacks/manager.py:176}}
Sep 08 13:59:44.577466 dv-cinder-847733-4-iscsi neutron-server[118377]: DEBUG neutron.api.rpc.handlers.resources_rpc [None req-0d917b95-1a15-4861-82ea-87d74b0813d3 None None] Pushing event updated for resources: {'Port': ['ID=83a94d0c-a32a-4dad-a6c3-a99c8880a760,revision_number=2']} {{(pid=118377) push /opt/stack/neutron/neutron/api/rpc/handlers/resources_rpc.py:237}}
Sep 08 13:59:44.625503 dv-cinder-847733-4-iscsi neutron-server[118376]: DEBUG neutron.scheduler.l3_agent_scheduler [None req-10fb1d95-e432-4760-8b3e-f2f0b121eb95 admin admin] Router cbe46aac-fe24-467e-be50-b135c725c4ba is scheduled to L3 agent 56520d6e-47d5-419f-b0c8-0bbb496453dd with binding_index 1 {{(pid=118376) bind_router /opt/stack/neutron/neutron/scheduler/l3_agent_scheduler.py:209}}
Sep 08 13:59:44.655210 dv-cinder-847733-4-iscsi neutron-server[118376]: INFO neutron.wsgi [None req-8e3f126f-2e00-4f05-9033-442225e818bb admin admin] 10.222.0.91 "GET /networking/v2.0/security-groups?tenant_id=e89d7c46dbfc4b69b634d797938703db&name=default HTTP/1.1" status: 200 len: 2992 time: 0.7415938
Sep 08 13:59:44.657792 dv-cinder-847733-4-iscsi neutron-server[118377]: DEBUG neutron.plugins.ml2.drivers.mech_agent [None req-22e980b3-9cb2-4629-aa22-9eb414b7522c None None] Checking agent: {'id': 'dd4664d4-9dc2-4780-b4db-e23b6876074b', 'agent_type': 'Open vSwitch agent', 'binary': 'neutron-openvswitch-agent', 'topic': 'N/A', 'host': 'dv-cinder-847733-4-iscsi', 'admin_state_up': True, 'created_at': datetime.datetime(2022, 9, 8, 13, 51, 5), 'started_at': datetime.datetime(2022, 9, 8, 13, 51, 35), 'heartbeat_timestamp': datetime.datetime(2022, 9, 8, 13, 59, 35), 'description': None, 'resources_synced': None, 'availability_zone': None, 'alive': True, 'configurations': {'arp_responder_enabled': False, 'baremetal_smartnic': False, 'bridge_mappings': {'physnet1': 'br-data'}, 'datapath_type': 'system', 'devices': 0, 'enable_distributed_routing': False, 'extensions': [], 'in_distributed_mode': False, 'integration_bridge': 'br-int', 'l2_population': False, 'log_agent_heartbeats': False, 'ovs_capabilities': {'datapath_types': ['netdev', 'system'], 'iface_types': ['erspan', 'geneve', 'gre', 'internal', 'ip6erspan', 'ip6gre', 'lisp', 'patch', 'stt', 'system', 'tap', 'vxlan']}, 'ovs_hybrid_plug': False, 'resource_provider_bandwidths': {}, 'resource_provider_hypervisors': {'br-data': 'dv-cinder-847733-4-iscsi'}, 'resource_provider_inventory_defaults': {'allocation_ratio': 1.0, 'min_unit': 1, 'step_size': 1, 'reserved': 0}, 'resource_provider_packet_processing_inventory_defaults': {'allocation_ratio': 1.0, 'min_unit': 1, 'step_size': 1, 'reserved': 0}, 'resource_provider_packet_processing_with_direction': {}, 'resource_provider_packet_processing_without_direction': {}, 'tunnel_types': [], 'tunneling_ip': None, 'vhostuser_socket_dir': '/var/run/openvswitch'}, 'resource_versions': {'AddressGroup': '1.2', 'Agent': '1.1', 'ConntrackHelper': '1.0', 'LocalIPAssociation': '1.0', 'Log': '1.0', 'NDPProxy': '1.0', 'Network': '1.1', 'Port': '1.7', 'PortForwarding': '1.3', 'QosPolicy': '1.10', 'SecurityGroup': '1.5', 'SecurityGroupRule': '1.2', 'SubPort': '1.0', 'Subnet': '1.1', 'Trunk': '1.1'}} {{(pid=118377) bind_port /opt/stack/neutron/neutron/plugins/ml2/drivers/mech_agent.py:127}}
Sep 08 13:59:44.658370 dv-cinder-847733-4-iscsi neutron-server[118377]: DEBUG neutron.plugins.ml2.drivers.mech_agent [None req-22e980b3-9cb2-4629-aa22-9eb414b7522c None None] Checking segment: {'id': '17146962-afdd-4cb5-9ff1-2f3f7b47ac86', 'network_type': 'vlan', 'physical_network': 'physnet1', 'segmentation_id': 1016, 'network_id': '38509184-249f-4b78-9ab0-339bc3caa638'} for mappings: {'physnet1': 'br-data'} with network types: ['local', 'flat', 'vlan'] {{(pid=118377) check_segment_for_agent /opt/stack/neutron/neutron/plugins/ml2/drivers/mech_agent.py:399}}
Sep 08 13:59:44.658850 dv-cinder-847733-4-iscsi neutron-server[118377]: DEBUG neutron_lib.callbacks.manager [None req-22e980b3-9cb2-4629-aa22-9eb414b7522c None None] Publish callbacks [] for ovs_bridge_name (None), before_read {{(pid=118377) _notify_loop /usr/local/lib/python3.8/dist-packages/neutron_lib/callbacks/manager.py:176}}
Sep 08 13:59:44.659362 dv-cinder-847733-4-iscsi neutron-server[118377]: DEBUG neutron.plugins.ml2.drivers.mech_agent [None req-22e980b3-9cb2-4629-aa22-9eb414b7522c None None] Bound using segment: {'id': '17146962-afdd-4cb5-9ff1-2f3f7b47ac86', 'network_type': 'vlan', 'physical_network': 'physnet1', 'segmentation_id': 1016, 'network_id': '38509184-249f-4b78-9ab0-339bc3caa638'} {{(pid=118377) bind_port /opt/stack/neutron/neutron/plugins/ml2/drivers/mech_agent.py:137}}
Sep 08 13:59:44.659938 dv-cinder-847733-4-iscsi neutron-server[118377]: DEBUG neutron.plugins.ml2.managers [None req-22e980b3-9cb2-4629-aa22-9eb414b7522c None None] Bound port: c1a21b6f-d72d-4f88-9442-6da6d1c220b1, host: dv-cinder-847733-4-iscsi, vif_type: ovs, vif_details: {"connectivity": "l2", "port_filter": true, "ovs_hybrid_plug": false, "datapath_type": "system", "bridge_name": "br-int"}, binding_levels: [{'bound_driver': 'openvswitch', 'bound_segment': {'id': '17146962-afdd-4cb5-9ff1-2f3f7b47ac86', 'network_type': 'vlan', 'physical_network': 'physnet1', 'segmentation_id': 1016, 'network_id': '38509184-249f-4b78-9ab0-339bc3caa638'}}] {{(pid=118377) _bind_port_level /opt/stack/neutron/neutron/plugins/ml2/managers.py:947}}
Sep 08 13:59:44.660387 dv-cinder-847733-4-iscsi neutron-server[118377]: DEBUG neutron_lib.callbacks.manager [None req-22e980b3-9cb2-4629-aa22-9eb414b7522c None None] Publish callbacks ['neutron.plugins.ml2.plugin.SecurityGroupDbMixin._ensure_default_security_group_handler-1743666'] for port (c1a21b6f-d72d-4f88-9442-6da6d1c220b1), before_update {{(pid=118377) _notify_loop /usr/local/lib/python3.8/dist-packages/neutron_lib/callbacks/manager.py:176}}
Sep 08 13:59:44.663620 dv-cinder-847733-4-iscsi neutron-server[118376]: DEBUG neutron.api.rpc.handlers.resources_rpc [None req-8e3f126f-2e00-4f05-9033-442225e818bb admin admin] Pushing event updated for resources: {'SecurityGroup': ['ID=2d696d86-ecc6-4dfa-8958-b5bab5e0ae07,revision_number=1']} {{(pid=118376) push /opt/stack/neutron/neutron/api/rpc/handlers/resources_rpc.py:237}}
Sep 08 13:59:44.666094 dv-cinder-847733-4-iscsi neutron-server[118376]: DEBUG neutron.wsgi [-] (118376) accepted ('10.222.0.91', 45950) {{(pid=118376) server /usr/local/lib/python3.8/dist-packages/eventlet/wsgi.py:1004}}
Sep 08 13:59:44.708374 dv-cinder-847733-4-iscsi neutron-server[118375]: DEBUG neutron.scheduler.dhcp_agent_scheduler [None req-6ad088f5-3ce3-42ce-9914-b450ea2ff999 admin admin] Network 0108ad69-d832-4982-a4c2-99583f0b7051 is already hosted by enough agents. {{(pid=118375) _get_dhcp_agents_hosting_network /opt/stack/neutron/neutron/scheduler/dhcp_agent_scheduler.py:275}}
Sep 08 13:59:44.715076 dv-cinder-847733-4-iscsi neutron-server[118375]: DEBUG neutron_lib.callbacks.manager [None req-695d2ef0-108d-44cc-8def-3768e67dc02c admin admin] Publish callbacks [] for security_group (None), before_create {{(pid=118375) _notify_loop /usr/local/lib/python3.8/dist-packages/neutron_lib/callbacks/manager.py:176}}
Sep 08 13:59:44.723169 dv-cinder-847733-4-iscsi neutron-server[118375]: DEBUG neutron_lib.callbacks.manager [None req-a9f643a2-d262-4294-984c-8dbee1496e1a admin admin] Publish callbacks [] for security_group (92087d3a-4e82-4ac6-b0c8-7599b55c4134), precommit_delete {{(pid=118375) _notify_loop /usr/local/lib/python3.8/dist-packages/neutron_lib/callbacks/manager.py:176}}
Sep 08 13:59:44.747120 dv-cinder-847733-4-iscsi neutron-server[118377]: DEBUG neutron.plugins.ml2.db [None req-324fc13c-5f77-45bd-9aea-82dd67c14aa9 None None] For port e46730fb-c727-4f21-b8ea-26cc57720fad, host dv-cinder-847733-4-iscsi, cleared binding levels {{(pid=118377) clear_binding_levels /opt/stack/neutron/neutron/plugins/ml2/db.py:87}}
Sep 08 13:59:44.756144 dv-cinder-847733-4-iscsi neutron-server[118375]: DEBUG neutron.scheduler.base_scheduler [None req-6ad088f5-3ce3-42ce-9914-b450ea2ff999 admin admin] Resources bound (agent type, host, resource id): {{(pid=118375) schedule /opt/stack/neutron/neutron/scheduler/base_scheduler.py:57}}
Sep 08 13:59:44.756327 dv-cinder-847733-4-iscsi neutron-server[118377]: DEBUG neutron.api.rpc.handlers.dhcp_rpc [None req-3c6f0527-09bc-4321-9e52-60b68e5f04f8 None None] Network 563f440b-474a-43d0-8464-ca41149ada44 requested from dv-cinder-847733-4-iscsi {{(pid=118377) get_network_info /opt/stack/neutron/neutron/api/rpc/handlers/dhcp_rpc.py:193}}
Sep 08 13:59:44.759101 dv-cinder-847733-4-iscsi neutron-server[118375]: DEBUG neutron.db.db_base_plugin_common [None req-085a122a-d98f-44d7-aa14-47b771055e7c admin admin] Allocated IP 172.27.3.197 (0108ad69-d832-4982-a4c2-99583f0b7051/6e18a235-7769-4826-826f-90d709175b0f/06caf5d9-10f8-4a06-997d-0c044efbbfcc) {{(pid=118375) _store_ip_allocation /opt/stack/neutron/neutron/db/db_base_plugin_common.py:131}}
Sep 08 13:59:44.782458 dv-cinder-847733-4-iscsi neutron-server[118375]: DEBUG neutron.db.l3_dvrscheduler_db [None req-6ad088f5-3ce3-42ce-9914-b450ea2ff999 admin admin] Received port after_create {{(pid=118375) _notify_l3_agent_new_port /opt/stack/neutron/neutron/db/l3_dvrscheduler_db.py:538}}
Sep 08 13:59:44.791574 dv-cinder-847733-4-iscsi neutron-server[118377]: DEBUG neutron.plugins.ml2.db [None req-324fc13c-5f77-45bd-9aea-82dd67c14aa9 None None] For port e46730fb-c727-4f21-b8ea-26cc57720fad, host dv-cinder-847733-4-iscsi, set binding levels [PortBindingLevel(driver='openvswitch',host='dv-cinder-847733-4-iscsi',level=0,port_id=e46730fb-c727-4f21-b8ea-26cc57720fad,segment=NetworkSegment(10cae8f8-54da-42d9-ad27-d1848e039b56),segment_id=10cae8f8-54da-42d9-ad27-d1848e039b56)] {{(pid=118377) set_binding_levels /opt/stack/neutron/neutron/plugins/ml2/db.py:59}}
Sep 08 13:59:44.798621 dv-cinder-847733-4-iscsi neutron-server[118375]: DEBUG neutron.api.rpc.handlers.resources_rpc [None req-6ad088f5-3ce3-42ce-9914-b450ea2ff999 admin admin] Pushing event updated for resources: {'Port': ['ID=e39aac5b-d628-40b5-86d3-be669c398ce1,revision_number=1']} {{(pid=118375) push /opt/stack/neutron/neutron/api/rpc/handlers/resources_rpc.py:237}}
Sep 08 13:59:44.886964 dv-cinder-847733-4-iscsi neutron-server[118377]: DEBUG neutron.db.provisioning_blocks [None req-e74f7401-3b6c-4a67-8d8f-ab3cc91c9cbf None None] Provisioning complete for port f36ed846-fa9b-4e02-a5c5-27ee736954d8 triggered by entity DHCP. {{(pid=118377) provisioning_complete /opt/stack/neutron/neutron/db/provisioning_blocks.py:144}}
Sep 08 13:59:44.887326 dv-cinder-847733-4-iscsi neutron-server[118377]: DEBUG neutron_lib.callbacks.manager [None req-e74f7401-3b6c-4a67-8d8f-ab3cc91c9cbf None None] Publish callbacks ['neutron.plugins.ml2.plugin.Ml2Plugin._port_provisioned-1373058'] for port (f36ed846-fa9b-4e02-a5c5-27ee736954d8), provisioning_complete {{(pid=118377) _notify_loop /usr/local/lib/python3.8/dist-packages/neutron_lib/callbacks/manager.py:176}}
Sep 08 13:59:44.895031 dv-cinder-847733-4-iscsi neutron-server[118377]: DEBUG neutron.plugins.ml2.db [None req-22e980b3-9cb2-4629-aa22-9eb414b7522c None None] For port c1a21b6f-d72d-4f88-9442-6da6d1c220b1, host dv-cinder-847733-4-iscsi, cleared binding levels {{(pid=118377) clear_binding_levels /opt/stack/neutron/neutron/plugins/ml2/db.py:87}}
Sep 08 13:59:44.898810 dv-cinder-847733-4-iscsi neutron-server[118376]: DEBUG neutron_lib.callbacks.manager [None req-185b8d58-0a8d-4d67-9f43-c13c14386b4e admin admin] Publish callbacks [] for security_group (2d696d86-ecc6-4dfa-8958-b5bab5e0ae07), before_delete {{(pid=118376) _notify_loop /usr/local/lib/python3.8/dist-packages/neutron_lib/callbacks/manager.py:176}}
Sep 08 13:59:44.920946 dv-cinder-847733-4-iscsi neutron-server[118376]: DEBUG neutron.api.rpc.agentnotifiers.l3_rpc_agent_api [None req-10fb1d95-e432-4760-8b3e-f2f0b121eb95 admin admin] Notify agent at l3_agent.dv-cinder-847733-4-iscsi the message routers_updated {{(pid=118376) _agent_notification /opt/stack/neutron/neutron/api/rpc/agentnotifiers/l3_rpc_agent_api.py:65}}
Sep 08 13:59:44.934655 dv-cinder-847733-4-iscsi neutron-server[118378]: DEBUG neutron.api.rpc.handlers.l3_rpc [None req-d3a26832-e215-4c2b-9a2b-1f0be23eded9 None None] Sync routers for ids ['cbe46aac-fe24-467e-be50-b135c725c4ba'] in dv-cinder-847733-4-iscsi {{(pid=118378) sync_routers /opt/stack/neutron/neutron/api/rpc/handlers/l3_rpc.py:125}}
Sep 08 13:59:44.955260 dv-cinder-847733-4-iscsi neutron-server[118378]: DEBUG neutron.db.l3_dvrscheduler_db [None req-d3a26832-e215-4c2b-9a2b-1f0be23eded9 None None] Routers {'cbe46aac-fe24-467e-be50-b135c725c4ba'} bound to L3 agent in host dv-cinder-847733-4-iscsi {{(pid=118378) _get_router_ids_for_agent /opt/stack/neutron/neutron/db/l3_dvrscheduler_db.py:422}}
Sep 08 13:59:44.955260 dv-cinder-847733-4-iscsi neutron-server[118378]: DEBUG neutron.db.l3_hamode_db [None req-d3a26832-e215-4c2b-9a2b-1f0be23eded9 None None] neutron.services.l3_router.l3_router_plugin.L3RouterPlugin method get_ha_sync_data_for_host called with arguments (, 'dv-cinder-847733-4-iscsi', Agent(admin_state_up=True,agent_type='L3 agent',availability_zone='nova',binary='neutron-l3-agent',configurations={"agent_mode": "legacy", "ex_gw_ports": 1, "extensions": [], "floating_ips": 0, "handle_internal_only_routers": true, "interface_driver": "openvswitch", "interfaces": 1, "log_agent_heartbeats": false, "routers": 1},created_at=2022-09-08T13:51:02Z,description=,heartbeat_timestamp=2022-09-08T13:59:32Z,host='dv-cinder-847733-4-iscsi',id=56520d6e-47d5-419f-b0c8-0bbb496453dd,load=0,resource_versions=,resources_synced=,started_at=2022-09-08T13:51:03Z,topic='l3_agent')) {'router_ids': ['cbe46aac-fe24-467e-be50-b135c725c4ba'], 'active': True} {{(pid=118378) wrapper /usr/local/lib/python3.8/dist-packages/oslo_log/helpers.py:65}}
Sep 08 13:59:44.965167 dv-cinder-847733-4-iscsi neutron-server[118377]: DEBUG neutron_lib.callbacks.manager [None req-324fc13c-5f77-45bd-9aea-82dd67c14aa9 None None] Publish callbacks ['neutron.plugins.ml2.plugin.SecurityGroupServerNotifierRpcMixin._notify_sg_on_port_change-1743731', 'neutron.plugins.ml2.ovo_rpc._ObjectChangeHandler.handle_event-959542', 'neutron.api.rpc.agentnotifiers.dhcp_rpc_agent_api.DhcpAgentNotifyAPI._native_event_send_dhcp_notification-773921', 'neutron.db.l3_db.L3RpcNotifierMixin._notify_gateway_port_ip_changed-8771441570434', 'neutron.db.l3_dvrscheduler_db._notify_l3_agent_port_update-8771441111727', 'neutron.db.l3_hascheduler_db._notify_l3_agent_ha_port_update-8771441111745'] for port (e46730fb-c727-4f21-b8ea-26cc57720fad), after_update {{(pid=118377) _notify_loop /usr/local/lib/python3.8/dist-packages/neutron_lib/callbacks/manager.py:176}}
Sep 08 13:59:44.973550 dv-cinder-847733-4-iscsi neutron-server[118376]: DEBUG neutron_lib.callbacks.manager [None req-185b8d58-0a8d-4d67-9f43-c13c14386b4e admin admin] Publish callbacks [] for security_group (2d696d86-ecc6-4dfa-8958-b5bab5e0ae07), precommit_delete {{(pid=118376) _notify_loop /usr/local/lib/python3.8/dist-packages/neutron_lib/callbacks/manager.py:176}}
Sep 08 13:59:44.980629 dv-cinder-847733-4-iscsi neutron-server[118377]: DEBUG neutron.plugins.ml2.db [None req-22e980b3-9cb2-4629-aa22-9eb414b7522c None None] For port c1a21b6f-d72d-4f88-9442-6da6d1c220b1, host dv-cinder-847733-4-iscsi, set binding levels [PortBindingLevel(driver='openvswitch',host='dv-cinder-847733-4-iscsi',level=0,port_id=c1a21b6f-d72d-4f88-9442-6da6d1c220b1,segment=NetworkSegment(17146962-afdd-4cb5-9ff1-2f3f7b47ac86),segment_id=17146962-afdd-4cb5-9ff1-2f3f7b47ac86)] {{(pid=118377) set_binding_levels /opt/stack/neutron/neutron/plugins/ml2/db.py:59}}
Sep 08 13:59:45.090357 dv-cinder-847733-4-iscsi neutron-server[118376]: DEBUG dbcounter [-] [118376] Writing DB stats neutron:SELECT=87,neutron:UPDATE=2,neutron:INSERT=11 {{(pid=118376) stat_writer /usr/local/lib/python3.8/dist-packages/dbcounter.py:114}}
Sep 08 13:59:45.115807 dv-cinder-847733-4-iscsi neutron-server[118377]: DEBUG neutron.plugins.ml2.rpc [None req-1f1fac4c-d14d-44d9-a102-cb86e8dc7017 None None] Device f36ed846-fa9b-4e02-a5c5-27ee736954d8 up at agent ovs-agent-dv-cinder-847733-4-iscsi {{(pid=118377) update_device_up /opt/stack/neutron/neutron/plugins/ml2/rpc.py:296}}
Sep 08 13:59:45.119352 dv-cinder-847733-4-iscsi neutron-server[118376]: DEBUG neutron_lib.callbacks.manager [None req-10fb1d95-e432-4760-8b3e-f2f0b121eb95 admin admin] Publish callbacks [] for router (None), before_response {{(pid=118376) _notify_loop /usr/local/lib/python3.8/dist-packages/neutron_lib/callbacks/manager.py:176}}
Sep 08 13:59:45.121537 dv-cinder-847733-4-iscsi neutron-server[118376]: INFO neutron.wsgi [None req-10fb1d95-e432-4760-8b3e-f2f0b121eb95 admin admin] 10.222.0.91 "POST /networking/v2.0/routers HTTP/1.1" status: 201 len: 923 time: 3.9804180
Sep 08 13:59:45.126256 dv-cinder-847733-4-iscsi neutron-server[118376]: DEBUG neutron.wsgi [-] (118376) accepted ('10.222.0.91', 45954) {{(pid=118376) server /usr/local/lib/python3.8/dist-packages/eventlet/wsgi.py:1004}}
Sep 08 13:59:45.156040 dv-cinder-847733-4-iscsi neutron-server[118377]: DEBUG neutron_lib.callbacks.manager [None req-22e980b3-9cb2-4629-aa22-9eb414b7522c None None] Publish callbacks ['neutron.plugins.ml2.plugin.SecurityGroupServerNotifierRpcMixin._notify_sg_on_port_change-1743731', 'neutron.plugins.ml2.ovo_rpc._ObjectChangeHandler.handle_event-959542', 'neutron.api.rpc.agentnotifiers.dhcp_rpc_agent_api.DhcpAgentNotifyAPI._native_event_send_dhcp_notification-773921', 'neutron.db.l3_db.L3RpcNotifierMixin._notify_gateway_port_ip_changed-8771441570434', 'neutron.db.l3_dvrscheduler_db._notify_l3_agent_port_update-8771441111727', 'neutron.db.l3_hascheduler_db._notify_l3_agent_ha_port_update-8771441111745'] for port (c1a21b6f-d72d-4f88-9442-6da6d1c220b1), after_update {{(pid=118377) _notify_loop /usr/local/lib/python3.8/dist-packages/neutron_lib/callbacks/manager.py:176}}
Sep 08 13:59:45.201017 dv-cinder-847733-4-iscsi neutron-server[118376]: DEBUG neutron.wsgi [-] (118376) accepted ('10.222.0.91', 45956) {{(pid=118376) server /usr/local/lib/python3.8/dist-packages/eventlet/wsgi.py:1004}}
