Sep 08 13:59:45.235736 dv-cinder-847733-4-iscsi neutron-server[118376]: DEBUG neutron_lib.callbacks.manager [None req-185b8d58-0a8d-4d67-9f43-c13c14386b4e admin admin] Publish callbacks ['neutron.plugins.ml2.ovo_rpc._ObjectChangeHandler.handle_event-630988'] for security_group (2d696d86-ecc6-4dfa-8958-b5bab5e0ae07), after_delete {{(pid=118376) _notify_loop /usr/local/lib/python3.8/dist-packages/neutron_lib/callbacks/manager.py:176}}
Sep 08 13:59:45.240387 dv-cinder-847733-4-iscsi neutron-server[118376]: DEBUG neutron_lib.callbacks.manager [None req-185b8d58-0a8d-4d67-9f43-c13c14386b4e admin admin] Publish callbacks [] for security_group (None), before_response {{(pid=118376) _notify_loop /usr/local/lib/python3.8/dist-packages/neutron_lib/callbacks/manager.py:176}}
Sep 08 13:59:45.241692 dv-cinder-847733-4-iscsi neutron-server[118376]: INFO neutron.wsgi [None req-185b8d58-0a8d-4d67-9f43-c13c14386b4e admin admin] 10.222.0.91 "DELETE /networking/v2.0/security-groups/2d696d86-ecc6-4dfa-8958-b5bab5e0ae07 HTTP/1.1" status: 204 len: 168 time: 0.5702434
Sep 08 13:59:45.272642 dv-cinder-847733-4-iscsi neutron-server[118376]: DEBUG neutron.api.rpc.handlers.resources_rpc [None req-185b8d58-0a8d-4d67-9f43-c13c14386b4e admin admin] Pushing event deleted for resources: {'SecurityGroup': ['ID=2d696d86-ecc6-4dfa-8958-b5bab5e0ae07,revision_number=None']} {{(pid=118376) push /opt/stack/neutron/neutron/api/rpc/handlers/resources_rpc.py:237}}
Sep 08 13:59:45.382334 dv-cinder-847733-4-iscsi neutron-server[118375]: DEBUG neutron_lib.callbacks.manager [None req-695d2ef0-108d-44cc-8def-3768e67dc02c admin admin] Publish callbacks [] for security_group (4638fe7d-889b-4573-bef0-e4ba93f29c1d), precommit_create {{(pid=118375) _notify_loop /usr/local/lib/python3.8/dist-packages/neutron_lib/callbacks/manager.py:176}}
Sep 08 13:59:45.459428 dv-cinder-847733-4-iscsi neutron-server[118377]: DEBUG neutron.api.rpc.handlers.resources_rpc [None req-324fc13c-5f77-45bd-9aea-82dd67c14aa9 None None] Pushing event updated for resources: {'Port': ['ID=e46730fb-c727-4f21-b8ea-26cc57720fad,revision_number=2']} {{(pid=118377) push /opt/stack/neutron/neutron/api/rpc/handlers/resources_rpc.py:237}}
Sep 08 13:59:45.466608 dv-cinder-847733-4-iscsi neutron-server[118378]: DEBUG neutron.db.l3_dvr_db [None req-d3a26832-e215-4c2b-9a2b-1f0be23eded9 None None] Set router cbe46aac-fe24-467e-be50-b135c725c4ba gateway port host: dv-cinder-847733-4-iscsi {{(pid=118378) _build_routers_list /opt/stack/neutron/neutron/db/l3_dvr_db.py:907}}
Sep 08 13:59:45.664002 dv-cinder-847733-4-iscsi neutron-server[118376]: DEBUG neutron_lib.callbacks.manager [None req-5f9af6e8-e825-452e-97b2-d53857e38d5c admin admin] Publish callbacks [] for security_group (None), before_create {{(pid=118376) _notify_loop /usr/local/lib/python3.8/dist-packages/neutron_lib/callbacks/manager.py:176}}
Sep 08 13:59:45.694317 dv-cinder-847733-4-iscsi neutron-server[118377]: DEBUG neutron.db.provisioning_blocks [None req-1f1fac4c-d14d-44d9-a102-cb86e8dc7017 None None] Provisioning complete for port f36ed846-fa9b-4e02-a5c5-27ee736954d8 triggered by entity L2. {{(pid=118377) provisioning_complete /opt/stack/neutron/neutron/db/provisioning_blocks.py:144}}
Sep 08 13:59:45.694727 dv-cinder-847733-4-iscsi neutron-server[118377]: DEBUG neutron_lib.callbacks.manager [None req-1f1fac4c-d14d-44d9-a102-cb86e8dc7017 None None] Publish callbacks ['neutron.plugins.ml2.plugin.Ml2Plugin._port_provisioned-1373058'] for port (f36ed846-fa9b-4e02-a5c5-27ee736954d8), provisioning_complete {{(pid=118377) _notify_loop /usr/local/lib/python3.8/dist-packages/neutron_lib/callbacks/manager.py:176}}
Sep 08 13:59:45.797918 dv-cinder-847733-4-iscsi neutron-server[118377]: DEBUG neutron.plugins.ml2.plugin [None req-e74f7401-3b6c-4a67-8d8f-ab3cc91c9cbf None None] Current status of the port f36ed846-fa9b-4e02-a5c5-27ee736954d8 is: DOWN; New status is: ACTIVE {{(pid=118377) _update_individual_port_db_status /opt/stack/neutron/neutron/plugins/ml2/plugin.py:2302}}
Sep 08 13:59:45.799473 dv-cinder-847733-4-iscsi neutron-server[118377]: DEBUG neutron_lib.callbacks.manager [None req-e74f7401-3b6c-4a67-8d8f-ab3cc91c9cbf None None] Publish callbacks ['neutron.plugins.ml2.plugin.SecurityGroupDbMixin._ensure_default_security_group_handler-1743666'] for port (f36ed846-fa9b-4e02-a5c5-27ee736954d8), before_update {{(pid=118377) _notify_loop /usr/local/lib/python3.8/dist-packages/neutron_lib/callbacks/manager.py:176}}
Sep 08 13:59:45.841592 dv-cinder-847733-4-iscsi neutron-server[118377]: DEBUG neutron.api.rpc.handlers.resources_rpc [None req-22e980b3-9cb2-4629-aa22-9eb414b7522c None None] Pushing event updated for resources: {'Port': ['ID=c1a21b6f-d72d-4f88-9442-6da6d1c220b1,revision_number=2']} {{(pid=118377) push /opt/stack/neutron/neutron/api/rpc/handlers/resources_rpc.py:237}}
Sep 08 13:59:45.864301 dv-cinder-847733-4-iscsi neutron-server[118375]: DEBUG neutron_lib.callbacks.manager [None req-a9f643a2-d262-4294-984c-8dbee1496e1a admin admin] Publish callbacks ['neutron.plugins.ml2.ovo_rpc._ObjectChangeHandler.handle_event-630988'] for security_group (92087d3a-4e82-4ac6-b0c8-7599b55c4134), after_delete {{(pid=118375) _notify_loop /usr/local/lib/python3.8/dist-packages/neutron_lib/callbacks/manager.py:176}}
Sep 08 13:59:45.868615 dv-cinder-847733-4-iscsi neutron-server[118375]: DEBUG neutron_lib.callbacks.manager [None req-a9f643a2-d262-4294-984c-8dbee1496e1a admin admin] Publish callbacks [] for security_group (None), before_response {{(pid=118375) _notify_loop /usr/local/lib/python3.8/dist-packages/neutron_lib/callbacks/manager.py:176}}
Sep 08 13:59:45.877771 dv-cinder-847733-4-iscsi neutron-server[118375]: INFO neutron.wsgi [None req-a9f643a2-d262-4294-984c-8dbee1496e1a admin admin] 10.222.0.91 "DELETE /networking/v2.0/security-groups/92087d3a-4e82-4ac6-b0c8-7599b55c4134 HTTP/1.1" status: 204 len: 168 time: 1.8769729
Sep 08 13:59:45.878818 dv-cinder-847733-4-iscsi neutron-server[118375]: DEBUG neutron_lib.callbacks.manager [None req-695d2ef0-108d-44cc-8def-3768e67dc02c admin admin] Publish callbacks ['neutron.plugins.ml2.ovo_rpc._ObjectChangeHandler.handle_event-630988'] for security_group (4638fe7d-889b-4573-bef0-e4ba93f29c1d), after_create {{(pid=118375) _notify_loop /usr/local/lib/python3.8/dist-packages/neutron_lib/callbacks/manager.py:176}}
Sep 08 13:59:45.900474 dv-cinder-847733-4-iscsi neutron-server[118375]: DEBUG neutron.plugins.ml2.drivers.helpers [None req-695d2ef0-108d-44cc-8def-3768e67dc02c admin admin] vlan segment allocate from pool success with {'vlan_id': 1020, 'physical_network': 'physnet1'} {{(pid=118375) allocate_partially_specified_segment /opt/stack/neutron/neutron/plugins/ml2/drivers/helpers.py:153}}
Sep 08 13:59:45.915735 dv-cinder-847733-4-iscsi neutron-server[118375]: DEBUG neutron_lib.callbacks.manager [None req-695d2ef0-108d-44cc-8def-3768e67dc02c admin admin] Publish callbacks ['neutron.plugins.ml2.plugin.Ml2Plugin._handle_segment_change-1337394'] for segment (bf0b04a9-8ee3-41a9-9e34-87c0164321ec), precommit_create {{(pid=118375) _notify_loop /usr/local/lib/python3.8/dist-packages/neutron_lib/callbacks/manager.py:176}}
Sep 08 13:59:45.919005 dv-cinder-847733-4-iscsi neutron-server[118375]: INFO neutron.db.segments_db [None req-695d2ef0-108d-44cc-8def-3768e67dc02c admin admin] Added segment bf0b04a9-8ee3-41a9-9e34-87c0164321ec of type vlan for network 7383edc5-e8ab-4a3f-ac68-78f8feb80ddb
Sep 08 13:59:45.957996 dv-cinder-847733-4-iscsi neutron-server[118377]: DEBUG neutron.plugins.ml2.db [None req-e74f7401-3b6c-4a67-8d8f-ab3cc91c9cbf None None] For port f36ed846-fa9b-4e02-a5c5-27ee736954d8, host dv-cinder-847733-4-iscsi, got binding levels [PortBindingLevel(driver='openvswitch',host='dv-cinder-847733-4-iscsi',level=0,port_id=f36ed846-fa9b-4e02-a5c5-27ee736954d8,segment=NetworkSegment(69925db4-6a6f-433e-9090-c0918cc2a5b2),segment_id=69925db4-6a6f-433e-9090-c0918cc2a5b2)] {{(pid=118377) get_binding_level_objs /opt/stack/neutron/neutron/plugins/ml2/db.py:74}}
Sep 08 13:59:46.027371 dv-cinder-847733-4-iscsi neutron-server[118377]: DEBUG neutron.plugins.ml2.plugin [None req-1f1fac4c-d14d-44d9-a102-cb86e8dc7017 None None] Current status of the port f36ed846-fa9b-4e02-a5c5-27ee736954d8 is: DOWN; New status is: ACTIVE {{(pid=118377) _update_individual_port_db_status /opt/stack/neutron/neutron/plugins/ml2/plugin.py:2302}}
Sep 08 13:59:46.027761 dv-cinder-847733-4-iscsi neutron-server[118377]: DEBUG neutron_lib.callbacks.manager [None req-1f1fac4c-d14d-44d9-a102-cb86e8dc7017 None None] Publish callbacks ['neutron.plugins.ml2.plugin.SecurityGroupDbMixin._ensure_default_security_group_handler-1743666'] for port (f36ed846-fa9b-4e02-a5c5-27ee736954d8), before_update {{(pid=118377) _notify_loop /usr/local/lib/python3.8/dist-packages/neutron_lib/callbacks/manager.py:176}}
Sep 08 13:59:46.030929 dv-cinder-847733-4-iscsi neutron-server[118375]: DEBUG neutron_lib.callbacks.manager [None req-695d2ef0-108d-44cc-8def-3768e67dc02c admin admin] Publish callbacks ['neutron.services.auto_allocate.db._ensure_external_network_default_value_callback-8771441047947'] for network (7383edc5-e8ab-4a3f-ac68-78f8feb80ddb), precommit_create {{(pid=118375) _notify_loop /usr/local/lib/python3.8/dist-packages/neutron_lib/callbacks/manager.py:176}}
Sep 08 13:59:46.050267 dv-cinder-847733-4-iscsi neutron-server[118377]: DEBUG neutron_lib.callbacks.manager [None req-e74f7401-3b6c-4a67-8d8f-ab3cc91c9cbf None None] Publish callbacks ['neutron.plugins.ml2.plugin.SecurityGroupServerNotifierRpcMixin._notify_sg_on_port_change-1743731', 'neutron.plugins.ml2.ovo_rpc._ObjectChangeHandler.handle_event-959542', 'neutron.api.rpc.agentnotifiers.dhcp_rpc_agent_api.DhcpAgentNotifyAPI._native_event_send_dhcp_notification-773921', 'neutron.db.l3_db.L3RpcNotifierMixin._notify_gateway_port_ip_changed-8771441570434', 'neutron.db.l3_dvrscheduler_db._notify_l3_agent_port_update-8771441111727', 'neutron.db.l3_hascheduler_db._notify_l3_agent_ha_port_update-8771441111745'] for port (f36ed846-fa9b-4e02-a5c5-27ee736954d8), after_update {{(pid=118377) _notify_loop /usr/local/lib/python3.8/dist-packages/neutron_lib/callbacks/manager.py:176}}
Sep 08 13:59:46.092043 dv-cinder-847733-4-iscsi neutron-server[118376]: DEBUG dbcounter [-] [118376] Writing DB stats neutron:SELECT=86,neutron:INSERT=6,neutron:UPDATE=4,neutron:DELETE=4 {{(pid=118376) stat_writer /usr/local/lib/python3.8/dist-packages/dbcounter.py:114}}
Sep 08 13:59:46.126662 dv-cinder-847733-4-iscsi neutron-server[118378]: DEBUG neutron.db.l3_hamode_db [None req-d3a26832-e215-4c2b-9a2b-1f0be23eded9 None None] neutron.services.l3_router.l3_router_plugin.L3RouterPlugin method _process_sync_ha_data called with arguments (, [{'id': 'cbe46aac-fe24-467e-be50-b135c725c4ba', 'name': 'tempest-AttachVolumeTestJSON-2016512875-router', 'tenant_id': '4d0ed4e4f54c47369721e871f0dec518', 'admin_state_up': True, 'status': 'ACTIVE', 'external_gateway_info': {'network_id': '0108ad69-d832-4982-a4c2-99583f0b7051', 'external_fixed_ips': [{'subnet_id': '6e18a235-7769-4826-826f-90d709175b0f', 'ip_address': '172.27.3.221'}], 'enable_snat': True}, 'gw_port_id': '668c5d14-4908-442b-b55b-a0d80cc7036a', 'description': '', 'availability_zones': ['nova'], 'distributed': False, 'ha': False, 'ha_vr_id': 0, 'availability_zone_hints': [], 'routes': [], 'flavor_id': None, 'tags': [], 'created_at': '2022-09-08T13:59:41Z', 'updated_at': '2022-09-08T13:59:43Z', 'revision_number': 3, 'project_id': '4d0ed4e4f54c47369721e871f0dec518', 'gw_port': {'id': '668c5d14-4908-442b-b55b-a0d80cc7036a', 'name': '', 'network_id': '0108ad69-d832-4982-a4c2-99583f0b7051', 'tenant_id': '', 'mac_address': 'fa:16:3e:db:ea:f8', 'admin_state_up': True, 'status': 'DOWN', 'device_id': 'cbe46aac-fe24-467e-be50-b135c725c4ba', 'device_owner': 'network:router_gateway', 'standard_attr_id': 82, 'fixed_ips': [{'subnet_id': '6e18a235-7769-4826-826f-90d709175b0f', 'ip_address': '172.27.3.221', 'prefixlen': 24}], 'allowed_address_pairs': [], 'extra_dhcp_opts': [], 'security_groups': [], 'description': '', 'binding:vnic_type': 'normal', 'binding:profile': {}, 'binding:host_id': '', 'binding:vif_type': 'unbound', 'binding:vif_details': {}, 'port_security_enabled': False, 'tags': [], 'created_at': '2022-09-08T13:59:42Z', 'updated_at': '2022-09-08T13:59:42Z', 'revision_number': 1, 'project_id': '', 'subnets': [{'id': '6e18a235-7769-4826-826f-90d709175b0f', 'cidr': '172.27.3.0/24', 'gateway_ip': '172.27.3.1', 'dns_nameservers': [], 'ipv6_ra_mode': None, 'subnetpool_id': None}], 'extra_subnets': [], 'address_scopes': {4: None, 6: None}, 'mtu': 1500}, 'enable_snat': True, 'gw_port_host': 'dv-cinder-847733-4-iscsi'}], 'dv-cinder-847733-4-iscsi', False) {} {{(pid=118378) wrapper /usr/local/lib/python3.8/dist-packages/oslo_log/helpers.py:65}}
Sep 08 13:59:46.195246 dv-cinder-847733-4-iscsi neutron-server[118378]: DEBUG neutron.api.rpc.handlers.l3_rpc [None req-d3a26832-e215-4c2b-9a2b-1f0be23eded9 None None] Checking router: cbe46aac-fe24-467e-be50-b135c725c4ba for host: dv-cinder-847733-4-iscsi {{(pid=118378) _ensure_host_set_on_ports /opt/stack/neutron/neutron/api/rpc/handlers/l3_rpc.py:155}}
Sep 08 13:59:46.195599 dv-cinder-847733-4-iscsi neutron-server[118378]: DEBUG neutron.api.rpc.handlers.l3_rpc [None req-d3a26832-e215-4c2b-9a2b-1f0be23eded9 None None] Updating router cbe46aac-fe24-467e-be50-b135c725c4ba port 668c5d14-4908-442b-b55b-a0d80cc7036a binding host dv-cinder-847733-4-iscsi {{(pid=118378) _ensure_host_set_on_port /opt/stack/neutron/neutron/api/rpc/handlers/l3_rpc.py:205}}
Sep 08 13:59:46.200579 dv-cinder-847733-4-iscsi neutron-server[118375]: DEBUG dbcounter [-] [118375] Writing DB stats neutron:SELECT=87,neutron:INSERT=7,neutron:DELETE=4,neutron:UPDATE=2 {{(pid=118375) stat_writer /usr/local/lib/python3.8/dist-packages/dbcounter.py:114}}
Sep 08 13:59:46.211764 dv-cinder-847733-4-iscsi neutron-server[118375]: DEBUG neutron_lib.callbacks.manager [None req-695d2ef0-108d-44cc-8def-3768e67dc02c admin admin] Publish callbacks ['neutron.plugins.ml2.ovo_rpc._ObjectChangeHandler.handle_event-637311', 'neutron.api.rpc.agentnotifiers.dhcp_rpc_agent_api.DhcpAgentNotifyAPI._native_event_send_dhcp_notification-773921'] for network (7383edc5-e8ab-4a3f-ac68-78f8feb80ddb), after_create {{(pid=118375) _notify_loop /usr/local/lib/python3.8/dist-packages/neutron_lib/callbacks/manager.py:176}}
Sep 08 13:59:46.213846 dv-cinder-847733-4-iscsi neutron-server[118375]: DEBUG neutron.pecan_wsgi.hooks.policy_enforcement [None req-695d2ef0-108d-44cc-8def-3768e67dc02c admin admin] Attributes excluded by policy engine: ['standard_attr_id', 'vlan_transparent'] {{(pid=118375) _exclude_attributes_by_policy /opt/stack/neutron/neutron/pecan_wsgi/hooks/policy_enforcement.py:259}}
Sep 08 13:59:46.215714 dv-cinder-847733-4-iscsi neutron-server[118375]: DEBUG neutron_lib.callbacks.manager [None req-695d2ef0-108d-44cc-8def-3768e67dc02c admin admin] Publish callbacks ['neutron.api.rpc.agentnotifiers.dhcp_rpc_agent_api.DhcpAgentNotifyAPI._send_dhcp_notification-773939'] for network (None), before_response {{(pid=118375) _notify_loop /usr/local/lib/python3.8/dist-packages/neutron_lib/callbacks/manager.py:176}}
Sep 08 13:59:46.219419 dv-cinder-847733-4-iscsi neutron-server[118375]: DEBUG neutron.api.rpc.handlers.resources_rpc [None req-a9f643a2-d262-4294-984c-8dbee1496e1a admin admin] Pushing event deleted for resources: {'SecurityGroup': ['ID=92087d3a-4e82-4ac6-b0c8-7599b55c4134,revision_number=None']} {{(pid=118375) push /opt/stack/neutron/neutron/api/rpc/handlers/resources_rpc.py:237}}
Sep 08 13:59:46.250477 dv-cinder-847733-4-iscsi neutron-server[118377]: DEBUG dbcounter [-] [118377] Writing DB stats neutron:SELECT=88,neutron:INSERT=5,neutron:UPDATE=7 {{(pid=118377) stat_writer /usr/local/lib/python3.8/dist-packages/dbcounter.py:114}}
Sep 08 13:59:46.269119 dv-cinder-847733-4-iscsi neutron-server[118376]: DEBUG neutron_lib.callbacks.manager [None req-5f9af6e8-e825-452e-97b2-d53857e38d5c admin admin] Publish callbacks [] for security_group (fb1b794d-f4d3-44a7-8364-22634f499e6a), precommit_create {{(pid=118376) _notify_loop /usr/local/lib/python3.8/dist-packages/neutron_lib/callbacks/manager.py:176}}
Sep 08 13:59:46.320519 dv-cinder-847733-4-iscsi neutron-server[118377]: DEBUG neutron.api.rpc.handlers.dhcp_rpc [None req-e50d6667-5ca3-4a82-81ef-4d87fb95ab4a None None] Network 955cd46c-55dd-4620-a904-f617035eddf3 requested from dv-cinder-847733-4-iscsi {{(pid=118377) get_network_info /opt/stack/neutron/neutron/api/rpc/handlers/dhcp_rpc.py:193}}
Sep 08 13:59:46.337642 dv-cinder-847733-4-iscsi neutron-server[118377]: DEBUG neutron.api.rpc.handlers.resources_rpc [None req-e74f7401-3b6c-4a67-8d8f-ab3cc91c9cbf None None] Pushing event updated for resources: {'Port': ['ID=f36ed846-fa9b-4e02-a5c5-27ee736954d8,revision_number=3']} {{(pid=118377) push /opt/stack/neutron/neutron/api/rpc/handlers/resources_rpc.py:237}}
Sep 08 13:59:46.345365 dv-cinder-847733-4-iscsi neutron-server[118377]: DEBUG neutron.db.provisioning_blocks [None req-ce5ed1b4-eb5a-4b21-a7c1-072a8f8a152c None None] Provisioning complete for port f36ed846-fa9b-4e02-a5c5-27ee736954d8 triggered by entity DHCP. {{(pid=118377) provisioning_complete /opt/stack/neutron/neutron/db/provisioning_blocks.py:144}}
Sep 08 13:59:46.345799 dv-cinder-847733-4-iscsi neutron-server[118377]: DEBUG neutron_lib.callbacks.manager [None req-ce5ed1b4-eb5a-4b21-a7c1-072a8f8a152c None None] Publish callbacks ['neutron.plugins.ml2.plugin.Ml2Plugin._port_provisioned-1373058'] for port (f36ed846-fa9b-4e02-a5c5-27ee736954d8), provisioning_complete {{(pid=118377) _notify_loop /usr/local/lib/python3.8/dist-packages/neutron_lib/callbacks/manager.py:176}}
Sep 08 13:59:46.353229 dv-cinder-847733-4-iscsi neutron-server[118378]: DEBUG neutron_lib.callbacks.manager [None req-d3a26832-e215-4c2b-9a2b-1f0be23eded9 None None] Publish callbacks ['neutron.plugins.ml2.plugin.SecurityGroupDbMixin._ensure_default_security_group_handler-1743666'] for port (668c5d14-4908-442b-b55b-a0d80cc7036a), before_update {{(pid=118378) _notify_loop /usr/local/lib/python3.8/dist-packages/neutron_lib/callbacks/manager.py:176}}
Sep 08 13:59:46.381318 dv-cinder-847733-4-iscsi neutron-server[118376]: DEBUG neutron_lib.callbacks.manager [None req-5f9af6e8-e825-452e-97b2-d53857e38d5c admin admin] Publish callbacks ['neutron.plugins.ml2.ovo_rpc._ObjectChangeHandler.handle_event-630988'] for security_group (fb1b794d-f4d3-44a7-8364-22634f499e6a), after_create {{(pid=118376) _notify_loop /usr/local/lib/python3.8/dist-packages/neutron_lib/callbacks/manager.py:176}}
Sep 08 13:59:46.381486 dv-cinder-847733-4-iscsi neutron-server[118375]: DEBUG neutron_lib.callbacks.manager [None req-085a122a-d98f-44d7-aa14-47b771055e7c admin admin] Publish callbacks [] for port (06caf5d9-10f8-4a06-997d-0c044efbbfcc), precommit_create {{(pid=118375) _notify_loop /usr/local/lib/python3.8/dist-packages/neutron_lib/callbacks/manager.py:176}}
Sep 08 13:59:46.387231 dv-cinder-847733-4-iscsi neutron-server[118375]: DEBUG neutron.api.rpc.handlers.resources_rpc [None req-695d2ef0-108d-44cc-8def-3768e67dc02c admin admin] Pushing event updated for resources: {'Network': ['ID=7383edc5-e8ab-4a3f-ac68-78f8feb80ddb,revision_number=1']} {{(pid=118375) push /opt/stack/neutron/neutron/api/rpc/handlers/resources_rpc.py:237}}
Sep 08 13:59:46.422292 dv-cinder-847733-4-iscsi neutron-server[118377]: DEBUG neutron_lib.db.api [None req-1f1fac4c-d14d-44d9-a102-cb86e8dc7017 None None] Retry wrapper got retriable exception: UPDATE statement on table 'standardattributes' expected to update 1 row(s); 0 were matched. {{(pid=118377) wrapped /usr/local/lib/python3.8/dist-packages/neutron_lib/db/api.py:188}}
Sep 08 13:59:46.424494 dv-cinder-847733-4-iscsi neutron-server[118377]: DEBUG oslo_db.api [None req-1f1fac4c-d14d-44d9-a102-cb86e8dc7017 None None] Performing DB retry for function neutron.plugins.ml2.plugin.Ml2Plugin.update_port_statuses {{(pid=118377) wrapper /usr/local/lib/python3.8/dist-packages/oslo_db/api.py:155}}
Sep 08 13:59:46.432943 dv-cinder-847733-4-iscsi neutron-server[118377]: DEBUG neutron.plugins.ml2.rpc [None req-1f1fac4c-d14d-44d9-a102-cb86e8dc7017 None None] Network 7383edc5-e8ab-4a3f-ac68-78f8feb80ddb details requested by agent ovs-agent-dv-cinder-847733-4-iscsi with host dv-cinder-847733-4-iscsi {{(pid=118377) get_network_details /opt/stack/neutron/neutron/plugins/ml2/rpc.py:248}}
Sep 08 13:59:46.525691 dv-cinder-847733-4-iscsi neutron-server[118376]: INFO neutron.wsgi [None req-5f9af6e8-e825-452e-97b2-d53857e38d5c admin admin] 10.222.0.91 "GET /networking/v2.0/security-groups?tenant_id=266ca24a1fb44f9992e9eb372695bdc6&name=default HTTP/1.1" status: 200 len: 2996 time: 1.3229761
Sep 08 13:59:46.531863 dv-cinder-847733-4-iscsi neutron-server[118376]: DEBUG neutron.wsgi [-] (118376) accepted ('10.222.0.91', 45974) {{(pid=118376) server /usr/local/lib/python3.8/dist-packages/eventlet/wsgi.py:1004}}
Sep 08 13:59:46.542854 dv-cinder-847733-4-iscsi neutron-server[118376]: DEBUG neutron.api.rpc.handlers.resources_rpc [None req-5f9af6e8-e825-452e-97b2-d53857e38d5c admin admin] Pushing event updated for resources: {'SecurityGroup': ['ID=fb1b794d-f4d3-44a7-8364-22634f499e6a,revision_number=1']} {{(pid=118376) push /opt/stack/neutron/neutron/api/rpc/handlers/resources_rpc.py:237}}
Sep 08 13:59:46.636727 dv-cinder-847733-4-iscsi neutron-server[118375]: INFO neutron.wsgi [None req-695d2ef0-108d-44cc-8def-3768e67dc02c admin admin] 10.222.0.91 "POST /networking/v2.0/networks HTTP/1.1" status: 201 len: 899 time: 2.8332851
Sep 08 13:59:46.637439 dv-cinder-847733-4-iscsi neutron-server[118376]: DEBUG neutron.wsgi [-] (118376) accepted ('10.222.0.91', 45978) {{(pid=118376) server /usr/local/lib/python3.8/dist-packages/eventlet/wsgi.py:1004}}
Sep 08 13:59:46.650525 dv-cinder-847733-4-iscsi neutron-server[118375]: DEBUG dbcounter [-] [118375] Writing DB stats neutron:SELECT=84,neutron:INSERT=11,neutron:UPDATE=5 {{(pid=118375) stat_writer /usr/local/lib/python3.8/dist-packages/dbcounter.py:114}}
Sep 08 13:59:46.652515 dv-cinder-847733-4-iscsi neutron-server[118375]: DEBUG neutron.api.rpc.handlers.resources_rpc [None req-695d2ef0-108d-44cc-8def-3768e67dc02c admin admin] Pushing event updated for resources: {'SecurityGroup': ['ID=4638fe7d-889b-4573-bef0-e4ba93f29c1d,revision_number=1']} {{(pid=118375) push /opt/stack/neutron/neutron/api/rpc/handlers/resources_rpc.py:237}}
Sep 08 13:59:46.656547 dv-cinder-847733-4-iscsi neutron-server[118376]: DEBUG neutron.api.v2.base [None req-d54ae90a-20b7-418d-ad90-35cda7e6f315 admin admin] Request body: {'subnet': {'network_id': '7383edc5-e8ab-4a3f-ac68-78f8feb80ddb', 'cidr': '172.20.0.0/28', 'name': 'tempest-EncryptedVolumesExtendAttachedTest-1079007815-subnet', 'tenant_id': '516db22260e64e888a2c06164c83e3f0', 'enable_dhcp': False, 'ip_version': 4}} {{(pid=118376) prepare_request_body /opt/stack/neutron/neutron/api/v2/base.py:730}}
Sep 08 13:59:46.660629 dv-cinder-847733-4-iscsi neutron-server[118376]: DEBUG neutron_lib.callbacks.manager [None req-c3069f1d-0efa-4cf7-b5c3-f79ddcf5791d admin admin] Publish callbacks [] for security_group (fb1b794d-f4d3-44a7-8364-22634f499e6a), before_delete {{(pid=118376) _notify_loop /usr/local/lib/python3.8/dist-packages/neutron_lib/callbacks/manager.py:176}}
Sep 08 13:59:46.664813 dv-cinder-847733-4-iscsi neutron-server[118376]: DEBUG neutron_lib.callbacks.manager [None req-a77c047a-d3db-4cb4-80f5-8e1d1e67dea0 admin admin] Publish callbacks ['neutron.plugins.ml2.plugin.SecurityGroupDbMixin._ensure_default_security_group_handler-1743666'] for port (None), before_create {{(pid=118376) _notify_loop /usr/local/lib/python3.8/dist-packages/neutron_lib/callbacks/manager.py:176}}
Sep 08 13:59:46.667868 dv-cinder-847733-4-iscsi neutron-server[118375]: DEBUG neutron_lib.callbacks.manager [None req-6ad088f5-3ce3-42ce-9914-b450ea2ff999 admin admin] Publish callbacks [] for router_gateway (429731fb-f3b5-4780-ac84-55d9ac5f39dc), after_create {{(pid=118375) _notify_loop /usr/local/lib/python3.8/dist-packages/neutron_lib/callbacks/manager.py:176}}
Sep 08 13:59:46.752006 dv-cinder-847733-4-iscsi neutron-server[118376]: DEBUG neutron_lib.callbacks.manager [None req-c3069f1d-0efa-4cf7-b5c3-f79ddcf5791d admin admin] Publish callbacks [] for security_group (fb1b794d-f4d3-44a7-8364-22634f499e6a), precommit_delete {{(pid=118376) _notify_loop /usr/local/lib/python3.8/dist-packages/neutron_lib/callbacks/manager.py:176}}
Sep 08 13:59:46.765382 dv-cinder-847733-4-iscsi neutron-server[118377]: DEBUG dbcounter [-] [118377] Writing DB stats neutron:SELECT=93,neutron:INSERT=4,neutron:UPDATE=3 {{(pid=118377) stat_writer /usr/local/lib/python3.8/dist-packages/dbcounter.py:114}}
Sep 08 13:59:46.783203 dv-cinder-847733-4-iscsi neutron-server[118375]: DEBUG neutron.db.db_base_plugin_common [None req-ffff86ca-e1b5-445f-9d1e-4eb3b5731847 admin admin] Allocated IP 172.27.3.160 (0108ad69-d832-4982-a4c2-99583f0b7051/6e18a235-7769-4826-826f-90d709175b0f/6d857e8e-f11c-4705-b9cd-6c9204f084ce) {{(pid=118375) _store_ip_allocation /opt/stack/neutron/neutron/db/db_base_plugin_common.py:131}}
Sep 08 13:59:46.804774 dv-cinder-847733-4-iscsi neutron-server[118375]: DEBUG neutron_lib.callbacks.manager [None req-085a122a-d98f-44d7-aa14-47b771055e7c admin admin] Publish callbacks ['neutron.plugins.ml2.plugin.SecurityGroupServerNotifierRpcMixin._notify_sg_on_port_change-1743731', 'neutron.plugins.ml2.ovo_rpc._ObjectChangeHandler.handle_event-959542', 'neutron.api.rpc.agentnotifiers.dhcp_rpc_agent_api.DhcpAgentNotifyAPI._native_event_send_dhcp_notification-773921', 'neutron.db.l3_dvrscheduler_db._notify_l3_agent_new_port-8771441111709'] for port (06caf5d9-10f8-4a06-997d-0c044efbbfcc), after_create {{(pid=118375) _notify_loop /usr/local/lib/python3.8/dist-packages/neutron_lib/callbacks/manager.py:176}}
Sep 08 13:59:46.871943 dv-cinder-847733-4-iscsi neutron-server[118376]: DEBUG neutron.pecan_wsgi.hooks.quota_enforcement [None req-d54ae90a-20b7-418d-ad90-35cda7e6f315 admin admin] Made reservation on behalf of 516db22260e64e888a2c06164c83e3f0 for: {'subnet': 1} {{(pid=118376) before /opt/stack/neutron/neutron/pecan_wsgi/hooks/quota_enforcement.py:53}}
Sep 08 13:59:46.878071 dv-cinder-847733-4-iscsi neutron-server[118376]: DEBUG neutron_lib.callbacks.manager [None req-d54ae90a-20b7-418d-ad90-35cda7e6f315 admin admin] Publish callbacks [] for subnet (None), before_create {{(pid=118376) _notify_loop /usr/local/lib/python3.8/dist-packages/neutron_lib/callbacks/manager.py:176}}
Sep 08 13:59:46.896975 dv-cinder-847733-4-iscsi neutron-server[118377]: DEBUG neutron.plugins.ml2.plugin [None req-ce5ed1b4-eb5a-4b21-a7c1-072a8f8a152c None None] Current status of the port f36ed846-fa9b-4e02-a5c5-27ee736954d8 is: ACTIVE; New status is: ACTIVE {{(pid=118377) _update_individual_port_db_status /opt/stack/neutron/neutron/plugins/ml2/plugin.py:2302}}
Sep 08 13:59:46.984534 dv-cinder-847733-4-iscsi neutron-server[118377]: DEBUG neutron.api.rpc.handlers.dhcp_rpc [None req-7174f825-a67b-4fb7-a6da-10f6f737b655 None None] Network 58c8bc7a-6681-4b5a-acdc-437bbe7f81ec requested from dv-cinder-847733-4-iscsi {{(pid=118377) get_network_info /opt/stack/neutron/neutron/api/rpc/handlers/dhcp_rpc.py:193}}
Sep 08 13:59:46.988396 dv-cinder-847733-4-iscsi neutron-server[118375]: DEBUG neutron.scheduler.dhcp_agent_scheduler [None req-085a122a-d98f-44d7-aa14-47b771055e7c admin admin] Network 0108ad69-d832-4982-a4c2-99583f0b7051 is already hosted by enough agents. {{(pid=118375) _get_dhcp_agents_hosting_network /opt/stack/neutron/neutron/scheduler/dhcp_agent_scheduler.py:275}}
Sep 08 13:59:46.999106 dv-cinder-847733-4-iscsi neutron-server[118377]: DEBUG neutron_lib.callbacks.manager [None req-b3982dab-20f6-4f63-9fd1-55ae7c79207d None None] Publish callbacks ['neutron.services.segments.db._update_segment_host_mapping_for_agent-8771441545099', 'neutron.plugins.ml2.plugin.Ml2Plugin._retry_binding_revived_agents-1373156'] for agent (353461ad-0a5e-463e-a3e2-22c496e6e39f), after_update {{(pid=118377) _notify_loop /usr/local/lib/python3.8/dist-packages/neutron_lib/callbacks/manager.py:176}}
Sep 08 13:59:47.031106 dv-cinder-847733-4-iscsi neutron-server[118375]: DEBUG neutron.scheduler.base_scheduler [None req-085a122a-d98f-44d7-aa14-47b771055e7c admin admin] Resources bound (agent type, host, resource id): {{(pid=118375) schedule /opt/stack/neutron/neutron/scheduler/base_scheduler.py:57}}
Sep 08 13:59:47.036928 dv-cinder-847733-4-iscsi neutron-server[118375]: DEBUG neutron.api.rpc.handlers.resources_rpc [None req-085a122a-d98f-44d7-aa14-47b771055e7c admin admin] Pushing event updated for resources: {'Port': ['ID=06caf5d9-10f8-4a06-997d-0c044efbbfcc,revision_number=1']} {{(pid=118375) push /opt/stack/neutron/neutron/api/rpc/handlers/resources_rpc.py:237}}
Sep 08 13:59:47.047183 dv-cinder-847733-4-iscsi neutron-server[118375]: DEBUG neutron.db.l3_dvrscheduler_db [None req-085a122a-d98f-44d7-aa14-47b771055e7c admin admin] Received port after_create {{(pid=118375) _notify_l3_agent_new_port /opt/stack/neutron/neutron/db/l3_dvrscheduler_db.py:538}}
Sep 08 13:59:47.139050 dv-cinder-847733-4-iscsi neutron-server[118377]: DEBUG neutron.plugins.ml2.plugin [None req-1f1fac4c-d14d-44d9-a102-cb86e8dc7017 None None] Current status of the port f36ed846-fa9b-4e02-a5c5-27ee736954d8 is: ACTIVE; New status is: ACTIVE {{(pid=118377) _update_individual_port_db_status /opt/stack/neutron/neutron/plugins/ml2/plugin.py:2302}}
Sep 08 13:59:47.140214 dv-cinder-847733-4-iscsi neutron-server[118377]: DEBUG neutron.plugins.ml2.rpc [None req-1f1fac4c-d14d-44d9-a102-cb86e8dc7017 None None] Device 83a94d0c-a32a-4dad-a6c3-a99c8880a760 up at agent ovs-agent-dv-cinder-847733-4-iscsi {{(pid=118377) update_device_up /opt/stack/neutron/neutron/plugins/ml2/rpc.py:296}}
Sep 08 13:59:47.147268 dv-cinder-847733-4-iscsi neutron-server[118377]: DEBUG neutron.db.provisioning_blocks [None req-121f0b5e-e8ab-4110-a93f-c2dc5eb001ba None None] Provisioning complete for port e46730fb-c727-4f21-b8ea-26cc57720fad triggered by entity DHCP. {{(pid=118377) provisioning_complete /opt/stack/neutron/neutron/db/provisioning_blocks.py:144}}
Sep 08 13:59:47.147697 dv-cinder-847733-4-iscsi neutron-server[118377]: DEBUG neutron_lib.callbacks.manager [None req-121f0b5e-e8ab-4110-a93f-c2dc5eb001ba None None] Publish callbacks ['neutron.plugins.ml2.plugin.Ml2Plugin._port_provisioned-1373058'] for port (e46730fb-c727-4f21-b8ea-26cc57720fad), provisioning_complete {{(pid=118377) _notify_loop /usr/local/lib/python3.8/dist-packages/neutron_lib/callbacks/manager.py:176}}
Sep 08 13:59:47.256050 dv-cinder-847733-4-iscsi neutron-server[118375]: DEBUG neutron_lib.callbacks.manager [None req-ffff86ca-e1b5-445f-9d1e-4eb3b5731847 admin admin] Publish callbacks [] for port (6d857e8e-f11c-4705-b9cd-6c9204f084ce), precommit_create {{(pid=118375) _notify_loop /usr/local/lib/python3.8/dist-packages/neutron_lib/callbacks/manager.py:176}}
Sep 08 13:59:47.290931 dv-cinder-847733-4-iscsi neutron-server[118375]: DEBUG neutron.wsgi [-] (118375) accepted ('10.222.0.91', 45990) {{(pid=118375) server /usr/local/lib/python3.8/dist-packages/eventlet/wsgi.py:1004}}
Sep 08 13:59:47.337981 dv-cinder-847733-4-iscsi neutron-server[118377]: DEBUG neutron.db.provisioning_blocks [None req-1f1fac4c-d14d-44d9-a102-cb86e8dc7017 None None] Provisioning complete for port 83a94d0c-a32a-4dad-a6c3-a99c8880a760 triggered by entity L2. {{(pid=118377) provisioning_complete /opt/stack/neutron/neutron/db/provisioning_blocks.py:144}}
Sep 08 13:59:47.338555 dv-cinder-847733-4-iscsi neutron-server[118377]: DEBUG neutron_lib.callbacks.manager [None req-1f1fac4c-d14d-44d9-a102-cb86e8dc7017 None None] Publish callbacks ['neutron.plugins.ml2.plugin.Ml2Plugin._port_provisioned-1373058'] for port (83a94d0c-a32a-4dad-a6c3-a99c8880a760), provisioning_complete {{(pid=118377) _notify_loop /usr/local/lib/python3.8/dist-packages/neutron_lib/callbacks/manager.py:176}}
Sep 08 13:59:47.385044 dv-cinder-847733-4-iscsi neutron-server[118375]: DEBUG neutron_lib.callbacks.manager [None req-fdf53938-2e5c-42b5-9a73-e300af974c09 admin admin] Publish callbacks [] for security_group (None), before_create {{(pid=118375) _notify_loop /usr/local/lib/python3.8/dist-packages/neutron_lib/callbacks/manager.py:176}}
Sep 08 13:59:47.386005 dv-cinder-847733-4-iscsi neutron-server[118377]: DEBUG neutron.api.rpc.handlers.dhcp_rpc [None req-9654c326-be2e-47b2-9a57-565b73071d3e None None] Network 38509184-249f-4b78-9ab0-339bc3caa638 requested from dv-cinder-847733-4-iscsi {{(pid=118377) get_network_info /opt/stack/neutron/neutron/api/rpc/handlers/dhcp_rpc.py:193}}
Sep 08 13:59:47.413530 dv-cinder-847733-4-iscsi neutron-server[118376]: DEBUG dbcounter [-] [118376] Writing DB stats neutron:SELECT=97,neutron:UPDATE=2,neutron:INSERT=1 {{(pid=118376) stat_writer /usr/local/lib/python3.8/dist-packages/dbcounter.py:114}}
Sep 08 13:59:47.430759 dv-cinder-847733-4-iscsi neutron-server[118376]: DEBUG neutron.db.db_base_plugin_common [None req-a77c047a-d3db-4cb4-80f5-8e1d1e67dea0 admin admin] Allocated IP 172.20.0.1 (58c8bc7a-6681-4b5a-acdc-437bbe7f81ec/e9e9b962-118c-402f-9fd7-68729e428f43/a21832db-bf05-429d-bd44-8a88f698cdaf) {{(pid=118376) _store_ip_allocation /opt/stack/neutron/neutron/db/db_base_plugin_common.py:131}}
Sep 08 13:59:47.437997 dv-cinder-847733-4-iscsi neutron-server[118375]: DEBUG neutron_lib.callbacks.manager [None req-ffff86ca-e1b5-445f-9d1e-4eb3b5731847 admin admin] Publish callbacks ['neutron.plugins.ml2.plugin.SecurityGroupServerNotifierRpcMixin._notify_sg_on_port_change-1743731', 'neutron.plugins.ml2.ovo_rpc._ObjectChangeHandler.handle_event-959542', 'neutron.api.rpc.agentnotifiers.dhcp_rpc_agent_api.DhcpAgentNotifyAPI._native_event_send_dhcp_notification-773921', 'neutron.db.l3_dvrscheduler_db._notify_l3_agent_new_port-8771441111709'] for port (6d857e8e-f11c-4705-b9cd-6c9204f084ce), after_create {{(pid=118375) _notify_loop /usr/local/lib/python3.8/dist-packages/neutron_lib/callbacks/manager.py:176}}
Sep 08 13:59:47.541661 dv-cinder-847733-4-iscsi neutron-server[118377]: DEBUG neutron.plugins.ml2.plugin [None req-121f0b5e-e8ab-4110-a93f-c2dc5eb001ba None None] Current status of the port e46730fb-c727-4f21-b8ea-26cc57720fad is: DOWN; New status is: ACTIVE {{(pid=118377) _update_individual_port_db_status /opt/stack/neutron/neutron/plugins/ml2/plugin.py:2302}}
Sep 08 13:59:47.541661 dv-cinder-847733-4-iscsi neutron-server[118377]: DEBUG neutron_lib.callbacks.manager [None req-121f0b5e-e8ab-4110-a93f-c2dc5eb001ba None None] Publish callbacks ['neutron.plugins.ml2.plugin.SecurityGroupDbMixin._ensure_default_security_group_handler-1743666'] for port (e46730fb-c727-4f21-b8ea-26cc57720fad), before_update {{(pid=118377) _notify_loop /usr/local/lib/python3.8/dist-packages/neutron_lib/callbacks/manager.py:176}}
Sep 08 13:59:47.630863 dv-cinder-847733-4-iscsi neutron-server[118375]: DEBUG neutron.scheduler.dhcp_agent_scheduler [None req-ffff86ca-e1b5-445f-9d1e-4eb3b5731847 admin admin] Network 0108ad69-d832-4982-a4c2-99583f0b7051 is already hosted by enough agents. {{(pid=118375) _get_dhcp_agents_hosting_network /opt/stack/neutron/neutron/scheduler/dhcp_agent_scheduler.py:275}}
Sep 08 13:59:47.632962 dv-cinder-847733-4-iscsi neutron-server[118376]: DEBUG neutron_lib.callbacks.manager [None req-c3069f1d-0efa-4cf7-b5c3-f79ddcf5791d admin admin] Publish callbacks ['neutron.plugins.ml2.ovo_rpc._ObjectChangeHandler.handle_event-630988'] for security_group (fb1b794d-f4d3-44a7-8364-22634f499e6a), after_delete {{(pid=118376) _notify_loop /usr/local/lib/python3.8/dist-packages/neutron_lib/callbacks/manager.py:176}}
Sep 08 13:59:47.640958 dv-cinder-847733-4-iscsi neutron-server[118376]: DEBUG neutron_lib.callbacks.manager [None req-c3069f1d-0efa-4cf7-b5c3-f79ddcf5791d admin admin] Publish callbacks [] for security_group (None), before_response {{(pid=118376) _notify_loop /usr/local/lib/python3.8/dist-packages/neutron_lib/callbacks/manager.py:176}}
Sep 08 13:59:47.643427 dv-cinder-847733-4-iscsi neutron-server[118375]: DEBUG neutron.scheduler.base_scheduler [None req-ffff86ca-e1b5-445f-9d1e-4eb3b5731847 admin admin] Resources bound (agent type, host, resource id): {{(pid=118375) schedule /opt/stack/neutron/neutron/scheduler/base_scheduler.py:57}}
Sep 08 13:59:47.644175 dv-cinder-847733-4-iscsi neutron-server[118376]: INFO neutron.wsgi [None req-c3069f1d-0efa-4cf7-b5c3-f79ddcf5791d admin admin] 10.222.0.91 "DELETE /networking/v2.0/security-groups/fb1b794d-f4d3-44a7-8364-22634f499e6a HTTP/1.1" status: 204 len: 168 time: 1.1108818
Sep 08 13:59:47.660935 dv-cinder-847733-4-iscsi neutron-server[118376]: DEBUG neutron.api.rpc.handlers.resources_rpc [None req-c3069f1d-0efa-4cf7-b5c3-f79ddcf5791d admin admin] Pushing event deleted for resources: {'SecurityGroup': ['ID=fb1b794d-f4d3-44a7-8364-22634f499e6a,revision_number=None']} {{(pid=118376) push /opt/stack/neutron/neutron/api/rpc/handlers/resources_rpc.py:237}}
Sep 08 13:59:47.662834 dv-cinder-847733-4-iscsi neutron-server[118375]: DEBUG neutron.db.l3_dvrscheduler_db [None req-ffff86ca-e1b5-445f-9d1e-4eb3b5731847 admin admin] Received port after_create {{(pid=118375) _notify_l3_agent_new_port /opt/stack/neutron/neutron/db/l3_dvrscheduler_db.py:538}}
Sep 08 13:59:47.665357 dv-cinder-847733-4-iscsi neutron-server[118375]: DEBUG neutron_lib.callbacks.manager [None req-6ad088f5-3ce3-42ce-9914-b450ea2ff999 admin admin] Publish callbacks ['neutron.services.l3_router.l3_router_plugin.L3_HA_NAT_db_mixin._after_router_create-596927', 'neutron.services.l3_router.l3_router_plugin.DVRResourceOperationHandler._create_snat_interfaces_after_change-615492'] for router (429731fb-f3b5-4780-ac84-55d9ac5f39dc), after_create {{(pid=118375) _notify_loop /usr/local/lib/python3.8/dist-packages/neutron_lib/callbacks/manager.py:176}}
Sep 08 13:59:47.697057 dv-cinder-847733-4-iscsi neutron-server[118377]: DEBUG neutron.plugins.ml2.db [None req-121f0b5e-e8ab-4110-a93f-c2dc5eb001ba None None] For port e46730fb-c727-4f21-b8ea-26cc57720fad, host dv-cinder-847733-4-iscsi, got binding levels [PortBindingLevel(driver='openvswitch',host='dv-cinder-847733-4-iscsi',level=0,port_id=e46730fb-c727-4f21-b8ea-26cc57720fad,segment=NetworkSegment(10cae8f8-54da-42d9-ad27-d1848e039b56),segment_id=10cae8f8-54da-42d9-ad27-d1848e039b56)] {{(pid=118377) get_binding_level_objs /opt/stack/neutron/neutron/plugins/ml2/db.py:74}}
Sep 08 13:59:47.729520 dv-cinder-847733-4-iscsi neutron-server[118375]: DEBUG neutron_lib.callbacks.manager [None req-fdf53938-2e5c-42b5-9a73-e300af974c09 admin admin] Publish callbacks [] for security_group (7e2df5cc-01b8-462a-ad67-f2e800dd82eb), precommit_create {{(pid=118375) _notify_loop /usr/local/lib/python3.8/dist-packages/neutron_lib/callbacks/manager.py:176}}
Sep 08 13:59:47.731469 dv-cinder-847733-4-iscsi neutron-server[118376]: DEBUG neutron_lib.callbacks.manager [None req-a77c047a-d3db-4cb4-80f5-8e1d1e67dea0 admin admin] Publish callbacks [] for port (a21832db-bf05-429d-bd44-8a88f698cdaf), precommit_create {{(pid=118376) _notify_loop /usr/local/lib/python3.8/dist-packages/neutron_lib/callbacks/manager.py:176}}
Sep 08 13:59:47.755671 dv-cinder-847733-4-iscsi neutron-server[118378]: DEBUG neutron_lib.callbacks.manager [None req-d3a26832-e215-4c2b-9a2b-1f0be23eded9 None None] Publish callbacks [] for port (668c5d14-4908-442b-b55b-a0d80cc7036a), precommit_update {{(pid=118378) _notify_loop /usr/local/lib/python3.8/dist-packages/neutron_lib/callbacks/manager.py:176}}
Sep 08 13:59:47.773826 dv-cinder-847733-4-iscsi neutron-server[118375]: DEBUG neutron.api.rpc.handlers.resources_rpc [None req-ffff86ca-e1b5-445f-9d1e-4eb3b5731847 admin admin] Pushing event updated for resources: {'Port': ['ID=6d857e8e-f11c-4705-b9cd-6c9204f084ce,revision_number=1']} {{(pid=118375) push /opt/stack/neutron/neutron/api/rpc/handlers/resources_rpc.py:237}}
Sep 08 13:59:47.852871 dv-cinder-847733-4-iscsi neutron-server[118376]: DEBUG neutron_lib.callbacks.manager [None req-d54ae90a-20b7-418d-ad90-35cda7e6f315 admin admin] Publish callbacks ['neutron.plugins.ml2.ovo_rpc._ObjectChangeHandler.handle_event-637349', 'neutron.api.rpc.agentnotifiers.dhcp_rpc_agent_api.DhcpAgentNotifyAPI._native_event_send_dhcp_notification-773921'] for subnet (171da224-a56f-4c21-abf7-d1e913c492c3), after_create {{(pid=118376) _notify_loop /usr/local/lib/python3.8/dist-packages/neutron_lib/callbacks/manager.py:176}}
Sep 08 13:59:47.884626 dv-cinder-847733-4-iscsi neutron-server[118375]: DEBUG neutron_lib.callbacks.manager [None req-fdf53938-2e5c-42b5-9a73-e300af974c09 admin admin] Publish callbacks ['neutron.plugins.ml2.ovo_rpc._ObjectChangeHandler.handle_event-630988'] for security_group (7e2df5cc-01b8-462a-ad67-f2e800dd82eb), after_create {{(pid=118375) _notify_loop /usr/local/lib/python3.8/dist-packages/neutron_lib/callbacks/manager.py:176}}
Sep 08 13:59:47.900293 dv-cinder-847733-4-iscsi neutron-server[118377]: DEBUG neutron.plugins.ml2.plugin [None req-1f1fac4c-d14d-44d9-a102-cb86e8dc7017 None None] Current status of the port 83a94d0c-a32a-4dad-a6c3-a99c8880a760 is: DOWN; New status is: ACTIVE {{(pid=118377) _update_individual_port_db_status /opt/stack/neutron/neutron/plugins/ml2/plugin.py:2302}}
Sep 08 13:59:47.900869 dv-cinder-847733-4-iscsi neutron-server[118377]: DEBUG neutron_lib.callbacks.manager [None req-1f1fac4c-d14d-44d9-a102-cb86e8dc7017 None None] Publish callbacks ['neutron.plugins.ml2.plugin.SecurityGroupDbMixin._ensure_default_security_group_handler-1743666'] for port (83a94d0c-a32a-4dad-a6c3-a99c8880a760), before_update {{(pid=118377) _notify_loop /usr/local/lib/python3.8/dist-packages/neutron_lib/callbacks/manager.py:176}}
Sep 08 13:59:47.906408 dv-cinder-847733-4-iscsi neutron-server[118378]: DEBUG neutron_lib.callbacks.manager [None req-d3a26832-e215-4c2b-9a2b-1f0be23eded9 None None] Publish callbacks ['neutron.plugins.ml2.plugin.SecurityGroupServerNotifierRpcMixin._notify_sg_on_port_change-1743731', 'neutron.plugins.ml2.ovo_rpc._ObjectChangeHandler.handle_event-959542', 'neutron.api.rpc.agentnotifiers.dhcp_rpc_agent_api.DhcpAgentNotifyAPI._native_event_send_dhcp_notification-773921', 'neutron.db.l3_db.L3RpcNotifierMixin._notify_gateway_port_ip_changed-8771441570434', 'neutron.db.l3_dvrscheduler_db._notify_l3_agent_port_update-8771441111727', 'neutron.db.l3_hascheduler_db._notify_l3_agent_ha_port_update-8771441111745'] for port (668c5d14-4908-442b-b55b-a0d80cc7036a), after_update {{(pid=118378) _notify_loop /usr/local/lib/python3.8/dist-packages/neutron_lib/callbacks/manager.py:176}}
Sep 08 13:59:47.942809 dv-cinder-847733-4-iscsi neutron-server[118377]: DEBUG neutron.plugins.ml2.db [None req-1f1fac4c-d14d-44d9-a102-cb86e8dc7017 None None] For port 83a94d0c-a32a-4dad-a6c3-a99c8880a760, host dv-cinder-847733-4-iscsi, got binding levels [PortBindingLevel(driver='openvswitch',host='dv-cinder-847733-4-iscsi',level=0,port_id=83a94d0c-a32a-4dad-a6c3-a99c8880a760,segment=NetworkSegment(fdf3ee12-e359-4554-93de-63f49d363972),segment_id=fdf3ee12-e359-4554-93de-63f49d363972)] {{(pid=118377) get_binding_level_objs /opt/stack/neutron/neutron/plugins/ml2/db.py:74}}
Sep 08 13:59:47.944537 dv-cinder-847733-4-iscsi neutron-server[118377]: DEBUG neutron_lib.callbacks.manager [None req-121f0b5e-e8ab-4110-a93f-c2dc5eb001ba None None] Publish callbacks ['neutron.plugins.ml2.plugin.SecurityGroupServerNotifierRpcMixin._notify_sg_on_port_change-1743731', 'neutron.plugins.ml2.ovo_rpc._ObjectChangeHandler.handle_event-959542', 'neutron.api.rpc.agentnotifiers.dhcp_rpc_agent_api.DhcpAgentNotifyAPI._native_event_send_dhcp_notification-773921', 'neutron.db.l3_db.L3RpcNotifierMixin._notify_gateway_port_ip_changed-8771441570434', 'neutron.db.l3_dvrscheduler_db._notify_l3_agent_port_update-8771441111727', 'neutron.db.l3_hascheduler_db._notify_l3_agent_ha_port_update-8771441111745'] for port (e46730fb-c727-4f21-b8ea-26cc57720fad), after_update {{(pid=118377) _notify_loop /usr/local/lib/python3.8/dist-packages/neutron_lib/callbacks/manager.py:176}}
Sep 08 13:59:47.951559 dv-cinder-847733-4-iscsi neutron-server[118376]: DEBUG neutron_lib.callbacks.manager [None req-a77c047a-d3db-4cb4-80f5-8e1d1e67dea0 admin admin] Publish callbacks ['neutron.plugins.ml2.plugin.SecurityGroupServerNotifierRpcMixin._notify_sg_on_port_change-1743731', 'neutron.plugins.ml2.ovo_rpc._ObjectChangeHandler.handle_event-959542', 'neutron.api.rpc.agentnotifiers.dhcp_rpc_agent_api.DhcpAgentNotifyAPI._native_event_send_dhcp_notification-773921', 'neutron.db.l3_dvrscheduler_db._notify_l3_agent_new_port-8771441111709'] for port (a21832db-bf05-429d-bd44-8a88f698cdaf), after_create {{(pid=118376) _notify_loop /usr/local/lib/python3.8/dist-packages/neutron_lib/callbacks/manager.py:176}}
Sep 08 13:59:48.002754 dv-cinder-847733-4-iscsi neutron-server[118377]: DEBUG neutron.db.provisioning_blocks [None req-121f0b5e-e8ab-4110-a93f-c2dc5eb001ba None None] Provisioning complete for port 83a94d0c-a32a-4dad-a6c3-a99c8880a760 triggered by entity DHCP. {{(pid=118377) provisioning_complete /opt/stack/neutron/neutron/db/provisioning_blocks.py:144}}
Sep 08 13:59:48.003807 dv-cinder-847733-4-iscsi neutron-server[118377]: DEBUG neutron_lib.callbacks.manager [None req-121f0b5e-e8ab-4110-a93f-c2dc5eb001ba None None] Publish callbacks ['neutron.plugins.ml2.plugin.Ml2Plugin._port_provisioned-1373058'] for port (83a94d0c-a32a-4dad-a6c3-a99c8880a760), provisioning_complete {{(pid=118377) _notify_loop /usr/local/lib/python3.8/dist-packages/neutron_lib/callbacks/manager.py:176}}
Sep 08 13:59:48.022569 dv-cinder-847733-4-iscsi neutron-server[118378]: DEBUG neutron.api.rpc.handlers.resources_rpc [None req-272f1533-0dcb-4a3c-9253-0462b5de5033 None None] Pushing event updated for resources: {'Port': ['ID=668c5d14-4908-442b-b55b-a0d80cc7036a,revision_number=2']} {{(pid=118378) push /opt/stack/neutron/neutron/api/rpc/handlers/resources_rpc.py:237}}
Sep 08 13:59:48.037158 dv-cinder-847733-4-iscsi neutron-server[118378]: DEBUG neutron.api.rpc.callbacks.version_manager [None req-272f1533-0dcb-4a3c-9253-0462b5de5033 None None] Version for resource type AddressGroup changed None to 1.2 on consumer Open vSwitch agent@dv-cinder-847733-4-iscsi {{(pid=118378) _set_version /opt/stack/neutron/neutron/api/rpc/callbacks/version_manager.py:113}}
Sep 08 13:59:48.037689 dv-cinder-847733-4-iscsi neutron-server[118378]: DEBUG neutron.api.rpc.callbacks.version_manager [None req-272f1533-0dcb-4a3c-9253-0462b5de5033 None None] Version for resource type Agent changed None to 1.1 on consumer Open vSwitch agent@dv-cinder-847733-4-iscsi {{(pid=118378) _set_version /opt/stack/neutron/neutron/api/rpc/callbacks/version_manager.py:113}}
Sep 08 13:59:48.038208 dv-cinder-847733-4-iscsi neutron-server[118378]: DEBUG neutron.api.rpc.callbacks.version_manager [None req-272f1533-0dcb-4a3c-9253-0462b5de5033 None None] Version for resource type ConntrackHelper changed None to 1.0 on consumer Open vSwitch agent@dv-cinder-847733-4-iscsi {{(pid=118378) _set_version /opt/stack/neutron/neutron/api/rpc/callbacks/version_manager.py:113}}
Sep 08 13:59:48.042770 dv-cinder-847733-4-iscsi neutron-server[118378]: DEBUG neutron.api.rpc.callbacks.version_manager [None req-272f1533-0dcb-4a3c-9253-0462b5de5033 None None] Version for resource type LocalIPAssociation changed None to 1.0 on consumer Open vSwitch agent@dv-cinder-847733-4-iscsi {{(pid=118378) _set_version /opt/stack/neutron/neutron/api/rpc/callbacks/version_manager.py:113}}
Sep 08 13:59:48.042770 dv-cinder-847733-4-iscsi neutron-server[118378]: DEBUG neutron.api.rpc.callbacks.version_manager [None req-272f1533-0dcb-4a3c-9253-0462b5de5033 None None] Version for resource type Log changed None to 1.0 on consumer Open vSwitch agent@dv-cinder-847733-4-iscsi {{(pid=118378) _set_version /opt/stack/neutron/neutron/api/rpc/callbacks/version_manager.py:113}}
Sep 08 13:59:48.042986 dv-cinder-847733-4-iscsi neutron-server[118375]: DEBUG neutron.api.rpc.handlers.resources_rpc [None req-fdf53938-2e5c-42b5-9a73-e300af974c09 admin admin] Pushing event updated for resources: {'SecurityGroup': ['ID=7e2df5cc-01b8-462a-ad67-f2e800dd82eb,revision_number=1']} {{(pid=118375) push /opt/stack/neutron/neutron/api/rpc/handlers/resources_rpc.py:237}}
Sep 08 13:59:48.043061 dv-cinder-847733-4-iscsi neutron-server[118377]: DEBUG neutron.api.rpc.handlers.resources_rpc [None req-121f0b5e-e8ab-4110-a93f-c2dc5eb001ba None None] Pushing event updated for resources: {'Port': ['ID=e46730fb-c727-4f21-b8ea-26cc57720fad,revision_number=3']} {{(pid=118377) push /opt/stack/neutron/neutron/api/rpc/handlers/resources_rpc.py:237}}
Sep 08 13:59:48.043147 dv-cinder-847733-4-iscsi neutron-server[118378]: DEBUG neutron.api.rpc.callbacks.version_manager [None req-272f1533-0dcb-4a3c-9253-0462b5de5033 None None] Version for resource type NDPProxy changed None to 1.0 on consumer Open vSwitch agent@dv-cinder-847733-4-iscsi {{(pid=118378) _set_version /opt/stack/neutron/neutron/api/rpc/callbacks/version_manager.py:113}}
Sep 08 13:59:48.043147 dv-cinder-847733-4-iscsi neutron-server[118378]: DEBUG neutron.api.rpc.callbacks.version_manager [None req-272f1533-0dcb-4a3c-9253-0462b5de5033 None None] Version for resource type Network changed None to 1.1 on consumer Open vSwitch agent@dv-cinder-847733-4-iscsi {{(pid=118378) _set_version /opt/stack/neutron/neutron/api/rpc/callbacks/version_manager.py:113}}
Sep 08 13:59:48.043147 dv-cinder-847733-4-iscsi neutron-server[118378]: DEBUG neutron.api.rpc.callbacks.version_manager [None req-272f1533-0dcb-4a3c-9253-0462b5de5033 None None] Version for resource type Port changed None to 1.7 on consumer Open vSwitch agent@dv-cinder-847733-4-iscsi {{(pid=118378) _set_version /opt/stack/neutron/neutron/api/rpc/callbacks/version_manager.py:113}}
