Sep 08 13:37:43.304839 dv-cinder-847733-4-iscsi devstack@keystone.service[93172]: DEBUG keystone.server.flask.request_processing.middleware.auth_context [None req-8083735c-7a1e-47e4-bcb4-01c9b03515cd None admin] Validating token access rules against request {{(pid=93172) validate_allowed_request /usr/local/lib/python3.8/dist-packages/keystonemiddleware/auth_token/__init__.py:545}}
Sep 08 13:37:43.314201 dv-cinder-847733-4-iscsi devstack@keystone.service[93173]: DEBUG dbcounter [-] [93173] Writing DB stats keystone:SELECT=100 {{(pid=93173) stat_writer /usr/local/lib/python3.8/dist-packages/dbcounter.py:114}}
Sep 08 13:37:43.347441 dv-cinder-847733-4-iscsi devstack@keystone.service[93172]: DEBUG keystone.server.flask.request_processing.middleware.auth_context [None req-8f21e975-362d-46a9-8e4a-c4da22bc6805 None admin] RBAC: auth_context: {'token': , 'domain_id': None, 'trust_id': None, 'trustor_id': None, 'trustee_id': None, 'domain_name': None, 'group_ids': [], 'user_id': 'c14eb0bf645e49f887a8d288d37d1491', 'user_domain_id': 'default', 'system_scope': 'all', 'project_id': None, 'project_domain_id': None, 'roles': ['admin', 'member', 'reader'], 'is_admin_project': True, 'service_user_id': None, 'service_user_domain_id': None, 'service_project_id': None, 'service_project_domain_id': None, 'service_roles': []} {{(pid=93172) fill_context /opt/stack/keystone/keystone/server/flask/request_processing/middleware/auth_context.py:478}}
Sep 08 13:37:43.349105 dv-cinder-847733-4-iscsi devstack@keystone.service[93172]: DEBUG keystone.server.flask.request_processing.req_logging [None req-8f21e975-362d-46a9-8e4a-c4da22bc6805 None admin] REQUEST_METHOD: `GET` {{(pid=93172) log_request_info /opt/stack/keystone/keystone/server/flask/request_processing/req_logging.py:27}}
Sep 08 13:37:43.349400 dv-cinder-847733-4-iscsi devstack@keystone.service[93172]: DEBUG keystone.server.flask.request_processing.req_logging [None req-8f21e975-362d-46a9-8e4a-c4da22bc6805 None admin] SCRIPT_NAME: `/identity` {{(pid=93172) log_request_info /opt/stack/keystone/keystone/server/flask/request_processing/req_logging.py:28}}
Sep 08 13:37:43.349675 dv-cinder-847733-4-iscsi devstack@keystone.service[93172]: DEBUG keystone.server.flask.request_processing.req_logging [None req-8f21e975-362d-46a9-8e4a-c4da22bc6805 None admin] PATH_INFO: `/v3/auth/tokens` {{(pid=93172) log_request_info /opt/stack/keystone/keystone/server/flask/request_processing/req_logging.py:29}}
Sep 08 13:37:43.379130 dv-cinder-847733-4-iscsi devstack@keystone.service[93173]: DEBUG keystone.server.flask.request_processing.middleware.auth_context [None req-9617c011-03b5-4adf-882e-8172875610a0 None admin] Validating token access rules against request {{(pid=93173) validate_allowed_request /usr/local/lib/python3.8/dist-packages/keystonemiddleware/auth_token/__init__.py:545}}
Sep 08 13:37:43.423338 dv-cinder-847733-4-iscsi devstack@keystone.service[93173]: DEBUG keystone.server.flask.request_processing.middleware.auth_context [None req-2b50177f-46d9-4cf0-a5df-30c06efbcfc7 None admin] RBAC: auth_context: {'token': , 'domain_id': None, 'trust_id': None, 'trustor_id': None, 'trustee_id': None, 'domain_name': None, 'group_ids': [], 'user_id': 'c14eb0bf645e49f887a8d288d37d1491', 'user_domain_id': 'default', 'system_scope': 'all', 'project_id': None, 'project_domain_id': None, 'roles': ['admin', 'member', 'reader'], 'is_admin_project': True, 'service_user_id': None, 'service_user_domain_id': None, 'service_project_id': None, 'service_project_domain_id': None, 'service_roles': []} {{(pid=93173) fill_context /opt/stack/keystone/keystone/server/flask/request_processing/middleware/auth_context.py:478}}
Sep 08 13:37:43.424408 dv-cinder-847733-4-iscsi devstack@keystone.service[93173]: DEBUG keystone.server.flask.request_processing.req_logging [None req-2b50177f-46d9-4cf0-a5df-30c06efbcfc7 None admin] REQUEST_METHOD: `GET` {{(pid=93173) log_request_info /opt/stack/keystone/keystone/server/flask/request_processing/req_logging.py:27}}
Sep 08 13:37:43.424894 dv-cinder-847733-4-iscsi devstack@keystone.service[93173]: DEBUG keystone.server.flask.request_processing.req_logging [None req-2b50177f-46d9-4cf0-a5df-30c06efbcfc7 None admin] SCRIPT_NAME: `/identity` {{(pid=93173) log_request_info /opt/stack/keystone/keystone/server/flask/request_processing/req_logging.py:28}}
Sep 08 13:37:43.425381 dv-cinder-847733-4-iscsi devstack@keystone.service[93173]: DEBUG keystone.server.flask.request_processing.req_logging [None req-2b50177f-46d9-4cf0-a5df-30c06efbcfc7 None admin] PATH_INFO: `/v3/roles` {{(pid=93173) log_request_info /opt/stack/keystone/keystone/server/flask/request_processing/req_logging.py:29}}
Sep 08 13:37:43.426531 dv-cinder-847733-4-iscsi devstack@keystone.service[93173]: DEBUG keystone.common.rbac_enforcer.enforcer [None req-2b50177f-46d9-4cf0-a5df-30c06efbcfc7 None admin] RBAC: Adding query filter params (name=anotherrole) {{(pid=93173) _extract_filter_values /opt/stack/keystone/keystone/common/rbac_enforcer/enforcer.py:167}}
Sep 08 13:37:43.427495 dv-cinder-847733-4-iscsi devstack@keystone.service[93173]: DEBUG keystone.common.rbac_enforcer.enforcer [None req-2b50177f-46d9-4cf0-a5df-30c06efbcfc7 None admin] RBAC: Authorizing `identity:list_roles()` {{(pid=93173) enforce_call /opt/stack/keystone/keystone/common/rbac_enforcer/enforcer.py:449}}
Sep 08 13:37:43.429712 dv-cinder-847733-4-iscsi devstack@keystone.service[93173]: DEBUG keystone.common.rbac_enforcer.enforcer [None req-2b50177f-46d9-4cf0-a5df-30c06efbcfc7 None admin] RBAC: Authorization granted {{(pid=93173) enforce_call /opt/stack/keystone/keystone/common/rbac_enforcer/enforcer.py:457}}
Sep 08 13:37:43.438729 dv-cinder-847733-4-iscsi devstack@keystone.service[93172]: DEBUG keystone.common.rbac_enforcer.enforcer [None req-8f21e975-362d-46a9-8e4a-c4da22bc6805 None admin] RBAC: Authorizing `identity:validate_token()` {{(pid=93172) enforce_call /opt/stack/keystone/keystone/common/rbac_enforcer/enforcer.py:449}}
Sep 08 13:37:43.440348 dv-cinder-847733-4-iscsi devstack@keystone.service[93172]: DEBUG keystone.common.rbac_enforcer.enforcer [None req-8f21e975-362d-46a9-8e4a-c4da22bc6805 None admin] RBAC: Authorization granted {{(pid=93172) enforce_call /opt/stack/keystone/keystone/common/rbac_enforcer/enforcer.py:457}}
Sep 08 13:37:43.441441 dv-cinder-847733-4-iscsi devstack@keystone.service[93173]: [pid: 93173|app: 0|req: 172/344] 10.222.0.91 () {56 vars in 1111 bytes} [Thu Sep 8 13:37:43 2022] GET /identity/v3/roles?name=anotherrole => generated 334 bytes in 190 msecs (HTTP/1.1 200) 5 headers in 177 bytes (1 switches on core 0)
Sep 08 13:37:43.444518 dv-cinder-847733-4-iscsi devstack@keystone.service[93172]: DEBUG dbcounter [-] [93172] Writing DB stats keystone:SELECT=100 {{(pid=93172) stat_writer /usr/local/lib/python3.8/dist-packages/dbcounter.py:114}}
Sep 08 13:37:43.446781 dv-cinder-847733-4-iscsi devstack@keystone.service[93173]: DEBUG keystone.server.flask.request_processing.middleware.auth_context [None req-2b50177f-46d9-4cf0-a5df-30c06efbcfc7 None admin] Authenticating user token {{(pid=93173) process_request /usr/local/lib/python3.8/dist-packages/keystonemiddleware/auth_token/__init__.py:407}}
Sep 08 13:37:43.567094 dv-cinder-847733-4-iscsi devstack@keystone.service[93172]: [pid: 93172|app: 0|req: 173/345] 10.222.0.91 () {58 vars in 1282 bytes} [Thu Sep 8 13:37:43 2022] GET /identity/v3/auth/tokens => generated 799 bytes in 400 msecs (HTTP/1.1 200) 6 headers in 358 bytes (1 switches on core 0)
Sep 08 13:37:43.571125 dv-cinder-847733-4-iscsi devstack@keystone.service[93173]: DEBUG keystone.server.flask.request_processing.middleware.auth_context [None req-2b50177f-46d9-4cf0-a5df-30c06efbcfc7 None admin] Validating token access rules against request {{(pid=93173) validate_allowed_request /usr/local/lib/python3.8/dist-packages/keystonemiddleware/auth_token/__init__.py:545}}
Sep 08 13:37:43.575960 dv-cinder-847733-4-iscsi devstack@keystone.service[93172]: DEBUG keystone.server.flask.request_processing.middleware.auth_context [None req-8f21e975-362d-46a9-8e4a-c4da22bc6805 None admin] Authenticating user token {{(pid=93172) process_request /usr/local/lib/python3.8/dist-packages/keystonemiddleware/auth_token/__init__.py:407}}
Sep 08 13:37:43.595866 dv-cinder-847733-4-iscsi devstack@keystone.service[93173]: DEBUG dbcounter [-] [93173] Writing DB stats keystone:SELECT=100 {{(pid=93173) stat_writer /usr/local/lib/python3.8/dist-packages/dbcounter.py:114}}
Sep 08 13:37:43.653665 dv-cinder-847733-4-iscsi devstack@keystone.service[93173]: DEBUG keystone.server.flask.request_processing.middleware.auth_context [None req-e5316727-32e2-416d-8d16-4a89c3759f55 None admin] RBAC: auth_context: {'token': , 'domain_id': None, 'trust_id': None, 'trustor_id': None, 'trustee_id': None, 'domain_name': None, 'group_ids': [], 'user_id': 'c14eb0bf645e49f887a8d288d37d1491', 'user_domain_id': 'default', 'system_scope': 'all', 'project_id': None, 'project_domain_id': None, 'roles': ['admin', 'member', 'reader'], 'is_admin_project': True, 'service_user_id': None, 'service_user_domain_id': None, 'service_project_id': None, 'service_project_domain_id': None, 'service_roles': []} {{(pid=93173) fill_context /opt/stack/keystone/keystone/server/flask/request_processing/middleware/auth_context.py:478}}
Sep 08 13:37:43.654590 dv-cinder-847733-4-iscsi devstack@keystone.service[93173]: DEBUG keystone.server.flask.request_processing.req_logging [None req-e5316727-32e2-416d-8d16-4a89c3759f55 None admin] REQUEST_METHOD: `GET` {{(pid=93173) log_request_info /opt/stack/keystone/keystone/server/flask/request_processing/req_logging.py:27}}
Sep 08 13:37:43.655088 dv-cinder-847733-4-iscsi devstack@keystone.service[93173]: DEBUG keystone.server.flask.request_processing.req_logging [None req-e5316727-32e2-416d-8d16-4a89c3759f55 None admin] SCRIPT_NAME: `/identity` {{(pid=93173) log_request_info /opt/stack/keystone/keystone/server/flask/request_processing/req_logging.py:28}}
Sep 08 13:37:43.655547 dv-cinder-847733-4-iscsi devstack@keystone.service[93173]: DEBUG keystone.server.flask.request_processing.req_logging [None req-e5316727-32e2-416d-8d16-4a89c3759f55 None admin] PATH_INFO: `/v3/auth/tokens` {{(pid=93173) log_request_info /opt/stack/keystone/keystone/server/flask/request_processing/req_logging.py:29}}
Sep 08 13:37:43.776332 dv-cinder-847733-4-iscsi devstack@keystone.service[93172]: DEBUG keystone.server.flask.request_processing.middleware.auth_context [None req-8f21e975-362d-46a9-8e4a-c4da22bc6805 None admin] Validating token access rules against request {{(pid=93172) validate_allowed_request /usr/local/lib/python3.8/dist-packages/keystonemiddleware/auth_token/__init__.py:545}}
Sep 08 13:37:43.777149 dv-cinder-847733-4-iscsi devstack@keystone.service[93173]: DEBUG keystone.common.rbac_enforcer.enforcer [None req-e5316727-32e2-416d-8d16-4a89c3759f55 None admin] RBAC: Authorizing `identity:validate_token()` {{(pid=93173) enforce_call /opt/stack/keystone/keystone/common/rbac_enforcer/enforcer.py:449}}
Sep 08 13:37:43.779058 dv-cinder-847733-4-iscsi devstack@keystone.service[93172]: DEBUG dbcounter [-] [93172] Writing DB stats keystone:SELECT=100 {{(pid=93172) stat_writer /usr/local/lib/python3.8/dist-packages/dbcounter.py:114}}
Sep 08 13:37:43.780079 dv-cinder-847733-4-iscsi devstack@keystone.service[93173]: DEBUG keystone.common.rbac_enforcer.enforcer [None req-e5316727-32e2-416d-8d16-4a89c3759f55 None admin] RBAC: Authorization granted {{(pid=93173) enforce_call /opt/stack/keystone/keystone/common/rbac_enforcer/enforcer.py:457}}
Sep 08 13:37:43.827068 dv-cinder-847733-4-iscsi devstack@keystone.service[93172]: DEBUG keystone.server.flask.request_processing.middleware.auth_context [None req-24076cc5-f8f6-4730-bea9-613dbe1c4fd8 None admin] RBAC: auth_context: {'token': , 'domain_id': None, 'trust_id': None, 'trustor_id': None, 'trustee_id': None, 'domain_name': None, 'group_ids': [], 'user_id': 'c14eb0bf645e49f887a8d288d37d1491', 'user_domain_id': 'default', 'system_scope': 'all', 'project_id': None, 'project_domain_id': None, 'roles': ['admin', 'member', 'reader'], 'is_admin_project': True, 'service_user_id': None, 'service_user_domain_id': None, 'service_project_id': None, 'service_project_domain_id': None, 'service_roles': []} {{(pid=93172) fill_context /opt/stack/keystone/keystone/server/flask/request_processing/middleware/auth_context.py:478}}
Sep 08 13:37:43.827068 dv-cinder-847733-4-iscsi devstack@keystone.service[93172]: DEBUG keystone.server.flask.request_processing.req_logging [None req-24076cc5-f8f6-4730-bea9-613dbe1c4fd8 None admin] REQUEST_METHOD: `GET` {{(pid=93172) log_request_info /opt/stack/keystone/keystone/server/flask/request_processing/req_logging.py:27}}
Sep 08 13:37:43.827068 dv-cinder-847733-4-iscsi devstack@keystone.service[93172]: DEBUG keystone.server.flask.request_processing.req_logging [None req-24076cc5-f8f6-4730-bea9-613dbe1c4fd8 None admin] SCRIPT_NAME: `/identity` {{(pid=93172) log_request_info /opt/stack/keystone/keystone/server/flask/request_processing/req_logging.py:28}}
Sep 08 13:37:43.827649 dv-cinder-847733-4-iscsi devstack@keystone.service[93172]: DEBUG keystone.server.flask.request_processing.req_logging [None req-24076cc5-f8f6-4730-bea9-613dbe1c4fd8 None admin] PATH_INFO: `/v3/projects/7fc04ff6a9f94d04af0a564c8a1bab72` {{(pid=93172) log_request_info /opt/stack/keystone/keystone/server/flask/request_processing/req_logging.py:29}}
Sep 08 13:37:43.828988 dv-cinder-847733-4-iscsi devstack@keystone.service[93172]: DEBUG keystone.common.rbac_enforcer.enforcer [None req-24076cc5-f8f6-4730-bea9-613dbe1c4fd8 None admin] RBAC: Authorizing `identity:get_project(project_id=7fc04ff6a9f94d04af0a564c8a1bab72)` {{(pid=93172) enforce_call /opt/stack/keystone/keystone/common/rbac_enforcer/enforcer.py:449}}
Sep 08 13:37:43.831936 dv-cinder-847733-4-iscsi devstack@keystone.service[93172]: DEBUG keystone.common.rbac_enforcer.enforcer [None req-24076cc5-f8f6-4730-bea9-613dbe1c4fd8 None admin] RBAC: Authorization granted {{(pid=93172) enforce_call /opt/stack/keystone/keystone/common/rbac_enforcer/enforcer.py:457}}
Sep 08 13:37:43.834557 dv-cinder-847733-4-iscsi devstack@keystone.service[93172]: [pid: 93172|app: 0|req: 174/346] 10.222.0.91 () {56 vars in 1186 bytes} [Thu Sep 8 13:37:43 2022] GET /identity/v3/projects/7fc04ff6a9f94d04af0a564c8a1bab72 => generated 298 bytes in 259 msecs (HTTP/1.1 200) 5 headers in 177 bytes (1 switches on core 0)
Sep 08 13:37:43.835619 dv-cinder-847733-4-iscsi devstack@keystone.service[93172]: DEBUG keystone.server.flask.request_processing.middleware.auth_context [None req-24076cc5-f8f6-4730-bea9-613dbe1c4fd8 None admin] Authenticating user token {{(pid=93172) process_request /usr/local/lib/python3.8/dist-packages/keystonemiddleware/auth_token/__init__.py:407}}
Sep 08 13:37:43.916030 dv-cinder-847733-4-iscsi devstack@keystone.service[93173]: [pid: 93173|app: 0|req: 173/347] 10.222.0.91 () {58 vars in 1282 bytes} [Thu Sep 8 13:37:43 2022] GET /identity/v3/auth/tokens => generated 799 bytes in 468 msecs (HTTP/1.1 200) 6 headers in 358 bytes (2 switches on core 0)
Sep 08 13:37:43.918530 dv-cinder-847733-4-iscsi devstack@keystone.service[93173]: DEBUG keystone.server.flask.request_processing.req_logging [None req-003a6af7-4977-4cff-85d4-bd0aeb45e91e None None] REQUEST_METHOD: `GET` {{(pid=93173) log_request_info /opt/stack/keystone/keystone/server/flask/request_processing/req_logging.py:27}}
Sep 08 13:37:43.919056 dv-cinder-847733-4-iscsi devstack@keystone.service[93173]: DEBUG keystone.server.flask.request_processing.req_logging [None req-003a6af7-4977-4cff-85d4-bd0aeb45e91e None None] SCRIPT_NAME: `/identity` {{(pid=93173) log_request_info /opt/stack/keystone/keystone/server/flask/request_processing/req_logging.py:28}}
Sep 08 13:37:43.919521 dv-cinder-847733-4-iscsi devstack@keystone.service[93173]: DEBUG keystone.server.flask.request_processing.req_logging [None req-003a6af7-4977-4cff-85d4-bd0aeb45e91e None None] PATH_INFO: `/` {{(pid=93173) log_request_info /opt/stack/keystone/keystone/server/flask/request_processing/req_logging.py:29}}
Sep 08 13:37:43.922013 dv-cinder-847733-4-iscsi devstack@keystone.service[93173]: [pid: 93173|app: 0|req: 174/348] 10.222.0.91 () {54 vars in 927 bytes} [Thu Sep 8 13:37:43 2022] GET /identity => generated 270 bytes in 4 msecs (HTTP/1.1 300) 6 headers in 234 bytes (1 switches on core 0)
Sep 08 13:37:43.922926 dv-cinder-847733-4-iscsi devstack@keystone.service[93173]: DEBUG keystone.server.flask.request_processing.middleware.auth_context [None req-003a6af7-4977-4cff-85d4-bd0aeb45e91e None None] Authenticating user token {{(pid=93173) process_request /usr/local/lib/python3.8/dist-packages/keystonemiddleware/auth_token/__init__.py:407}}
Sep 08 13:37:43.939212 dv-cinder-847733-4-iscsi devstack@keystone.service[93173]: DEBUG dbcounter [-] [93173] Writing DB stats keystone:SELECT=100 {{(pid=93173) stat_writer /usr/local/lib/python3.8/dist-packages/dbcounter.py:114}}
Sep 08 13:37:43.977599 dv-cinder-847733-4-iscsi devstack@keystone.service[93172]: DEBUG keystone.server.flask.request_processing.middleware.auth_context [None req-24076cc5-f8f6-4730-bea9-613dbe1c4fd8 None admin] Validating token access rules against request {{(pid=93172) validate_allowed_request /usr/local/lib/python3.8/dist-packages/keystonemiddleware/auth_token/__init__.py:545}}
Sep 08 13:37:44.019279 dv-cinder-847733-4-iscsi devstack@keystone.service[93172]: DEBUG keystone.server.flask.request_processing.middleware.auth_context [None req-a6b0ebbf-38a7-4599-8b4e-208cc0fa94ca None admin] RBAC: auth_context: {'token': , 'domain_id': None, 'trust_id': None, 'trustor_id': None, 'trustee_id': None, 'domain_name': None, 'group_ids': [], 'user_id': 'c14eb0bf645e49f887a8d288d37d1491', 'user_domain_id': 'default', 'system_scope': 'all', 'project_id': None, 'project_domain_id': None, 'roles': ['admin', 'member', 'reader'], 'is_admin_project': True, 'service_user_id': None, 'service_user_domain_id': None, 'service_project_id': None, 'service_project_domain_id': None, 'service_roles': []} {{(pid=93172) fill_context /opt/stack/keystone/keystone/server/flask/request_processing/middleware/auth_context.py:478}}
Sep 08 13:37:44.020446 dv-cinder-847733-4-iscsi devstack@keystone.service[93172]: DEBUG keystone.server.flask.request_processing.req_logging [None req-a6b0ebbf-38a7-4599-8b4e-208cc0fa94ca None admin] REQUEST_METHOD: `GET` {{(pid=93172) log_request_info /opt/stack/keystone/keystone/server/flask/request_processing/req_logging.py:27}}
Sep 08 13:37:44.020932 dv-cinder-847733-4-iscsi devstack@keystone.service[93172]: DEBUG keystone.server.flask.request_processing.req_logging [None req-a6b0ebbf-38a7-4599-8b4e-208cc0fa94ca None admin] SCRIPT_NAME: `/identity` {{(pid=93172) log_request_info /opt/stack/keystone/keystone/server/flask/request_processing/req_logging.py:28}}
Sep 08 13:37:44.021408 dv-cinder-847733-4-iscsi devstack@keystone.service[93172]: DEBUG keystone.server.flask.request_processing.req_logging [None req-a6b0ebbf-38a7-4599-8b4e-208cc0fa94ca None admin] PATH_INFO: `/v3/roles/reader` {{(pid=93172) log_request_info /opt/stack/keystone/keystone/server/flask/request_processing/req_logging.py:29}}
Sep 08 13:37:44.033643 dv-cinder-847733-4-iscsi devstack@keystone.service[93172]: DEBUG keystone.common.rbac_enforcer.enforcer [None req-a6b0ebbf-38a7-4599-8b4e-208cc0fa94ca None admin] Extracting inferred target data resulted in "NOT FOUND (404)". {{(pid=93172) enforce_call /opt/stack/keystone/keystone/common/rbac_enforcer/enforcer.py:409}}
Sep 08 13:37:44.039265 dv-cinder-847733-4-iscsi devstack@keystone.service[93172]: ERROR keystone.server.flask.application [None req-a6b0ebbf-38a7-4599-8b4e-208cc0fa94ca None admin] Could not find role: reader.: keystone.exception.RoleNotFound: Could not find role: reader.
Sep 08 13:37:44.039265 dv-cinder-847733-4-iscsi devstack@keystone.service[93172]: ERROR keystone.server.flask.application
Traceback (most recent call last):
Sep 08 13:37:44.039265 dv-cinder-847733-4-iscsi devstack@keystone.service[93172]: ERROR keystone.server.flask.application
File "/usr/local/lib/python3.8/dist-packages/flask/app.py", line 1820, in full_dispatch_request
Sep 08 13:37:44.039265 dv-cinder-847733-4-iscsi devstack@keystone.service[93172]: ERROR keystone.server.flask.application rv = self.dispatch_request()
Sep 08 13:37:44.039265 dv-cinder-847733-4-iscsi devstack@keystone.service[93172]: ERROR keystone.server.flask.application
File "/usr/local/lib/python3.8/dist-packages/flask/app.py", line 1796, in dispatch_request
Sep 08 13:37:44.039265 dv-cinder-847733-4-iscsi devstack@keystone.service[93172]: ERROR keystone.server.flask.application return self.ensure_sync(self.view_functions[rule.endpoint])(**view_args)
Sep 08 13:37:44.039265 dv-cinder-847733-4-iscsi devstack@keystone.service[93172]: ERROR keystone.server.flask.application
File "/usr/local/lib/python3.8/dist-packages/flask_restful/__init__.py", line 467, in wrapper
Sep 08 13:37:44.039265 dv-cinder-847733-4-iscsi devstack@keystone.service[93172]: ERROR keystone.server.flask.application resp = resource(*args, **kwargs)
Sep 08 13:37:44.039265 dv-cinder-847733-4-iscsi devstack@keystone.service[93172]: ERROR keystone.server.flask.application
File "/usr/local/lib/python3.8/dist-packages/flask/views.py", line 107, in view
Sep 08 13:37:44.039265 dv-cinder-847733-4-iscsi devstack@keystone.service[93172]: ERROR keystone.server.flask.application return current_app.ensure_sync(self.dispatch_request)(**kwargs)
Sep 08 13:37:44.039265 dv-cinder-847733-4-iscsi devstack@keystone.service[93172]: ERROR keystone.server.flask.application
File "/usr/local/lib/python3.8/dist-packages/flask_restful/__init__.py", line 582, in dispatch_request
Sep 08 13:37:44.039265 dv-cinder-847733-4-iscsi devstack@keystone.service[93172]: ERROR keystone.server.flask.application resp = meth(*args, **kwargs)
Sep 08 13:37:44.039265 dv-cinder-847733-4-iscsi devstack@keystone.service[93172]: ERROR keystone.server.flask.application
File "/opt/stack/keystone/keystone/api/roles.py", line 50, in get
Sep 08 13:37:44.039265 dv-cinder-847733-4-iscsi devstack@keystone.service[93172]: ERROR keystone.server.flask.application return self._get_role(role_id)
Sep 08 13:37:44.039265 dv-cinder-847733-4-iscsi devstack@keystone.service[93172]: ERROR keystone.server.flask.application
File "/opt/stack/keystone/keystone/api/roles.py", line 70, in _get_role
Sep 08 13:37:44.039265 dv-cinder-847733-4-iscsi devstack@keystone.service[93172]: ERROR keystone.server.flask.application ENFORCER.enforce_call(action='identity:get_role')
Sep 08 13:37:44.040148 dv-cinder-847733-4-iscsi devstack@keystone.service[93172]: ERROR keystone.server.flask.application
File "/opt/stack/keystone/keystone/common/rbac_enforcer/enforcer.py", line 402, in enforce_call
Sep 08 13:37:44.040148 dv-cinder-847733-4-iscsi devstack@keystone.service[93172]: ERROR keystone.server.flask.application policy_dict.update(cls._extract_member_target_data(
Sep 08 13:37:44.040148 dv-cinder-847733-4-iscsi devstack@keystone.service[93172]: ERROR keystone.server.flask.application
File "/opt/stack/keystone/keystone/common/rbac_enforcer/enforcer.py", line 234, in _extract_member_target_data
Sep 08 13:37:44.040148 dv-cinder-847733-4-iscsi devstack@keystone.service[93172]: ERROR keystone.server.flask.application member_name: func(flask.request.view_args[key])
Sep 08 13:37:44.040148 dv-cinder-847733-4-iscsi devstack@keystone.service[93172]: ERROR keystone.server.flask.application
File "/opt/stack/keystone/keystone/common/manager.py", line 115, in wrapped
Sep 08 13:37:44.040148 dv-cinder-847733-4-iscsi devstack@keystone.service[93172]: ERROR keystone.server.flask.application __ret_val = __f(*args, **kwargs)
Sep 08 13:37:44.040148 dv-cinder-847733-4-iscsi devstack@keystone.service[93172]: ERROR keystone.server.flask.application
File "/usr/local/lib/python3.8/dist-packages/decorator.py", line 232, in fun
Sep 08 13:37:44.040148 dv-cinder-847733-4-iscsi devstack@keystone.service[93172]: ERROR keystone.server.flask.application return caller(func, *(extras + args), **kw)
Sep 08 13:37:44.040148 dv-cinder-847733-4-iscsi devstack@keystone.service[93172]: ERROR keystone.server.flask.application
File "/usr/local/lib/python3.8/dist-packages/dogpile/cache/region.py", line 1577, in get_or_create_for_user_func
Sep 08 13:37:44.040148 dv-cinder-847733-4-iscsi devstack@keystone.service[93172]: ERROR keystone.server.flask.application return self.get_or_create(
Sep 08 13:37:44.040148 dv-cinder-847733-4-iscsi devstack@keystone.service[93172]: ERROR keystone.server.flask.application
File "/usr/local/lib/python3.8/dist-packages/dogpile/cache/region.py", line 1042, in get_or_create
Sep 08 13:37:44.040148 dv-cinder-847733-4-iscsi devstack@keystone.service[93172]: ERROR keystone.server.flask.application with Lock(
Sep 08 13:37:44.040148 dv-cinder-847733-4-iscsi devstack@keystone.service[93172]: ERROR keystone.server.flask.application
File "/usr/local/lib/python3.8/dist-packages/dogpile/lock.py", line 185, in __enter__
Sep 08 13:37:44.040148 dv-cinder-847733-4-iscsi devstack@keystone.service[93172]: ERROR keystone.server.flask.application return self._enter()
Sep 08 13:37:44.040148 dv-cinder-847733-4-iscsi devstack@keystone.service[93172]: ERROR keystone.server.flask.application
File "/usr/local/lib/python3.8/dist-packages/dogpile/lock.py", line 94, in _enter
Sep 08 13:37:44.040148 dv-cinder-847733-4-iscsi devstack@keystone.service[93172]: ERROR keystone.server.flask.application generated = self._enter_create(value, createdtime)
Sep 08 13:37:44.040934 dv-cinder-847733-4-iscsi devstack@keystone.service[93172]: ERROR keystone.server.flask.application
File "/usr/local/lib/python3.8/dist-packages/dogpile/lock.py", line 178, in _enter_create
Sep 08 13:37:44.040934 dv-cinder-847733-4-iscsi devstack@keystone.service[93172]: ERROR keystone.server.flask.application return self.creator()
Sep 08 13:37:44.040934 dv-cinder-847733-4-iscsi devstack@keystone.service[93172]: ERROR keystone.server.flask.application
File "/usr/local/lib/python3.8/dist-packages/dogpile/cache/region.py", line 995, in gen_value
Sep 08 13:37:44.040934 dv-cinder-847733-4-iscsi devstack@keystone.service[93172]: ERROR keystone.server.flask.application created_value = creator(
Sep 08 13:37:44.040934 dv-cinder-847733-4-iscsi devstack@keystone.service[93172]: ERROR keystone.server.flask.application
File "/opt/stack/keystone/keystone/assignment/core.py", line 1276, in get_role
Sep 08 13:37:44.040934 dv-cinder-847733-4-iscsi devstack@keystone.service[93172]: ERROR keystone.server.flask.application return self.driver.get_role(role_id)
Sep 08 13:37:44.040934 dv-cinder-847733-4-iscsi devstack@keystone.service[93172]: ERROR keystone.server.flask.application
File "/opt/stack/keystone/keystone/assignment/role_backends/sql.py", line 70, in get_role
Sep 08 13:37:44.040934 dv-cinder-847733-4-iscsi devstack@keystone.service[93172]: ERROR keystone.server.flask.application return self._get_role(session, role_id).to_dict()
Sep 08 13:37:44.040934 dv-cinder-847733-4-iscsi devstack@keystone.service[93172]: ERROR keystone.server.flask.application
File "/opt/stack/keystone/keystone/assignment/role_backends/sql.py", line 65, in _get_role
Sep 08 13:37:44.040934 dv-cinder-847733-4-iscsi devstack@keystone.service[93172]: ERROR keystone.server.flask.application raise exception.RoleNotFound(role_id=role_id)
Sep 08 13:37:44.040934 dv-cinder-847733-4-iscsi devstack@keystone.service[93172]: ERROR keystone.server.flask.application keystone.exception.RoleNotFound: Could not find role: reader.
Sep 08 13:37:44.040934 dv-cinder-847733-4-iscsi devstack@keystone.service[93172]: ERROR keystone.server.flask.application
Sep 08 13:37:44.042769 dv-cinder-847733-4-iscsi devstack@keystone.service[93173]: DEBUG keystone.server.flask.request_processing.middleware.auth_context [None req-003a6af7-4977-4cff-85d4-bd0aeb45e91e None None] Validating token access rules against request {{(pid=93173) validate_allowed_request /usr/local/lib/python3.8/dist-packages/keystonemiddleware/auth_token/__init__.py:545}}
Sep 08 13:37:44.043042 dv-cinder-847733-4-iscsi devstack@keystone.service[93172]: [pid: 93172|app: 0|req: 175/349] 10.222.0.91 () {56 vars in 1099 bytes} [Thu Sep 8 13:37:43 2022] GET /identity/v3/roles/reader => generated 84 bytes in 208 msecs (HTTP/1.1 404) 5 headers in 183 bytes (1 switches on core 0)
Sep 08 13:37:44.044077 dv-cinder-847733-4-iscsi devstack@keystone.service[93172]: DEBUG keystone.server.flask.request_processing.middleware.auth_context [None req-a6b0ebbf-38a7-4599-8b4e-208cc0fa94ca None admin] Authenticating user token {{(pid=93172) process_request /usr/local/lib/python3.8/dist-packages/keystonemiddleware/auth_token/__init__.py:407}}
Sep 08 13:37:44.082663 dv-cinder-847733-4-iscsi devstack@keystone.service[93173]: DEBUG keystone.server.flask.request_processing.middleware.auth_context [None req-5f99f0f9-711b-4fae-912b-5d79a8a40881 None admin] RBAC: auth_context: {'token': , 'domain_id': None, 'trust_id': None, 'trustor_id': None, 'trustee_id': None, 'domain_name': None, 'group_ids': [], 'user_id': 'c14eb0bf645e49f887a8d288d37d1491', 'user_domain_id': 'default', 'system_scope': 'all', 'project_id': None, 'project_domain_id': None, 'roles': ['admin', 'member', 'reader'], 'is_admin_project': True, 'service_user_id': None, 'service_user_domain_id': None, 'service_project_id': None, 'service_project_domain_id': None, 'service_roles': []} {{(pid=93173) fill_context /opt/stack/keystone/keystone/server/flask/request_processing/middleware/auth_context.py:478}}
Sep 08 13:37:44.083057 dv-cinder-847733-4-iscsi devstack@keystone.service[93172]: DEBUG dbcounter [-] [93172] Writing DB stats keystone:SELECT=100 {{(pid=93172) stat_writer /usr/local/lib/python3.8/dist-packages/dbcounter.py:114}}
Sep 08 13:37:44.083767 dv-cinder-847733-4-iscsi devstack@keystone.service[93173]: DEBUG keystone.server.flask.request_processing.req_logging [None req-5f99f0f9-711b-4fae-912b-5d79a8a40881 None admin] REQUEST_METHOD: `GET` {{(pid=93173) log_request_info /opt/stack/keystone/keystone/server/flask/request_processing/req_logging.py:27}}
Sep 08 13:37:44.083767 dv-cinder-847733-4-iscsi devstack@keystone.service[93173]: DEBUG keystone.server.flask.request_processing.req_logging [None req-5f99f0f9-711b-4fae-912b-5d79a8a40881 None admin] SCRIPT_NAME: `/identity` {{(pid=93173) log_request_info /opt/stack/keystone/keystone/server/flask/request_processing/req_logging.py:28}}
Sep 08 13:37:44.084285 dv-cinder-847733-4-iscsi devstack@keystone.service[93173]: DEBUG keystone.server.flask.request_processing.req_logging [None req-5f99f0f9-711b-4fae-912b-5d79a8a40881 None admin] PATH_INFO: `/v3/groups/8593666e58f84301a8aa5e475a82089e` {{(pid=93173) log_request_info /opt/stack/keystone/keystone/server/flask/request_processing/req_logging.py:29}}
Sep 08 13:37:44.091020 dv-cinder-847733-4-iscsi devstack@keystone.service[93173]: DEBUG keystone.common.rbac_enforcer.enforcer [None req-5f99f0f9-711b-4fae-912b-5d79a8a40881 None admin] RBAC: Authorizing `identity:get_group(group_id=8593666e58f84301a8aa5e475a82089e)` {{(pid=93173) enforce_call /opt/stack/keystone/keystone/common/rbac_enforcer/enforcer.py:449}}
Sep 08 13:37:44.094361 dv-cinder-847733-4-iscsi devstack@keystone.service[93173]: DEBUG keystone.common.rbac_enforcer.enforcer [None req-5f99f0f9-711b-4fae-912b-5d79a8a40881 None admin] RBAC: Authorization granted {{(pid=93173) enforce_call /opt/stack/keystone/keystone/common/rbac_enforcer/enforcer.py:457}}
Sep 08 13:37:44.095177 dv-cinder-847733-4-iscsi devstack@keystone.service[93173]: [pid: 93173|app: 0|req: 175/350] 10.222.0.91 () {56 vars in 1180 bytes} [Thu Sep 8 13:37:43 2022] GET /identity/v3/groups/8593666e58f84301a8aa5e475a82089e => generated 226 bytes in 172 msecs (HTTP/1.1 200) 5 headers in 177 bytes (1 switches on core 0)
Sep 08 13:37:44.096354 dv-cinder-847733-4-iscsi devstack@keystone.service[93173]: DEBUG keystone.server.flask.request_processing.req_logging [None req-df5c47c4-c4e0-47b7-8af1-782b9d6a4cca None None] REQUEST_METHOD: `POST` {{(pid=93173) log_request_info /opt/stack/keystone/keystone/server/flask/request_processing/req_logging.py:27}}
Sep 08 13:37:44.096638 dv-cinder-847733-4-iscsi devstack@keystone.service[93173]: DEBUG keystone.server.flask.request_processing.req_logging [None req-df5c47c4-c4e0-47b7-8af1-782b9d6a4cca None None] SCRIPT_NAME: `/identity` {{(pid=93173) log_request_info /opt/stack/keystone/keystone/server/flask/request_processing/req_logging.py:28}}
Sep 08 13:37:44.096913 dv-cinder-847733-4-iscsi devstack@keystone.service[93173]: DEBUG keystone.server.flask.request_processing.req_logging [None req-df5c47c4-c4e0-47b7-8af1-782b9d6a4cca None None] PATH_INFO: `/v3/auth/tokens` {{(pid=93173) log_request_info /opt/stack/keystone/keystone/server/flask/request_processing/req_logging.py:29}}
Sep 08 13:37:44.117205 dv-cinder-847733-4-iscsi devstack@keystone.service[93173]: DEBUG keystone.auth.core [None req-df5c47c4-c4e0-47b7-8af1-782b9d6a4cca None None] MFA Rules not processed for user `c14eb0bf645e49f887a8d288d37d1491`. Rule list: `[]` (Enabled: `True`). {{(pid=93173) check_auth_methods_against_rules /opt/stack/keystone/keystone/auth/core.py:438}}
Sep 08 13:37:44.118399 dv-cinder-847733-4-iscsi devstack@keystone.service[93173]: DEBUG keystone.common.fernet_utils [None req-df5c47c4-c4e0-47b7-8af1-782b9d6a4cca None None] Loaded 2 Fernet keys from /etc/keystone/fernet-keys/, but `[fernet_tokens] max_active_keys = 3`; perhaps there have not been enough key rotations to reach `max_active_keys` yet? {{(pid=93173) load_keys /opt/stack/keystone/keystone/common/fernet_utils.py:286}}
Sep 08 13:37:44.172235 dv-cinder-847733-4-iscsi devstack@keystone.service[93172]: DEBUG keystone.server.flask.request_processing.middleware.auth_context [None req-a6b0ebbf-38a7-4599-8b4e-208cc0fa94ca None admin] Validating token access rules against request {{(pid=93172) validate_allowed_request /usr/local/lib/python3.8/dist-packages/keystonemiddleware/auth_token/__init__.py:545}}
Sep 08 13:37:44.196100 dv-cinder-847733-4-iscsi devstack@keystone.service[93173]: [pid: 93173|app: 0|req: 176/351] 10.222.0.91 () {58 vars in 1024 bytes} [Thu Sep 8 13:37:44 2022] POST /identity/v3/auth/tokens => generated 799 bytes in 100 msecs (HTTP/1.1 201) 6 headers in 363 bytes (1 switches on core 0)
Sep 08 13:37:44.196964 dv-cinder-847733-4-iscsi devstack@keystone.service[93173]: DEBUG keystone.server.flask.request_processing.middleware.auth_context [None req-df5c47c4-c4e0-47b7-8af1-782b9d6a4cca None None] Authenticating user token {{(pid=93173) process_request /usr/local/lib/python3.8/dist-packages/keystonemiddleware/auth_token/__init__.py:407}}
Sep 08 13:37:44.205513 dv-cinder-847733-4-iscsi devstack@keystone.service[93173]: DEBUG dbcounter [-] [93173] Writing DB stats keystone:SELECT=100 {{(pid=93173) stat_writer /usr/local/lib/python3.8/dist-packages/dbcounter.py:114}}
Sep 08 13:37:44.223002 dv-cinder-847733-4-iscsi devstack@keystone.service[93172]: DEBUG keystone.server.flask.request_processing.middleware.auth_context [None req-90929ade-5ec1-49c8-8a6e-c703d5a0ca81 None admin] RBAC: auth_context: {'token': , 'domain_id': None, 'trust_id': None, 'trustor_id': None, 'trustee_id': None, 'domain_name': None, 'group_ids': [], 'user_id': 'c14eb0bf645e49f887a8d288d37d1491', 'user_domain_id': 'default', 'system_scope': 'all', 'project_id': None, 'project_domain_id': None, 'roles': ['admin', 'member', 'reader'], 'is_admin_project': True, 'service_user_id': None, 'service_user_domain_id': None, 'service_project_id': None, 'service_project_domain_id': None, 'service_roles': []} {{(pid=93172) fill_context /opt/stack/keystone/keystone/server/flask/request_processing/middleware/auth_context.py:478}}
Sep 08 13:37:44.224156 dv-cinder-847733-4-iscsi devstack@keystone.service[93172]: DEBUG keystone.server.flask.request_processing.req_logging [None req-90929ade-5ec1-49c8-8a6e-c703d5a0ca81 None admin] REQUEST_METHOD: `GET` {{(pid=93172) log_request_info /opt/stack/keystone/keystone/server/flask/request_processing/req_logging.py:27}}
Sep 08 13:37:44.224650 dv-cinder-847733-4-iscsi devstack@keystone.service[93172]: DEBUG keystone.server.flask.request_processing.req_logging [None req-90929ade-5ec1-49c8-8a6e-c703d5a0ca81 None admin] SCRIPT_NAME: `/identity` {{(pid=93172) log_request_info /opt/stack/keystone/keystone/server/flask/request_processing/req_logging.py:28}}
Sep 08 13:37:44.225137 dv-cinder-847733-4-iscsi devstack@keystone.service[93172]: DEBUG keystone.server.flask.request_processing.req_logging [None req-90929ade-5ec1-49c8-8a6e-c703d5a0ca81 None admin] PATH_INFO: `/v3/projects/7fc04ff6a9f94d04af0a564c8a1bab72` {{(pid=93172) log_request_info /opt/stack/keystone/keystone/server/flask/request_processing/req_logging.py:29}}
Sep 08 13:37:44.226511 dv-cinder-847733-4-iscsi devstack@keystone.service[93172]: DEBUG keystone.common.rbac_enforcer.enforcer [None req-90929ade-5ec1-49c8-8a6e-c703d5a0ca81 None admin] RBAC: Authorizing `identity:get_project(project_id=7fc04ff6a9f94d04af0a564c8a1bab72)` {{(pid=93172) enforce_call /opt/stack/keystone/keystone/common/rbac_enforcer/enforcer.py:449}}
Sep 08 13:37:44.228191 dv-cinder-847733-4-iscsi devstack@keystone.service[93172]: DEBUG keystone.common.rbac_enforcer.enforcer [None req-90929ade-5ec1-49c8-8a6e-c703d5a0ca81 None admin] RBAC: Authorization granted {{(pid=93172) enforce_call /opt/stack/keystone/keystone/common/rbac_enforcer/enforcer.py:457}}
Sep 08 13:37:44.230431 dv-cinder-847733-4-iscsi devstack@keystone.service[93172]: [pid: 93172|app: 0|req: 176/352] 10.222.0.91 () {56 vars in 1186 bytes} [Thu Sep 8 13:37:44 2022] GET /identity/v3/projects/7fc04ff6a9f94d04af0a564c8a1bab72 => generated 298 bytes in 187 msecs (HTTP/1.1 200) 5 headers in 177 bytes (1 switches on core 0)
Sep 08 13:37:44.231447 dv-cinder-847733-4-iscsi devstack@keystone.service[93172]: DEBUG keystone.server.flask.request_processing.middleware.auth_context [None req-90929ade-5ec1-49c8-8a6e-c703d5a0ca81 None admin] Authenticating user token {{(pid=93172) process_request /usr/local/lib/python3.8/dist-packages/keystonemiddleware/auth_token/__init__.py:407}}
Sep 08 13:37:44.304005 dv-cinder-847733-4-iscsi devstack@keystone.service[93173]: DEBUG keystone.server.flask.request_processing.middleware.auth_context [None req-df5c47c4-c4e0-47b7-8af1-782b9d6a4cca None None] Validating token access rules against request {{(pid=93173) validate_allowed_request /usr/local/lib/python3.8/dist-packages/keystonemiddleware/auth_token/__init__.py:545}}
Sep 08 13:37:44.344983 dv-cinder-847733-4-iscsi devstack@keystone.service[93173]: DEBUG keystone.server.flask.request_processing.middleware.auth_context [None req-600513f9-a4c8-4fca-9a3b-42cfac3fba40 None admin] RBAC: auth_context: {'token': , 'domain_id': None, 'trust_id': None, 'trustor_id': None, 'trustee_id': None, 'domain_name': None, 'group_ids': [], 'user_id': 'c14eb0bf645e49f887a8d288d37d1491', 'user_domain_id': 'default', 'system_scope': 'all', 'project_id': None, 'project_domain_id': None, 'roles': ['admin', 'member', 'reader'], 'is_admin_project': True, 'service_user_id': None, 'service_user_domain_id': None, 'service_project_id': None, 'service_project_domain_id': None, 'service_roles': []} {{(pid=93173) fill_context /opt/stack/keystone/keystone/server/flask/request_processing/middleware/auth_context.py:478}}
Sep 08 13:37:44.345612 dv-cinder-847733-4-iscsi devstack@keystone.service[93173]: DEBUG keystone.server.flask.request_processing.req_logging [None req-600513f9-a4c8-4fca-9a3b-42cfac3fba40 None admin] REQUEST_METHOD: `GET` {{(pid=93173) log_request_info /opt/stack/keystone/keystone/server/flask/request_processing/req_logging.py:27}}
Sep 08 13:37:44.346012 dv-cinder-847733-4-iscsi devstack@keystone.service[93173]: DEBUG keystone.server.flask.request_processing.req_logging [None req-600513f9-a4c8-4fca-9a3b-42cfac3fba40 None admin] SCRIPT_NAME: `/identity` {{(pid=93173) log_request_info /opt/stack/keystone/keystone/server/flask/request_processing/req_logging.py:28}}
Sep 08 13:37:44.346394 dv-cinder-847733-4-iscsi devstack@keystone.service[93173]: DEBUG keystone.server.flask.request_processing.req_logging [None req-600513f9-a4c8-4fca-9a3b-42cfac3fba40 None admin] PATH_INFO: `/v3/roles` {{(pid=93173) log_request_info /opt/stack/keystone/keystone/server/flask/request_processing/req_logging.py:29}}
Sep 08 13:37:44.347214 dv-cinder-847733-4-iscsi devstack@keystone.service[93173]: DEBUG keystone.common.rbac_enforcer.enforcer [None req-600513f9-a4c8-4fca-9a3b-42cfac3fba40 None admin] RBAC: Adding query filter params (name=reader) {{(pid=93173) _extract_filter_values /opt/stack/keystone/keystone/common/rbac_enforcer/enforcer.py:167}}
Sep 08 13:37:44.347618 dv-cinder-847733-4-iscsi devstack@keystone.service[93173]: DEBUG keystone.common.rbac_enforcer.enforcer [None req-600513f9-a4c8-4fca-9a3b-42cfac3fba40 None admin] RBAC: Authorizing `identity:list_roles()` {{(pid=93173) enforce_call /opt/stack/keystone/keystone/common/rbac_enforcer/enforcer.py:449}}
Sep 08 13:37:44.354974 dv-cinder-847733-4-iscsi devstack@keystone.service[93173]: DEBUG keystone.common.rbac_enforcer.enforcer [None req-600513f9-a4c8-4fca-9a3b-42cfac3fba40 None admin] RBAC: Authorization granted {{(pid=93173) enforce_call /opt/stack/keystone/keystone/common/rbac_enforcer/enforcer.py:457}}
Sep 08 13:37:44.358262 dv-cinder-847733-4-iscsi devstack@keystone.service[93173]: [pid: 93173|app: 0|req: 177/353] 10.222.0.91 () {56 vars in 1101 bytes} [Thu Sep 8 13:37:44 2022] GET /identity/v3/roles?name=reader => generated 341 bytes in 162 msecs (HTTP/1.1 200) 5 headers in 177 bytes (1 switches on core 0)
Sep 08 13:37:44.359262 dv-cinder-847733-4-iscsi devstack@keystone.service[93173]: DEBUG keystone.server.flask.request_processing.middleware.auth_context [None req-600513f9-a4c8-4fca-9a3b-42cfac3fba40 None admin] Authenticating user token {{(pid=93173) process_request /usr/local/lib/python3.8/dist-packages/keystonemiddleware/auth_token/__init__.py:407}}
Sep 08 13:37:44.384986 dv-cinder-847733-4-iscsi devstack@keystone.service[93172]: DEBUG dbcounter [-] [93172] Writing DB stats keystone:SELECT=100 {{(pid=93172) stat_writer /usr/local/lib/python3.8/dist-packages/dbcounter.py:114}}
Sep 08 13:37:44.388977 dv-cinder-847733-4-iscsi devstack@keystone.service[93172]: DEBUG keystone.server.flask.request_processing.middleware.auth_context [None req-90929ade-5ec1-49c8-8a6e-c703d5a0ca81 None admin] Validating token access rules against request {{(pid=93172) validate_allowed_request /usr/local/lib/python3.8/dist-packages/keystonemiddleware/auth_token/__init__.py:545}}
Sep 08 13:37:44.429043 dv-cinder-847733-4-iscsi devstack@keystone.service[93172]: DEBUG keystone.server.flask.request_processing.middleware.auth_context [None req-496c65ef-2fe0-4d45-b247-461249b9a33d None admin] RBAC: auth_context: {'token': , 'domain_id': None, 'trust_id': None, 'trustor_id': None, 'trustee_id': None, 'domain_name': None, 'group_ids': [], 'user_id': 'c14eb0bf645e49f887a8d288d37d1491', 'user_domain_id': 'default', 'system_scope': 'all', 'project_id': None, 'project_domain_id': None, 'roles': ['admin', 'member', 'reader'], 'is_admin_project': True, 'service_user_id': None, 'service_user_domain_id': None, 'service_project_id': None, 'service_project_domain_id': None, 'service_roles': []} {{(pid=93172) fill_context /opt/stack/keystone/keystone/server/flask/request_processing/middleware/auth_context.py:478}}
Sep 08 13:37:44.430065 dv-cinder-847733-4-iscsi devstack@keystone.service[93172]: DEBUG keystone.server.flask.request_processing.req_logging [None req-496c65ef-2fe0-4d45-b247-461249b9a33d None admin] REQUEST_METHOD: `GET` {{(pid=93172) log_request_info /opt/stack/keystone/keystone/server/flask/request_processing/req_logging.py:27}}
Sep 08 13:37:44.430827 dv-cinder-847733-4-iscsi devstack@keystone.service[93173]: DEBUG dbcounter [-] [93173] Writing DB stats keystone:SELECT=100 {{(pid=93173) stat_writer /usr/local/lib/python3.8/dist-packages/dbcounter.py:114}}
Sep 08 13:37:44.431644 dv-cinder-847733-4-iscsi devstack@keystone.service[93172]: DEBUG keystone.server.flask.request_processing.req_logging [None req-496c65ef-2fe0-4d45-b247-461249b9a33d None admin] SCRIPT_NAME: `/identity` {{(pid=93172) log_request_info /opt/stack/keystone/keystone/server/flask/request_processing/req_logging.py:28}}
Sep 08 13:37:44.432124 dv-cinder-847733-4-iscsi devstack@keystone.service[93172]: DEBUG keystone.server.flask.request_processing.req_logging [None req-496c65ef-2fe0-4d45-b247-461249b9a33d None admin] PATH_INFO: `/v3/role_assignments` {{(pid=93172) log_request_info /opt/stack/keystone/keystone/server/flask/request_processing/req_logging.py:29}}
Sep 08 13:37:44.433104 dv-cinder-847733-4-iscsi devstack@keystone.service[93172]: DEBUG keystone.common.rbac_enforcer.enforcer [None req-496c65ef-2fe0-4d45-b247-461249b9a33d None admin] RBAC: Adding query filter params (group.id=8593666e58f84301a8aa5e475a82089e, role.id=cb722313950945e5b147e994ec678cd1, scope.project.id=7fc04ff6a9f94d04af0a564c8a1bab72) {{(pid=93172) _extract_filter_values /opt/stack/keystone/keystone/common/rbac_enforcer/enforcer.py:167}}
Sep 08 13:37:44.433612 dv-cinder-847733-4-iscsi devstack@keystone.service[93172]: DEBUG keystone.common.rbac_enforcer.enforcer [None req-496c65ef-2fe0-4d45-b247-461249b9a33d None admin] RBAC: Authorizing `identity:list_role_assignments()` {{(pid=93172) enforce_call /opt/stack/keystone/keystone/common/rbac_enforcer/enforcer.py:449}}
Sep 08 13:37:44.435355 dv-cinder-847733-4-iscsi devstack@keystone.service[93172]: DEBUG keystone.common.rbac_enforcer.enforcer [None req-496c65ef-2fe0-4d45-b247-461249b9a33d None admin] RBAC: Authorization granted {{(pid=93172) enforce_call /opt/stack/keystone/keystone/common/rbac_enforcer/enforcer.py:457}}
Sep 08 13:37:44.442003 dv-cinder-847733-4-iscsi devstack@keystone.service[93172]: [pid: 93172|app: 0|req: 177/354] 10.222.0.91 () {56 vars in 1376 bytes} [Thu Sep 8 13:37:44 2022] GET /identity/v3/role_assignments?group.id=8593666e58f84301a8aa5e475a82089e&scope.project.id=7fc04ff6a9f94d04af0a564c8a1bab72&role.id=cb722313950945e5b147e994ec678cd1 => generated 260 bytes in 211 msecs (HTTP/1.1 200) 5 headers in 177 bytes (1 switches on core 0)
Sep 08 13:37:44.443147 dv-cinder-847733-4-iscsi devstack@keystone.service[93172]: DEBUG keystone.server.flask.request_processing.middleware.auth_context [None req-496c65ef-2fe0-4d45-b247-461249b9a33d None admin] Authenticating user token {{(pid=93172) process_request /usr/local/lib/python3.8/dist-packages/keystonemiddleware/auth_token/__init__.py:407}}
Sep 08 13:37:44.472101 dv-cinder-847733-4-iscsi devstack@keystone.service[93173]: DEBUG keystone.server.flask.request_processing.middleware.auth_context [None req-600513f9-a4c8-4fca-9a3b-42cfac3fba40 None admin] Validating token access rules against request {{(pid=93173) validate_allowed_request /usr/local/lib/python3.8/dist-packages/keystonemiddleware/auth_token/__init__.py:545}}
Sep 08 13:37:44.512529 dv-cinder-847733-4-iscsi devstack@keystone.service[93173]: DEBUG keystone.server.flask.request_processing.middleware.auth_context [None req-41eca7e5-dc93-4b7c-845b-de0cad4d0070 None admin] RBAC: auth_context: {'token': , 'domain_id': None, 'trust_id': None, 'trustor_id': None, 'trustee_id': None, 'domain_name': None, 'group_ids': [], 'user_id': 'c14eb0bf645e49f887a8d288d37d1491', 'user_domain_id': 'default', 'system_scope': 'all', 'project_id': None, 'project_domain_id': None, 'roles': ['admin', 'member', 'reader'], 'is_admin_project': True, 'service_user_id': None, 'service_user_domain_id': None, 'service_project_id': None, 'service_project_domain_id': None, 'service_roles': []} {{(pid=93173) fill_context /opt/stack/keystone/keystone/server/flask/request_processing/middleware/auth_context.py:478}}
Sep 08 13:37:44.513362 dv-cinder-847733-4-iscsi devstack@keystone.service[93173]: DEBUG keystone.server.flask.request_processing.req_logging [None req-41eca7e5-dc93-4b7c-845b-de0cad4d0070 None admin] REQUEST_METHOD: `GET` {{(pid=93173) log_request_info /opt/stack/keystone/keystone/server/flask/request_processing/req_logging.py:27}}
Sep 08 13:37:44.513644 dv-cinder-847733-4-iscsi devstack@keystone.service[93173]: DEBUG keystone.server.flask.request_processing.req_logging [None req-41eca7e5-dc93-4b7c-845b-de0cad4d0070 None admin] SCRIPT_NAME: `/identity` {{(pid=93173) log_request_info /opt/stack/keystone/keystone/server/flask/request_processing/req_logging.py:28}}
Sep 08 13:37:44.513916 dv-cinder-847733-4-iscsi devstack@keystone.service[93173]: DEBUG keystone.server.flask.request_processing.req_logging [None req-41eca7e5-dc93-4b7c-845b-de0cad4d0070 None admin] PATH_INFO: `/v3/groups/8593666e58f84301a8aa5e475a82089e` {{(pid=93173) log_request_info /opt/stack/keystone/keystone/server/flask/request_processing/req_logging.py:29}}
Sep 08 13:37:44.515607 dv-cinder-847733-4-iscsi devstack@keystone.service[93173]: DEBUG keystone.common.rbac_enforcer.enforcer [None req-41eca7e5-dc93-4b7c-845b-de0cad4d0070 None admin] RBAC: Authorizing `identity:get_group(group_id=8593666e58f84301a8aa5e475a82089e)` {{(pid=93173) enforce_call /opt/stack/keystone/keystone/common/rbac_enforcer/enforcer.py:449}}
Sep 08 13:37:44.517173 dv-cinder-847733-4-iscsi devstack@keystone.service[93173]: DEBUG keystone.common.rbac_enforcer.enforcer [None req-41eca7e5-dc93-4b7c-845b-de0cad4d0070 None admin] RBAC: Authorization granted {{(pid=93173) enforce_call /opt/stack/keystone/keystone/common/rbac_enforcer/enforcer.py:457}}
Sep 08 13:37:44.519195 dv-cinder-847733-4-iscsi devstack@keystone.service[93173]: [pid: 93173|app: 0|req: 178/355] 10.222.0.91 () {56 vars in 1180 bytes} [Thu Sep 8 13:37:44 2022] GET /identity/v3/groups/8593666e58f84301a8aa5e475a82089e => generated 226 bytes in 160 msecs (HTTP/1.1 200) 5 headers in 177 bytes (1 switches on core 0)
