Jun 27 21:03:03.438287 dv-cinder-847733-1-iscsi devstack@keystone.service[80401]: DEBUG keystone.common.rbac_enforcer.enforcer [None req-548a4027-e7c3-4d8e-a517-cd0cd8a348fa None admin] RBAC: Authorizing `identity:create_user()` {{(pid=80401) enforce_call /opt/stack/keystone/keystone/common/rbac_enforcer/enforcer.py:449}}
Jun 27 21:03:03.439000 dv-cinder-847733-1-iscsi devstack@keystone.service[80400]: DEBUG keystone.common.rbac_enforcer.enforcer [None req-3e87dad4-5fa7-4b1f-b043-6774461ddb5f None admin] RBAC: Authorization granted {{(pid=80400) enforce_call /opt/stack/keystone/keystone/common/rbac_enforcer/enforcer.py:457}}
Jun 27 21:03:03.439858 dv-cinder-847733-1-iscsi devstack@keystone.service[80401]: DEBUG keystone.common.rbac_enforcer.enforcer [None req-548a4027-e7c3-4d8e-a517-cd0cd8a348fa None admin] RBAC: Authorization granted {{(pid=80401) enforce_call /opt/stack/keystone/keystone/common/rbac_enforcer/enforcer.py:457}}
Jun 27 21:03:03.452665 dv-cinder-847733-1-iscsi devstack@keystone.service[80400]: [pid: 80400|app: 0|req: 152/284] 10.222.0.27 () {56 vars in 1101 bytes} [Mon Jun 27 21:03:03 2022] GET /identity/v3/roles?name=reader => generated 341 bytes in 153 msecs (HTTP/1.1 200) 5 headers in 177 bytes (1 switches on core 0)
Jun 27 21:03:03.452665 dv-cinder-847733-1-iscsi devstack@keystone.service[80400]: DEBUG keystone.server.flask.request_processing.middleware.auth_context [None req-3e87dad4-5fa7-4b1f-b043-6774461ddb5f None admin] Authenticating user token {{(pid=80400) process_request /usr/local/lib/python3.8/dist-packages/keystonemiddleware/auth_token/__init__.py:407}}
Jun 27 21:03:03.464596 dv-cinder-847733-1-iscsi devstack@keystone.service[80401]: [pid: 80401|app: 0|req: 133/285] 10.222.0.27 () {60 vars in 1132 bytes} [Mon Jun 27 21:03:03 2022] POST /identity/v3/users => generated 293 bytes in 191 msecs (HTTP/1.1 201) 5 headers in 182 bytes (1 switches on core 0)
Jun 27 21:03:03.466142 dv-cinder-847733-1-iscsi devstack@keystone.service[80401]: DEBUG keystone.server.flask.request_processing.middleware.auth_context [None req-548a4027-e7c3-4d8e-a517-cd0cd8a348fa None admin] Authenticating user token {{(pid=80401) process_request /usr/local/lib/python3.8/dist-packages/keystonemiddleware/auth_token/__init__.py:407}}
Jun 27 21:03:03.567314 dv-cinder-847733-1-iscsi devstack@keystone.service[80400]: DEBUG keystone.server.flask.request_processing.middleware.auth_context [None req-3e87dad4-5fa7-4b1f-b043-6774461ddb5f None admin] Validating token access rules against request {{(pid=80400) validate_allowed_request /usr/local/lib/python3.8/dist-packages/keystonemiddleware/auth_token/__init__.py:545}}
Jun 27 21:03:03.588004 dv-cinder-847733-1-iscsi devstack@keystone.service[80400]: DEBUG dbcounter [-] [80400] Writing DB stats keystone:SELECT=100 {{(pid=80400) stat_writer /usr/local/lib/python3.8/dist-packages/dbcounter.py:114}}
Jun 27 21:03:03.610595 dv-cinder-847733-1-iscsi devstack@keystone.service[80401]: DEBUG keystone.server.flask.request_processing.middleware.auth_context [None req-548a4027-e7c3-4d8e-a517-cd0cd8a348fa None admin] Validating token access rules against request {{(pid=80401) validate_allowed_request /usr/local/lib/python3.8/dist-packages/keystonemiddleware/auth_token/__init__.py:545}}
Jun 27 21:03:03.614445 dv-cinder-847733-1-iscsi devstack@keystone.service[80400]: DEBUG keystone.server.flask.request_processing.middleware.auth_context [None req-4db98dea-b6fd-4b0b-ad05-0cddcb93af20 None admin] RBAC: auth_context: {'token': , 'domain_id': None, 'trust_id': None, 'trustor_id': None, 'trustee_id': None, 'domain_name': None, 'group_ids': [], 'user_id': '3dc250d3d60a40d8b744430d137fcb9c', 'user_domain_id': 'default', 'system_scope': 'all', 'project_id': None, 'project_domain_id': None, 'roles': ['admin', 'member', 'reader'], 'is_admin_project': True, 'service_user_id': None, 'service_user_domain_id': None, 'service_project_id': None, 'service_project_domain_id': None, 'service_roles': []} {{(pid=80400) fill_context /opt/stack/keystone/keystone/server/flask/request_processing/middleware/auth_context.py:478}}
Jun 27 21:03:03.615445 dv-cinder-847733-1-iscsi devstack@keystone.service[80400]: DEBUG keystone.server.flask.request_processing.req_logging [None req-4db98dea-b6fd-4b0b-ad05-0cddcb93af20 None admin] REQUEST_METHOD: `GET` {{(pid=80400) log_request_info /opt/stack/keystone/keystone/server/flask/request_processing/req_logging.py:27}}
Jun 27 21:03:03.615885 dv-cinder-847733-1-iscsi devstack@keystone.service[80400]: DEBUG keystone.server.flask.request_processing.req_logging [None req-4db98dea-b6fd-4b0b-ad05-0cddcb93af20 None admin] SCRIPT_NAME: `/identity` {{(pid=80400) log_request_info /opt/stack/keystone/keystone/server/flask/request_processing/req_logging.py:28}}
Jun 27 21:03:03.616256 dv-cinder-847733-1-iscsi devstack@keystone.service[80400]: DEBUG keystone.server.flask.request_processing.req_logging [None req-4db98dea-b6fd-4b0b-ad05-0cddcb93af20 None admin] PATH_INFO: `/v3/roles/member` {{(pid=80400) log_request_info /opt/stack/keystone/keystone/server/flask/request_processing/req_logging.py:29}}
Jun 27 21:03:03.631066 dv-cinder-847733-1-iscsi devstack@keystone.service[80400]: DEBUG keystone.common.rbac_enforcer.enforcer [None req-4db98dea-b6fd-4b0b-ad05-0cddcb93af20 None admin] Extracting inferred target data resulted in "NOT FOUND (404)". {{(pid=80400) enforce_call /opt/stack/keystone/keystone/common/rbac_enforcer/enforcer.py:409}}
Jun 27 21:03:03.641288 dv-cinder-847733-1-iscsi devstack@keystone.service[80400]: ERROR keystone.server.flask.application [None req-4db98dea-b6fd-4b0b-ad05-0cddcb93af20 None admin] Could not find role: member.: keystone.exception.RoleNotFound: Could not find role: member.
Jun 27 21:03:03.641288 dv-cinder-847733-1-iscsi devstack@keystone.service[80400]: ERROR keystone.server.flask.application
Traceback (most recent call last):
Jun 27 21:03:03.641288 dv-cinder-847733-1-iscsi devstack@keystone.service[80400]: ERROR keystone.server.flask.application
File "/usr/local/lib/python3.8/dist-packages/flask/app.py", line 1523, in full_dispatch_request
Jun 27 21:03:03.641288 dv-cinder-847733-1-iscsi devstack@keystone.service[80400]: ERROR keystone.server.flask.application rv = self.dispatch_request()
Jun 27 21:03:03.641288 dv-cinder-847733-1-iscsi devstack@keystone.service[80400]: ERROR keystone.server.flask.application
File "/usr/local/lib/python3.8/dist-packages/flask/app.py", line 1509, in dispatch_request
Jun 27 21:03:03.641288 dv-cinder-847733-1-iscsi devstack@keystone.service[80400]: ERROR keystone.server.flask.application return self.ensure_sync(self.view_functions[rule.endpoint])(**req.view_args)
Jun 27 21:03:03.641288 dv-cinder-847733-1-iscsi devstack@keystone.service[80400]: ERROR keystone.server.flask.application
File "/usr/local/lib/python3.8/dist-packages/flask_restful/__init__.py", line 467, in wrapper
Jun 27 21:03:03.641288 dv-cinder-847733-1-iscsi devstack@keystone.service[80400]: ERROR keystone.server.flask.application resp = resource(*args, **kwargs)
Jun 27 21:03:03.641288 dv-cinder-847733-1-iscsi devstack@keystone.service[80400]: ERROR keystone.server.flask.application
File "/usr/local/lib/python3.8/dist-packages/flask/views.py", line 84, in view
Jun 27 21:03:03.641288 dv-cinder-847733-1-iscsi devstack@keystone.service[80400]: ERROR keystone.server.flask.application return current_app.ensure_sync(self.dispatch_request)(*args, **kwargs)
Jun 27 21:03:03.641288 dv-cinder-847733-1-iscsi devstack@keystone.service[80400]: ERROR keystone.server.flask.application
File "/usr/local/lib/python3.8/dist-packages/flask_restful/__init__.py", line 582, in dispatch_request
Jun 27 21:03:03.641288 dv-cinder-847733-1-iscsi devstack@keystone.service[80400]: ERROR keystone.server.flask.application resp = meth(*args, **kwargs)
Jun 27 21:03:03.641288 dv-cinder-847733-1-iscsi devstack@keystone.service[80400]: ERROR keystone.server.flask.application
File "/opt/stack/keystone/keystone/api/roles.py", line 50, in get
Jun 27 21:03:03.641288 dv-cinder-847733-1-iscsi devstack@keystone.service[80400]: ERROR keystone.server.flask.application return self._get_role(role_id)
Jun 27 21:03:03.641288 dv-cinder-847733-1-iscsi devstack@keystone.service[80400]: ERROR keystone.server.flask.application
File "/opt/stack/keystone/keystone/api/roles.py", line 70, in _get_role
Jun 27 21:03:03.641288 dv-cinder-847733-1-iscsi devstack@keystone.service[80400]: ERROR keystone.server.flask.application ENFORCER.enforce_call(action='identity:get_role')
Jun 27 21:03:03.642183 dv-cinder-847733-1-iscsi devstack@keystone.service[80400]: ERROR keystone.server.flask.application
File "/opt/stack/keystone/keystone/common/rbac_enforcer/enforcer.py", line 402, in enforce_call
Jun 27 21:03:03.642183 dv-cinder-847733-1-iscsi devstack@keystone.service[80400]: ERROR keystone.server.flask.application policy_dict.update(cls._extract_member_target_data(
Jun 27 21:03:03.642183 dv-cinder-847733-1-iscsi devstack@keystone.service[80400]: ERROR keystone.server.flask.application
File "/opt/stack/keystone/keystone/common/rbac_enforcer/enforcer.py", line 234, in _extract_member_target_data
Jun 27 21:03:03.642183 dv-cinder-847733-1-iscsi devstack@keystone.service[80400]: ERROR keystone.server.flask.application member_name: func(flask.request.view_args[key])
Jun 27 21:03:03.642183 dv-cinder-847733-1-iscsi devstack@keystone.service[80400]: ERROR keystone.server.flask.application
File "/opt/stack/keystone/keystone/common/manager.py", line 115, in wrapped
Jun 27 21:03:03.642183 dv-cinder-847733-1-iscsi devstack@keystone.service[80400]: ERROR keystone.server.flask.application __ret_val = __f(*args, **kwargs)
Jun 27 21:03:03.642183 dv-cinder-847733-1-iscsi devstack@keystone.service[80400]: ERROR keystone.server.flask.application
File "/usr/local/lib/python3.8/dist-packages/decorator.py", line 232, in fun
Jun 27 21:03:03.642183 dv-cinder-847733-1-iscsi devstack@keystone.service[80400]: ERROR keystone.server.flask.application return caller(func, *(extras + args), **kw)
Jun 27 21:03:03.642183 dv-cinder-847733-1-iscsi devstack@keystone.service[80400]: ERROR keystone.server.flask.application
File "/usr/local/lib/python3.8/dist-packages/dogpile/cache/region.py", line 1577, in get_or_create_for_user_func
Jun 27 21:03:03.642183 dv-cinder-847733-1-iscsi devstack@keystone.service[80400]: ERROR keystone.server.flask.application return self.get_or_create(
Jun 27 21:03:03.642183 dv-cinder-847733-1-iscsi devstack@keystone.service[80400]: ERROR keystone.server.flask.application
File "/usr/local/lib/python3.8/dist-packages/dogpile/cache/region.py", line 1042, in get_or_create
Jun 27 21:03:03.642183 dv-cinder-847733-1-iscsi devstack@keystone.service[80400]: ERROR keystone.server.flask.application with Lock(
Jun 27 21:03:03.642183 dv-cinder-847733-1-iscsi devstack@keystone.service[80400]: ERROR keystone.server.flask.application
File "/usr/local/lib/python3.8/dist-packages/dogpile/lock.py", line 185, in __enter__
Jun 27 21:03:03.642183 dv-cinder-847733-1-iscsi devstack@keystone.service[80400]: ERROR keystone.server.flask.application return self._enter()
Jun 27 21:03:03.642183 dv-cinder-847733-1-iscsi devstack@keystone.service[80400]: ERROR keystone.server.flask.application
File "/usr/local/lib/python3.8/dist-packages/dogpile/lock.py", line 94, in _enter
Jun 27 21:03:03.642183 dv-cinder-847733-1-iscsi devstack@keystone.service[80400]: ERROR keystone.server.flask.application generated = self._enter_create(value, createdtime)
Jun 27 21:03:03.643587 dv-cinder-847733-1-iscsi devstack@keystone.service[80400]: ERROR keystone.server.flask.application
File "/usr/local/lib/python3.8/dist-packages/dogpile/lock.py", line 178, in _enter_create
Jun 27 21:03:03.643587 dv-cinder-847733-1-iscsi devstack@keystone.service[80400]: ERROR keystone.server.flask.application return self.creator()
Jun 27 21:03:03.643587 dv-cinder-847733-1-iscsi devstack@keystone.service[80400]: ERROR keystone.server.flask.application
File "/usr/local/lib/python3.8/dist-packages/dogpile/cache/region.py", line 995, in gen_value
Jun 27 21:03:03.643587 dv-cinder-847733-1-iscsi devstack@keystone.service[80400]: ERROR keystone.server.flask.application created_value = creator(
Jun 27 21:03:03.643587 dv-cinder-847733-1-iscsi devstack@keystone.service[80400]: ERROR keystone.server.flask.application
File "/opt/stack/keystone/keystone/assignment/core.py", line 1276, in get_role
Jun 27 21:03:03.643587 dv-cinder-847733-1-iscsi devstack@keystone.service[80400]: ERROR keystone.server.flask.application return self.driver.get_role(role_id)
Jun 27 21:03:03.643587 dv-cinder-847733-1-iscsi devstack@keystone.service[80400]: ERROR keystone.server.flask.application
File "/opt/stack/keystone/keystone/assignment/role_backends/sql.py", line 70, in get_role
Jun 27 21:03:03.643587 dv-cinder-847733-1-iscsi devstack@keystone.service[80400]: ERROR keystone.server.flask.application return self._get_role(session, role_id).to_dict()
Jun 27 21:03:03.643587 dv-cinder-847733-1-iscsi devstack@keystone.service[80400]: ERROR keystone.server.flask.application
File "/opt/stack/keystone/keystone/assignment/role_backends/sql.py", line 65, in _get_role
Jun 27 21:03:03.643587 dv-cinder-847733-1-iscsi devstack@keystone.service[80400]: ERROR keystone.server.flask.application raise exception.RoleNotFound(role_id=role_id)
Jun 27 21:03:03.643587 dv-cinder-847733-1-iscsi devstack@keystone.service[80400]: ERROR keystone.server.flask.application keystone.exception.RoleNotFound: Could not find role: member.
Jun 27 21:03:03.643587 dv-cinder-847733-1-iscsi devstack@keystone.service[80400]: ERROR keystone.server.flask.application
Jun 27 21:03:03.643587 dv-cinder-847733-1-iscsi devstack@keystone.service[80400]: [pid: 80400|app: 0|req: 153/286] 10.222.0.27 () {56 vars in 1099 bytes} [Mon Jun 27 21:03:03 2022] GET /identity/v3/roles/member => generated 84 bytes in 194 msecs (HTTP/1.1 404) 5 headers in 183 bytes (1 switches on core 0)
Jun 27 21:03:03.648816 dv-cinder-847733-1-iscsi devstack@keystone.service[80400]: DEBUG keystone.server.flask.request_processing.middleware.auth_context [None req-4db98dea-b6fd-4b0b-ad05-0cddcb93af20 None admin] Authenticating user token {{(pid=80400) process_request /usr/local/lib/python3.8/dist-packages/keystonemiddleware/auth_token/__init__.py:407}}
Jun 27 21:03:03.654687 dv-cinder-847733-1-iscsi devstack@keystone.service[80401]: DEBUG keystone.server.flask.request_processing.middleware.auth_context [None req-e2b16886-55f1-4788-9883-31485345749b None admin] RBAC: auth_context: {'token': , 'domain_id': None, 'trust_id': None, 'trustor_id': None, 'trustee_id': None, 'domain_name': None, 'group_ids': [], 'user_id': '3dc250d3d60a40d8b744430d137fcb9c', 'user_domain_id': 'default', 'system_scope': 'all', 'project_id': None, 'project_domain_id': None, 'roles': ['admin', 'member', 'reader'], 'is_admin_project': True, 'service_user_id': None, 'service_user_domain_id': None, 'service_project_id': None, 'service_project_domain_id': None, 'service_roles': []} {{(pid=80401) fill_context /opt/stack/keystone/keystone/server/flask/request_processing/middleware/auth_context.py:478}}
Jun 27 21:03:03.655594 dv-cinder-847733-1-iscsi devstack@keystone.service[80401]: DEBUG keystone.server.flask.request_processing.req_logging [None req-e2b16886-55f1-4788-9883-31485345749b None admin] REQUEST_METHOD: `GET` {{(pid=80401) log_request_info /opt/stack/keystone/keystone/server/flask/request_processing/req_logging.py:27}}
Jun 27 21:03:03.655904 dv-cinder-847733-1-iscsi devstack@keystone.service[80401]: DEBUG keystone.server.flask.request_processing.req_logging [None req-e2b16886-55f1-4788-9883-31485345749b None admin] SCRIPT_NAME: `/identity` {{(pid=80401) log_request_info /opt/stack/keystone/keystone/server/flask/request_processing/req_logging.py:28}}
Jun 27 21:03:03.656181 dv-cinder-847733-1-iscsi devstack@keystone.service[80401]: DEBUG keystone.server.flask.request_processing.req_logging [None req-e2b16886-55f1-4788-9883-31485345749b None admin] PATH_INFO: `/v3/users/437efdcce5b94e21a41c9357b64beba5` {{(pid=80401) log_request_info /opt/stack/keystone/keystone/server/flask/request_processing/req_logging.py:29}}
Jun 27 21:03:03.657394 dv-cinder-847733-1-iscsi devstack@keystone.service[80401]: DEBUG keystone.common.rbac_enforcer.enforcer [None req-e2b16886-55f1-4788-9883-31485345749b None admin] RBAC: Authorizing `identity:get_user(user_id=437efdcce5b94e21a41c9357b64beba5)` {{(pid=80401) enforce_call /opt/stack/keystone/keystone/common/rbac_enforcer/enforcer.py:449}}
Jun 27 21:03:03.659229 dv-cinder-847733-1-iscsi devstack@keystone.service[80401]: DEBUG keystone.common.rbac_enforcer.enforcer [None req-e2b16886-55f1-4788-9883-31485345749b None admin] RBAC: Authorization granted {{(pid=80401) enforce_call /opt/stack/keystone/keystone/common/rbac_enforcer/enforcer.py:457}}
Jun 27 21:03:03.661011 dv-cinder-847733-1-iscsi devstack@keystone.service[80401]: [pid: 80401|app: 0|req: 134/287] 10.222.0.27 () {56 vars in 1177 bytes} [Mon Jun 27 21:03:03 2022] GET /identity/v3/users/437efdcce5b94e21a41c9357b64beba5 => generated 297 bytes in 195 msecs (HTTP/1.1 200) 5 headers in 177 bytes (1 switches on core 0)
Jun 27 21:03:03.666428 dv-cinder-847733-1-iscsi devstack@keystone.service[80401]: DEBUG keystone.server.flask.request_processing.middleware.auth_context [None req-e2b16886-55f1-4788-9883-31485345749b None admin] Authenticating user token {{(pid=80401) process_request /usr/local/lib/python3.8/dist-packages/keystonemiddleware/auth_token/__init__.py:407}}
Jun 27 21:03:03.713912 dv-cinder-847733-1-iscsi devstack@keystone.service[80401]: DEBUG dbcounter [-] [80401] Writing DB stats keystone:SELECT=97,keystone:INSERT=3 {{(pid=80401) stat_writer /usr/local/lib/python3.8/dist-packages/dbcounter.py:114}}
Jun 27 21:03:03.793411 dv-cinder-847733-1-iscsi devstack@keystone.service[80400]: DEBUG keystone.server.flask.request_processing.middleware.auth_context [None req-4db98dea-b6fd-4b0b-ad05-0cddcb93af20 None admin] Validating token access rules against request {{(pid=80400) validate_allowed_request /usr/local/lib/python3.8/dist-packages/keystonemiddleware/auth_token/__init__.py:545}}
Jun 27 21:03:03.807065 dv-cinder-847733-1-iscsi devstack@keystone.service[80401]: DEBUG keystone.server.flask.request_processing.middleware.auth_context [None req-e2b16886-55f1-4788-9883-31485345749b None admin] Validating token access rules against request {{(pid=80401) validate_allowed_request /usr/local/lib/python3.8/dist-packages/keystonemiddleware/auth_token/__init__.py:545}}
Jun 27 21:03:03.841401 dv-cinder-847733-1-iscsi devstack@keystone.service[80400]: DEBUG keystone.server.flask.request_processing.middleware.auth_context [None req-249691ee-4051-4d4a-902b-b10b452e3430 None admin] RBAC: auth_context: {'token': , 'domain_id': None, 'trust_id': None, 'trustor_id': None, 'trustee_id': None, 'domain_name': None, 'group_ids': [], 'user_id': '3dc250d3d60a40d8b744430d137fcb9c', 'user_domain_id': 'default', 'system_scope': 'all', 'project_id': None, 'project_domain_id': None, 'roles': ['admin', 'member', 'reader'], 'is_admin_project': True, 'service_user_id': None, 'service_user_domain_id': None, 'service_project_id': None, 'service_project_domain_id': None, 'service_roles': []} {{(pid=80400) fill_context /opt/stack/keystone/keystone/server/flask/request_processing/middleware/auth_context.py:478}}
Jun 27 21:03:03.842010 dv-cinder-847733-1-iscsi devstack@keystone.service[80400]: DEBUG keystone.server.flask.request_processing.req_logging [None req-249691ee-4051-4d4a-902b-b10b452e3430 None admin] REQUEST_METHOD: `GET` {{(pid=80400) log_request_info /opt/stack/keystone/keystone/server/flask/request_processing/req_logging.py:27}}
Jun 27 21:03:03.842291 dv-cinder-847733-1-iscsi devstack@keystone.service[80400]: DEBUG keystone.server.flask.request_processing.req_logging [None req-249691ee-4051-4d4a-902b-b10b452e3430 None admin] SCRIPT_NAME: `/identity` {{(pid=80400) log_request_info /opt/stack/keystone/keystone/server/flask/request_processing/req_logging.py:28}}
Jun 27 21:03:03.842565 dv-cinder-847733-1-iscsi devstack@keystone.service[80400]: DEBUG keystone.server.flask.request_processing.req_logging [None req-249691ee-4051-4d4a-902b-b10b452e3430 None admin] PATH_INFO: `/v3/roles` {{(pid=80400) log_request_info /opt/stack/keystone/keystone/server/flask/request_processing/req_logging.py:29}}
Jun 27 21:03:03.843366 dv-cinder-847733-1-iscsi devstack@keystone.service[80400]: DEBUG keystone.common.rbac_enforcer.enforcer [None req-249691ee-4051-4d4a-902b-b10b452e3430 None admin] RBAC: Adding query filter params (name=member) {{(pid=80400) _extract_filter_values /opt/stack/keystone/keystone/common/rbac_enforcer/enforcer.py:167}}
Jun 27 21:03:03.843647 dv-cinder-847733-1-iscsi devstack@keystone.service[80400]: DEBUG keystone.common.rbac_enforcer.enforcer [None req-249691ee-4051-4d4a-902b-b10b452e3430 None admin] RBAC: Authorizing `identity:list_roles()` {{(pid=80400) enforce_call /opt/stack/keystone/keystone/common/rbac_enforcer/enforcer.py:449}}
Jun 27 21:03:03.846135 dv-cinder-847733-1-iscsi devstack@keystone.service[80400]: DEBUG keystone.common.rbac_enforcer.enforcer [None req-249691ee-4051-4d4a-902b-b10b452e3430 None admin] RBAC: Authorization granted {{(pid=80400) enforce_call /opt/stack/keystone/keystone/common/rbac_enforcer/enforcer.py:457}}
Jun 27 21:03:03.846320 dv-cinder-847733-1-iscsi devstack@keystone.service[80401]: DEBUG keystone.server.flask.request_processing.middleware.auth_context [None req-7c252bf9-0130-4827-ada0-d6fedc6bc1ea None admin] RBAC: auth_context: {'token': , 'domain_id': None, 'trust_id': None, 'trustor_id': None, 'trustee_id': None, 'domain_name': None, 'group_ids': [], 'user_id': '3dc250d3d60a40d8b744430d137fcb9c', 'user_domain_id': 'default', 'system_scope': 'all', 'project_id': None, 'project_domain_id': None, 'roles': ['admin', 'member', 'reader'], 'is_admin_project': True, 'service_user_id': None, 'service_user_domain_id': None, 'service_project_id': None, 'service_project_domain_id': None, 'service_roles': []} {{(pid=80401) fill_context /opt/stack/keystone/keystone/server/flask/request_processing/middleware/auth_context.py:478}}
Jun 27 21:03:03.847213 dv-cinder-847733-1-iscsi devstack@keystone.service[80401]: DEBUG keystone.server.flask.request_processing.req_logging [None req-7c252bf9-0130-4827-ada0-d6fedc6bc1ea None admin] REQUEST_METHOD: `GET` {{(pid=80401) log_request_info /opt/stack/keystone/keystone/server/flask/request_processing/req_logging.py:27}}
Jun 27 21:03:03.847488 dv-cinder-847733-1-iscsi devstack@keystone.service[80401]: DEBUG keystone.server.flask.request_processing.req_logging [None req-7c252bf9-0130-4827-ada0-d6fedc6bc1ea None admin] SCRIPT_NAME: `/identity` {{(pid=80401) log_request_info /opt/stack/keystone/keystone/server/flask/request_processing/req_logging.py:28}}
Jun 27 21:03:03.847991 dv-cinder-847733-1-iscsi devstack@keystone.service[80401]: DEBUG keystone.server.flask.request_processing.req_logging [None req-7c252bf9-0130-4827-ada0-d6fedc6bc1ea None admin] PATH_INFO: `/v3/projects/e7099ea37d874a7aa73b15453887dffc` {{(pid=80401) log_request_info /opt/stack/keystone/keystone/server/flask/request_processing/req_logging.py:29}}
Jun 27 21:03:03.849627 dv-cinder-847733-1-iscsi devstack@keystone.service[80401]: DEBUG keystone.common.rbac_enforcer.enforcer [None req-7c252bf9-0130-4827-ada0-d6fedc6bc1ea None admin] RBAC: Authorizing `identity:get_project(project_id=e7099ea37d874a7aa73b15453887dffc)` {{(pid=80401) enforce_call /opt/stack/keystone/keystone/common/rbac_enforcer/enforcer.py:449}}
Jun 27 21:03:03.851111 dv-cinder-847733-1-iscsi devstack@keystone.service[80401]: DEBUG keystone.common.rbac_enforcer.enforcer [None req-7c252bf9-0130-4827-ada0-d6fedc6bc1ea None admin] RBAC: Authorization granted {{(pid=80401) enforce_call /opt/stack/keystone/keystone/common/rbac_enforcer/enforcer.py:457}}
Jun 27 21:03:03.853752 dv-cinder-847733-1-iscsi devstack@keystone.service[80401]: [pid: 80401|app: 0|req: 135/288] 10.222.0.27 () {56 vars in 1186 bytes} [Mon Jun 27 21:03:03 2022] GET /identity/v3/projects/e7099ea37d874a7aa73b15453887dffc => generated 302 bytes in 187 msecs (HTTP/1.1 200) 5 headers in 177 bytes (2 switches on core 0)
Jun 27 21:03:03.858985 dv-cinder-847733-1-iscsi devstack@keystone.service[80400]: [pid: 80400|app: 0|req: 154/289] 10.222.0.27 () {56 vars in 1101 bytes} [Mon Jun 27 21:03:03 2022] GET /identity/v3/roles?name=member => generated 341 bytes in 211 msecs (HTTP/1.1 200) 5 headers in 177 bytes (2 switches on core 0)
Jun 27 21:03:03.859921 dv-cinder-847733-1-iscsi devstack@keystone.service[80401]: DEBUG keystone.server.flask.request_processing.middleware.auth_context [None req-7c252bf9-0130-4827-ada0-d6fedc6bc1ea None admin] Authenticating user token {{(pid=80401) process_request /usr/local/lib/python3.8/dist-packages/keystonemiddleware/auth_token/__init__.py:407}}
Jun 27 21:03:03.865394 dv-cinder-847733-1-iscsi devstack@keystone.service[80400]: DEBUG keystone.server.flask.request_processing.middleware.auth_context [None req-249691ee-4051-4d4a-902b-b10b452e3430 None admin] Authenticating user token {{(pid=80400) process_request /usr/local/lib/python3.8/dist-packages/keystonemiddleware/auth_token/__init__.py:407}}
Jun 27 21:03:03.907423 dv-cinder-847733-1-iscsi devstack@keystone.service[80400]: DEBUG dbcounter [-] [80400] Writing DB stats keystone:SELECT=100 {{(pid=80400) stat_writer /usr/local/lib/python3.8/dist-packages/dbcounter.py:114}}
Jun 27 21:03:03.987281 dv-cinder-847733-1-iscsi devstack@keystone.service[80400]: DEBUG keystone.server.flask.request_processing.middleware.auth_context [None req-249691ee-4051-4d4a-902b-b10b452e3430 None admin] Validating token access rules against request {{(pid=80400) validate_allowed_request /usr/local/lib/python3.8/dist-packages/keystonemiddleware/auth_token/__init__.py:545}}
Jun 27 21:03:04.000809 dv-cinder-847733-1-iscsi devstack@keystone.service[80401]: DEBUG dbcounter [-] [80401] Writing DB stats keystone:SELECT=100 {{(pid=80401) stat_writer /usr/local/lib/python3.8/dist-packages/dbcounter.py:114}}
Jun 27 21:03:04.007635 dv-cinder-847733-1-iscsi devstack@keystone.service[80401]: DEBUG keystone.server.flask.request_processing.middleware.auth_context [None req-7c252bf9-0130-4827-ada0-d6fedc6bc1ea None admin] Validating token access rules against request {{(pid=80401) validate_allowed_request /usr/local/lib/python3.8/dist-packages/keystonemiddleware/auth_token/__init__.py:545}}
Jun 27 21:03:04.049289 dv-cinder-847733-1-iscsi devstack@keystone.service[80400]: DEBUG keystone.server.flask.request_processing.middleware.auth_context [None req-66a8948a-d4e7-4093-a8db-1f2d86813979 None admin] RBAC: auth_context: {'token': , 'domain_id': None, 'trust_id': None, 'trustor_id': None, 'trustee_id': None, 'domain_name': None, 'group_ids': [], 'user_id': '3dc250d3d60a40d8b744430d137fcb9c', 'user_domain_id': 'default', 'system_scope': 'all', 'project_id': None, 'project_domain_id': None, 'roles': ['admin', 'member', 'reader'], 'is_admin_project': True, 'service_user_id': None, 'service_user_domain_id': None, 'service_project_id': None, 'service_project_domain_id': None, 'service_roles': []} {{(pid=80400) fill_context /opt/stack/keystone/keystone/server/flask/request_processing/middleware/auth_context.py:478}}
Jun 27 21:03:04.050186 dv-cinder-847733-1-iscsi devstack@keystone.service[80400]: DEBUG keystone.server.flask.request_processing.req_logging [None req-66a8948a-d4e7-4093-a8db-1f2d86813979 None admin] REQUEST_METHOD: `GET` {{(pid=80400) log_request_info /opt/stack/keystone/keystone/server/flask/request_processing/req_logging.py:27}}
Jun 27 21:03:04.050463 dv-cinder-847733-1-iscsi devstack@keystone.service[80400]: DEBUG keystone.server.flask.request_processing.req_logging [None req-66a8948a-d4e7-4093-a8db-1f2d86813979 None admin] SCRIPT_NAME: `/identity` {{(pid=80400) log_request_info /opt/stack/keystone/keystone/server/flask/request_processing/req_logging.py:28}}
Jun 27 21:03:04.050735 dv-cinder-847733-1-iscsi devstack@keystone.service[80400]: DEBUG keystone.server.flask.request_processing.req_logging [None req-66a8948a-d4e7-4093-a8db-1f2d86813979 None admin] PATH_INFO: `/v3/users/5864827f36c54aa89f4bc422ba9d8874` {{(pid=80400) log_request_info /opt/stack/keystone/keystone/server/flask/request_processing/req_logging.py:29}}
Jun 27 21:03:04.052588 dv-cinder-847733-1-iscsi devstack@keystone.service[80400]: DEBUG keystone.common.rbac_enforcer.enforcer [None req-66a8948a-d4e7-4093-a8db-1f2d86813979 None admin] RBAC: Authorizing `identity:get_user(user_id=5864827f36c54aa89f4bc422ba9d8874)` {{(pid=80400) enforce_call /opt/stack/keystone/keystone/common/rbac_enforcer/enforcer.py:449}}
Jun 27 21:03:04.054053 dv-cinder-847733-1-iscsi devstack@keystone.service[80400]: DEBUG keystone.common.rbac_enforcer.enforcer [None req-66a8948a-d4e7-4093-a8db-1f2d86813979 None admin] RBAC: Authorization granted {{(pid=80400) enforce_call /opt/stack/keystone/keystone/common/rbac_enforcer/enforcer.py:457}}
Jun 27 21:03:04.055910 dv-cinder-847733-1-iscsi devstack@keystone.service[80400]: [pid: 80400|app: 0|req: 155/290] 10.222.0.27 () {56 vars in 1177 bytes} [Mon Jun 27 21:03:03 2022] GET /identity/v3/users/5864827f36c54aa89f4bc422ba9d8874 => generated 297 bytes in 192 msecs (HTTP/1.1 200) 5 headers in 177 bytes (2 switches on core 0)
Jun 27 21:03:04.061713 dv-cinder-847733-1-iscsi devstack@keystone.service[80400]: DEBUG keystone.server.flask.request_processing.middleware.auth_context [None req-66a8948a-d4e7-4093-a8db-1f2d86813979 None admin] Authenticating user token {{(pid=80400) process_request /usr/local/lib/python3.8/dist-packages/keystonemiddleware/auth_token/__init__.py:407}}
Jun 27 21:03:04.075744 dv-cinder-847733-1-iscsi devstack@keystone.service[80401]: DEBUG keystone.server.flask.request_processing.middleware.auth_context [None req-ce64d8c5-f92b-4081-b4d3-6d8d09a97fdd None admin] RBAC: auth_context: {'token': , 'domain_id': None, 'trust_id': None, 'trustor_id': None, 'trustee_id': None, 'domain_name': None, 'group_ids': [], 'user_id': '3dc250d3d60a40d8b744430d137fcb9c', 'user_domain_id': 'default', 'system_scope': 'all', 'project_id': None, 'project_domain_id': None, 'roles': ['admin', 'member', 'reader'], 'is_admin_project': True, 'service_user_id': None, 'service_user_domain_id': None, 'service_project_id': None, 'service_project_domain_id': None, 'service_roles': []} {{(pid=80401) fill_context /opt/stack/keystone/keystone/server/flask/request_processing/middleware/auth_context.py:478}}
Jun 27 21:03:04.076658 dv-cinder-847733-1-iscsi devstack@keystone.service[80401]: DEBUG keystone.server.flask.request_processing.req_logging [None req-ce64d8c5-f92b-4081-b4d3-6d8d09a97fdd None admin] REQUEST_METHOD: `PUT` {{(pid=80401) log_request_info /opt/stack/keystone/keystone/server/flask/request_processing/req_logging.py:27}}
Jun 27 21:03:04.076940 dv-cinder-847733-1-iscsi devstack@keystone.service[80401]: DEBUG keystone.server.flask.request_processing.req_logging [None req-ce64d8c5-f92b-4081-b4d3-6d8d09a97fdd None admin] SCRIPT_NAME: `/identity` {{(pid=80401) log_request_info /opt/stack/keystone/keystone/server/flask/request_processing/req_logging.py:28}}
Jun 27 21:03:04.077216 dv-cinder-847733-1-iscsi devstack@keystone.service[80401]: DEBUG keystone.server.flask.request_processing.req_logging [None req-ce64d8c5-f92b-4081-b4d3-6d8d09a97fdd None admin] PATH_INFO: `/v3/projects/e7099ea37d874a7aa73b15453887dffc/users/437efdcce5b94e21a41c9357b64beba5/roles/e71d790e22744442b6ff4af3caa1e853` {{(pid=80401) log_request_info /opt/stack/keystone/keystone/server/flask/request_processing/req_logging.py:29}}
Jun 27 21:03:04.082666 dv-cinder-847733-1-iscsi devstack@keystone.service[80401]: DEBUG keystone.common.rbac_enforcer.enforcer [None req-ce64d8c5-f92b-4081-b4d3-6d8d09a97fdd None admin] RBAC: Authorizing `identity:create_grant(project_id=e7099ea37d874a7aa73b15453887dffc, user_id=437efdcce5b94e21a41c9357b64beba5, role_id=e71d790e22744442b6ff4af3caa1e853)` {{(pid=80401) enforce_call /opt/stack/keystone/keystone/common/rbac_enforcer/enforcer.py:449}}
Jun 27 21:03:04.084161 dv-cinder-847733-1-iscsi devstack@keystone.service[80401]: DEBUG keystone.common.rbac_enforcer.enforcer [None req-ce64d8c5-f92b-4081-b4d3-6d8d09a97fdd None admin] RBAC: Authorization granted {{(pid=80401) enforce_call /opt/stack/keystone/keystone/common/rbac_enforcer/enforcer.py:457}}
Jun 27 21:03:04.111149 dv-cinder-847733-1-iscsi devstack@keystone.service[80401]: [pid: 80401|app: 0|req: 136/291] 10.222.0.27 () {58 vars in 1439 bytes} [Mon Jun 27 21:03:03 2022] PUT /identity/v3/projects/e7099ea37d874a7aa73b15453887dffc/users/437efdcce5b94e21a41c9357b64beba5/roles/e71d790e22744442b6ff4af3caa1e853 => generated 0 bytes in 252 msecs (HTTP/1.1 204) 3 headers in 132 bytes (0 switches on core 0)
Jun 27 21:03:04.190091 dv-cinder-847733-1-iscsi devstack@keystone.service[80400]: DEBUG dbcounter [-] [80400] Writing DB stats keystone:SELECT=100 {{(pid=80400) stat_writer /usr/local/lib/python3.8/dist-packages/dbcounter.py:114}}
Jun 27 21:03:04.199987 dv-cinder-847733-1-iscsi devstack@keystone.service[80400]: DEBUG keystone.server.flask.request_processing.middleware.auth_context [None req-66a8948a-d4e7-4093-a8db-1f2d86813979 None admin] Validating token access rules against request {{(pid=80400) validate_allowed_request /usr/local/lib/python3.8/dist-packages/keystonemiddleware/auth_token/__init__.py:545}}
Jun 27 21:03:04.238458 dv-cinder-847733-1-iscsi devstack@keystone.service[80400]: DEBUG keystone.server.flask.request_processing.middleware.auth_context [None req-b7533372-1932-429d-8cc5-c108273e157b None admin] RBAC: auth_context: {'token': , 'domain_id': None, 'trust_id': None, 'trustor_id': None, 'trustee_id': None, 'domain_name': None, 'group_ids': [], 'user_id': '3dc250d3d60a40d8b744430d137fcb9c', 'user_domain_id': 'default', 'system_scope': 'all', 'project_id': None, 'project_domain_id': None, 'roles': ['admin', 'member', 'reader'], 'is_admin_project': True, 'service_user_id': None, 'service_user_domain_id': None, 'service_project_id': None, 'service_project_domain_id': None, 'service_roles': []} {{(pid=80400) fill_context /opt/stack/keystone/keystone/server/flask/request_processing/middleware/auth_context.py:478}}
Jun 27 21:03:04.239136 dv-cinder-847733-1-iscsi devstack@keystone.service[80400]: DEBUG keystone.server.flask.request_processing.req_logging [None req-b7533372-1932-429d-8cc5-c108273e157b None admin] REQUEST_METHOD: `GET` {{(pid=80400) log_request_info /opt/stack/keystone/keystone/server/flask/request_processing/req_logging.py:27}}
Jun 27 21:03:04.239415 dv-cinder-847733-1-iscsi devstack@keystone.service[80400]: DEBUG keystone.server.flask.request_processing.req_logging [None req-b7533372-1932-429d-8cc5-c108273e157b None admin] SCRIPT_NAME: `/identity` {{(pid=80400) log_request_info /opt/stack/keystone/keystone/server/flask/request_processing/req_logging.py:28}}
Jun 27 21:03:04.239749 dv-cinder-847733-1-iscsi devstack@keystone.service[80400]: DEBUG keystone.server.flask.request_processing.req_logging [None req-b7533372-1932-429d-8cc5-c108273e157b None admin] PATH_INFO: `/v3/auth/tokens` {{(pid=80400) log_request_info /opt/stack/keystone/keystone/server/flask/request_processing/req_logging.py:29}}
Jun 27 21:03:04.317024 dv-cinder-847733-1-iscsi devstack@keystone.service[80400]: DEBUG keystone.common.rbac_enforcer.enforcer [None req-b7533372-1932-429d-8cc5-c108273e157b None admin] RBAC: Authorizing `identity:validate_token()` {{(pid=80400) enforce_call /opt/stack/keystone/keystone/common/rbac_enforcer/enforcer.py:449}}
Jun 27 21:03:04.318558 dv-cinder-847733-1-iscsi devstack@keystone.service[80400]: DEBUG keystone.common.rbac_enforcer.enforcer [None req-b7533372-1932-429d-8cc5-c108273e157b None admin] RBAC: Authorization granted {{(pid=80400) enforce_call /opt/stack/keystone/keystone/common/rbac_enforcer/enforcer.py:457}}
Jun 27 21:03:04.421689 dv-cinder-847733-1-iscsi devstack@keystone.service[80400]: DEBUG dbcounter [-] [80400] Writing DB stats keystone:SELECT=100 {{(pid=80400) stat_writer /usr/local/lib/python3.8/dist-packages/dbcounter.py:114}}
Jun 27 21:03:04.426136 dv-cinder-847733-1-iscsi devstack@keystone.service[80400]: [pid: 80400|app: 0|req: 156/292] 10.222.0.27 () {58 vars in 1282 bytes} [Mon Jun 27 21:03:04 2022] GET /identity/v3/auth/tokens => generated 799 bytes in 365 msecs (HTTP/1.1 200) 6 headers in 358 bytes (1 switches on core 0)
Jun 27 21:03:04.431838 dv-cinder-847733-1-iscsi devstack@keystone.service[80401]: DEBUG keystone.server.flask.request_processing.middleware.auth_context [None req-ce64d8c5-f92b-4081-b4d3-6d8d09a97fdd None admin] Authenticating user token {{(pid=80401) process_request /usr/local/lib/python3.8/dist-packages/keystonemiddleware/auth_token/__init__.py:407}}
Jun 27 21:03:04.578409 dv-cinder-847733-1-iscsi devstack@keystone.service[80401]: DEBUG keystone.server.flask.request_processing.middleware.auth_context [None req-ce64d8c5-f92b-4081-b4d3-6d8d09a97fdd None admin] Validating token access rules against request {{(pid=80401) validate_allowed_request /usr/local/lib/python3.8/dist-packages/keystonemiddleware/auth_token/__init__.py:545}}
Jun 27 21:03:04.625682 dv-cinder-847733-1-iscsi devstack@keystone.service[80401]: DEBUG keystone.server.flask.request_processing.middleware.auth_context [None req-b4949a77-f6aa-4b8c-be98-79502e377a4f None admin] RBAC: auth_context: {'token': , 'domain_id': None, 'trust_id': None, 'trustor_id': None, 'trustee_id': None, 'domain_name': None, 'group_ids': [], 'user_id': '3dc250d3d60a40d8b744430d137fcb9c', 'user_domain_id': 'default', 'system_scope': 'all', 'project_id': None, 'project_domain_id': None, 'roles': ['admin', 'member', 'reader'], 'is_admin_project': True, 'service_user_id': None, 'service_user_domain_id': None, 'service_project_id': None, 'service_project_domain_id': None, 'service_roles': []} {{(pid=80401) fill_context /opt/stack/keystone/keystone/server/flask/request_processing/middleware/auth_context.py:478}}
Jun 27 21:03:04.626566 dv-cinder-847733-1-iscsi devstack@keystone.service[80401]: DEBUG keystone.server.flask.request_processing.req_logging [None req-b4949a77-f6aa-4b8c-be98-79502e377a4f None admin] REQUEST_METHOD: `GET` {{(pid=80401) log_request_info /opt/stack/keystone/keystone/server/flask/request_processing/req_logging.py:27}}
Jun 27 21:03:04.626844 dv-cinder-847733-1-iscsi devstack@keystone.service[80401]: DEBUG keystone.server.flask.request_processing.req_logging [None req-b4949a77-f6aa-4b8c-be98-79502e377a4f None admin] SCRIPT_NAME: `/identity` {{(pid=80401) log_request_info /opt/stack/keystone/keystone/server/flask/request_processing/req_logging.py:28}}
Jun 27 21:03:04.627115 dv-cinder-847733-1-iscsi devstack@keystone.service[80401]: DEBUG keystone.server.flask.request_processing.req_logging [None req-b4949a77-f6aa-4b8c-be98-79502e377a4f None admin] PATH_INFO: `/v3/projects/e7099ea37d874a7aa73b15453887dffc` {{(pid=80401) log_request_info /opt/stack/keystone/keystone/server/flask/request_processing/req_logging.py:29}}
Jun 27 21:03:04.628407 dv-cinder-847733-1-iscsi devstack@keystone.service[80401]: DEBUG keystone.common.rbac_enforcer.enforcer [None req-b4949a77-f6aa-4b8c-be98-79502e377a4f None admin] RBAC: Authorizing `identity:get_project(project_id=e7099ea37d874a7aa73b15453887dffc)` {{(pid=80401) enforce_call /opt/stack/keystone/keystone/common/rbac_enforcer/enforcer.py:449}}
Jun 27 21:03:04.629864 dv-cinder-847733-1-iscsi devstack@keystone.service[80401]: DEBUG keystone.common.rbac_enforcer.enforcer [None req-b4949a77-f6aa-4b8c-be98-79502e377a4f None admin] RBAC: Authorization granted {{(pid=80401) enforce_call /opt/stack/keystone/keystone/common/rbac_enforcer/enforcer.py:457}}
Jun 27 21:03:04.631919 dv-cinder-847733-1-iscsi devstack@keystone.service[80401]: [pid: 80401|app: 0|req: 137/293] 10.222.0.27 () {56 vars in 1186 bytes} [Mon Jun 27 21:03:04 2022] GET /identity/v3/projects/e7099ea37d874a7aa73b15453887dffc => generated 302 bytes in 200 msecs (HTTP/1.1 200) 5 headers in 177 bytes (2 switches on core 0)
Jun 27 21:03:04.637646 dv-cinder-847733-1-iscsi devstack@keystone.service[80400]: DEBUG keystone.server.flask.request_processing.middleware.auth_context [None req-b7533372-1932-429d-8cc5-c108273e157b None admin] Authenticating user token {{(pid=80400) process_request /usr/local/lib/python3.8/dist-packages/keystonemiddleware/auth_token/__init__.py:407}}
Jun 27 21:03:04.758821 dv-cinder-847733-1-iscsi devstack@keystone.service[80400]: DEBUG keystone.server.flask.request_processing.middleware.auth_context [None req-b7533372-1932-429d-8cc5-c108273e157b None admin] Validating token access rules against request {{(pid=80400) validate_allowed_request /usr/local/lib/python3.8/dist-packages/keystonemiddleware/auth_token/__init__.py:545}}
Jun 27 21:03:04.799161 dv-cinder-847733-1-iscsi devstack@keystone.service[80400]: DEBUG keystone.server.flask.request_processing.middleware.auth_context [None req-59cb89fa-1450-4d8f-9d7c-d5799fe0e4b9 None admin] RBAC: auth_context: {'token': , 'domain_id': None, 'trust_id': None, 'trustor_id': None, 'trustee_id': None, 'domain_name': None, 'group_ids': [], 'user_id': '3dc250d3d60a40d8b744430d137fcb9c', 'user_domain_id': 'default', 'system_scope': 'all', 'project_id': None, 'project_domain_id': None, 'roles': ['admin', 'member', 'reader'], 'is_admin_project': True, 'service_user_id': None, 'service_user_domain_id': None, 'service_project_id': None, 'service_project_domain_id': None, 'service_roles': []} {{(pid=80400) fill_context /opt/stack/keystone/keystone/server/flask/request_processing/middleware/auth_context.py:478}}
Jun 27 21:03:04.799860 dv-cinder-847733-1-iscsi devstack@keystone.service[80400]: DEBUG keystone.server.flask.request_processing.req_logging [None req-59cb89fa-1450-4d8f-9d7c-d5799fe0e4b9 None admin] REQUEST_METHOD: `GET` {{(pid=80400) log_request_info /opt/stack/keystone/keystone/server/flask/request_processing/req_logging.py:27}}
Jun 27 21:03:04.800141 dv-cinder-847733-1-iscsi devstack@keystone.service[80400]: DEBUG keystone.server.flask.request_processing.req_logging [None req-59cb89fa-1450-4d8f-9d7c-d5799fe0e4b9 None admin] SCRIPT_NAME: `/identity` {{(pid=80400) log_request_info /opt/stack/keystone/keystone/server/flask/request_processing/req_logging.py:28}}
Jun 27 21:03:04.800418 dv-cinder-847733-1-iscsi devstack@keystone.service[80400]: DEBUG keystone.server.flask.request_processing.req_logging [None req-59cb89fa-1450-4d8f-9d7c-d5799fe0e4b9 None admin] PATH_INFO: `/v3/role_assignments` {{(pid=80400) log_request_info /opt/stack/keystone/keystone/server/flask/request_processing/req_logging.py:29}}
Jun 27 21:03:04.801256 dv-cinder-847733-1-iscsi devstack@keystone.service[80400]: DEBUG keystone.common.rbac_enforcer.enforcer [None req-59cb89fa-1450-4d8f-9d7c-d5799fe0e4b9 None admin] RBAC: Adding query filter params (role.id=b1bcb7445ee54636ae7b29a2485cc201, scope.project.id=e7099ea37d874a7aa73b15453887dffc, user.id=5864827f36c54aa89f4bc422ba9d8874) {{(pid=80400) _extract_filter_values /opt/stack/keystone/keystone/common/rbac_enforcer/enforcer.py:167}}
Jun 27 21:03:04.801571 dv-cinder-847733-1-iscsi devstack@keystone.service[80400]: DEBUG keystone.common.rbac_enforcer.enforcer [None req-59cb89fa-1450-4d8f-9d7c-d5799fe0e4b9 None admin] RBAC: Authorizing `identity:list_role_assignments()` {{(pid=80400) enforce_call /opt/stack/keystone/keystone/common/rbac_enforcer/enforcer.py:449}}
Jun 27 21:03:04.803034 dv-cinder-847733-1-iscsi devstack@keystone.service[80400]: DEBUG keystone.common.rbac_enforcer.enforcer [None req-59cb89fa-1450-4d8f-9d7c-d5799fe0e4b9 None admin] RBAC: Authorization granted {{(pid=80400) enforce_call /opt/stack/keystone/keystone/common/rbac_enforcer/enforcer.py:457}}
Jun 27 21:03:04.809661 dv-cinder-847733-1-iscsi devstack@keystone.service[80400]: [pid: 80400|app: 0|req: 157/294] 10.222.0.27 () {56 vars in 1374 bytes} [Mon Jun 27 21:03:04 2022] GET /identity/v3/role_assignments?user.id=5864827f36c54aa89f4bc422ba9d8874&scope.project.id=e7099ea37d874a7aa73b15453887dffc&role.id=b1bcb7445ee54636ae7b29a2485cc201 => generated 608 bytes in 172 msecs (HTTP/1.1 200) 5 headers in 177 bytes (1 switches on core 0)
Jun 27 21:03:05.386345 dv-cinder-847733-1-iscsi devstack@keystone.service[80401]: DEBUG keystone.server.flask.request_processing.req_logging [None req-a918e566-6351-48c2-b39f-66a585af5eb3 None None] REQUEST_METHOD: `GET` {{(pid=80401) log_request_info /opt/stack/keystone/keystone/server/flask/request_processing/req_logging.py:27}}
Jun 27 21:03:05.386855 dv-cinder-847733-1-iscsi devstack@keystone.service[80401]: DEBUG keystone.server.flask.request_processing.req_logging [None req-a918e566-6351-48c2-b39f-66a585af5eb3 None None] SCRIPT_NAME: `/identity` {{(pid=80401) log_request_info /opt/stack/keystone/keystone/server/flask/request_processing/req_logging.py:28}}
Jun 27 21:03:05.386929 dv-cinder-847733-1-iscsi devstack@keystone.service[80401]: DEBUG keystone.server.flask.request_processing.req_logging [None req-a918e566-6351-48c2-b39f-66a585af5eb3 None None] PATH_INFO: `/` {{(pid=80401) log_request_info /opt/stack/keystone/keystone/server/flask/request_processing/req_logging.py:29}}
Jun 27 21:03:05.388717 dv-cinder-847733-1-iscsi devstack@keystone.service[80401]: [pid: 80401|app: 0|req: 138/295] 10.222.0.27 () {54 vars in 926 bytes} [Mon Jun 27 21:03:05 2022] GET /identity => generated 270 bytes in 3 msecs (HTTP/1.1 300) 6 headers in 234 bytes (1 switches on core 0)
Jun 27 21:03:05.394270 dv-cinder-847733-1-iscsi devstack@keystone.service[80400]: DEBUG keystone.server.flask.request_processing.req_logging [None req-8f38908b-5cc2-43b6-a169-7f04e5180990 None None] REQUEST_METHOD: `POST` {{(pid=80400) log_request_info /opt/stack/keystone/keystone/server/flask/request_processing/req_logging.py:27}}
Jun 27 21:03:05.395074 dv-cinder-847733-1-iscsi devstack@keystone.service[80400]: DEBUG keystone.server.flask.request_processing.req_logging [None req-8f38908b-5cc2-43b6-a169-7f04e5180990 None None] SCRIPT_NAME: `/identity` {{(pid=80400) log_request_info /opt/stack/keystone/keystone/server/flask/request_processing/req_logging.py:28}}
Jun 27 21:03:05.395545 dv-cinder-847733-1-iscsi devstack@keystone.service[80400]: DEBUG keystone.server.flask.request_processing.req_logging [None req-8f38908b-5cc2-43b6-a169-7f04e5180990 None None] PATH_INFO: `/v3/auth/tokens` {{(pid=80400) log_request_info /opt/stack/keystone/keystone/server/flask/request_processing/req_logging.py:29}}
Jun 27 21:03:05.416394 dv-cinder-847733-1-iscsi devstack@keystone.service[80400]: DEBUG keystone.auth.core [None req-8f38908b-5cc2-43b6-a169-7f04e5180990 None None] MFA Rules not processed for user `3dc250d3d60a40d8b744430d137fcb9c`. Rule list: `[]` (Enabled: `True`). {{(pid=80400) check_auth_methods_against_rules /opt/stack/keystone/keystone/auth/core.py:438}}
Jun 27 21:03:05.417916 dv-cinder-847733-1-iscsi devstack@keystone.service[80400]: DEBUG keystone.common.fernet_utils [None req-8f38908b-5cc2-43b6-a169-7f04e5180990 None None] Loaded 2 Fernet keys from /etc/keystone/fernet-keys/, but `[fernet_tokens] max_active_keys = 3`; perhaps there have not been enough key rotations to reach `max_active_keys` yet? {{(pid=80400) load_keys /opt/stack/keystone/keystone/common/fernet_utils.py:286}}
Jun 27 21:03:05.490557 dv-cinder-847733-1-iscsi devstack@keystone.service[80400]: DEBUG dbcounter [-] [80400] Writing DB stats keystone:SELECT=100 {{(pid=80400) stat_writer /usr/local/lib/python3.8/dist-packages/dbcounter.py:114}}
Jun 27 21:03:05.500197 dv-cinder-847733-1-iscsi devstack@keystone.service[80400]: [pid: 80400|app: 0|req: 158/296] 10.222.0.27 () {58 vars in 1023 bytes} [Mon Jun 27 21:03:05 2022] POST /identity/v3/auth/tokens => generated 799 bytes in 107 msecs (HTTP/1.1 201) 6 headers in 363 bytes (1 switches on core 0)
Jun 27 21:03:05.522379 dv-cinder-847733-1-iscsi devstack@keystone.service[80401]: DEBUG keystone.server.flask.request_processing.middleware.auth_context [None req-a918e566-6351-48c2-b39f-66a585af5eb3 None None] Authenticating user token {{(pid=80401) process_request /usr/local/lib/python3.8/dist-packages/keystonemiddleware/auth_token/__init__.py:407}}
Jun 27 21:03:05.553130 dv-cinder-847733-1-iscsi devstack@keystone.service[80401]: DEBUG dbcounter [-] [80401] Writing DB stats keystone:SELECT=99,keystone:INSERT=1 {{(pid=80401) stat_writer /usr/local/lib/python3.8/dist-packages/dbcounter.py:114}}
Jun 27 21:03:05.631767 dv-cinder-847733-1-iscsi devstack@keystone.service[80401]: DEBUG keystone.server.flask.request_processing.middleware.auth_context [None req-a918e566-6351-48c2-b39f-66a585af5eb3 None None] Validating token access rules against request {{(pid=80401) validate_allowed_request /usr/local/lib/python3.8/dist-packages/keystonemiddleware/auth_token/__init__.py:545}}
Jun 27 21:03:05.667426 dv-cinder-847733-1-iscsi devstack@keystone.service[80401]: DEBUG keystone.server.flask.request_processing.middleware.auth_context [None req-bf70fe2e-6381-437f-8692-05c15c1e1392 None admin] RBAC: auth_context: {'token': , 'domain_id': None, 'trust_id': None, 'trustor_id': None, 'trustee_id': None, 'domain_name': None, 'group_ids': [], 'user_id': '3dc250d3d60a40d8b744430d137fcb9c', 'user_domain_id': 'default', 'system_scope': 'all', 'project_id': None, 'project_domain_id': None, 'roles': ['admin', 'member', 'reader'], 'is_admin_project': True, 'service_user_id': None, 'service_user_domain_id': None, 'service_project_id': None, 'service_project_domain_id': None, 'service_roles': []} {{(pid=80401) fill_context /opt/stack/keystone/keystone/server/flask/request_processing/middleware/auth_context.py:478}}
