Jun 27 21:16:15.824162 dv-cinder-847733-1-iscsi devstack@c-api.service[110987]: DEBUG cinder.api.openstack.wsgi [None req-6d1219b6-9da9-4c0a-88ea-7d156791cf98 tempest-VolumeQuotasAdminTestJSON-2037672276 tempest-VolumeQuotasAdminTestJSON-2037672276-project] Calling method 'show' {{(pid=110987) _process_stack /opt/stack/cinder/cinder/api/openstack/wsgi.py:868}}
Jun 27 21:16:15.827902 dv-cinder-847733-1-iscsi devstack@c-api.service[110986]: INFO cinder.api.openstack.wsgi [None req-434341c2-0564-4d38-8bbe-8120d4ab86d0 tempest-GroupSnapshotsTest-1967292966 tempest-GroupSnapshotsTest-1967292966-project-admin] POST http://10.222.0.27/volume/v3/60a0162eac2b41edb17e7cefbe96526f/group_types
Jun 27 21:16:15.831779 dv-cinder-847733-1-iscsi devstack@c-api.service[110986]: DEBUG cinder.api.openstack.wsgi [None req-434341c2-0564-4d38-8bbe-8120d4ab86d0 tempest-GroupSnapshotsTest-1967292966 tempest-GroupSnapshotsTest-1967292966-project-admin] Action: 'create', calling method: version_select, body: {"group_type": {"name": "tempest-GroupSnapshotsTest-group-type-304136416"}} {{(pid=110986) _process_stack /opt/stack/cinder/cinder/api/openstack/wsgi.py:866}}
Jun 27 21:16:15.892968 dv-cinder-847733-1-iscsi devstack@c-api.service[110987]: /usr/local/lib/python3.8/dist-packages/oslo_context/context.py:100: DeprecationWarning: Policy enforcement is depending on the value of is_admin. This key is deprecated. Please update your policy file to use the standard policy values.
Jun 27 21:16:15.892968 dv-cinder-847733-1-iscsi devstack@c-api.service[110987]: warnings.warn('Policy enforcement is depending on the value of '
Jun 27 21:16:15.913943 dv-cinder-847733-1-iscsi devstack@c-api.service[110986]: INFO cinder.api.openstack.wsgi [None req-434341c2-0564-4d38-8bbe-8120d4ab86d0 tempest-GroupSnapshotsTest-1967292966 tempest-GroupSnapshotsTest-1967292966-project-admin] http://10.222.0.27/volume/v3/60a0162eac2b41edb17e7cefbe96526f/group_types returned with HTTP 202
Jun 27 21:16:15.920645 dv-cinder-847733-1-iscsi devstack@c-api.service[110986]: [pid: 110986|app: 0|req: 51/101] 10.222.0.27 () {62 vars in 1287 bytes} [Mon Jun 27 21:16:15 2022] POST /volume/v3/60a0162eac2b41edb17e7cefbe96526f/group_types => generated 180 bytes in 100 msecs (HTTP/1.1 202) 7 headers in 292 bytes (1 switches on core 0)
Jun 27 21:16:15.920645 dv-cinder-847733-1-iscsi devstack@c-api.service[110986]: DEBUG cinder.api.middleware.request_id [None req-d82cb4ef-f20d-44b6-b0bb-c7ff5209f33d None None] RequestId filter calling following filter/app {{(pid=110986) _context_setter /opt/stack/cinder/cinder/api/middleware/request_id.py:62}}
Jun 27 21:16:15.930896 dv-cinder-847733-1-iscsi devstack@c-api.service[110987]: INFO cinder.volume.api [None req-6d1219b6-9da9-4c0a-88ea-7d156791cf98 tempest-VolumeQuotasAdminTestJSON-2037672276 tempest-VolumeQuotasAdminTestJSON-2037672276-project] Volume info retrieved successfully.
Jun 27 21:16:15.931108 dv-cinder-847733-1-iscsi devstack@c-api.service[110986]: INFO cinder.api.openstack.wsgi [None req-d82cb4ef-f20d-44b6-b0bb-c7ff5209f33d tempest-VolumeSnapshotQuotasNegativeTestJSON-2093759463 tempest-VolumeSnapshotQuotasNegativeTestJSON-2093759463-project] GET http://10.222.0.27/volume/v3/77e08e720d64447fabb7a05eba60d92a/volumes/c049c799-ac6b-40d5-b871-bcc5cfadf63c
Jun 27 21:16:15.931548 dv-cinder-847733-1-iscsi devstack@c-api.service[110986]: DEBUG cinder.api.openstack.wsgi [None req-d82cb4ef-f20d-44b6-b0bb-c7ff5209f33d tempest-VolumeSnapshotQuotasNegativeTestJSON-2093759463 tempest-VolumeSnapshotQuotasNegativeTestJSON-2093759463-project] Empty body provided in request {{(pid=110986) get_body /opt/stack/cinder/cinder/api/openstack/wsgi.py:715}}
Jun 27 21:16:15.932174 dv-cinder-847733-1-iscsi devstack@c-api.service[110986]: DEBUG cinder.api.openstack.wsgi [None req-d82cb4ef-f20d-44b6-b0bb-c7ff5209f33d tempest-VolumeSnapshotQuotasNegativeTestJSON-2093759463 tempest-VolumeSnapshotQuotasNegativeTestJSON-2093759463-project] Calling method 'show' {{(pid=110986) _process_stack /opt/stack/cinder/cinder/api/openstack/wsgi.py:868}}
Jun 27 21:16:15.969728 dv-cinder-847733-1-iscsi devstack@c-api.service[110987]: INFO cinder.api.openstack.wsgi [None req-6d1219b6-9da9-4c0a-88ea-7d156791cf98 tempest-VolumeQuotasAdminTestJSON-2037672276 tempest-VolumeQuotasAdminTestJSON-2037672276-project] http://10.222.0.27/volume/v3/fbd72b1384ec4fccaef7b8dbb2418a0d/volumes/10f34047-2067-44bf-ab47-187cf6625b9f returned with HTTP 200
Jun 27 21:16:15.970145 dv-cinder-847733-1-iscsi devstack@c-api.service[110986]: /usr/local/lib/python3.8/dist-packages/oslo_context/context.py:100: DeprecationWarning: Policy enforcement is depending on the value of is_admin. This key is deprecated. Please update your policy file to use the standard policy values.
Jun 27 21:16:15.970145 dv-cinder-847733-1-iscsi devstack@c-api.service[110986]: warnings.warn('Policy enforcement is depending on the value of '
Jun 27 21:16:15.972932 dv-cinder-847733-1-iscsi devstack@c-api.service[110987]: [pid: 110987|app: 0|req: 51/102] 10.222.0.27 () {58 vars in 1324 bytes} [Mon Jun 27 21:16:15 2022] GET /volume/v3/fbd72b1384ec4fccaef7b8dbb2418a0d/volumes/10f34047-2067-44bf-ab47-187cf6625b9f => generated 916 bytes in 194 msecs (HTTP/1.1 200) 7 headers in 285 bytes (1 switches on core 0)
Jun 27 21:16:15.974780 dv-cinder-847733-1-iscsi devstack@c-api.service[110987]: DEBUG cinder.api.middleware.request_id [None req-0d927536-ad1c-43b0-879b-46191a45b3a7 None None] RequestId filter calling following filter/app {{(pid=110987) _context_setter /opt/stack/cinder/cinder/api/middleware/request_id.py:62}}
Jun 27 21:16:15.984318 dv-cinder-847733-1-iscsi devstack@c-api.service[110986]: INFO cinder.volume.api [None req-d82cb4ef-f20d-44b6-b0bb-c7ff5209f33d tempest-VolumeSnapshotQuotasNegativeTestJSON-2093759463 tempest-VolumeSnapshotQuotasNegativeTestJSON-2093759463-project] Volume info retrieved successfully.
Jun 27 21:16:15.986639 dv-cinder-847733-1-iscsi devstack@c-api.service[110987]: INFO cinder.api.openstack.wsgi [None req-0d927536-ad1c-43b0-879b-46191a45b3a7 tempest-SnapshotsActionsTest-306318802 tempest-SnapshotsActionsTest-306318802-project] GET http://10.222.0.27/volume/v3/32b7a2210a464addbb01905f27b1db48/snapshots/bb6e784c-fc67-4105-8685-8a572253c15f
Jun 27 21:16:15.987337 dv-cinder-847733-1-iscsi devstack@c-api.service[110987]: DEBUG cinder.api.openstack.wsgi [None req-0d927536-ad1c-43b0-879b-46191a45b3a7 tempest-SnapshotsActionsTest-306318802 tempest-SnapshotsActionsTest-306318802-project] Empty body provided in request {{(pid=110987) get_body /opt/stack/cinder/cinder/api/openstack/wsgi.py:715}}
Jun 27 21:16:15.990773 dv-cinder-847733-1-iscsi devstack@c-api.service[110987]: DEBUG cinder.api.openstack.wsgi [None req-0d927536-ad1c-43b0-879b-46191a45b3a7 tempest-SnapshotsActionsTest-306318802 tempest-SnapshotsActionsTest-306318802-project] Calling method 'show' {{(pid=110987) _process_stack /opt/stack/cinder/cinder/api/openstack/wsgi.py:868}}
Jun 27 21:16:16.003365 dv-cinder-847733-1-iscsi devstack@c-api.service[110986]: INFO cinder.api.openstack.wsgi [None req-d82cb4ef-f20d-44b6-b0bb-c7ff5209f33d tempest-VolumeSnapshotQuotasNegativeTestJSON-2093759463 tempest-VolumeSnapshotQuotasNegativeTestJSON-2093759463-project] http://10.222.0.27/volume/v3/77e08e720d64447fabb7a05eba60d92a/volumes/c049c799-ac6b-40d5-b871-bcc5cfadf63c returned with HTTP 200
Jun 27 21:16:16.019045 dv-cinder-847733-1-iscsi devstack@c-api.service[110986]: [pid: 110986|app: 0|req: 52/103] 10.222.0.27 () {58 vars in 1324 bytes} [Mon Jun 27 21:16:15 2022] GET /volume/v3/77e08e720d64447fabb7a05eba60d92a/volumes/c049c799-ac6b-40d5-b871-bcc5cfadf63c => generated 929 bytes in 92 msecs (HTTP/1.1 200) 7 headers in 285 bytes (1 switches on core 0)
Jun 27 21:16:16.019045 dv-cinder-847733-1-iscsi devstack@c-api.service[110986]: DEBUG cinder.api.middleware.request_id [None req-78c3376f-0299-4834-84c6-a1c0c470aaec None None] RequestId filter calling following filter/app {{(pid=110986) _context_setter /opt/stack/cinder/cinder/api/middleware/request_id.py:62}}
Jun 27 21:16:16.023945 dv-cinder-847733-1-iscsi devstack@c-api.service[110987]: /usr/local/lib/python3.8/dist-packages/oslo_context/context.py:100: DeprecationWarning: Policy enforcement is depending on the value of is_admin. This key is deprecated. Please update your policy file to use the standard policy values.
Jun 27 21:16:16.023945 dv-cinder-847733-1-iscsi devstack@c-api.service[110987]: warnings.warn('Policy enforcement is depending on the value of '
Jun 27 21:16:16.026390 dv-cinder-847733-1-iscsi devstack@c-api.service[110987]: INFO cinder.volume.api [None req-0d927536-ad1c-43b0-879b-46191a45b3a7 tempest-SnapshotsActionsTest-306318802 tempest-SnapshotsActionsTest-306318802-project] Snapshot retrieved successfully.
Jun 27 21:16:16.033096 dv-cinder-847733-1-iscsi devstack@c-api.service[110987]: INFO cinder.api.openstack.wsgi [None req-0d927536-ad1c-43b0-879b-46191a45b3a7 tempest-SnapshotsActionsTest-306318802 tempest-SnapshotsActionsTest-306318802-project] http://10.222.0.27/volume/v3/32b7a2210a464addbb01905f27b1db48/snapshots/bb6e784c-fc67-4105-8685-8a572253c15f returned with HTTP 200
Jun 27 21:16:16.056026 dv-cinder-847733-1-iscsi devstack@c-api.service[110987]: [pid: 110987|app: 0|req: 52/104] 10.222.0.27 () {58 vars in 1330 bytes} [Mon Jun 27 21:16:15 2022] GET /volume/v3/32b7a2210a464addbb01905f27b1db48/snapshots/bb6e784c-fc67-4105-8685-8a572253c15f => generated 466 bytes in 79 msecs (HTTP/1.1 200) 7 headers in 285 bytes (1 switches on core 0)
Jun 27 21:16:16.062875 dv-cinder-847733-1-iscsi devstack@c-api.service[110987]: DEBUG cinder.api.middleware.request_id [None req-b767d731-e05a-4111-85be-0491f057733d None None] RequestId filter calling following filter/app {{(pid=110987) _context_setter /opt/stack/cinder/cinder/api/middleware/request_id.py:62}}
Jun 27 21:16:16.086389 dv-cinder-847733-1-iscsi devstack@c-api.service[110987]: INFO cinder.api.openstack.wsgi [None req-b767d731-e05a-4111-85be-0491f057733d tempest-VolumeQuotasAdminTestJSON-1753244289 tempest-VolumeQuotasAdminTestJSON-1753244289-project-admin] GET http://10.222.0.27/volume/v3/ea95f83fd4114cacbc2db2d90ffc7333/os-quota-sets/fbd72b1384ec4fccaef7b8dbb2418a0d?usage=True
Jun 27 21:16:16.087737 dv-cinder-847733-1-iscsi devstack@c-api.service[110987]: DEBUG cinder.api.openstack.wsgi [None req-b767d731-e05a-4111-85be-0491f057733d tempest-VolumeQuotasAdminTestJSON-1753244289 tempest-VolumeQuotasAdminTestJSON-1753244289-project-admin] Empty body provided in request {{(pid=110987) get_body /opt/stack/cinder/cinder/api/openstack/wsgi.py:715}}
Jun 27 21:16:16.089903 dv-cinder-847733-1-iscsi devstack@c-api.service[110987]: DEBUG cinder.api.openstack.wsgi [None req-b767d731-e05a-4111-85be-0491f057733d tempest-VolumeQuotasAdminTestJSON-1753244289 tempest-VolumeQuotasAdminTestJSON-1753244289-project-admin] Calling method 'show' {{(pid=110987) _process_stack /opt/stack/cinder/cinder/api/openstack/wsgi.py:868}}
Jun 27 21:16:16.145241 dv-cinder-847733-1-iscsi devstack@c-api.service[110987]: WARNING cinder.quota [None req-b767d731-e05a-4111-85be-0491f057733d tempest-VolumeQuotasAdminTestJSON-1753244289 tempest-VolumeQuotasAdminTestJSON-1753244289-project-admin] Deprecated: Default quota for resource: volumes_tempest-GroupSnapshotsTest-volume-type-1025672507 is set by the default quota flag: quota_volumes_tempest-GroupSnapshotsTest-volume-type-1025672507, it is now deprecated. Please use the default quota class for default quota.
Jun 27 21:16:16.152692 dv-cinder-847733-1-iscsi devstack@c-api.service[110987]: WARNING cinder.quota [None req-b767d731-e05a-4111-85be-0491f057733d tempest-VolumeQuotasAdminTestJSON-1753244289 tempest-VolumeQuotasAdminTestJSON-1753244289-project-admin] Deprecated: Default quota for resource: gigabytes_tempest-GroupSnapshotsTest-volume-type-1025672507 is set by the default quota flag: quota_gigabytes_tempest-GroupSnapshotsTest-volume-type-1025672507, it is now deprecated. Please use the default quota class for default quota.
Jun 27 21:16:16.154364 dv-cinder-847733-1-iscsi devstack@c-api.service[110987]: WARNING cinder.quota [None req-b767d731-e05a-4111-85be-0491f057733d tempest-VolumeQuotasAdminTestJSON-1753244289 tempest-VolumeQuotasAdminTestJSON-1753244289-project-admin] Deprecated: Default quota for resource: snapshots_tempest-GroupSnapshotsTest-volume-type-1025672507 is set by the default quota flag: quota_snapshots_tempest-GroupSnapshotsTest-volume-type-1025672507, it is now deprecated. Please use the default quota class for default quota.
Jun 27 21:16:16.193388 dv-cinder-847733-1-iscsi devstack@c-api.service[110987]: INFO cinder.api.openstack.wsgi [None req-b767d731-e05a-4111-85be-0491f057733d tempest-VolumeQuotasAdminTestJSON-1753244289 tempest-VolumeQuotasAdminTestJSON-1753244289-project-admin] http://10.222.0.27/volume/v3/ea95f83fd4114cacbc2db2d90ffc7333/os-quota-sets/fbd72b1384ec4fccaef7b8dbb2418a0d?usage=True returned with HTTP 200
Jun 27 21:16:16.195118 dv-cinder-847733-1-iscsi devstack@c-api.service[110987]: [pid: 110987|app: 0|req: 53/105] 10.222.0.27 () {58 vars in 1351 bytes} [Mon Jun 27 21:16:16 2022] GET /volume/v3/ea95f83fd4114cacbc2db2d90ffc7333/os-quota-sets/fbd72b1384ec4fccaef7b8dbb2418a0d?usage=True => generated 1184 bytes in 141 msecs (HTTP/1.1 200) 7 headers in 286 bytes (1 switches on core 0)
Jun 27 21:16:16.199234 dv-cinder-847733-1-iscsi devstack@c-api.service[110987]: DEBUG cinder.api.middleware.request_id [None req-a9c54ae2-5965-4b4c-af7d-92dc5f1850c3 None None] RequestId filter calling following filter/app {{(pid=110987) _context_setter /opt/stack/cinder/cinder/api/middleware/request_id.py:62}}
Jun 27 21:16:16.213511 dv-cinder-847733-1-iscsi devstack@c-api.service[110987]: INFO cinder.api.openstack.wsgi [None req-a9c54ae2-5965-4b4c-af7d-92dc5f1850c3 tempest-VolumeSnapshotQuotasNegativeTestJSON-2093759463 tempest-VolumeSnapshotQuotasNegativeTestJSON-2093759463-project] POST http://10.222.0.27/volume/v3/77e08e720d64447fabb7a05eba60d92a/snapshots
Jun 27 21:16:16.214804 dv-cinder-847733-1-iscsi devstack@c-api.service[110987]: DEBUG cinder.api.openstack.wsgi [None req-a9c54ae2-5965-4b4c-af7d-92dc5f1850c3 tempest-VolumeSnapshotQuotasNegativeTestJSON-2093759463 tempest-VolumeSnapshotQuotasNegativeTestJSON-2093759463-project] Action: 'create', calling method: create, body: {"snapshot": {"volume_id": "c049c799-ac6b-40d5-b871-bcc5cfadf63c", "name": "tempest-VolumeSnapshotQuotasNegativeTestJSON-Snapshot-1430784553"}} {{(pid=110987) _process_stack /opt/stack/cinder/cinder/api/openstack/wsgi.py:866}}
Jun 27 21:16:16.234547 dv-cinder-847733-1-iscsi devstack@c-api.service[110987]: /usr/local/lib/python3.8/dist-packages/oslo_context/context.py:100: DeprecationWarning: Policy enforcement is depending on the value of is_admin. This key is deprecated. Please update your policy file to use the standard policy values.
Jun 27 21:16:16.234547 dv-cinder-847733-1-iscsi devstack@c-api.service[110987]: warnings.warn('Policy enforcement is depending on the value of '
Jun 27 21:16:16.236421 dv-cinder-847733-1-iscsi devstack@c-api.service[110987]: INFO cinder.volume.api [None req-a9c54ae2-5965-4b4c-af7d-92dc5f1850c3 tempest-VolumeSnapshotQuotasNegativeTestJSON-2093759463 tempest-VolumeSnapshotQuotasNegativeTestJSON-2093759463-project] Volume info retrieved successfully.
Jun 27 21:16:16.237092 dv-cinder-847733-1-iscsi devstack@c-api.service[110987]: INFO cinder.api.v3.snapshots [None req-a9c54ae2-5965-4b4c-af7d-92dc5f1850c3 tempest-VolumeSnapshotQuotasNegativeTestJSON-2093759463 tempest-VolumeSnapshotQuotasNegativeTestJSON-2093759463-project] Create snapshot from volume c049c799-ac6b-40d5-b871-bcc5cfadf63c
Jun 27 21:16:16.392484 dv-cinder-847733-1-iscsi devstack@c-api.service[110986]: INFO cinder.api.openstack.wsgi [None req-78c3376f-0299-4834-84c6-a1c0c470aaec tempest-GroupSnapshotsTest-233324069 tempest-GroupSnapshotsTest-233324069-project] POST http://10.222.0.27/volume/v3/dc37ee81e325473c8d8b94d86690e098/groups
Jun 27 21:16:16.395132 dv-cinder-847733-1-iscsi devstack@c-api.service[110986]: DEBUG cinder.api.openstack.wsgi [None req-78c3376f-0299-4834-84c6-a1c0c470aaec tempest-GroupSnapshotsTest-233324069 tempest-GroupSnapshotsTest-233324069-project] Action: 'create', calling method: version_select, body: {"group": {"group_type": "fea50032-f286-4e28-a891-e91974c28a51", "volume_types": ["8ad570a8-796e-4aad-9ac8-945758a82e01"], "name": "tempest-GroupSnapshotsTest-Group-882072794"}} {{(pid=110986) _process_stack /opt/stack/cinder/cinder/api/openstack/wsgi.py:866}}
Jun 27 21:16:16.397305 dv-cinder-847733-1-iscsi devstack@c-api.service[110986]: DEBUG cinder.api.v3.groups [None req-78c3376f-0299-4834-84c6-a1c0c470aaec tempest-GroupSnapshotsTest-233324069 tempest-GroupSnapshotsTest-233324069-project] Creating new group {'group': {'group_type': 'fea50032-f286-4e28-a891-e91974c28a51', 'volume_types': ['8ad570a8-796e-4aad-9ac8-945758a82e01'], 'name': 'tempest-GroupSnapshotsTest-Group-882072794'}} {{(pid=110986) create /opt/stack/cinder/cinder/api/v3/groups.py:190}}
Jun 27 21:16:16.427716 dv-cinder-847733-1-iscsi devstack@c-api.service[110987]: DEBUG cinder.quota [None req-a9c54ae2-5965-4b4c-af7d-92dc5f1850c3 tempest-VolumeSnapshotQuotasNegativeTestJSON-2093759463 tempest-VolumeSnapshotQuotasNegativeTestJSON-2093759463-project] Created reservations ['0542f0f8-609f-44c9-8d72-c265d0765ba1', '1524133f-596f-4878-ac20-da6a6f37db91', 'dbbb5bcb-1940-405b-a6d2-fefbe0d1a0be', 'ca093aa3-0e91-4798-97e8-d52893279c7e'] {{(pid=110987) reserve /opt/stack/cinder/cinder/quota.py:755}}
Jun 27 21:16:16.428431 dv-cinder-847733-1-iscsi devstack@c-api.service[110986]: INFO cinder.api.v3.groups [None req-78c3376f-0299-4834-84c6-a1c0c470aaec tempest-GroupSnapshotsTest-233324069 tempest-GroupSnapshotsTest-233324069-project] Creating group tempest-GroupSnapshotsTest-Group-882072794.
Jun 27 21:16:16.499241 dv-cinder-847733-1-iscsi devstack@c-api.service[110987]: DEBUG dbcounter [-] [110987] Writing DB stats cinder:UPDATE=15,cinder:INSERT=11,cinder:SELECT=74 {{(pid=110987) stat_writer /usr/local/lib/python3.8/dist-packages/dbcounter.py:114}}
Jun 27 21:16:16.549959 dv-cinder-847733-1-iscsi devstack@c-api.service[110986]: DEBUG cinder.volume.api [None req-78c3376f-0299-4834-84c6-a1c0c470aaec tempest-GroupSnapshotsTest-233324069 tempest-GroupSnapshotsTest-233324069-project] Availability zone cache updated, next update will occur around 2022-06-27 22:16:16.549340. {{(pid=110986) list_availability_zones /opt/stack/cinder/cinder/volume/api.py:153}}
Jun 27 21:16:16.553596 dv-cinder-847733-1-iscsi devstack@c-api.service[110987]: INFO cinder.volume.api [None req-a9c54ae2-5965-4b4c-af7d-92dc5f1850c3 tempest-VolumeSnapshotQuotasNegativeTestJSON-2093759463 tempest-VolumeSnapshotQuotasNegativeTestJSON-2093759463-project] Snapshot create request issued successfully.
Jun 27 21:16:16.554370 dv-cinder-847733-1-iscsi devstack@c-api.service[110987]: INFO cinder.api.openstack.wsgi [None req-a9c54ae2-5965-4b4c-af7d-92dc5f1850c3 tempest-VolumeSnapshotQuotasNegativeTestJSON-2093759463 tempest-VolumeSnapshotQuotasNegativeTestJSON-2093759463-project] http://10.222.0.27/volume/v3/77e08e720d64447fabb7a05eba60d92a/snapshots returned with HTTP 202
Jun 27 21:16:16.555368 dv-cinder-847733-1-iscsi devstack@c-api.service[110987]: [pid: 110987|app: 0|req: 54/106] 10.222.0.27 () {60 vars in 1241 bytes} [Mon Jun 27 21:16:16 2022] POST /volume/v3/77e08e720d64447fabb7a05eba60d92a/snapshots => generated 323 bytes in 359 msecs (HTTP/1.1 202) 7 headers in 291 bytes (1 switches on core 0)
Jun 27 21:16:16.559202 dv-cinder-847733-1-iscsi devstack@c-api.service[110987]: DEBUG cinder.api.middleware.request_id [None req-7531a418-cdb2-43e0-b279-769c9615e2a7 None None] RequestId filter calling following filter/app {{(pid=110987) _context_setter /opt/stack/cinder/cinder/api/middleware/request_id.py:62}}
Jun 27 21:16:16.576078 dv-cinder-847733-1-iscsi devstack@c-api.service[110986]: INFO cinder.volume.api [None req-78c3376f-0299-4834-84c6-a1c0c470aaec tempest-GroupSnapshotsTest-233324069 tempest-GroupSnapshotsTest-233324069-project] Availability Zones retrieved successfully.
Jun 27 21:16:16.715659 dv-cinder-847733-1-iscsi devstack@c-api.service[110986]: DEBUG cinder.quota [None req-78c3376f-0299-4834-84c6-a1c0c470aaec tempest-GroupSnapshotsTest-233324069 tempest-GroupSnapshotsTest-233324069-project] Created reservations ['e810fd07-8166-4040-aa2e-29310d27e290'] {{(pid=110986) reserve /opt/stack/cinder/cinder/quota.py:755}}
Jun 27 21:16:16.810178 dv-cinder-847733-1-iscsi devstack@c-api.service[110987]: INFO cinder.api.openstack.wsgi [None req-7531a418-cdb2-43e0-b279-769c9615e2a7 tempest-SnapshotsActionsTest-669799850 tempest-SnapshotsActionsTest-669799850-project-admin] POST http://10.222.0.27/volume/v3/9205bb90c58d48d588f164eb67ce3a5b/snapshots/bb6e784c-fc67-4105-8685-8a572253c15f/action
Jun 27 21:16:16.812012 dv-cinder-847733-1-iscsi devstack@c-api.service[110987]: DEBUG cinder.api.openstack.wsgi [None req-7531a418-cdb2-43e0-b279-769c9615e2a7 tempest-SnapshotsActionsTest-669799850 tempest-SnapshotsActionsTest-669799850-project-admin] Action body: b'{"os-reset_status": {"status": "creating"}}' {{(pid=110987) get_method /opt/stack/cinder/cinder/api/openstack/wsgi.py:983}}
Jun 27 21:16:16.812505 dv-cinder-847733-1-iscsi devstack@c-api.service[110987]: DEBUG cinder.api.openstack.wsgi [None req-7531a418-cdb2-43e0-b279-769c9615e2a7 tempest-SnapshotsActionsTest-669799850 tempest-SnapshotsActionsTest-669799850-project-admin] Action: 'action', calling method: _reset_status, body: {"os-reset_status": {"status": "creating"}} {{(pid=110987) _process_stack /opt/stack/cinder/cinder/api/openstack/wsgi.py:866}}
Jun 27 21:16:16.813483 dv-cinder-847733-1-iscsi devstack@c-api.service[110987]: DEBUG cinder.api.contrib.admin_actions [None req-7531a418-cdb2-43e0-b279-769c9615e2a7 tempest-SnapshotsActionsTest-669799850 tempest-SnapshotsActionsTest-669799850-project-admin] Updating snapshot 'bb6e784c-fc67-4105-8685-8a572253c15f' with '{'status': 'creating'}' {{(pid=110987) _reset_status /opt/stack/cinder/cinder/api/contrib/admin_actions.py:100}}
Jun 27 21:16:16.826714 dv-cinder-847733-1-iscsi devstack@c-api.service[110986]: INFO cinder.api.openstack.wsgi [None req-78c3376f-0299-4834-84c6-a1c0c470aaec tempest-GroupSnapshotsTest-233324069 tempest-GroupSnapshotsTest-233324069-project] http://10.222.0.27/volume/v3/dc37ee81e325473c8d8b94d86690e098/groups returned with HTTP 202
Jun 27 21:16:16.831777 dv-cinder-847733-1-iscsi devstack@c-api.service[110986]: [pid: 110986|app: 0|req: 53/107] 10.222.0.27 () {62 vars in 1273 bytes} [Mon Jun 27 21:16:16 2022] POST /volume/v3/dc37ee81e325473c8d8b94d86690e098/groups => generated 111 bytes in 818 msecs (HTTP/1.1 202) 7 headers in 292 bytes (1 switches on core 0)
Jun 27 21:16:16.831777 dv-cinder-847733-1-iscsi devstack@c-api.service[110986]: DEBUG cinder.api.middleware.request_id [None req-859411e7-8779-40ba-8865-ef33f6731b9c None None] RequestId filter calling following filter/app {{(pid=110986) _context_setter /opt/stack/cinder/cinder/api/middleware/request_id.py:62}}
Jun 27 21:16:16.894318 dv-cinder-847733-1-iscsi devstack@c-api.service[110987]: /usr/local/lib/python3.8/dist-packages/oslo_context/context.py:100: DeprecationWarning: Policy enforcement is depending on the value of is_admin. This key is deprecated. Please update your policy file to use the standard policy values.
Jun 27 21:16:16.894318 dv-cinder-847733-1-iscsi devstack@c-api.service[110987]: warnings.warn('Policy enforcement is depending on the value of '
Jun 27 21:16:16.916973 dv-cinder-847733-1-iscsi devstack@c-api.service[110986]: INFO cinder.api.openstack.wsgi [None req-859411e7-8779-40ba-8865-ef33f6731b9c tempest-GroupsV314Test-30609555 tempest-GroupsV314Test-30609555-project-admin] POST http://10.222.0.27/volume/v3/f4a9c77596a94deda399342c53b22092/types
Jun 27 21:16:16.918138 dv-cinder-847733-1-iscsi devstack@c-api.service[110986]: DEBUG cinder.api.openstack.wsgi [None req-859411e7-8779-40ba-8865-ef33f6731b9c tempest-GroupsV314Test-30609555 tempest-GroupsV314Test-30609555-project-admin] Action: 'create', calling method: _create, body: {"volume_type": {"name": "tempest-GroupsV314Test-volume-type-663788785"}} {{(pid=110986) _process_stack /opt/stack/cinder/cinder/api/openstack/wsgi.py:866}}
Jun 27 21:16:16.919276 dv-cinder-847733-1-iscsi devstack@c-api.service[110986]: /usr/local/lib/python3.8/dist-packages/oslo_context/context.py:100: DeprecationWarning: Policy enforcement is depending on the value of is_admin. This key is deprecated. Please update your policy file to use the standard policy values.
Jun 27 21:16:16.919276 dv-cinder-847733-1-iscsi devstack@c-api.service[110986]: warnings.warn('Policy enforcement is depending on the value of '
Jun 27 21:16:16.939569 dv-cinder-847733-1-iscsi devstack@c-api.service[110987]: INFO cinder.api.openstack.wsgi [None req-7531a418-cdb2-43e0-b279-769c9615e2a7 tempest-SnapshotsActionsTest-669799850 tempest-SnapshotsActionsTest-669799850-project-admin] http://10.222.0.27/volume/v3/9205bb90c58d48d588f164eb67ce3a5b/snapshots/bb6e784c-fc67-4105-8685-8a572253c15f/action returned with HTTP 202
Jun 27 21:16:16.943714 dv-cinder-847733-1-iscsi devstack@c-api.service[110987]: [pid: 110987|app: 0|req: 55/108] 10.222.0.27 () {60 vars in 1372 bytes} [Mon Jun 27 21:16:16 2022] POST /volume/v3/9205bb90c58d48d588f164eb67ce3a5b/snapshots/bb6e784c-fc67-4105-8685-8a572253c15f/action => generated 0 bytes in 388 msecs (HTTP/1.1 202) 7 headers in 289 bytes (1 switches on core 0)
Jun 27 21:16:16.945196 dv-cinder-847733-1-iscsi devstack@c-api.service[110987]: DEBUG cinder.api.middleware.request_id [None req-91fd01c0-52bf-4a02-be0c-b255deccfeb3 None None] RequestId filter calling following filter/app {{(pid=110987) _context_setter /opt/stack/cinder/cinder/api/middleware/request_id.py:62}}
Jun 27 21:16:16.953335 dv-cinder-847733-1-iscsi devstack@c-api.service[110987]: INFO cinder.api.openstack.wsgi [None req-91fd01c0-52bf-4a02-be0c-b255deccfeb3 tempest-VolumeQuotasAdminTestJSON-2037672276 tempest-VolumeQuotasAdminTestJSON-2037672276-project] DELETE http://10.222.0.27/volume/v3/fbd72b1384ec4fccaef7b8dbb2418a0d/volumes/10f34047-2067-44bf-ab47-187cf6625b9f
Jun 27 21:16:16.953912 dv-cinder-847733-1-iscsi devstack@c-api.service[110987]: DEBUG cinder.api.openstack.wsgi [None req-91fd01c0-52bf-4a02-be0c-b255deccfeb3 tempest-VolumeQuotasAdminTestJSON-2037672276 tempest-VolumeQuotasAdminTestJSON-2037672276-project] Empty body provided in request {{(pid=110987) get_body /opt/stack/cinder/cinder/api/openstack/wsgi.py:715}}
Jun 27 21:16:16.954437 dv-cinder-847733-1-iscsi devstack@c-api.service[110987]: DEBUG cinder.api.openstack.wsgi [None req-91fd01c0-52bf-4a02-be0c-b255deccfeb3 tempest-VolumeQuotasAdminTestJSON-2037672276 tempest-VolumeQuotasAdminTestJSON-2037672276-project] Calling method 'delete' {{(pid=110987) _process_stack /opt/stack/cinder/cinder/api/openstack/wsgi.py:868}}
Jun 27 21:16:16.954907 dv-cinder-847733-1-iscsi devstack@c-api.service[110987]: INFO cinder.api.v3.volumes [None req-91fd01c0-52bf-4a02-be0c-b255deccfeb3 tempest-VolumeQuotasAdminTestJSON-2037672276 tempest-VolumeQuotasAdminTestJSON-2037672276-project] Delete volume with id: 10f34047-2067-44bf-ab47-187cf6625b9f
Jun 27 21:16:16.973189 dv-cinder-847733-1-iscsi devstack@c-api.service[110986]: INFO cinder.api.openstack.wsgi [None req-859411e7-8779-40ba-8865-ef33f6731b9c tempest-GroupsV314Test-30609555 tempest-GroupsV314Test-30609555-project-admin] http://10.222.0.27/volume/v3/f4a9c77596a94deda399342c53b22092/types returned with HTTP 200
Jun 27 21:16:16.986412 dv-cinder-847733-1-iscsi devstack@c-api.service[110986]: [pid: 110986|app: 0|req: 54/109] 10.222.0.27 () {60 vars in 1228 bytes} [Mon Jun 27 21:16:16 2022] POST /volume/v3/f4a9c77596a94deda399342c53b22092/types => generated 219 bytes in 158 msecs (HTTP/1.1 200) 7 headers in 285 bytes (1 switches on core 0)
Jun 27 21:16:16.992663 dv-cinder-847733-1-iscsi devstack@c-api.service[110987]: /usr/local/lib/python3.8/dist-packages/oslo_context/context.py:100: DeprecationWarning: Policy enforcement is depending on the value of is_admin. This key is deprecated. Please update your policy file to use the standard policy values.
Jun 27 21:16:16.992663 dv-cinder-847733-1-iscsi devstack@c-api.service[110987]: warnings.warn('Policy enforcement is depending on the value of '
Jun 27 21:16:16.993940 dv-cinder-847733-1-iscsi devstack@c-api.service[110987]: INFO cinder.volume.api [None req-91fd01c0-52bf-4a02-be0c-b255deccfeb3 tempest-VolumeQuotasAdminTestJSON-2037672276 tempest-VolumeQuotasAdminTestJSON-2037672276-project] Volume info retrieved successfully.
Jun 27 21:16:17.001100 dv-cinder-847733-1-iscsi devstack@c-api.service[110986]: DEBUG cinder.api.middleware.request_id [None req-76e80c34-044a-4669-b59d-ea2b1e0f1638 None None] RequestId filter calling following filter/app {{(pid=110986) _context_setter /opt/stack/cinder/cinder/api/middleware/request_id.py:62}}
Jun 27 21:16:17.006428 dv-cinder-847733-1-iscsi devstack@c-api.service[110986]: INFO cinder.api.openstack.wsgi [None req-76e80c34-044a-4669-b59d-ea2b1e0f1638 tempest-VolumeSnapshotQuotasNegativeTestJSON-2093759463 tempest-VolumeSnapshotQuotasNegativeTestJSON-2093759463-project] GET http://10.222.0.27/volume/v3/77e08e720d64447fabb7a05eba60d92a/snapshots/1f777cff-c2bb-457e-ac65-59d1485f5281
Jun 27 21:16:17.007714 dv-cinder-847733-1-iscsi devstack@c-api.service[110986]: DEBUG cinder.api.openstack.wsgi [None req-76e80c34-044a-4669-b59d-ea2b1e0f1638 tempest-VolumeSnapshotQuotasNegativeTestJSON-2093759463 tempest-VolumeSnapshotQuotasNegativeTestJSON-2093759463-project] Empty body provided in request {{(pid=110986) get_body /opt/stack/cinder/cinder/api/openstack/wsgi.py:715}}
Jun 27 21:16:17.008197 dv-cinder-847733-1-iscsi devstack@c-api.service[110986]: DEBUG cinder.api.openstack.wsgi [None req-76e80c34-044a-4669-b59d-ea2b1e0f1638 tempest-VolumeSnapshotQuotasNegativeTestJSON-2093759463 tempest-VolumeSnapshotQuotasNegativeTestJSON-2093759463-project] Calling method 'show' {{(pid=110986) _process_stack /opt/stack/cinder/cinder/api/openstack/wsgi.py:868}}
Jun 27 21:16:17.023903 dv-cinder-847733-1-iscsi devstack@c-api.service[110986]: /usr/local/lib/python3.8/dist-packages/oslo_context/context.py:100: DeprecationWarning: Policy enforcement is depending on the value of is_admin. This key is deprecated. Please update your policy file to use the standard policy values.
Jun 27 21:16:17.023903 dv-cinder-847733-1-iscsi devstack@c-api.service[110986]: warnings.warn('Policy enforcement is depending on the value of '
Jun 27 21:16:17.025400 dv-cinder-847733-1-iscsi devstack@c-api.service[110986]: INFO cinder.volume.api [None req-76e80c34-044a-4669-b59d-ea2b1e0f1638 tempest-VolumeSnapshotQuotasNegativeTestJSON-2093759463 tempest-VolumeSnapshotQuotasNegativeTestJSON-2093759463-project] Snapshot retrieved successfully.
Jun 27 21:16:17.031748 dv-cinder-847733-1-iscsi devstack@c-api.service[110986]: INFO cinder.api.openstack.wsgi [None req-76e80c34-044a-4669-b59d-ea2b1e0f1638 tempest-VolumeSnapshotQuotasNegativeTestJSON-2093759463 tempest-VolumeSnapshotQuotasNegativeTestJSON-2093759463-project] http://10.222.0.27/volume/v3/77e08e720d64447fabb7a05eba60d92a/snapshots/1f777cff-c2bb-457e-ac65-59d1485f5281 returned with HTTP 200
Jun 27 21:16:17.038497 dv-cinder-847733-1-iscsi devstack@c-api.service[110986]: [pid: 110986|app: 0|req: 55/110] 10.222.0.27 () {58 vars in 1330 bytes} [Mon Jun 27 21:16:16 2022] GET /volume/v3/77e08e720d64447fabb7a05eba60d92a/snapshots/1f777cff-c2bb-457e-ac65-59d1485f5281 => generated 455 bytes in 49 msecs (HTTP/1.1 200) 7 headers in 285 bytes (1 switches on core 0)
Jun 27 21:16:17.038682 dv-cinder-847733-1-iscsi devstack@c-api.service[110986]: DEBUG cinder.api.middleware.request_id [None req-d3051997-d414-4849-baf0-99da7da2ba7b None None] RequestId filter calling following filter/app {{(pid=110986) _context_setter /opt/stack/cinder/cinder/api/middleware/request_id.py:62}}
Jun 27 21:16:17.045110 dv-cinder-847733-1-iscsi devstack@c-api.service[110986]: INFO cinder.api.openstack.wsgi [None req-d3051997-d414-4849-baf0-99da7da2ba7b tempest-GroupSnapshotsTest-233324069 tempest-GroupSnapshotsTest-233324069-project] GET http://10.222.0.27/volume/v3/dc37ee81e325473c8d8b94d86690e098/groups/6f3579ed-1d39-49aa-84eb-1843f8f041c9
Jun 27 21:16:17.046474 dv-cinder-847733-1-iscsi devstack@c-api.service[110986]: DEBUG cinder.api.openstack.wsgi [None req-d3051997-d414-4849-baf0-99da7da2ba7b tempest-GroupSnapshotsTest-233324069 tempest-GroupSnapshotsTest-233324069-project] Empty body provided in request {{(pid=110986) get_body /opt/stack/cinder/cinder/api/openstack/wsgi.py:715}}
Jun 27 21:16:17.047083 dv-cinder-847733-1-iscsi devstack@c-api.service[110986]: DEBUG cinder.api.openstack.wsgi [None req-d3051997-d414-4849-baf0-99da7da2ba7b tempest-GroupSnapshotsTest-233324069 tempest-GroupSnapshotsTest-233324069-project] Calling method 'version_select' {{(pid=110986) _process_stack /opt/stack/cinder/cinder/api/openstack/wsgi.py:868}}
Jun 27 21:16:17.047472 dv-cinder-847733-1-iscsi devstack@c-api.service[110986]: DEBUG cinder.api.v3.groups [None req-d3051997-d414-4849-baf0-99da7da2ba7b tempest-GroupSnapshotsTest-233324069 tempest-GroupSnapshotsTest-233324069-project] show called for member 6f3579ed-1d39-49aa-84eb-1843f8f041c9 {{(pid=110986) show /opt/stack/cinder/cinder/api/v3/groups.py:58}}
Jun 27 21:16:17.061038 dv-cinder-847733-1-iscsi devstack@c-api.service[110987]: INFO cinder.volume.api [None req-91fd01c0-52bf-4a02-be0c-b255deccfeb3 tempest-VolumeQuotasAdminTestJSON-2037672276 tempest-VolumeQuotasAdminTestJSON-2037672276-project] Delete volume request issued successfully.
Jun 27 21:16:17.062068 dv-cinder-847733-1-iscsi devstack@c-api.service[110987]: INFO cinder.api.openstack.wsgi [None req-91fd01c0-52bf-4a02-be0c-b255deccfeb3 tempest-VolumeQuotasAdminTestJSON-2037672276 tempest-VolumeQuotasAdminTestJSON-2037672276-project] http://10.222.0.27/volume/v3/fbd72b1384ec4fccaef7b8dbb2418a0d/volumes/10f34047-2067-44bf-ab47-187cf6625b9f returned with HTTP 202
Jun 27 21:16:17.062929 dv-cinder-847733-1-iscsi devstack@c-api.service[110987]: [pid: 110987|app: 0|req: 56/111] 10.222.0.27 () {58 vars in 1327 bytes} [Mon Jun 27 21:16:16 2022] DELETE /volume/v3/fbd72b1384ec4fccaef7b8dbb2418a0d/volumes/10f34047-2067-44bf-ab47-187cf6625b9f => generated 0 bytes in 118 msecs (HTTP/1.1 202) 6 headers in 233 bytes (1 switches on core 0)
Jun 27 21:16:17.067813 dv-cinder-847733-1-iscsi devstack@c-api.service[110987]: DEBUG cinder.api.middleware.request_id [None req-f690bb60-a8d1-4729-ac69-ddc2527ea0ef None None] RequestId filter calling following filter/app {{(pid=110987) _context_setter /opt/stack/cinder/cinder/api/middleware/request_id.py:62}}
Jun 27 21:16:17.069065 dv-cinder-847733-1-iscsi devstack@c-api.service[110986]: /usr/local/lib/python3.8/dist-packages/oslo_context/context.py:100: DeprecationWarning: Policy enforcement is depending on the value of is_admin. This key is deprecated. Please update your policy file to use the standard policy values.
Jun 27 21:16:17.069065 dv-cinder-847733-1-iscsi devstack@c-api.service[110986]: warnings.warn('Policy enforcement is depending on the value of '
Jun 27 21:16:17.090021 dv-cinder-847733-1-iscsi devstack@c-api.service[110987]: INFO cinder.api.openstack.wsgi [None req-f690bb60-a8d1-4729-ac69-ddc2527ea0ef tempest-SnapshotsActionsTest-306318802 tempest-SnapshotsActionsTest-306318802-project] GET http://10.222.0.27/volume/v3/32b7a2210a464addbb01905f27b1db48/snapshots/bb6e784c-fc67-4105-8685-8a572253c15f
Jun 27 21:16:17.090831 dv-cinder-847733-1-iscsi devstack@c-api.service[110987]: DEBUG cinder.api.openstack.wsgi [None req-f690bb60-a8d1-4729-ac69-ddc2527ea0ef tempest-SnapshotsActionsTest-306318802 tempest-SnapshotsActionsTest-306318802-project] Empty body provided in request {{(pid=110987) get_body /opt/stack/cinder/cinder/api/openstack/wsgi.py:715}}
Jun 27 21:16:17.091356 dv-cinder-847733-1-iscsi devstack@c-api.service[110987]: DEBUG cinder.api.openstack.wsgi [None req-f690bb60-a8d1-4729-ac69-ddc2527ea0ef tempest-SnapshotsActionsTest-306318802 tempest-SnapshotsActionsTest-306318802-project] Calling method 'show' {{(pid=110987) _process_stack /opt/stack/cinder/cinder/api/openstack/wsgi.py:868}}
Jun 27 21:16:17.103174 dv-cinder-847733-1-iscsi devstack@c-api.service[110986]: INFO cinder.api.openstack.wsgi [None req-d3051997-d414-4849-baf0-99da7da2ba7b tempest-GroupSnapshotsTest-233324069 tempest-GroupSnapshotsTest-233324069-project] http://10.222.0.27/volume/v3/dc37ee81e325473c8d8b94d86690e098/groups/6f3579ed-1d39-49aa-84eb-1843f8f041c9 returned with HTTP 200
Jun 27 21:16:17.104706 dv-cinder-847733-1-iscsi devstack@c-api.service[110986]: [pid: 110986|app: 0|req: 56/112] 10.222.0.27 () {60 vars in 1362 bytes} [Mon Jun 27 21:16:17 2022] GET /volume/v3/dc37ee81e325473c8d8b94d86690e098/groups/6f3579ed-1d39-49aa-84eb-1843f8f041c9 => generated 391 bytes in 68 msecs (HTTP/1.1 200) 7 headers in 286 bytes (1 switches on core 0)
Jun 27 21:16:17.106385 dv-cinder-847733-1-iscsi devstack@c-api.service[110986]: DEBUG cinder.api.middleware.request_id [None req-27ce48fa-b956-437f-bef4-1b9a1048a2cd None None] RequestId filter calling following filter/app {{(pid=110986) _context_setter /opt/stack/cinder/cinder/api/middleware/request_id.py:62}}
Jun 27 21:16:17.111580 dv-cinder-847733-1-iscsi devstack@c-api.service[110986]: INFO cinder.api.openstack.wsgi [None req-27ce48fa-b956-437f-bef4-1b9a1048a2cd tempest-GroupsV314Test-30609555 tempest-GroupsV314Test-30609555-project-admin] POST http://10.222.0.27/volume/v3/f4a9c77596a94deda399342c53b22092/group_types
Jun 27 21:16:17.111580 dv-cinder-847733-1-iscsi devstack@c-api.service[110986]: DEBUG cinder.api.openstack.wsgi [None req-27ce48fa-b956-437f-bef4-1b9a1048a2cd tempest-GroupsV314Test-30609555 tempest-GroupsV314Test-30609555-project-admin] Action: 'create', calling method: version_select, body: {"group_type": {"name": "tempest-GroupsV314Test-group-type-141836368"}} {{(pid=110986) _process_stack /opt/stack/cinder/cinder/api/openstack/wsgi.py:866}}
Jun 27 21:16:17.112860 dv-cinder-847733-1-iscsi devstack@c-api.service[110986]: /usr/local/lib/python3.8/dist-packages/oslo_context/context.py:100: DeprecationWarning: Policy enforcement is depending on the value of is_admin. This key is deprecated. Please update your policy file to use the standard policy values.
Jun 27 21:16:17.112860 dv-cinder-847733-1-iscsi devstack@c-api.service[110986]: warnings.warn('Policy enforcement is depending on the value of '
Jun 27 21:16:17.114607 dv-cinder-847733-1-iscsi devstack@c-api.service[110987]: /usr/local/lib/python3.8/dist-packages/oslo_context/context.py:100: DeprecationWarning: Policy enforcement is depending on the value of is_admin. This key is deprecated. Please update your policy file to use the standard policy values.
Jun 27 21:16:17.114607 dv-cinder-847733-1-iscsi devstack@c-api.service[110987]: warnings.warn('Policy enforcement is depending on the value of '
Jun 27 21:16:17.115599 dv-cinder-847733-1-iscsi devstack@c-api.service[110987]: INFO cinder.volume.api [None req-f690bb60-a8d1-4729-ac69-ddc2527ea0ef tempest-SnapshotsActionsTest-306318802 tempest-SnapshotsActionsTest-306318802-project] Snapshot retrieved successfully.
Jun 27 21:16:17.119171 dv-cinder-847733-1-iscsi devstack@c-api.service[110987]: INFO cinder.api.openstack.wsgi [None req-f690bb60-a8d1-4729-ac69-ddc2527ea0ef tempest-SnapshotsActionsTest-306318802 tempest-SnapshotsActionsTest-306318802-project] http://10.222.0.27/volume/v3/32b7a2210a464addbb01905f27b1db48/snapshots/bb6e784c-fc67-4105-8685-8a572253c15f returned with HTTP 200
Jun 27 21:16:17.127286 dv-cinder-847733-1-iscsi devstack@c-api.service[110987]: [pid: 110987|app: 0|req: 57/113] 10.222.0.27 () {58 vars in 1330 bytes} [Mon Jun 27 21:16:17 2022] GET /volume/v3/32b7a2210a464addbb01905f27b1db48/snapshots/bb6e784c-fc67-4105-8685-8a572253c15f => generated 465 bytes in 61 msecs (HTTP/1.1 200) 7 headers in 285 bytes (1 switches on core 0)
Jun 27 21:16:17.129143 dv-cinder-847733-1-iscsi devstack@c-api.service[110987]: DEBUG cinder.api.middleware.request_id [None req-748a465c-3a65-4f24-bf45-3bcf4e58dda6 None None] RequestId filter calling following filter/app {{(pid=110987) _context_setter /opt/stack/cinder/cinder/api/middleware/request_id.py:62}}
Jun 27 21:16:17.136822 dv-cinder-847733-1-iscsi devstack@c-api.service[110987]: INFO cinder.api.openstack.wsgi [None req-748a465c-3a65-4f24-bf45-3bcf4e58dda6 tempest-VolumeQuotasAdminTestJSON-2037672276 tempest-VolumeQuotasAdminTestJSON-2037672276-project] GET http://10.222.0.27/volume/v3/fbd72b1384ec4fccaef7b8dbb2418a0d/volumes/10f34047-2067-44bf-ab47-187cf6625b9f
Jun 27 21:16:17.137122 dv-cinder-847733-1-iscsi devstack@c-api.service[110987]: DEBUG cinder.api.openstack.wsgi [None req-748a465c-3a65-4f24-bf45-3bcf4e58dda6 tempest-VolumeQuotasAdminTestJSON-2037672276 tempest-VolumeQuotasAdminTestJSON-2037672276-project] Empty body provided in request {{(pid=110987) get_body /opt/stack/cinder/cinder/api/openstack/wsgi.py:715}}
Jun 27 21:16:17.139014 dv-cinder-847733-1-iscsi devstack@c-api.service[110987]: DEBUG cinder.api.openstack.wsgi [None req-748a465c-3a65-4f24-bf45-3bcf4e58dda6 tempest-VolumeQuotasAdminTestJSON-2037672276 tempest-VolumeQuotasAdminTestJSON-2037672276-project] Calling method 'show' {{(pid=110987) _process_stack /opt/stack/cinder/cinder/api/openstack/wsgi.py:868}}
Jun 27 21:16:17.142464 dv-cinder-847733-1-iscsi devstack@c-api.service[110986]: INFO cinder.api.openstack.wsgi [None req-27ce48fa-b956-437f-bef4-1b9a1048a2cd tempest-GroupsV314Test-30609555 tempest-GroupsV314Test-30609555-project-admin] http://10.222.0.27/volume/v3/f4a9c77596a94deda399342c53b22092/group_types returned with HTTP 202
Jun 27 21:16:17.144633 dv-cinder-847733-1-iscsi devstack@c-api.service[110986]: [pid: 110986|app: 0|req: 57/114] 10.222.0.27 () {62 vars in 1287 bytes} [Mon Jun 27 21:16:17 2022] POST /volume/v3/f4a9c77596a94deda399342c53b22092/group_types => generated 176 bytes in 39 msecs (HTTP/1.1 202) 7 headers in 292 bytes (1 switches on core 0)
Jun 27 21:16:17.146124 dv-cinder-847733-1-iscsi devstack@c-api.service[110986]: DEBUG cinder.api.middleware.request_id [None req-bf44995a-5fd8-4069-bb43-d6d572900dbb None None] RequestId filter calling following filter/app {{(pid=110986) _context_setter /opt/stack/cinder/cinder/api/middleware/request_id.py:62}}
Jun 27 21:16:17.156735 dv-cinder-847733-1-iscsi devstack@c-api.service[110986]: INFO cinder.api.openstack.wsgi [None req-bf44995a-5fd8-4069-bb43-d6d572900dbb tempest-SnapshotsActionsTest-669799850 tempest-SnapshotsActionsTest-669799850-project-admin] POST http://10.222.0.27/volume/v3/9205bb90c58d48d588f164eb67ce3a5b/snapshots/bb6e784c-fc67-4105-8685-8a572253c15f/action
Jun 27 21:16:17.158035 dv-cinder-847733-1-iscsi devstack@c-api.service[110986]: DEBUG cinder.api.openstack.wsgi [None req-bf44995a-5fd8-4069-bb43-d6d572900dbb tempest-SnapshotsActionsTest-669799850 tempest-SnapshotsActionsTest-669799850-project-admin] Action body: b'{"os-reset_status": {"status": "available"}}' {{(pid=110986) get_method /opt/stack/cinder/cinder/api/openstack/wsgi.py:983}}
Jun 27 21:16:17.158578 dv-cinder-847733-1-iscsi devstack@c-api.service[110986]: DEBUG cinder.api.openstack.wsgi [None req-bf44995a-5fd8-4069-bb43-d6d572900dbb tempest-SnapshotsActionsTest-669799850 tempest-SnapshotsActionsTest-669799850-project-admin] Action: 'action', calling method: _reset_status, body: {"os-reset_status": {"status": "available"}} {{(pid=110986) _process_stack /opt/stack/cinder/cinder/api/openstack/wsgi.py:866}}
Jun 27 21:16:17.160177 dv-cinder-847733-1-iscsi devstack@c-api.service[110986]: DEBUG cinder.api.contrib.admin_actions [None req-bf44995a-5fd8-4069-bb43-d6d572900dbb tempest-SnapshotsActionsTest-669799850 tempest-SnapshotsActionsTest-669799850-project-admin] Updating snapshot 'bb6e784c-fc67-4105-8685-8a572253c15f' with '{'status': 'available'}' {{(pid=110986) _reset_status /opt/stack/cinder/cinder/api/contrib/admin_actions.py:100}}
Jun 27 21:16:17.176806 dv-cinder-847733-1-iscsi devstack@c-api.service[110987]: /usr/local/lib/python3.8/dist-packages/oslo_context/context.py:100: DeprecationWarning: Policy enforcement is depending on the value of is_admin. This key is deprecated. Please update your policy file to use the standard policy values.
Jun 27 21:16:17.176806 dv-cinder-847733-1-iscsi devstack@c-api.service[110987]: warnings.warn('Policy enforcement is depending on the value of '
Jun 27 21:16:17.200422 dv-cinder-847733-1-iscsi devstack@c-api.service[110987]: INFO cinder.volume.api [None req-748a465c-3a65-4f24-bf45-3bcf4e58dda6 tempest-VolumeQuotasAdminTestJSON-2037672276 tempest-VolumeQuotasAdminTestJSON-2037672276-project] Volume info retrieved successfully.
Jun 27 21:16:17.204795 dv-cinder-847733-1-iscsi devstack@c-api.service[110986]: DEBUG dbcounter [-] [110986] Writing DB stats cinder:INSERT=10,cinder:SELECT=79,cinder:UPDATE=11 {{(pid=110986) stat_writer /usr/local/lib/python3.8/dist-packages/dbcounter.py:114}}
Jun 27 21:16:17.223467 dv-cinder-847733-1-iscsi devstack@c-api.service[110986]: /usr/local/lib/python3.8/dist-packages/oslo_context/context.py:100: DeprecationWarning: Policy enforcement is depending on the value of is_admin. This key is deprecated. Please update your policy file to use the standard policy values.
Jun 27 21:16:17.223467 dv-cinder-847733-1-iscsi devstack@c-api.service[110986]: warnings.warn('Policy enforcement is depending on the value of '
Jun 27 21:16:17.224034 dv-cinder-847733-1-iscsi devstack@c-api.service[110987]: INFO cinder.api.openstack.wsgi [None req-748a465c-3a65-4f24-bf45-3bcf4e58dda6 tempest-VolumeQuotasAdminTestJSON-2037672276 tempest-VolumeQuotasAdminTestJSON-2037672276-project] http://10.222.0.27/volume/v3/fbd72b1384ec4fccaef7b8dbb2418a0d/volumes/10f34047-2067-44bf-ab47-187cf6625b9f returned with HTTP 200
Jun 27 21:16:17.224929 dv-cinder-847733-1-iscsi devstack@c-api.service[110987]: [pid: 110987|app: 0|req: 58/115] 10.222.0.27 () {58 vars in 1324 bytes} [Mon Jun 27 21:16:17 2022] GET /volume/v3/fbd72b1384ec4fccaef7b8dbb2418a0d/volumes/10f34047-2067-44bf-ab47-187cf6625b9f => generated 915 bytes in 97 msecs (HTTP/1.1 200) 7 headers in 285 bytes (1 switches on core 0)
Jun 27 21:16:17.235648 dv-cinder-847733-1-iscsi devstack@c-api.service[110987]: DEBUG cinder.api.middleware.request_id [None req-ce26af37-ea78-4188-8a78-cd03fa0563e9 None None] RequestId filter calling following filter/app {{(pid=110987) _context_setter /opt/stack/cinder/cinder/api/middleware/request_id.py:62}}
Jun 27 21:16:17.258621 dv-cinder-847733-1-iscsi devstack@c-api.service[110986]: INFO cinder.api.openstack.wsgi [None req-bf44995a-5fd8-4069-bb43-d6d572900dbb tempest-SnapshotsActionsTest-669799850 tempest-SnapshotsActionsTest-669799850-project-admin] http://10.222.0.27/volume/v3/9205bb90c58d48d588f164eb67ce3a5b/snapshots/bb6e784c-fc67-4105-8685-8a572253c15f/action returned with HTTP 202
Jun 27 21:16:17.260072 dv-cinder-847733-1-iscsi devstack@c-api.service[110986]: [pid: 110986|app: 0|req: 58/116] 10.222.0.27 () {60 vars in 1372 bytes} [Mon Jun 27 21:16:17 2022] POST /volume/v3/9205bb90c58d48d588f164eb67ce3a5b/snapshots/bb6e784c-fc67-4105-8685-8a572253c15f/action => generated 0 bytes in 115 msecs (HTTP/1.1 202) 7 headers in 289 bytes (1 switches on core 0)
Jun 27 21:16:17.265283 dv-cinder-847733-1-iscsi devstack@c-api.service[110986]: DEBUG cinder.api.middleware.request_id [None req-86ec5be3-2df2-4442-8411-849b425b70de None None] RequestId filter calling following filter/app {{(pid=110986) _context_setter /opt/stack/cinder/cinder/api/middleware/request_id.py:62}}
Jun 27 21:16:17.271082 dv-cinder-847733-1-iscsi devstack@c-api.service[110986]: INFO cinder.api.openstack.wsgi [None req-86ec5be3-2df2-4442-8411-849b425b70de tempest-SnapshotsActionsTest-306318802 tempest-SnapshotsActionsTest-306318802-project] GET http://10.222.0.27/volume/v3/32b7a2210a464addbb01905f27b1db48/snapshots/bb6e784c-fc67-4105-8685-8a572253c15f
Jun 27 21:16:17.271960 dv-cinder-847733-1-iscsi devstack@c-api.service[110986]: DEBUG cinder.api.openstack.wsgi [None req-86ec5be3-2df2-4442-8411-849b425b70de tempest-SnapshotsActionsTest-306318802 tempest-SnapshotsActionsTest-306318802-project] Empty body provided in request {{(pid=110986) get_body /opt/stack/cinder/cinder/api/openstack/wsgi.py:715}}
Jun 27 21:16:17.272601 dv-cinder-847733-1-iscsi devstack@c-api.service[110986]: DEBUG cinder.api.openstack.wsgi [None req-86ec5be3-2df2-4442-8411-849b425b70de tempest-SnapshotsActionsTest-306318802 tempest-SnapshotsActionsTest-306318802-project] Calling method 'show' {{(pid=110986) _process_stack /opt/stack/cinder/cinder/api/openstack/wsgi.py:868}}
Jun 27 21:16:17.299170 dv-cinder-847733-1-iscsi devstack@c-api.service[110986]: /usr/local/lib/python3.8/dist-packages/oslo_context/context.py:100: DeprecationWarning: Policy enforcement is depending on the value of is_admin. This key is deprecated. Please update your policy file to use the standard policy values.
Jun 27 21:16:17.299170 dv-cinder-847733-1-iscsi devstack@c-api.service[110986]: warnings.warn('Policy enforcement is depending on the value of '
Jun 27 21:16:17.300223 dv-cinder-847733-1-iscsi devstack@c-api.service[110986]: INFO cinder.volume.api [None req-86ec5be3-2df2-4442-8411-849b425b70de tempest-SnapshotsActionsTest-306318802 tempest-SnapshotsActionsTest-306318802-project] Snapshot retrieved successfully.
Jun 27 21:16:17.302050 dv-cinder-847733-1-iscsi devstack@c-api.service[110986]: INFO cinder.api.openstack.wsgi [None req-86ec5be3-2df2-4442-8411-849b425b70de tempest-SnapshotsActionsTest-306318802 tempest-SnapshotsActionsTest-306318802-project] http://10.222.0.27/volume/v3/32b7a2210a464addbb01905f27b1db48/snapshots/bb6e784c-fc67-4105-8685-8a572253c15f returned with HTTP 200
