Sep 07 18:56:07.103204 dv-cinder-847732-5-iscsi devstack@keystone.service[81601]: DEBUG keystone.server.flask.request_processing.middleware.auth_context [None req-35b6b918-0dd7-45ec-9668-64443dd3921c None admin] Authenticating user token {{(pid=81601) process_request /usr/local/lib/python3.8/dist-packages/keystonemiddleware/auth_token/__init__.py:407}}
Sep 07 18:56:07.137997 dv-cinder-847732-5-iscsi devstack@keystone.service[81602]: DEBUG keystone.server.flask.request_processing.middleware.auth_context [None req-39d1fcb8-e33d-4b72-b3a9-7ebe70cb3d10 None admin] RBAC: auth_context: {'token': , 'domain_id': None, 'trust_id': None, 'trustor_id': None, 'trustee_id': None, 'domain_name': None, 'group_ids': [], 'user_id': 'bc4a17a3aa754cf9b61c2b367071735b', 'user_domain_id': 'default', 'system_scope': 'all', 'project_id': None, 'project_domain_id': None, 'roles': ['admin', 'member', 'reader'], 'is_admin_project': True, 'service_user_id': None, 'service_user_domain_id': None, 'service_project_id': None, 'service_project_domain_id': None, 'service_roles': []} {{(pid=81602) fill_context /opt/stack/keystone/keystone/server/flask/request_processing/middleware/auth_context.py:478}}
Sep 07 18:56:07.194183 dv-cinder-847732-5-iscsi devstack@keystone.service[81602]: DEBUG keystone.server.flask.request_processing.req_logging [None req-39d1fcb8-e33d-4b72-b3a9-7ebe70cb3d10 None admin] REQUEST_METHOD: `GET` {{(pid=81602) log_request_info /opt/stack/keystone/keystone/server/flask/request_processing/req_logging.py:27}}
Sep 07 18:56:07.194183 dv-cinder-847732-5-iscsi devstack@keystone.service[81602]: DEBUG keystone.server.flask.request_processing.req_logging [None req-39d1fcb8-e33d-4b72-b3a9-7ebe70cb3d10 None admin] SCRIPT_NAME: `/identity` {{(pid=81602) log_request_info /opt/stack/keystone/keystone/server/flask/request_processing/req_logging.py:28}}
Sep 07 18:56:07.194183 dv-cinder-847732-5-iscsi devstack@keystone.service[81602]: DEBUG keystone.server.flask.request_processing.req_logging [None req-39d1fcb8-e33d-4b72-b3a9-7ebe70cb3d10 None admin] PATH_INFO: `/v3/groups/921ccc6b9791486996cf96258605d1a5` {{(pid=81602) log_request_info /opt/stack/keystone/keystone/server/flask/request_processing/req_logging.py:29}}
Sep 07 18:56:07.194472 dv-cinder-847732-5-iscsi devstack@keystone.service[81601]: DEBUG dbcounter [-] [81601] Writing DB stats keystone:SELECT=100 {{(pid=81601) stat_writer /usr/local/lib/python3.8/dist-packages/dbcounter.py:114}}
Sep 07 18:56:07.194883 dv-cinder-847732-5-iscsi devstack@keystone.service[81602]: DEBUG keystone.common.rbac_enforcer.enforcer [None req-39d1fcb8-e33d-4b72-b3a9-7ebe70cb3d10 None admin] RBAC: Authorizing `identity:get_group(group_id=921ccc6b9791486996cf96258605d1a5)` {{(pid=81602) enforce_call /opt/stack/keystone/keystone/common/rbac_enforcer/enforcer.py:449}}
Sep 07 18:56:07.194883 dv-cinder-847732-5-iscsi devstack@keystone.service[81602]: DEBUG keystone.common.rbac_enforcer.enforcer [None req-39d1fcb8-e33d-4b72-b3a9-7ebe70cb3d10 None admin] RBAC: Authorization granted {{(pid=81602) enforce_call /opt/stack/keystone/keystone/common/rbac_enforcer/enforcer.py:457}}
Sep 07 18:56:07.194883 dv-cinder-847732-5-iscsi devstack@keystone.service[81602]: [pid: 81602|app: 0|req: 188/367] 10.222.0.46 () {56 vars in 1180 bytes} [Wed Sep 7 18:56:06 2022] GET /identity/v3/groups/921ccc6b9791486996cf96258605d1a5 => generated 226 bytes in 196 msecs (HTTP/1.1 200) 5 headers in 177 bytes (1 switches on core 0)
Sep 07 18:56:07.194883 dv-cinder-847732-5-iscsi devstack@keystone.service[81602]: DEBUG keystone.server.flask.request_processing.middleware.auth_context [None req-39d1fcb8-e33d-4b72-b3a9-7ebe70cb3d10 None admin] Authenticating user token {{(pid=81602) process_request /usr/local/lib/python3.8/dist-packages/keystonemiddleware/auth_token/__init__.py:407}}
Sep 07 18:56:07.251529 dv-cinder-847732-5-iscsi devstack@keystone.service[81601]: DEBUG keystone.server.flask.request_processing.middleware.auth_context [None req-35b6b918-0dd7-45ec-9668-64443dd3921c None admin] Validating token access rules against request {{(pid=81601) validate_allowed_request /usr/local/lib/python3.8/dist-packages/keystonemiddleware/auth_token/__init__.py:545}}
Sep 07 18:56:07.252118 dv-cinder-847732-5-iscsi devstack@keystone.service[81602]: DEBUG dbcounter [-] [81602] Writing DB stats keystone:SELECT=100 {{(pid=81602) stat_writer /usr/local/lib/python3.8/dist-packages/dbcounter.py:114}}
Sep 07 18:56:07.281211 dv-cinder-847732-5-iscsi devstack@keystone.service[81602]: DEBUG keystone.server.flask.request_processing.middleware.auth_context [None req-39d1fcb8-e33d-4b72-b3a9-7ebe70cb3d10 None admin] Validating token access rules against request {{(pid=81602) validate_allowed_request /usr/local/lib/python3.8/dist-packages/keystonemiddleware/auth_token/__init__.py:545}}
Sep 07 18:56:07.300924 dv-cinder-847732-5-iscsi devstack@keystone.service[81601]: DEBUG keystone.server.flask.request_processing.middleware.auth_context [None req-881be60b-6166-4c00-a206-f41cac640ce3 None admin] RBAC: auth_context: {'token': , 'domain_id': None, 'trust_id': None, 'trustor_id': None, 'trustee_id': None, 'domain_name': None, 'group_ids': [], 'user_id': 'bc4a17a3aa754cf9b61c2b367071735b', 'user_domain_id': 'default', 'system_scope': 'all', 'project_id': None, 'project_domain_id': None, 'roles': ['admin', 'member', 'reader'], 'is_admin_project': True, 'service_user_id': None, 'service_user_domain_id': None, 'service_project_id': None, 'service_project_domain_id': None, 'service_roles': []} {{(pid=81601) fill_context /opt/stack/keystone/keystone/server/flask/request_processing/middleware/auth_context.py:478}}
Sep 07 18:56:07.301543 dv-cinder-847732-5-iscsi devstack@keystone.service[81601]: DEBUG keystone.server.flask.request_processing.req_logging [None req-881be60b-6166-4c00-a206-f41cac640ce3 None admin] REQUEST_METHOD: `GET` {{(pid=81601) log_request_info /opt/stack/keystone/keystone/server/flask/request_processing/req_logging.py:27}}
Sep 07 18:56:07.301818 dv-cinder-847732-5-iscsi devstack@keystone.service[81601]: DEBUG keystone.server.flask.request_processing.req_logging [None req-881be60b-6166-4c00-a206-f41cac640ce3 None admin] SCRIPT_NAME: `/identity` {{(pid=81601) log_request_info /opt/stack/keystone/keystone/server/flask/request_processing/req_logging.py:28}}
Sep 07 18:56:07.302087 dv-cinder-847732-5-iscsi devstack@keystone.service[81601]: DEBUG keystone.server.flask.request_processing.req_logging [None req-881be60b-6166-4c00-a206-f41cac640ce3 None admin] PATH_INFO: `/v3/roles` {{(pid=81601) log_request_info /opt/stack/keystone/keystone/server/flask/request_processing/req_logging.py:29}}
Sep 07 18:56:07.302789 dv-cinder-847732-5-iscsi devstack@keystone.service[81601]: DEBUG keystone.common.rbac_enforcer.enforcer [None req-881be60b-6166-4c00-a206-f41cac640ce3 None admin] RBAC: Adding query filter params (name=anotherrole) {{(pid=81601) _extract_filter_values /opt/stack/keystone/keystone/common/rbac_enforcer/enforcer.py:167}}
Sep 07 18:56:07.303091 dv-cinder-847732-5-iscsi devstack@keystone.service[81601]: DEBUG keystone.common.rbac_enforcer.enforcer [None req-881be60b-6166-4c00-a206-f41cac640ce3 None admin] RBAC: Authorizing `identity:list_roles()` {{(pid=81601) enforce_call /opt/stack/keystone/keystone/common/rbac_enforcer/enforcer.py:449}}
Sep 07 18:56:07.304460 dv-cinder-847732-5-iscsi devstack@keystone.service[81601]: DEBUG keystone.common.rbac_enforcer.enforcer [None req-881be60b-6166-4c00-a206-f41cac640ce3 None admin] RBAC: Authorization granted {{(pid=81601) enforce_call /opt/stack/keystone/keystone/common/rbac_enforcer/enforcer.py:457}}
Sep 07 18:56:07.316244 dv-cinder-847732-5-iscsi devstack@keystone.service[81601]: [pid: 81601|app: 0|req: 180/368] 10.222.0.46 () {56 vars in 1111 bytes} [Wed Sep 7 18:56:07 2022] GET /identity/v3/roles?name=anotherrole => generated 334 bytes in 213 msecs (HTTP/1.1 200) 5 headers in 177 bytes (1 switches on core 0)
Sep 07 18:56:07.316891 dv-cinder-847732-5-iscsi devstack@keystone.service[81601]: DEBUG keystone.server.flask.request_processing.middleware.auth_context [None req-881be60b-6166-4c00-a206-f41cac640ce3 None admin] Authenticating user token {{(pid=81601) process_request /usr/local/lib/python3.8/dist-packages/keystonemiddleware/auth_token/__init__.py:407}}
Sep 07 18:56:07.328481 dv-cinder-847732-5-iscsi devstack@keystone.service[81602]: DEBUG keystone.server.flask.request_processing.middleware.auth_context [None req-780012ee-ed4e-4cb3-86bf-c461cf5a91a0 None admin] RBAC: auth_context: {'token': , 'domain_id': None, 'trust_id': None, 'trustor_id': None, 'trustee_id': None, 'domain_name': None, 'group_ids': [], 'user_id': 'bc4a17a3aa754cf9b61c2b367071735b', 'user_domain_id': 'default', 'system_scope': 'all', 'project_id': None, 'project_domain_id': None, 'roles': ['admin', 'member', 'reader'], 'is_admin_project': True, 'service_user_id': None, 'service_user_domain_id': None, 'service_project_id': None, 'service_project_domain_id': None, 'service_roles': []} {{(pid=81602) fill_context /opt/stack/keystone/keystone/server/flask/request_processing/middleware/auth_context.py:478}}
Sep 07 18:56:07.329119 dv-cinder-847732-5-iscsi devstack@keystone.service[81602]: DEBUG keystone.server.flask.request_processing.req_logging [None req-780012ee-ed4e-4cb3-86bf-c461cf5a91a0 None admin] REQUEST_METHOD: `GET` {{(pid=81602) log_request_info /opt/stack/keystone/keystone/server/flask/request_processing/req_logging.py:27}}
Sep 07 18:56:07.329394 dv-cinder-847732-5-iscsi devstack@keystone.service[81602]: DEBUG keystone.server.flask.request_processing.req_logging [None req-780012ee-ed4e-4cb3-86bf-c461cf5a91a0 None admin] SCRIPT_NAME: `/identity` {{(pid=81602) log_request_info /opt/stack/keystone/keystone/server/flask/request_processing/req_logging.py:28}}
Sep 07 18:56:07.329664 dv-cinder-847732-5-iscsi devstack@keystone.service[81602]: DEBUG keystone.server.flask.request_processing.req_logging [None req-780012ee-ed4e-4cb3-86bf-c461cf5a91a0 None admin] PATH_INFO: `/v3/roles/admin` {{(pid=81602) log_request_info /opt/stack/keystone/keystone/server/flask/request_processing/req_logging.py:29}}
Sep 07 18:56:07.343009 dv-cinder-847732-5-iscsi devstack@keystone.service[81602]: DEBUG keystone.common.rbac_enforcer.enforcer [None req-780012ee-ed4e-4cb3-86bf-c461cf5a91a0 None admin] Extracting inferred target data resulted in "NOT FOUND (404)". {{(pid=81602) enforce_call /opt/stack/keystone/keystone/common/rbac_enforcer/enforcer.py:409}}
Sep 07 18:56:07.347872 dv-cinder-847732-5-iscsi devstack@keystone.service[81602]: ERROR keystone.server.flask.application [None req-780012ee-ed4e-4cb3-86bf-c461cf5a91a0 None admin] Could not find role: admin.: keystone.exception.RoleNotFound: Could not find role: admin.
Sep 07 18:56:07.347872 dv-cinder-847732-5-iscsi devstack@keystone.service[81602]: ERROR keystone.server.flask.application
Traceback (most recent call last):
Sep 07 18:56:07.347872 dv-cinder-847732-5-iscsi devstack@keystone.service[81602]: ERROR keystone.server.flask.application
File "/usr/local/lib/python3.8/dist-packages/flask/app.py", line 1820, in full_dispatch_request
Sep 07 18:56:07.347872 dv-cinder-847732-5-iscsi devstack@keystone.service[81602]: ERROR keystone.server.flask.application rv = self.dispatch_request()
Sep 07 18:56:07.347872 dv-cinder-847732-5-iscsi devstack@keystone.service[81602]: ERROR keystone.server.flask.application
File "/usr/local/lib/python3.8/dist-packages/flask/app.py", line 1796, in dispatch_request
Sep 07 18:56:07.347872 dv-cinder-847732-5-iscsi devstack@keystone.service[81602]: ERROR keystone.server.flask.application return self.ensure_sync(self.view_functions[rule.endpoint])(**view_args)
Sep 07 18:56:07.347872 dv-cinder-847732-5-iscsi devstack@keystone.service[81602]: ERROR keystone.server.flask.application
File "/usr/local/lib/python3.8/dist-packages/flask_restful/__init__.py", line 467, in wrapper
Sep 07 18:56:07.347872 dv-cinder-847732-5-iscsi devstack@keystone.service[81602]: ERROR keystone.server.flask.application resp = resource(*args, **kwargs)
Sep 07 18:56:07.347872 dv-cinder-847732-5-iscsi devstack@keystone.service[81602]: ERROR keystone.server.flask.application
File "/usr/local/lib/python3.8/dist-packages/flask/views.py", line 107, in view
Sep 07 18:56:07.347872 dv-cinder-847732-5-iscsi devstack@keystone.service[81602]: ERROR keystone.server.flask.application return current_app.ensure_sync(self.dispatch_request)(**kwargs)
Sep 07 18:56:07.347872 dv-cinder-847732-5-iscsi devstack@keystone.service[81602]: ERROR keystone.server.flask.application
File "/usr/local/lib/python3.8/dist-packages/flask_restful/__init__.py", line 582, in dispatch_request
Sep 07 18:56:07.347872 dv-cinder-847732-5-iscsi devstack@keystone.service[81602]: ERROR keystone.server.flask.application resp = meth(*args, **kwargs)
Sep 07 18:56:07.347872 dv-cinder-847732-5-iscsi devstack@keystone.service[81602]: ERROR keystone.server.flask.application
File "/opt/stack/keystone/keystone/api/roles.py", line 50, in get
Sep 07 18:56:07.347872 dv-cinder-847732-5-iscsi devstack@keystone.service[81602]: ERROR keystone.server.flask.application return self._get_role(role_id)
Sep 07 18:56:07.347872 dv-cinder-847732-5-iscsi devstack@keystone.service[81602]: ERROR keystone.server.flask.application
File "/opt/stack/keystone/keystone/api/roles.py", line 70, in _get_role
Sep 07 18:56:07.347872 dv-cinder-847732-5-iscsi devstack@keystone.service[81602]: ERROR keystone.server.flask.application ENFORCER.enforce_call(action='identity:get_role')
Sep 07 18:56:07.348794 dv-cinder-847732-5-iscsi devstack@keystone.service[81602]: ERROR keystone.server.flask.application
File "/opt/stack/keystone/keystone/common/rbac_enforcer/enforcer.py", line 402, in enforce_call
Sep 07 18:56:07.348794 dv-cinder-847732-5-iscsi devstack@keystone.service[81602]: ERROR keystone.server.flask.application policy_dict.update(cls._extract_member_target_data(
Sep 07 18:56:07.348794 dv-cinder-847732-5-iscsi devstack@keystone.service[81602]: ERROR keystone.server.flask.application
File "/opt/stack/keystone/keystone/common/rbac_enforcer/enforcer.py", line 234, in _extract_member_target_data
Sep 07 18:56:07.348794 dv-cinder-847732-5-iscsi devstack@keystone.service[81602]: ERROR keystone.server.flask.application member_name: func(flask.request.view_args[key])
Sep 07 18:56:07.348794 dv-cinder-847732-5-iscsi devstack@keystone.service[81602]: ERROR keystone.server.flask.application
File "/opt/stack/keystone/keystone/common/manager.py", line 115, in wrapped
Sep 07 18:56:07.348794 dv-cinder-847732-5-iscsi devstack@keystone.service[81602]: ERROR keystone.server.flask.application __ret_val = __f(*args, **kwargs)
Sep 07 18:56:07.348794 dv-cinder-847732-5-iscsi devstack@keystone.service[81602]: ERROR keystone.server.flask.application
File "/usr/local/lib/python3.8/dist-packages/decorator.py", line 232, in fun
Sep 07 18:56:07.348794 dv-cinder-847732-5-iscsi devstack@keystone.service[81602]: ERROR keystone.server.flask.application return caller(func, *(extras + args), **kw)
Sep 07 18:56:07.348794 dv-cinder-847732-5-iscsi devstack@keystone.service[81602]: ERROR keystone.server.flask.application
File "/usr/local/lib/python3.8/dist-packages/dogpile/cache/region.py", line 1577, in get_or_create_for_user_func
Sep 07 18:56:07.348794 dv-cinder-847732-5-iscsi devstack@keystone.service[81602]: ERROR keystone.server.flask.application return self.get_or_create(
Sep 07 18:56:07.348794 dv-cinder-847732-5-iscsi devstack@keystone.service[81602]: ERROR keystone.server.flask.application
File "/usr/local/lib/python3.8/dist-packages/dogpile/cache/region.py", line 1042, in get_or_create
Sep 07 18:56:07.348794 dv-cinder-847732-5-iscsi devstack@keystone.service[81602]: ERROR keystone.server.flask.application with Lock(
Sep 07 18:56:07.348794 dv-cinder-847732-5-iscsi devstack@keystone.service[81602]: ERROR keystone.server.flask.application
File "/usr/local/lib/python3.8/dist-packages/dogpile/lock.py", line 185, in __enter__
Sep 07 18:56:07.348794 dv-cinder-847732-5-iscsi devstack@keystone.service[81602]: ERROR keystone.server.flask.application return self._enter()
Sep 07 18:56:07.348794 dv-cinder-847732-5-iscsi devstack@keystone.service[81602]: ERROR keystone.server.flask.application
File "/usr/local/lib/python3.8/dist-packages/dogpile/lock.py", line 94, in _enter
Sep 07 18:56:07.348794 dv-cinder-847732-5-iscsi devstack@keystone.service[81602]: ERROR keystone.server.flask.application generated = self._enter_create(value, createdtime)
Sep 07 18:56:07.349634 dv-cinder-847732-5-iscsi devstack@keystone.service[81602]: ERROR keystone.server.flask.application
File "/usr/local/lib/python3.8/dist-packages/dogpile/lock.py", line 178, in _enter_create
Sep 07 18:56:07.349634 dv-cinder-847732-5-iscsi devstack@keystone.service[81602]: ERROR keystone.server.flask.application return self.creator()
Sep 07 18:56:07.349634 dv-cinder-847732-5-iscsi devstack@keystone.service[81602]: ERROR keystone.server.flask.application
File "/usr/local/lib/python3.8/dist-packages/dogpile/cache/region.py", line 995, in gen_value
Sep 07 18:56:07.349634 dv-cinder-847732-5-iscsi devstack@keystone.service[81602]: ERROR keystone.server.flask.application created_value = creator(
Sep 07 18:56:07.349634 dv-cinder-847732-5-iscsi devstack@keystone.service[81602]: ERROR keystone.server.flask.application
File "/opt/stack/keystone/keystone/assignment/core.py", line 1276, in get_role
Sep 07 18:56:07.349634 dv-cinder-847732-5-iscsi devstack@keystone.service[81602]: ERROR keystone.server.flask.application return self.driver.get_role(role_id)
Sep 07 18:56:07.349634 dv-cinder-847732-5-iscsi devstack@keystone.service[81602]: ERROR keystone.server.flask.application
File "/opt/stack/keystone/keystone/assignment/role_backends/sql.py", line 70, in get_role
Sep 07 18:56:07.349634 dv-cinder-847732-5-iscsi devstack@keystone.service[81602]: ERROR keystone.server.flask.application return self._get_role(session, role_id).to_dict()
Sep 07 18:56:07.349634 dv-cinder-847732-5-iscsi devstack@keystone.service[81602]: ERROR keystone.server.flask.application
File "/opt/stack/keystone/keystone/assignment/role_backends/sql.py", line 65, in _get_role
Sep 07 18:56:07.349634 dv-cinder-847732-5-iscsi devstack@keystone.service[81602]: ERROR keystone.server.flask.application raise exception.RoleNotFound(role_id=role_id)
Sep 07 18:56:07.349634 dv-cinder-847732-5-iscsi devstack@keystone.service[81602]: ERROR keystone.server.flask.application keystone.exception.RoleNotFound: Could not find role: admin.
Sep 07 18:56:07.349634 dv-cinder-847732-5-iscsi devstack@keystone.service[81602]: ERROR keystone.server.flask.application
Sep 07 18:56:07.349634 dv-cinder-847732-5-iscsi devstack@keystone.service[81602]: [pid: 81602|app: 0|req: 189/369] 10.222.0.46 () {56 vars in 1096 bytes} [Wed Sep 7 18:56:07 2022] GET /identity/v3/roles/admin => generated 83 bytes in 204 msecs (HTTP/1.1 404) 5 headers in 183 bytes (1 switches on core 0)
Sep 07 18:56:07.350389 dv-cinder-847732-5-iscsi devstack@keystone.service[81602]: DEBUG keystone.server.flask.request_processing.middleware.auth_context [None req-780012ee-ed4e-4cb3-86bf-c461cf5a91a0 None admin] Authenticating user token {{(pid=81602) process_request /usr/local/lib/python3.8/dist-packages/keystonemiddleware/auth_token/__init__.py:407}}
Sep 07 18:56:07.443502 dv-cinder-847732-5-iscsi devstack@keystone.service[81601]: DEBUG dbcounter [-] [81601] Writing DB stats keystone:SELECT=100 {{(pid=81601) stat_writer /usr/local/lib/python3.8/dist-packages/dbcounter.py:114}}
Sep 07 18:56:07.458738 dv-cinder-847732-5-iscsi devstack@keystone.service[81601]: DEBUG keystone.server.flask.request_processing.middleware.auth_context [None req-881be60b-6166-4c00-a206-f41cac640ce3 None admin] Validating token access rules against request {{(pid=81601) validate_allowed_request /usr/local/lib/python3.8/dist-packages/keystonemiddleware/auth_token/__init__.py:545}}
Sep 07 18:56:07.479121 dv-cinder-847732-5-iscsi devstack@keystone.service[81602]: DEBUG keystone.server.flask.request_processing.middleware.auth_context [None req-780012ee-ed4e-4cb3-86bf-c461cf5a91a0 None admin] Validating token access rules against request {{(pid=81602) validate_allowed_request /usr/local/lib/python3.8/dist-packages/keystonemiddleware/auth_token/__init__.py:545}}
Sep 07 18:56:07.497212 dv-cinder-847732-5-iscsi devstack@keystone.service[81601]: DEBUG keystone.server.flask.request_processing.middleware.auth_context [None req-df21080b-7cf6-418a-a1d7-92dde753c9a9 None admin] RBAC: auth_context: {'token': , 'domain_id': None, 'trust_id': None, 'trustor_id': None, 'trustee_id': None, 'domain_name': None, 'group_ids': [], 'user_id': 'bc4a17a3aa754cf9b61c2b367071735b', 'user_domain_id': 'default', 'system_scope': 'all', 'project_id': None, 'project_domain_id': None, 'roles': ['admin', 'member', 'reader'], 'is_admin_project': True, 'service_user_id': None, 'service_user_domain_id': None, 'service_project_id': None, 'service_project_domain_id': None, 'service_roles': []} {{(pid=81601) fill_context /opt/stack/keystone/keystone/server/flask/request_processing/middleware/auth_context.py:478}}
Sep 07 18:56:07.497594 dv-cinder-847732-5-iscsi devstack@keystone.service[81601]: DEBUG keystone.server.flask.request_processing.req_logging [None req-df21080b-7cf6-418a-a1d7-92dde753c9a9 None admin] REQUEST_METHOD: `GET` {{(pid=81601) log_request_info /opt/stack/keystone/keystone/server/flask/request_processing/req_logging.py:27}}
Sep 07 18:56:07.497971 dv-cinder-847732-5-iscsi devstack@keystone.service[81601]: DEBUG keystone.server.flask.request_processing.req_logging [None req-df21080b-7cf6-418a-a1d7-92dde753c9a9 None admin] SCRIPT_NAME: `/identity` {{(pid=81601) log_request_info /opt/stack/keystone/keystone/server/flask/request_processing/req_logging.py:28}}
Sep 07 18:56:07.498255 dv-cinder-847732-5-iscsi devstack@keystone.service[81601]: DEBUG keystone.server.flask.request_processing.req_logging [None req-df21080b-7cf6-418a-a1d7-92dde753c9a9 None admin] PATH_INFO: `/v3/role_assignments` {{(pid=81601) log_request_info /opt/stack/keystone/keystone/server/flask/request_processing/req_logging.py:29}}
Sep 07 18:56:07.500710 dv-cinder-847732-5-iscsi devstack@keystone.service[81601]: DEBUG keystone.common.rbac_enforcer.enforcer [None req-df21080b-7cf6-418a-a1d7-92dde753c9a9 None admin] RBAC: Adding query filter params (group.id=921ccc6b9791486996cf96258605d1a5, role.id=b6752aeca4994d6292f5216c4d87e805, scope.project.id=20b1e025ed514544abb2932a8dace90d) {{(pid=81601) _extract_filter_values /opt/stack/keystone/keystone/common/rbac_enforcer/enforcer.py:167}}
Sep 07 18:56:07.500710 dv-cinder-847732-5-iscsi devstack@keystone.service[81601]: DEBUG keystone.common.rbac_enforcer.enforcer [None req-df21080b-7cf6-418a-a1d7-92dde753c9a9 None admin] RBAC: Authorizing `identity:list_role_assignments()` {{(pid=81601) enforce_call /opt/stack/keystone/keystone/common/rbac_enforcer/enforcer.py:449}}
Sep 07 18:56:07.501819 dv-cinder-847732-5-iscsi devstack@keystone.service[81601]: DEBUG keystone.common.rbac_enforcer.enforcer [None req-df21080b-7cf6-418a-a1d7-92dde753c9a9 None admin] RBAC: Authorization granted {{(pid=81601) enforce_call /opt/stack/keystone/keystone/common/rbac_enforcer/enforcer.py:457}}
Sep 07 18:56:07.508292 dv-cinder-847732-5-iscsi devstack@keystone.service[81601]: [pid: 81601|app: 0|req: 181/370] 10.222.0.46 () {56 vars in 1376 bytes} [Wed Sep 7 18:56:07 2022] GET /identity/v3/role_assignments?group.id=921ccc6b9791486996cf96258605d1a5&scope.project.id=20b1e025ed514544abb2932a8dace90d&role.id=b6752aeca4994d6292f5216c4d87e805 => generated 260 bytes in 191 msecs (HTTP/1.1 200) 5 headers in 177 bytes (1 switches on core 0)
Sep 07 18:56:07.509011 dv-cinder-847732-5-iscsi devstack@keystone.service[81601]: DEBUG keystone.server.flask.request_processing.middleware.auth_context [None req-df21080b-7cf6-418a-a1d7-92dde753c9a9 None admin] Authenticating user token {{(pid=81601) process_request /usr/local/lib/python3.8/dist-packages/keystonemiddleware/auth_token/__init__.py:407}}
Sep 07 18:56:07.517625 dv-cinder-847732-5-iscsi devstack@keystone.service[81602]: DEBUG keystone.server.flask.request_processing.middleware.auth_context [None req-1f7dd4f9-81d1-44dc-8190-a841d0f45772 None admin] RBAC: auth_context: {'token': , 'domain_id': None, 'trust_id': None, 'trustor_id': None, 'trustee_id': None, 'domain_name': None, 'group_ids': [], 'user_id': 'bc4a17a3aa754cf9b61c2b367071735b', 'user_domain_id': 'default', 'system_scope': 'all', 'project_id': None, 'project_domain_id': None, 'roles': ['admin', 'member', 'reader'], 'is_admin_project': True, 'service_user_id': None, 'service_user_domain_id': None, 'service_project_id': None, 'service_project_domain_id': None, 'service_roles': []} {{(pid=81602) fill_context /opt/stack/keystone/keystone/server/flask/request_processing/middleware/auth_context.py:478}}
Sep 07 18:56:07.518760 dv-cinder-847732-5-iscsi devstack@keystone.service[81602]: DEBUG keystone.server.flask.request_processing.req_logging [None req-1f7dd4f9-81d1-44dc-8190-a841d0f45772 None admin] REQUEST_METHOD: `GET` {{(pid=81602) log_request_info /opt/stack/keystone/keystone/server/flask/request_processing/req_logging.py:27}}
Sep 07 18:56:07.519249 dv-cinder-847732-5-iscsi devstack@keystone.service[81602]: DEBUG keystone.server.flask.request_processing.req_logging [None req-1f7dd4f9-81d1-44dc-8190-a841d0f45772 None admin] SCRIPT_NAME: `/identity` {{(pid=81602) log_request_info /opt/stack/keystone/keystone/server/flask/request_processing/req_logging.py:28}}
Sep 07 18:56:07.519737 dv-cinder-847732-5-iscsi devstack@keystone.service[81602]: DEBUG keystone.server.flask.request_processing.req_logging [None req-1f7dd4f9-81d1-44dc-8190-a841d0f45772 None admin] PATH_INFO: `/v3/role_assignments` {{(pid=81602) log_request_info /opt/stack/keystone/keystone/server/flask/request_processing/req_logging.py:29}}
Sep 07 18:56:07.521113 dv-cinder-847732-5-iscsi devstack@keystone.service[81602]: DEBUG keystone.common.rbac_enforcer.enforcer [None req-1f7dd4f9-81d1-44dc-8190-a841d0f45772 None admin] RBAC: Adding query filter params (group.id=921ccc6b9791486996cf96258605d1a5, role.id=8a09ae9946bc4e158d491383af34a89f, scope.project.id=19d2ad19ff1b486589350b08b8845909) {{(pid=81602) _extract_filter_values /opt/stack/keystone/keystone/common/rbac_enforcer/enforcer.py:167}}
Sep 07 18:56:07.522669 dv-cinder-847732-5-iscsi devstack@keystone.service[81602]: DEBUG keystone.common.rbac_enforcer.enforcer [None req-1f7dd4f9-81d1-44dc-8190-a841d0f45772 None admin] RBAC: Authorizing `identity:list_role_assignments()` {{(pid=81602) enforce_call /opt/stack/keystone/keystone/common/rbac_enforcer/enforcer.py:449}}
Sep 07 18:56:07.524263 dv-cinder-847732-5-iscsi devstack@keystone.service[81602]: DEBUG keystone.common.rbac_enforcer.enforcer [None req-1f7dd4f9-81d1-44dc-8190-a841d0f45772 None admin] RBAC: Authorization granted {{(pid=81602) enforce_call /opt/stack/keystone/keystone/common/rbac_enforcer/enforcer.py:457}}
Sep 07 18:56:07.531184 dv-cinder-847732-5-iscsi devstack@keystone.service[81602]: DEBUG dbcounter [-] [81602] Writing DB stats keystone:SELECT=100 {{(pid=81602) stat_writer /usr/local/lib/python3.8/dist-packages/dbcounter.py:114}}
Sep 07 18:56:07.538617 dv-cinder-847732-5-iscsi devstack@keystone.service[81602]: [pid: 81602|app: 0|req: 190/371] 10.222.0.46 () {56 vars in 1376 bytes} [Wed Sep 7 18:56:07 2022] GET /identity/v3/role_assignments?group.id=921ccc6b9791486996cf96258605d1a5&scope.project.id=19d2ad19ff1b486589350b08b8845909&role.id=8a09ae9946bc4e158d491383af34a89f => generated 260 bytes in 189 msecs (HTTP/1.1 200) 5 headers in 177 bytes (1 switches on core 0)
Sep 07 18:56:07.542593 dv-cinder-847732-5-iscsi devstack@keystone.service[81602]: DEBUG keystone.server.flask.request_processing.middleware.auth_context [None req-1f7dd4f9-81d1-44dc-8190-a841d0f45772 None admin] Authenticating user token {{(pid=81602) process_request /usr/local/lib/python3.8/dist-packages/keystonemiddleware/auth_token/__init__.py:407}}
Sep 07 18:56:07.659999 dv-cinder-847732-5-iscsi devstack@keystone.service[81602]: DEBUG keystone.server.flask.request_processing.middleware.auth_context [None req-1f7dd4f9-81d1-44dc-8190-a841d0f45772 None admin] Validating token access rules against request {{(pid=81602) validate_allowed_request /usr/local/lib/python3.8/dist-packages/keystonemiddleware/auth_token/__init__.py:545}}
Sep 07 18:56:07.702599 dv-cinder-847732-5-iscsi devstack@keystone.service[81602]: DEBUG keystone.server.flask.request_processing.middleware.auth_context [None req-b2cc4d25-78f8-4351-b7bc-afe4c3b92d6a None admin] RBAC: auth_context: {'token': , 'domain_id': None, 'trust_id': None, 'trustor_id': None, 'trustee_id': None, 'domain_name': None, 'group_ids': [], 'user_id': 'bc4a17a3aa754cf9b61c2b367071735b', 'user_domain_id': 'default', 'system_scope': 'all', 'project_id': None, 'project_domain_id': None, 'roles': ['admin', 'member', 'reader'], 'is_admin_project': True, 'service_user_id': None, 'service_user_domain_id': None, 'service_project_id': None, 'service_project_domain_id': None, 'service_roles': []} {{(pid=81602) fill_context /opt/stack/keystone/keystone/server/flask/request_processing/middleware/auth_context.py:478}}
Sep 07 18:56:07.703145 dv-cinder-847732-5-iscsi devstack@keystone.service[81602]: DEBUG keystone.server.flask.request_processing.req_logging [None req-b2cc4d25-78f8-4351-b7bc-afe4c3b92d6a None admin] REQUEST_METHOD: `GET` {{(pid=81602) log_request_info /opt/stack/keystone/keystone/server/flask/request_processing/req_logging.py:27}}
Sep 07 18:56:07.703567 dv-cinder-847732-5-iscsi devstack@keystone.service[81602]: DEBUG keystone.server.flask.request_processing.req_logging [None req-b2cc4d25-78f8-4351-b7bc-afe4c3b92d6a None admin] SCRIPT_NAME: `/identity` {{(pid=81602) log_request_info /opt/stack/keystone/keystone/server/flask/request_processing/req_logging.py:28}}
Sep 07 18:56:07.703843 dv-cinder-847732-5-iscsi devstack@keystone.service[81602]: DEBUG keystone.server.flask.request_processing.req_logging [None req-b2cc4d25-78f8-4351-b7bc-afe4c3b92d6a None admin] PATH_INFO: `/v3/roles` {{(pid=81602) log_request_info /opt/stack/keystone/keystone/server/flask/request_processing/req_logging.py:29}}
Sep 07 18:56:07.704532 dv-cinder-847732-5-iscsi devstack@keystone.service[81602]: DEBUG keystone.common.rbac_enforcer.enforcer [None req-b2cc4d25-78f8-4351-b7bc-afe4c3b92d6a None admin] RBAC: Adding query filter params (name=admin) {{(pid=81602) _extract_filter_values /opt/stack/keystone/keystone/common/rbac_enforcer/enforcer.py:167}}
Sep 07 18:56:07.704831 dv-cinder-847732-5-iscsi devstack@keystone.service[81602]: DEBUG keystone.common.rbac_enforcer.enforcer [None req-b2cc4d25-78f8-4351-b7bc-afe4c3b92d6a None admin] RBAC: Authorizing `identity:list_roles()` {{(pid=81602) enforce_call /opt/stack/keystone/keystone/common/rbac_enforcer/enforcer.py:449}}
Sep 07 18:56:07.706208 dv-cinder-847732-5-iscsi devstack@keystone.service[81602]: DEBUG keystone.common.rbac_enforcer.enforcer [None req-b2cc4d25-78f8-4351-b7bc-afe4c3b92d6a None admin] RBAC: Authorization granted {{(pid=81602) enforce_call /opt/stack/keystone/keystone/common/rbac_enforcer/enforcer.py:457}}
Sep 07 18:56:07.715823 dv-cinder-847732-5-iscsi devstack@keystone.service[81602]: [pid: 81602|app: 0|req: 191/372] 10.222.0.46 () {56 vars in 1099 bytes} [Wed Sep 7 18:56:07 2022] GET /identity/v3/roles?name=admin => generated 339 bytes in 177 msecs (HTTP/1.1 200) 5 headers in 177 bytes (1 switches on core 0)
Sep 07 18:56:07.727006 dv-cinder-847732-5-iscsi devstack@keystone.service[81602]: DEBUG keystone.server.flask.request_processing.middleware.auth_context [None req-b2cc4d25-78f8-4351-b7bc-afe4c3b92d6a None admin] Authenticating user token {{(pid=81602) process_request /usr/local/lib/python3.8/dist-packages/keystonemiddleware/auth_token/__init__.py:407}}
Sep 07 18:56:07.745160 dv-cinder-847732-5-iscsi devstack@keystone.service[81601]: DEBUG keystone.server.flask.request_processing.middleware.auth_context [None req-df21080b-7cf6-418a-a1d7-92dde753c9a9 None admin] Validating token access rules against request {{(pid=81601) validate_allowed_request /usr/local/lib/python3.8/dist-packages/keystonemiddleware/auth_token/__init__.py:545}}
Sep 07 18:56:07.801251 dv-cinder-847732-5-iscsi devstack@keystone.service[81602]: DEBUG dbcounter [-] [81602] Writing DB stats keystone:SELECT=100 {{(pid=81602) stat_writer /usr/local/lib/python3.8/dist-packages/dbcounter.py:114}}
Sep 07 18:56:07.818984 dv-cinder-847732-5-iscsi devstack@keystone.service[81601]: DEBUG keystone.server.flask.request_processing.middleware.auth_context [None req-1f1fd1e1-1c48-4424-a3a9-d334cfd5babf None admin] RBAC: auth_context: {'token': , 'domain_id': None, 'trust_id': None, 'trustor_id': None, 'trustee_id': None, 'domain_name': None, 'group_ids': [], 'user_id': 'bc4a17a3aa754cf9b61c2b367071735b', 'user_domain_id': 'default', 'system_scope': 'all', 'project_id': None, 'project_domain_id': None, 'roles': ['admin', 'member', 'reader'], 'is_admin_project': True, 'service_user_id': None, 'service_user_domain_id': None, 'service_project_id': None, 'service_project_domain_id': None, 'service_roles': []} {{(pid=81601) fill_context /opt/stack/keystone/keystone/server/flask/request_processing/middleware/auth_context.py:478}}
Sep 07 18:56:07.819605 dv-cinder-847732-5-iscsi devstack@keystone.service[81601]: DEBUG keystone.server.flask.request_processing.req_logging [None req-1f1fd1e1-1c48-4424-a3a9-d334cfd5babf None admin] REQUEST_METHOD: `GET` {{(pid=81601) log_request_info /opt/stack/keystone/keystone/server/flask/request_processing/req_logging.py:27}}
Sep 07 18:56:07.819884 dv-cinder-847732-5-iscsi devstack@keystone.service[81601]: DEBUG keystone.server.flask.request_processing.req_logging [None req-1f1fd1e1-1c48-4424-a3a9-d334cfd5babf None admin] SCRIPT_NAME: `/identity` {{(pid=81601) log_request_info /opt/stack/keystone/keystone/server/flask/request_processing/req_logging.py:28}}
Sep 07 18:56:07.820162 dv-cinder-847732-5-iscsi devstack@keystone.service[81601]: DEBUG keystone.server.flask.request_processing.req_logging [None req-1f1fd1e1-1c48-4424-a3a9-d334cfd5babf None admin] PATH_INFO: `/v3/auth/tokens` {{(pid=81601) log_request_info /opt/stack/keystone/keystone/server/flask/request_processing/req_logging.py:29}}
Sep 07 18:56:07.843572 dv-cinder-847732-5-iscsi devstack@keystone.service[81602]: DEBUG keystone.server.flask.request_processing.middleware.auth_context [None req-b2cc4d25-78f8-4351-b7bc-afe4c3b92d6a None admin] Validating token access rules against request {{(pid=81602) validate_allowed_request /usr/local/lib/python3.8/dist-packages/keystonemiddleware/auth_token/__init__.py:545}}
Sep 07 18:56:07.867695 dv-cinder-847732-5-iscsi devstack@keystone.service[81601]: DEBUG dbcounter [-] [81601] Writing DB stats keystone:SELECT=100 {{(pid=81601) stat_writer /usr/local/lib/python3.8/dist-packages/dbcounter.py:114}}
Sep 07 18:56:07.883737 dv-cinder-847732-5-iscsi devstack@keystone.service[81602]: DEBUG keystone.server.flask.request_processing.middleware.auth_context [None req-773da016-8f0b-42d5-a148-0a0382a69165 None admin] RBAC: auth_context: {'token': , 'domain_id': None, 'trust_id': None, 'trustor_id': None, 'trustee_id': None, 'domain_name': None, 'group_ids': [], 'user_id': 'bc4a17a3aa754cf9b61c2b367071735b', 'user_domain_id': 'default', 'system_scope': 'all', 'project_id': None, 'project_domain_id': None, 'roles': ['admin', 'member', 'reader'], 'is_admin_project': True, 'service_user_id': None, 'service_user_domain_id': None, 'service_project_id': None, 'service_project_domain_id': None, 'service_roles': []} {{(pid=81602) fill_context /opt/stack/keystone/keystone/server/flask/request_processing/middleware/auth_context.py:478}}
Sep 07 18:56:07.884363 dv-cinder-847732-5-iscsi devstack@keystone.service[81602]: DEBUG keystone.server.flask.request_processing.req_logging [None req-773da016-8f0b-42d5-a148-0a0382a69165 None admin] REQUEST_METHOD: `GET` {{(pid=81602) log_request_info /opt/stack/keystone/keystone/server/flask/request_processing/req_logging.py:27}}
Sep 07 18:56:07.884647 dv-cinder-847732-5-iscsi devstack@keystone.service[81602]: DEBUG keystone.server.flask.request_processing.req_logging [None req-773da016-8f0b-42d5-a148-0a0382a69165 None admin] SCRIPT_NAME: `/identity` {{(pid=81602) log_request_info /opt/stack/keystone/keystone/server/flask/request_processing/req_logging.py:28}}
Sep 07 18:56:07.884899 dv-cinder-847732-5-iscsi devstack@keystone.service[81602]: DEBUG keystone.server.flask.request_processing.req_logging [None req-773da016-8f0b-42d5-a148-0a0382a69165 None admin] PATH_INFO: `/v3/auth/tokens` {{(pid=81602) log_request_info /opt/stack/keystone/keystone/server/flask/request_processing/req_logging.py:29}}
Sep 07 18:56:07.923844 dv-cinder-847732-5-iscsi devstack@keystone.service[81601]: DEBUG keystone.common.rbac_enforcer.enforcer [None req-1f1fd1e1-1c48-4424-a3a9-d334cfd5babf None admin] RBAC: Authorizing `identity:validate_token()` {{(pid=81601) enforce_call /opt/stack/keystone/keystone/common/rbac_enforcer/enforcer.py:449}}
Sep 07 18:56:07.925496 dv-cinder-847732-5-iscsi devstack@keystone.service[81601]: DEBUG keystone.common.rbac_enforcer.enforcer [None req-1f1fd1e1-1c48-4424-a3a9-d334cfd5babf None admin] RBAC: Authorization granted {{(pid=81601) enforce_call /opt/stack/keystone/keystone/common/rbac_enforcer/enforcer.py:457}}
Sep 07 18:56:07.965461 dv-cinder-847732-5-iscsi devstack@keystone.service[81602]: DEBUG keystone.common.rbac_enforcer.enforcer [None req-773da016-8f0b-42d5-a148-0a0382a69165 None admin] RBAC: Authorizing `identity:validate_token()` {{(pid=81602) enforce_call /opt/stack/keystone/keystone/common/rbac_enforcer/enforcer.py:449}}
Sep 07 18:56:07.968074 dv-cinder-847732-5-iscsi devstack@keystone.service[81602]: DEBUG keystone.common.rbac_enforcer.enforcer [None req-773da016-8f0b-42d5-a148-0a0382a69165 None admin] RBAC: Authorization granted {{(pid=81602) enforce_call /opt/stack/keystone/keystone/common/rbac_enforcer/enforcer.py:457}}
Sep 07 18:56:08.040795 dv-cinder-847732-5-iscsi devstack@keystone.service[81602]: DEBUG dbcounter [-] [81602] Writing DB stats keystone:SELECT=100 {{(pid=81602) stat_writer /usr/local/lib/python3.8/dist-packages/dbcounter.py:114}}
Sep 07 18:56:08.041696 dv-cinder-847732-5-iscsi devstack@keystone.service[81601]: [pid: 81601|app: 0|req: 182/373] 10.222.0.46 () {58 vars in 1282 bytes} [Wed Sep 7 18:56:07 2022] GET /identity/v3/auth/tokens => generated 799 bytes in 533 msecs (HTTP/1.1 200) 6 headers in 358 bytes (1 switches on core 0)
Sep 07 18:56:08.047373 dv-cinder-847732-5-iscsi devstack@keystone.service[81601]: DEBUG keystone.server.flask.request_processing.middleware.auth_context [None req-1f1fd1e1-1c48-4424-a3a9-d334cfd5babf None admin] Authenticating user token {{(pid=81601) process_request /usr/local/lib/python3.8/dist-packages/keystonemiddleware/auth_token/__init__.py:407}}
Sep 07 18:56:08.098393 dv-cinder-847732-5-iscsi devstack@keystone.service[81602]: [pid: 81602|app: 0|req: 192/374] 10.222.0.46 () {58 vars in 1282 bytes} [Wed Sep 7 18:56:07 2022] GET /identity/v3/auth/tokens => generated 799 bytes in 373 msecs (HTTP/1.1 200) 6 headers in 358 bytes (2 switches on core 0)
Sep 07 18:56:08.103721 dv-cinder-847732-5-iscsi devstack@keystone.service[81602]: DEBUG keystone.server.flask.request_processing.middleware.auth_context [None req-773da016-8f0b-42d5-a148-0a0382a69165 None admin] Authenticating user token {{(pid=81602) process_request /usr/local/lib/python3.8/dist-packages/keystonemiddleware/auth_token/__init__.py:407}}
Sep 07 18:56:08.117533 dv-cinder-847732-5-iscsi devstack@keystone.service[81601]: DEBUG dbcounter [-] [81601] Writing DB stats keystone:SELECT=100 {{(pid=81601) stat_writer /usr/local/lib/python3.8/dist-packages/dbcounter.py:114}}
Sep 07 18:56:08.206374 dv-cinder-847732-5-iscsi devstack@keystone.service[81601]: DEBUG keystone.server.flask.request_processing.middleware.auth_context [None req-1f1fd1e1-1c48-4424-a3a9-d334cfd5babf None admin] Validating token access rules against request {{(pid=81601) validate_allowed_request /usr/local/lib/python3.8/dist-packages/keystonemiddleware/auth_token/__init__.py:545}}
Sep 07 18:56:08.281380 dv-cinder-847732-5-iscsi devstack@keystone.service[81601]: DEBUG keystone.server.flask.request_processing.middleware.auth_context [None req-39b18e99-1395-4cc8-9125-f685629bfe9a None admin] RBAC: auth_context: {'token': , 'domain_id': None, 'trust_id': None, 'trustor_id': None, 'trustee_id': None, 'domain_name': None, 'group_ids': [], 'user_id': 'bc4a17a3aa754cf9b61c2b367071735b', 'user_domain_id': 'default', 'system_scope': 'all', 'project_id': None, 'project_domain_id': None, 'roles': ['admin', 'member', 'reader'], 'is_admin_project': True, 'service_user_id': None, 'service_user_domain_id': None, 'service_project_id': None, 'service_project_domain_id': None, 'service_roles': []} {{(pid=81601) fill_context /opt/stack/keystone/keystone/server/flask/request_processing/middleware/auth_context.py:478}}
Sep 07 18:56:08.282019 dv-cinder-847732-5-iscsi devstack@keystone.service[81601]: DEBUG keystone.server.flask.request_processing.req_logging [None req-39b18e99-1395-4cc8-9125-f685629bfe9a None admin] REQUEST_METHOD: `GET` {{(pid=81601) log_request_info /opt/stack/keystone/keystone/server/flask/request_processing/req_logging.py:27}}
Sep 07 18:56:08.282654 dv-cinder-847732-5-iscsi devstack@keystone.service[81601]: DEBUG keystone.server.flask.request_processing.req_logging [None req-39b18e99-1395-4cc8-9125-f685629bfe9a None admin] SCRIPT_NAME: `/identity` {{(pid=81601) log_request_info /opt/stack/keystone/keystone/server/flask/request_processing/req_logging.py:28}}
Sep 07 18:56:08.282936 dv-cinder-847732-5-iscsi devstack@keystone.service[81601]: DEBUG keystone.server.flask.request_processing.req_logging [None req-39b18e99-1395-4cc8-9125-f685629bfe9a None admin] PATH_INFO: `/v3/projects/19d2ad19ff1b486589350b08b8845909` {{(pid=81601) log_request_info /opt/stack/keystone/keystone/server/flask/request_processing/req_logging.py:29}}
Sep 07 18:56:08.284796 dv-cinder-847732-5-iscsi devstack@keystone.service[81601]: DEBUG keystone.common.rbac_enforcer.enforcer [None req-39b18e99-1395-4cc8-9125-f685629bfe9a None admin] RBAC: Authorizing `identity:get_project(project_id=19d2ad19ff1b486589350b08b8845909)` {{(pid=81601) enforce_call /opt/stack/keystone/keystone/common/rbac_enforcer/enforcer.py:449}}
Sep 07 18:56:08.286229 dv-cinder-847732-5-iscsi devstack@keystone.service[81601]: DEBUG keystone.common.rbac_enforcer.enforcer [None req-39b18e99-1395-4cc8-9125-f685629bfe9a None admin] RBAC: Authorization granted {{(pid=81601) enforce_call /opt/stack/keystone/keystone/common/rbac_enforcer/enforcer.py:457}}
Sep 07 18:56:08.288811 dv-cinder-847732-5-iscsi devstack@keystone.service[81601]: [pid: 81601|app: 0|req: 183/375] 10.222.0.46 () {56 vars in 1186 bytes} [Wed Sep 7 18:56:08 2022] GET /identity/v3/projects/19d2ad19ff1b486589350b08b8845909 => generated 302 bytes in 243 msecs (HTTP/1.1 200) 5 headers in 177 bytes (2 switches on core 0)
Sep 07 18:56:08.295107 dv-cinder-847732-5-iscsi devstack@keystone.service[81601]: DEBUG keystone.server.flask.request_processing.middleware.auth_context [None req-39b18e99-1395-4cc8-9125-f685629bfe9a None admin] Authenticating user token {{(pid=81601) process_request /usr/local/lib/python3.8/dist-packages/keystonemiddleware/auth_token/__init__.py:407}}
Sep 07 18:56:08.303137 dv-cinder-847732-5-iscsi devstack@keystone.service[81602]: DEBUG keystone.server.flask.request_processing.middleware.auth_context [None req-773da016-8f0b-42d5-a148-0a0382a69165 None admin] Validating token access rules against request {{(pid=81602) validate_allowed_request /usr/local/lib/python3.8/dist-packages/keystonemiddleware/auth_token/__init__.py:545}}
Sep 07 18:56:08.376658 dv-cinder-847732-5-iscsi devstack@keystone.service[81602]: DEBUG keystone.server.flask.request_processing.middleware.auth_context [None req-3ed8f0d2-cfc6-487b-ae7e-d0cad1ac2ec2 None admin] RBAC: auth_context: {'token': , 'domain_id': None, 'trust_id': None, 'trustor_id': None, 'trustee_id': None, 'domain_name': None, 'group_ids': [], 'user_id': 'bc4a17a3aa754cf9b61c2b367071735b', 'user_domain_id': 'default', 'system_scope': 'all', 'project_id': None, 'project_domain_id': None, 'roles': ['admin', 'member', 'reader'], 'is_admin_project': True, 'service_user_id': None, 'service_user_domain_id': None, 'service_project_id': None, 'service_project_domain_id': None, 'service_roles': []} {{(pid=81602) fill_context /opt/stack/keystone/keystone/server/flask/request_processing/middleware/auth_context.py:478}}
Sep 07 18:56:08.377409 dv-cinder-847732-5-iscsi devstack@keystone.service[81602]: DEBUG keystone.server.flask.request_processing.req_logging [None req-3ed8f0d2-cfc6-487b-ae7e-d0cad1ac2ec2 None admin] REQUEST_METHOD: `GET` {{(pid=81602) log_request_info /opt/stack/keystone/keystone/server/flask/request_processing/req_logging.py:27}}
Sep 07 18:56:08.377692 dv-cinder-847732-5-iscsi devstack@keystone.service[81602]: DEBUG keystone.server.flask.request_processing.req_logging [None req-3ed8f0d2-cfc6-487b-ae7e-d0cad1ac2ec2 None admin] SCRIPT_NAME: `/identity` {{(pid=81602) log_request_info /opt/stack/keystone/keystone/server/flask/request_processing/req_logging.py:28}}
Sep 07 18:56:08.377965 dv-cinder-847732-5-iscsi devstack@keystone.service[81602]: DEBUG keystone.server.flask.request_processing.req_logging [None req-3ed8f0d2-cfc6-487b-ae7e-d0cad1ac2ec2 None admin] PATH_INFO: `/v3/projects/0eeffadf972f483fb4e32d2c25b5e94c` {{(pid=81602) log_request_info /opt/stack/keystone/keystone/server/flask/request_processing/req_logging.py:29}}
Sep 07 18:56:08.380689 dv-cinder-847732-5-iscsi devstack@keystone.service[81602]: DEBUG keystone.common.rbac_enforcer.enforcer [None req-3ed8f0d2-cfc6-487b-ae7e-d0cad1ac2ec2 None admin] RBAC: Authorizing `identity:get_project(project_id=0eeffadf972f483fb4e32d2c25b5e94c)` {{(pid=81602) enforce_call /opt/stack/keystone/keystone/common/rbac_enforcer/enforcer.py:449}}
Sep 07 18:56:08.384404 dv-cinder-847732-5-iscsi devstack@keystone.service[81602]: DEBUG keystone.common.rbac_enforcer.enforcer [None req-3ed8f0d2-cfc6-487b-ae7e-d0cad1ac2ec2 None admin] RBAC: Authorization granted {{(pid=81602) enforce_call /opt/stack/keystone/keystone/common/rbac_enforcer/enforcer.py:457}}
Sep 07 18:56:08.384404 dv-cinder-847732-5-iscsi devstack@keystone.service[81602]: [pid: 81602|app: 0|req: 193/376] 10.222.0.46 () {56 vars in 1186 bytes} [Wed Sep 7 18:56:08 2022] GET /identity/v3/projects/0eeffadf972f483fb4e32d2c25b5e94c => generated 344 bytes in 281 msecs (HTTP/1.1 200) 5 headers in 177 bytes (2 switches on core 0)
Sep 07 18:56:08.390160 dv-cinder-847732-5-iscsi devstack@keystone.service[81602]: DEBUG keystone.server.flask.request_processing.middleware.auth_context [None req-3ed8f0d2-cfc6-487b-ae7e-d0cad1ac2ec2 None admin] Authenticating user token {{(pid=81602) process_request /usr/local/lib/python3.8/dist-packages/keystonemiddleware/auth_token/__init__.py:407}}
Sep 07 18:56:08.467776 dv-cinder-847732-5-iscsi devstack@keystone.service[81602]: DEBUG dbcounter [-] [81602] Writing DB stats keystone:SELECT=100 {{(pid=81602) stat_writer /usr/local/lib/python3.8/dist-packages/dbcounter.py:114}}
Sep 07 18:56:08.479561 dv-cinder-847732-5-iscsi devstack@keystone.service[81601]: DEBUG keystone.server.flask.request_processing.middleware.auth_context [None req-39b18e99-1395-4cc8-9125-f685629bfe9a None admin] Validating token access rules against request {{(pid=81601) validate_allowed_request /usr/local/lib/python3.8/dist-packages/keystonemiddleware/auth_token/__init__.py:545}}
Sep 07 18:56:08.503680 dv-cinder-847732-5-iscsi devstack@keystone.service[81601]: DEBUG dbcounter [-] [81601] Writing DB stats keystone:SELECT=100 {{(pid=81601) stat_writer /usr/local/lib/python3.8/dist-packages/dbcounter.py:114}}
Sep 07 18:56:08.521992 dv-cinder-847732-5-iscsi devstack@keystone.service[81601]: DEBUG keystone.server.flask.request_processing.middleware.auth_context [None req-b13e89d4-d0f5-439d-8098-52f16d584e4f None admin] RBAC: auth_context: {'token': , 'domain_id': None, 'trust_id': None, 'trustor_id': None, 'trustee_id': None, 'domain_name': None, 'group_ids': [], 'user_id': 'bc4a17a3aa754cf9b61c2b367071735b', 'user_domain_id': 'default', 'system_scope': 'all', 'project_id': None, 'project_domain_id': None, 'roles': ['admin', 'member', 'reader'], 'is_admin_project': True, 'service_user_id': None, 'service_user_domain_id': None, 'service_project_id': None, 'service_project_domain_id': None, 'service_roles': []} {{(pid=81601) fill_context /opt/stack/keystone/keystone/server/flask/request_processing/middleware/auth_context.py:478}}
Sep 07 18:56:08.524081 dv-cinder-847732-5-iscsi devstack@keystone.service[81601]: DEBUG keystone.server.flask.request_processing.req_logging [None req-b13e89d4-d0f5-439d-8098-52f16d584e4f None admin] REQUEST_METHOD: `GET` {{(pid=81601) log_request_info /opt/stack/keystone/keystone/server/flask/request_processing/req_logging.py:27}}
Sep 07 18:56:08.524081 dv-cinder-847732-5-iscsi devstack@keystone.service[81601]: DEBUG keystone.server.flask.request_processing.req_logging [None req-b13e89d4-d0f5-439d-8098-52f16d584e4f None admin] SCRIPT_NAME: `/identity` {{(pid=81601) log_request_info /opt/stack/keystone/keystone/server/flask/request_processing/req_logging.py:28}}
Sep 07 18:56:08.524081 dv-cinder-847732-5-iscsi devstack@keystone.service[81601]: DEBUG keystone.server.flask.request_processing.req_logging [None req-b13e89d4-d0f5-439d-8098-52f16d584e4f None admin] PATH_INFO: `/v3/groups/921ccc6b9791486996cf96258605d1a5` {{(pid=81601) log_request_info /opt/stack/keystone/keystone/server/flask/request_processing/req_logging.py:29}}
