Sep 06 19:58:19.861187 dv-cinder-847732-4-iscsi devstack@keystone.service[81772]: DEBUG keystone.server.flask.request_processing.middleware.auth_context [None req-93b74bf3-e21a-4705-8430-e7e1352a80e5 None admin] Validating token access rules against request {{(pid=81772) validate_allowed_request /usr/local/lib/python3.8/dist-packages/keystonemiddleware/auth_token/__init__.py:545}}
Sep 06 19:58:19.927330 dv-cinder-847732-4-iscsi devstack@keystone.service[81772]: DEBUG keystone.server.flask.request_processing.middleware.auth_context [None req-8dd10689-0d7c-4014-9aa4-6bf90e7f14cc None admin] RBAC: auth_context: {'token': , 'domain_id': None, 'trust_id': None, 'trustor_id': None, 'trustee_id': None, 'domain_name': None, 'group_ids': [], 'user_id': '1e7095a0137b45c984179dcf25de9362', 'user_domain_id': 'default', 'system_scope': 'all', 'project_id': None, 'project_domain_id': None, 'roles': ['admin', 'member', 'reader'], 'is_admin_project': True, 'service_user_id': None, 'service_user_domain_id': None, 'service_project_id': None, 'service_project_domain_id': None, 'service_roles': []} {{(pid=81772) fill_context /opt/stack/keystone/keystone/server/flask/request_processing/middleware/auth_context.py:478}}
Sep 06 19:58:19.928569 dv-cinder-847732-4-iscsi devstack@keystone.service[81772]: DEBUG keystone.server.flask.request_processing.req_logging [None req-8dd10689-0d7c-4014-9aa4-6bf90e7f14cc None admin] REQUEST_METHOD: `GET` {{(pid=81772) log_request_info /opt/stack/keystone/keystone/server/flask/request_processing/req_logging.py:27}}
Sep 06 19:58:19.929105 dv-cinder-847732-4-iscsi devstack@keystone.service[81772]: DEBUG keystone.server.flask.request_processing.req_logging [None req-8dd10689-0d7c-4014-9aa4-6bf90e7f14cc None admin] SCRIPT_NAME: `/identity` {{(pid=81772) log_request_info /opt/stack/keystone/keystone/server/flask/request_processing/req_logging.py:28}}
Sep 06 19:58:19.929660 dv-cinder-847732-4-iscsi devstack@keystone.service[81772]: DEBUG keystone.server.flask.request_processing.req_logging [None req-8dd10689-0d7c-4014-9aa4-6bf90e7f14cc None admin] PATH_INFO: `/v3/role_assignments` {{(pid=81772) log_request_info /opt/stack/keystone/keystone/server/flask/request_processing/req_logging.py:29}}
Sep 06 19:58:19.931623 dv-cinder-847732-4-iscsi devstack@keystone.service[81772]: DEBUG keystone.common.rbac_enforcer.enforcer [None req-8dd10689-0d7c-4014-9aa4-6bf90e7f14cc None admin] RBAC: Adding query filter params (role.id=4eea39e24b06431aa357053fe7907a3d, scope.project.id=22a00d6dfd004be4aa2f9727f02e69ab, user.id=13a971f1c5f4466f9c62b4d14669c385) {{(pid=81772) _extract_filter_values /opt/stack/keystone/keystone/common/rbac_enforcer/enforcer.py:167}}
Sep 06 19:58:19.931832 dv-cinder-847732-4-iscsi devstack@keystone.service[81772]: DEBUG keystone.common.rbac_enforcer.enforcer [None req-8dd10689-0d7c-4014-9aa4-6bf90e7f14cc None admin] RBAC: Authorizing `identity:list_role_assignments()` {{(pid=81772) enforce_call /opt/stack/keystone/keystone/common/rbac_enforcer/enforcer.py:449}}
Sep 06 19:58:19.936745 dv-cinder-847732-4-iscsi devstack@keystone.service[81772]: DEBUG keystone.common.rbac_enforcer.enforcer [None req-8dd10689-0d7c-4014-9aa4-6bf90e7f14cc None admin] RBAC: Authorization granted {{(pid=81772) enforce_call /opt/stack/keystone/keystone/common/rbac_enforcer/enforcer.py:457}}
Sep 06 19:58:19.945223 dv-cinder-847732-4-iscsi devstack@keystone.service[81772]: [pid: 81772|app: 0|req: 120/225] 10.222.0.20 () {56 vars in 1374 bytes} [Tue Sep 6 19:58:19 2022] GET /identity/v3/role_assignments?user.id=13a971f1c5f4466f9c62b4d14669c385&scope.project.id=22a00d6dfd004be4aa2f9727f02e69ab&role.id=4eea39e24b06431aa357053fe7907a3d => generated 259 bytes in 379 msecs (HTTP/1.1 200) 5 headers in 177 bytes (1 switches on core 0)
Sep 06 19:58:19.946981 dv-cinder-847732-4-iscsi devstack@keystone.service[81772]: DEBUG keystone.server.flask.request_processing.middleware.auth_context [None req-8dd10689-0d7c-4014-9aa4-6bf90e7f14cc None admin] Authenticating user token {{(pid=81772) process_request /usr/local/lib/python3.8/dist-packages/keystonemiddleware/auth_token/__init__.py:407}}
Sep 06 19:58:20.001654 dv-cinder-847732-4-iscsi devstack@keystone.service[81771]: DEBUG keystone.server.flask.request_processing.middleware.auth_context [None req-e42cfcca-cfc0-4d5c-b79b-2088bc7710aa None admin] Validating token access rules against request {{(pid=81771) validate_allowed_request /usr/local/lib/python3.8/dist-packages/keystonemiddleware/auth_token/__init__.py:545}}
Sep 06 19:58:20.078233 dv-cinder-847732-4-iscsi devstack@keystone.service[81771]: DEBUG keystone.server.flask.request_processing.middleware.auth_context [None req-93604932-876e-4ceb-8a6c-4a0c1411dcee None admin] RBAC: auth_context: {'token': , 'domain_id': None, 'trust_id': None, 'trustor_id': None, 'trustee_id': None, 'domain_name': None, 'group_ids': [], 'user_id': '1e7095a0137b45c984179dcf25de9362', 'user_domain_id': 'default', 'system_scope': 'all', 'project_id': None, 'project_domain_id': None, 'roles': ['admin', 'member', 'reader'], 'is_admin_project': True, 'service_user_id': None, 'service_user_domain_id': None, 'service_project_id': None, 'service_project_domain_id': None, 'service_roles': []} {{(pid=81771) fill_context /opt/stack/keystone/keystone/server/flask/request_processing/middleware/auth_context.py:478}}
Sep 06 19:58:20.079936 dv-cinder-847732-4-iscsi devstack@keystone.service[81771]: DEBUG keystone.server.flask.request_processing.req_logging [None req-93604932-876e-4ceb-8a6c-4a0c1411dcee None admin] REQUEST_METHOD: `GET` {{(pid=81771) log_request_info /opt/stack/keystone/keystone/server/flask/request_processing/req_logging.py:27}}
Sep 06 19:58:20.080839 dv-cinder-847732-4-iscsi devstack@keystone.service[81771]: DEBUG keystone.server.flask.request_processing.req_logging [None req-93604932-876e-4ceb-8a6c-4a0c1411dcee None admin] SCRIPT_NAME: `/identity` {{(pid=81771) log_request_info /opt/stack/keystone/keystone/server/flask/request_processing/req_logging.py:28}}
Sep 06 19:58:20.081568 dv-cinder-847732-4-iscsi devstack@keystone.service[81771]: DEBUG keystone.server.flask.request_processing.req_logging [None req-93604932-876e-4ceb-8a6c-4a0c1411dcee None admin] PATH_INFO: `/v3/roles/admin` {{(pid=81771) log_request_info /opt/stack/keystone/keystone/server/flask/request_processing/req_logging.py:29}}
Sep 06 19:58:20.123050 dv-cinder-847732-4-iscsi devstack@keystone.service[81771]: DEBUG keystone.common.rbac_enforcer.enforcer [None req-93604932-876e-4ceb-8a6c-4a0c1411dcee None admin] Extracting inferred target data resulted in "NOT FOUND (404)". {{(pid=81771) enforce_call /opt/stack/keystone/keystone/common/rbac_enforcer/enforcer.py:409}}
Sep 06 19:58:20.133051 dv-cinder-847732-4-iscsi devstack@keystone.service[81771]: ERROR keystone.server.flask.application [None req-93604932-876e-4ceb-8a6c-4a0c1411dcee None admin] Could not find role: admin.: keystone.exception.RoleNotFound: Could not find role: admin.
Sep 06 19:58:20.133051 dv-cinder-847732-4-iscsi devstack@keystone.service[81771]: ERROR keystone.server.flask.application
Traceback (most recent call last):
Sep 06 19:58:20.133051 dv-cinder-847732-4-iscsi devstack@keystone.service[81771]: ERROR keystone.server.flask.application
File "/usr/local/lib/python3.8/dist-packages/flask/app.py", line 1820, in full_dispatch_request
Sep 06 19:58:20.133051 dv-cinder-847732-4-iscsi devstack@keystone.service[81771]: ERROR keystone.server.flask.application rv = self.dispatch_request()
Sep 06 19:58:20.133051 dv-cinder-847732-4-iscsi devstack@keystone.service[81771]: ERROR keystone.server.flask.application
File "/usr/local/lib/python3.8/dist-packages/flask/app.py", line 1796, in dispatch_request
Sep 06 19:58:20.133051 dv-cinder-847732-4-iscsi devstack@keystone.service[81771]: ERROR keystone.server.flask.application return self.ensure_sync(self.view_functions[rule.endpoint])(**view_args)
Sep 06 19:58:20.133051 dv-cinder-847732-4-iscsi devstack@keystone.service[81771]: ERROR keystone.server.flask.application
File "/usr/local/lib/python3.8/dist-packages/flask_restful/__init__.py", line 467, in wrapper
Sep 06 19:58:20.133051 dv-cinder-847732-4-iscsi devstack@keystone.service[81771]: ERROR keystone.server.flask.application resp = resource(*args, **kwargs)
Sep 06 19:58:20.133051 dv-cinder-847732-4-iscsi devstack@keystone.service[81771]: ERROR keystone.server.flask.application
File "/usr/local/lib/python3.8/dist-packages/flask/views.py", line 107, in view
Sep 06 19:58:20.133051 dv-cinder-847732-4-iscsi devstack@keystone.service[81771]: ERROR keystone.server.flask.application return current_app.ensure_sync(self.dispatch_request)(**kwargs)
Sep 06 19:58:20.133051 dv-cinder-847732-4-iscsi devstack@keystone.service[81771]: ERROR keystone.server.flask.application
File "/usr/local/lib/python3.8/dist-packages/flask_restful/__init__.py", line 582, in dispatch_request
Sep 06 19:58:20.133051 dv-cinder-847732-4-iscsi devstack@keystone.service[81771]: ERROR keystone.server.flask.application resp = meth(*args, **kwargs)
Sep 06 19:58:20.133051 dv-cinder-847732-4-iscsi devstack@keystone.service[81771]: ERROR keystone.server.flask.application
File "/opt/stack/keystone/keystone/api/roles.py", line 50, in get
Sep 06 19:58:20.133051 dv-cinder-847732-4-iscsi devstack@keystone.service[81771]: ERROR keystone.server.flask.application return self._get_role(role_id)
Sep 06 19:58:20.133051 dv-cinder-847732-4-iscsi devstack@keystone.service[81771]: ERROR keystone.server.flask.application
File "/opt/stack/keystone/keystone/api/roles.py", line 70, in _get_role
Sep 06 19:58:20.133051 dv-cinder-847732-4-iscsi devstack@keystone.service[81771]: ERROR keystone.server.flask.application ENFORCER.enforce_call(action='identity:get_role')
Sep 06 19:58:20.134709 dv-cinder-847732-4-iscsi devstack@keystone.service[81771]: ERROR keystone.server.flask.application
File "/opt/stack/keystone/keystone/common/rbac_enforcer/enforcer.py", line 402, in enforce_call
Sep 06 19:58:20.134709 dv-cinder-847732-4-iscsi devstack@keystone.service[81771]: ERROR keystone.server.flask.application policy_dict.update(cls._extract_member_target_data(
Sep 06 19:58:20.134709 dv-cinder-847732-4-iscsi devstack@keystone.service[81771]: ERROR keystone.server.flask.application
File "/opt/stack/keystone/keystone/common/rbac_enforcer/enforcer.py", line 234, in _extract_member_target_data
Sep 06 19:58:20.134709 dv-cinder-847732-4-iscsi devstack@keystone.service[81771]: ERROR keystone.server.flask.application member_name: func(flask.request.view_args[key])
Sep 06 19:58:20.134709 dv-cinder-847732-4-iscsi devstack@keystone.service[81771]: ERROR keystone.server.flask.application
File "/opt/stack/keystone/keystone/common/manager.py", line 115, in wrapped
Sep 06 19:58:20.134709 dv-cinder-847732-4-iscsi devstack@keystone.service[81771]: ERROR keystone.server.flask.application __ret_val = __f(*args, **kwargs)
Sep 06 19:58:20.134709 dv-cinder-847732-4-iscsi devstack@keystone.service[81771]: ERROR keystone.server.flask.application
File "/usr/local/lib/python3.8/dist-packages/decorator.py", line 232, in fun
Sep 06 19:58:20.134709 dv-cinder-847732-4-iscsi devstack@keystone.service[81771]: ERROR keystone.server.flask.application return caller(func, *(extras + args), **kw)
Sep 06 19:58:20.134709 dv-cinder-847732-4-iscsi devstack@keystone.service[81771]: ERROR keystone.server.flask.application
File "/usr/local/lib/python3.8/dist-packages/dogpile/cache/region.py", line 1577, in get_or_create_for_user_func
Sep 06 19:58:20.134709 dv-cinder-847732-4-iscsi devstack@keystone.service[81771]: ERROR keystone.server.flask.application return self.get_or_create(
Sep 06 19:58:20.134709 dv-cinder-847732-4-iscsi devstack@keystone.service[81771]: ERROR keystone.server.flask.application
File "/usr/local/lib/python3.8/dist-packages/dogpile/cache/region.py", line 1042, in get_or_create
Sep 06 19:58:20.134709 dv-cinder-847732-4-iscsi devstack@keystone.service[81771]: ERROR keystone.server.flask.application with Lock(
Sep 06 19:58:20.134709 dv-cinder-847732-4-iscsi devstack@keystone.service[81771]: ERROR keystone.server.flask.application
File "/usr/local/lib/python3.8/dist-packages/dogpile/lock.py", line 185, in __enter__
Sep 06 19:58:20.134709 dv-cinder-847732-4-iscsi devstack@keystone.service[81771]: ERROR keystone.server.flask.application return self._enter()
Sep 06 19:58:20.134709 dv-cinder-847732-4-iscsi devstack@keystone.service[81771]: ERROR keystone.server.flask.application
File "/usr/local/lib/python3.8/dist-packages/dogpile/lock.py", line 94, in _enter
Sep 06 19:58:20.134709 dv-cinder-847732-4-iscsi devstack@keystone.service[81771]: ERROR keystone.server.flask.application generated = self._enter_create(value, createdtime)
Sep 06 19:58:20.136204 dv-cinder-847732-4-iscsi devstack@keystone.service[81771]: ERROR keystone.server.flask.application
File "/usr/local/lib/python3.8/dist-packages/dogpile/lock.py", line 178, in _enter_create
Sep 06 19:58:20.136204 dv-cinder-847732-4-iscsi devstack@keystone.service[81771]: ERROR keystone.server.flask.application return self.creator()
Sep 06 19:58:20.136204 dv-cinder-847732-4-iscsi devstack@keystone.service[81771]: ERROR keystone.server.flask.application
File "/usr/local/lib/python3.8/dist-packages/dogpile/cache/region.py", line 995, in gen_value
Sep 06 19:58:20.136204 dv-cinder-847732-4-iscsi devstack@keystone.service[81771]: ERROR keystone.server.flask.application created_value = creator(
Sep 06 19:58:20.136204 dv-cinder-847732-4-iscsi devstack@keystone.service[81771]: ERROR keystone.server.flask.application
File "/opt/stack/keystone/keystone/assignment/core.py", line 1276, in get_role
Sep 06 19:58:20.136204 dv-cinder-847732-4-iscsi devstack@keystone.service[81771]: ERROR keystone.server.flask.application return self.driver.get_role(role_id)
Sep 06 19:58:20.136204 dv-cinder-847732-4-iscsi devstack@keystone.service[81771]: ERROR keystone.server.flask.application
File "/opt/stack/keystone/keystone/assignment/role_backends/sql.py", line 70, in get_role
Sep 06 19:58:20.136204 dv-cinder-847732-4-iscsi devstack@keystone.service[81771]: ERROR keystone.server.flask.application return self._get_role(session, role_id).to_dict()
Sep 06 19:58:20.136204 dv-cinder-847732-4-iscsi devstack@keystone.service[81771]: ERROR keystone.server.flask.application
File "/opt/stack/keystone/keystone/assignment/role_backends/sql.py", line 65, in _get_role
Sep 06 19:58:20.136204 dv-cinder-847732-4-iscsi devstack@keystone.service[81771]: ERROR keystone.server.flask.application raise exception.RoleNotFound(role_id=role_id)
Sep 06 19:58:20.136204 dv-cinder-847732-4-iscsi devstack@keystone.service[81771]: ERROR keystone.server.flask.application keystone.exception.RoleNotFound: Could not find role: admin.
Sep 06 19:58:20.136204 dv-cinder-847732-4-iscsi devstack@keystone.service[81771]: ERROR keystone.server.flask.application
Sep 06 19:58:20.149116 dv-cinder-847732-4-iscsi devstack@keystone.service[81771]: [pid: 81771|app: 0|req: 106/226] 10.222.0.20 () {56 vars in 1096 bytes} [Tue Sep 6 19:58:19 2022] GET /identity/v3/roles/admin => generated 83 bytes in 352 msecs (HTTP/1.1 404) 5 headers in 183 bytes (1 switches on core 0)
Sep 06 19:58:20.163361 dv-cinder-847732-4-iscsi devstack@keystone.service[81771]: DEBUG keystone.server.flask.request_processing.middleware.auth_context [None req-93604932-876e-4ceb-8a6c-4a0c1411dcee None admin] Authenticating user token {{(pid=81771) process_request /usr/local/lib/python3.8/dist-packages/keystonemiddleware/auth_token/__init__.py:407}}
Sep 06 19:58:20.207468 dv-cinder-847732-4-iscsi devstack@keystone.service[81772]: DEBUG keystone.server.flask.request_processing.middleware.auth_context [None req-8dd10689-0d7c-4014-9aa4-6bf90e7f14cc None admin] Validating token access rules against request {{(pid=81772) validate_allowed_request /usr/local/lib/python3.8/dist-packages/keystonemiddleware/auth_token/__init__.py:545}}
Sep 06 19:58:20.227730 dv-cinder-847732-4-iscsi devstack@keystone.service[81772]: DEBUG dbcounter [-] [81772] Writing DB stats keystone:SELECT=100 {{(pid=81772) stat_writer /usr/local/lib/python3.8/dist-packages/dbcounter.py:114}}
Sep 06 19:58:20.290189 dv-cinder-847732-4-iscsi devstack@keystone.service[81772]: DEBUG keystone.server.flask.request_processing.middleware.auth_context [None req-40ecae4a-1f98-42c1-a826-4dca132a048f None admin] RBAC: auth_context: {'token': , 'domain_id': None, 'trust_id': None, 'trustor_id': None, 'trustee_id': None, 'domain_name': None, 'group_ids': [], 'user_id': '1e7095a0137b45c984179dcf25de9362', 'user_domain_id': 'default', 'system_scope': 'all', 'project_id': None, 'project_domain_id': None, 'roles': ['admin', 'member', 'reader'], 'is_admin_project': True, 'service_user_id': None, 'service_user_domain_id': None, 'service_project_id': None, 'service_project_domain_id': None, 'service_roles': []} {{(pid=81772) fill_context /opt/stack/keystone/keystone/server/flask/request_processing/middleware/auth_context.py:478}}
Sep 06 19:58:20.291862 dv-cinder-847732-4-iscsi devstack@keystone.service[81772]: DEBUG keystone.server.flask.request_processing.req_logging [None req-40ecae4a-1f98-42c1-a826-4dca132a048f None admin] REQUEST_METHOD: `GET` {{(pid=81772) log_request_info /opt/stack/keystone/keystone/server/flask/request_processing/req_logging.py:27}}
Sep 06 19:58:20.292145 dv-cinder-847732-4-iscsi devstack@keystone.service[81772]: DEBUG keystone.server.flask.request_processing.req_logging [None req-40ecae4a-1f98-42c1-a826-4dca132a048f None admin] SCRIPT_NAME: `/identity` {{(pid=81772) log_request_info /opt/stack/keystone/keystone/server/flask/request_processing/req_logging.py:28}}
Sep 06 19:58:20.292418 dv-cinder-847732-4-iscsi devstack@keystone.service[81772]: DEBUG keystone.server.flask.request_processing.req_logging [None req-40ecae4a-1f98-42c1-a826-4dca132a048f None admin] PATH_INFO: `/v3/roles` {{(pid=81772) log_request_info /opt/stack/keystone/keystone/server/flask/request_processing/req_logging.py:29}}
Sep 06 19:58:20.294253 dv-cinder-847732-4-iscsi devstack@keystone.service[81772]: DEBUG keystone.common.rbac_enforcer.enforcer [None req-40ecae4a-1f98-42c1-a826-4dca132a048f None admin] RBAC: Adding query filter params (name=anotherrole) {{(pid=81772) _extract_filter_values /opt/stack/keystone/keystone/common/rbac_enforcer/enforcer.py:167}}
Sep 06 19:58:20.294620 dv-cinder-847732-4-iscsi devstack@keystone.service[81772]: DEBUG keystone.common.rbac_enforcer.enforcer [None req-40ecae4a-1f98-42c1-a826-4dca132a048f None admin] RBAC: Authorizing `identity:list_roles()` {{(pid=81772) enforce_call /opt/stack/keystone/keystone/common/rbac_enforcer/enforcer.py:449}}
Sep 06 19:58:20.296079 dv-cinder-847732-4-iscsi devstack@keystone.service[81772]: DEBUG keystone.common.rbac_enforcer.enforcer [None req-40ecae4a-1f98-42c1-a826-4dca132a048f None admin] RBAC: Authorization granted {{(pid=81772) enforce_call /opt/stack/keystone/keystone/common/rbac_enforcer/enforcer.py:457}}
Sep 06 19:58:20.316732 dv-cinder-847732-4-iscsi devstack@keystone.service[81772]: [pid: 81772|app: 0|req: 121/227] 10.222.0.20 () {56 vars in 1111 bytes} [Tue Sep 6 19:58:19 2022] GET /identity/v3/roles?name=anotherrole => generated 334 bytes in 371 msecs (HTTP/1.1 200) 5 headers in 177 bytes (1 switches on core 0)
Sep 06 19:58:20.323075 dv-cinder-847732-4-iscsi devstack@keystone.service[81772]: DEBUG keystone.server.flask.request_processing.middleware.auth_context [None req-40ecae4a-1f98-42c1-a826-4dca132a048f None admin] Authenticating user token {{(pid=81772) process_request /usr/local/lib/python3.8/dist-packages/keystonemiddleware/auth_token/__init__.py:407}}
Sep 06 19:58:20.394252 dv-cinder-847732-4-iscsi devstack@keystone.service[81771]: DEBUG dbcounter [-] [81771] Writing DB stats keystone:SELECT=100 {{(pid=81771) stat_writer /usr/local/lib/python3.8/dist-packages/dbcounter.py:114}}
Sep 06 19:58:20.409959 dv-cinder-847732-4-iscsi devstack@keystone.service[81771]: DEBUG keystone.server.flask.request_processing.middleware.auth_context [None req-93604932-876e-4ceb-8a6c-4a0c1411dcee None admin] Validating token access rules against request {{(pid=81771) validate_allowed_request /usr/local/lib/python3.8/dist-packages/keystonemiddleware/auth_token/__init__.py:545}}
Sep 06 19:58:20.487280 dv-cinder-847732-4-iscsi devstack@keystone.service[81771]: DEBUG keystone.server.flask.request_processing.middleware.auth_context [None req-4e8db034-04a7-4380-acf0-bab989ef9400 None admin] RBAC: auth_context: {'token': , 'domain_id': None, 'trust_id': None, 'trustor_id': None, 'trustee_id': None, 'domain_name': None, 'group_ids': [], 'user_id': '1e7095a0137b45c984179dcf25de9362', 'user_domain_id': 'default', 'system_scope': 'all', 'project_id': None, 'project_domain_id': None, 'roles': ['admin', 'member', 'reader'], 'is_admin_project': True, 'service_user_id': None, 'service_user_domain_id': None, 'service_project_id': None, 'service_project_domain_id': None, 'service_roles': []} {{(pid=81771) fill_context /opt/stack/keystone/keystone/server/flask/request_processing/middleware/auth_context.py:478}}
Sep 06 19:58:20.489201 dv-cinder-847732-4-iscsi devstack@keystone.service[81771]: DEBUG keystone.server.flask.request_processing.req_logging [None req-4e8db034-04a7-4380-acf0-bab989ef9400 None admin] REQUEST_METHOD: `GET` {{(pid=81771) log_request_info /opt/stack/keystone/keystone/server/flask/request_processing/req_logging.py:27}}
Sep 06 19:58:20.490081 dv-cinder-847732-4-iscsi devstack@keystone.service[81771]: DEBUG keystone.server.flask.request_processing.req_logging [None req-4e8db034-04a7-4380-acf0-bab989ef9400 None admin] SCRIPT_NAME: `/identity` {{(pid=81771) log_request_info /opt/stack/keystone/keystone/server/flask/request_processing/req_logging.py:28}}
Sep 06 19:58:20.490852 dv-cinder-847732-4-iscsi devstack@keystone.service[81771]: DEBUG keystone.server.flask.request_processing.req_logging [None req-4e8db034-04a7-4380-acf0-bab989ef9400 None admin] PATH_INFO: `/v3/roles` {{(pid=81771) log_request_info /opt/stack/keystone/keystone/server/flask/request_processing/req_logging.py:29}}
Sep 06 19:58:20.492433 dv-cinder-847732-4-iscsi devstack@keystone.service[81771]: DEBUG keystone.common.rbac_enforcer.enforcer [None req-4e8db034-04a7-4380-acf0-bab989ef9400 None admin] RBAC: Adding query filter params (name=admin) {{(pid=81771) _extract_filter_values /opt/stack/keystone/keystone/common/rbac_enforcer/enforcer.py:167}}
Sep 06 19:58:20.493279 dv-cinder-847732-4-iscsi devstack@keystone.service[81771]: DEBUG keystone.common.rbac_enforcer.enforcer [None req-4e8db034-04a7-4380-acf0-bab989ef9400 None admin] RBAC: Authorizing `identity:list_roles()` {{(pid=81771) enforce_call /opt/stack/keystone/keystone/common/rbac_enforcer/enforcer.py:449}}
Sep 06 19:58:20.496575 dv-cinder-847732-4-iscsi devstack@keystone.service[81771]: DEBUG keystone.common.rbac_enforcer.enforcer [None req-4e8db034-04a7-4380-acf0-bab989ef9400 None admin] RBAC: Authorization granted {{(pid=81771) enforce_call /opt/stack/keystone/keystone/common/rbac_enforcer/enforcer.py:457}}
Sep 06 19:58:20.514753 dv-cinder-847732-4-iscsi devstack@keystone.service[81771]: [pid: 81771|app: 0|req: 107/228] 10.222.0.20 () {56 vars in 1099 bytes} [Tue Sep 6 19:58:20 2022] GET /identity/v3/roles?name=admin => generated 339 bytes in 352 msecs (HTTP/1.1 200) 5 headers in 177 bytes (1 switches on core 0)
Sep 06 19:58:20.522337 dv-cinder-847732-4-iscsi devstack@keystone.service[81771]: DEBUG keystone.server.flask.request_processing.middleware.auth_context [None req-4e8db034-04a7-4380-acf0-bab989ef9400 None admin] Authenticating user token {{(pid=81771) process_request /usr/local/lib/python3.8/dist-packages/keystonemiddleware/auth_token/__init__.py:407}}
Sep 06 19:58:20.625638 dv-cinder-847732-4-iscsi devstack@keystone.service[81772]: DEBUG keystone.server.flask.request_processing.middleware.auth_context [None req-40ecae4a-1f98-42c1-a826-4dca132a048f None admin] Validating token access rules against request {{(pid=81772) validate_allowed_request /usr/local/lib/python3.8/dist-packages/keystonemiddleware/auth_token/__init__.py:545}}
Sep 06 19:58:20.722503 dv-cinder-847732-4-iscsi devstack@keystone.service[81772]: DEBUG keystone.server.flask.request_processing.middleware.auth_context [None req-1d726d68-4cfd-46bc-a0a5-c78fbab875ab None admin] RBAC: auth_context: {'token': , 'domain_id': None, 'trust_id': None, 'trustor_id': None, 'trustee_id': None, 'domain_name': None, 'group_ids': [], 'user_id': '1e7095a0137b45c984179dcf25de9362', 'user_domain_id': 'default', 'system_scope': 'all', 'project_id': None, 'project_domain_id': None, 'roles': ['admin', 'member', 'reader'], 'is_admin_project': True, 'service_user_id': None, 'service_user_domain_id': None, 'service_project_id': None, 'service_project_domain_id': None, 'service_roles': []} {{(pid=81772) fill_context /opt/stack/keystone/keystone/server/flask/request_processing/middleware/auth_context.py:478}}
Sep 06 19:58:20.723102 dv-cinder-847732-4-iscsi devstack@keystone.service[81772]: DEBUG keystone.server.flask.request_processing.req_logging [None req-1d726d68-4cfd-46bc-a0a5-c78fbab875ab None admin] REQUEST_METHOD: `GET` {{(pid=81772) log_request_info /opt/stack/keystone/keystone/server/flask/request_processing/req_logging.py:27}}
Sep 06 19:58:20.723466 dv-cinder-847732-4-iscsi devstack@keystone.service[81772]: DEBUG keystone.server.flask.request_processing.req_logging [None req-1d726d68-4cfd-46bc-a0a5-c78fbab875ab None admin] SCRIPT_NAME: `/identity` {{(pid=81772) log_request_info /opt/stack/keystone/keystone/server/flask/request_processing/req_logging.py:28}}
Sep 06 19:58:20.723749 dv-cinder-847732-4-iscsi devstack@keystone.service[81772]: DEBUG keystone.server.flask.request_processing.req_logging [None req-1d726d68-4cfd-46bc-a0a5-c78fbab875ab None admin] PATH_INFO: `/v3/users/20f486167f614910a2e622ee8a5f36fc` {{(pid=81772) log_request_info /opt/stack/keystone/keystone/server/flask/request_processing/req_logging.py:29}}
Sep 06 19:58:20.730572 dv-cinder-847732-4-iscsi devstack@keystone.service[81772]: DEBUG keystone.common.rbac_enforcer.enforcer [None req-1d726d68-4cfd-46bc-a0a5-c78fbab875ab None admin] RBAC: Authorizing `identity:get_user(user_id=20f486167f614910a2e622ee8a5f36fc)` {{(pid=81772) enforce_call /opt/stack/keystone/keystone/common/rbac_enforcer/enforcer.py:449}}
Sep 06 19:58:20.732135 dv-cinder-847732-4-iscsi devstack@keystone.service[81772]: DEBUG keystone.common.rbac_enforcer.enforcer [None req-1d726d68-4cfd-46bc-a0a5-c78fbab875ab None admin] RBAC: Authorization granted {{(pid=81772) enforce_call /opt/stack/keystone/keystone/common/rbac_enforcer/enforcer.py:457}}
Sep 06 19:58:20.734308 dv-cinder-847732-4-iscsi devstack@keystone.service[81772]: [pid: 81772|app: 0|req: 122/229] 10.222.0.20 () {56 vars in 1177 bytes} [Tue Sep 6 19:58:20 2022] GET /identity/v3/users/20f486167f614910a2e622ee8a5f36fc => generated 283 bytes in 412 msecs (HTTP/1.1 200) 5 headers in 177 bytes (1 switches on core 0)
Sep 06 19:58:20.743294 dv-cinder-847732-4-iscsi devstack@keystone.service[81772]: DEBUG keystone.server.flask.request_processing.middleware.auth_context [None req-1d726d68-4cfd-46bc-a0a5-c78fbab875ab None admin] Authenticating user token {{(pid=81772) process_request /usr/local/lib/python3.8/dist-packages/keystonemiddleware/auth_token/__init__.py:407}}
Sep 06 19:58:20.812745 dv-cinder-847732-4-iscsi devstack@keystone.service[81771]: DEBUG keystone.server.flask.request_processing.middleware.auth_context [None req-4e8db034-04a7-4380-acf0-bab989ef9400 None admin] Validating token access rules against request {{(pid=81771) validate_allowed_request /usr/local/lib/python3.8/dist-packages/keystonemiddleware/auth_token/__init__.py:545}}
Sep 06 19:58:20.848829 dv-cinder-847732-4-iscsi devstack@keystone.service[81772]: DEBUG dbcounter [-] [81772] Writing DB stats keystone:SELECT=100 {{(pid=81772) stat_writer /usr/local/lib/python3.8/dist-packages/dbcounter.py:114}}
Sep 06 19:58:20.890090 dv-cinder-847732-4-iscsi devstack@keystone.service[81771]: DEBUG keystone.server.flask.request_processing.middleware.auth_context [None req-078dc968-6f7f-4302-8503-4cdab548ed59 None admin] RBAC: auth_context: {'token': , 'domain_id': None, 'trust_id': None, 'trustor_id': None, 'trustee_id': None, 'domain_name': None, 'group_ids': [], 'user_id': '1e7095a0137b45c984179dcf25de9362', 'user_domain_id': 'default', 'system_scope': 'all', 'project_id': None, 'project_domain_id': None, 'roles': ['admin', 'member', 'reader'], 'is_admin_project': True, 'service_user_id': None, 'service_user_domain_id': None, 'service_project_id': None, 'service_project_domain_id': None, 'service_roles': []} {{(pid=81771) fill_context /opt/stack/keystone/keystone/server/flask/request_processing/middleware/auth_context.py:478}}
Sep 06 19:58:20.891210 dv-cinder-847732-4-iscsi devstack@keystone.service[81771]: DEBUG keystone.server.flask.request_processing.req_logging [None req-078dc968-6f7f-4302-8503-4cdab548ed59 None admin] REQUEST_METHOD: `GET` {{(pid=81771) log_request_info /opt/stack/keystone/keystone/server/flask/request_processing/req_logging.py:27}}
Sep 06 19:58:20.891686 dv-cinder-847732-4-iscsi devstack@keystone.service[81771]: DEBUG keystone.server.flask.request_processing.req_logging [None req-078dc968-6f7f-4302-8503-4cdab548ed59 None admin] SCRIPT_NAME: `/identity` {{(pid=81771) log_request_info /opt/stack/keystone/keystone/server/flask/request_processing/req_logging.py:28}}
Sep 06 19:58:20.892354 dv-cinder-847732-4-iscsi devstack@keystone.service[81771]: DEBUG keystone.server.flask.request_processing.req_logging [None req-078dc968-6f7f-4302-8503-4cdab548ed59 None admin] PATH_INFO: `/v3/users/20f486167f614910a2e622ee8a5f36fc` {{(pid=81771) log_request_info /opt/stack/keystone/keystone/server/flask/request_processing/req_logging.py:29}}
Sep 06 19:58:20.894815 dv-cinder-847732-4-iscsi devstack@keystone.service[81771]: DEBUG keystone.common.rbac_enforcer.enforcer [None req-078dc968-6f7f-4302-8503-4cdab548ed59 None admin] RBAC: Authorizing `identity:get_user(user_id=20f486167f614910a2e622ee8a5f36fc)` {{(pid=81771) enforce_call /opt/stack/keystone/keystone/common/rbac_enforcer/enforcer.py:449}}
Sep 06 19:58:20.897815 dv-cinder-847732-4-iscsi devstack@keystone.service[81771]: DEBUG keystone.common.rbac_enforcer.enforcer [None req-078dc968-6f7f-4302-8503-4cdab548ed59 None admin] RBAC: Authorization granted {{(pid=81771) enforce_call /opt/stack/keystone/keystone/common/rbac_enforcer/enforcer.py:457}}
Sep 06 19:58:20.902847 dv-cinder-847732-4-iscsi devstack@keystone.service[81771]: [pid: 81771|app: 0|req: 108/230] 10.222.0.20 () {56 vars in 1177 bytes} [Tue Sep 6 19:58:20 2022] GET /identity/v3/users/20f486167f614910a2e622ee8a5f36fc => generated 283 bytes in 381 msecs (HTTP/1.1 200) 5 headers in 177 bytes (1 switches on core 0)
Sep 06 19:58:20.911619 dv-cinder-847732-4-iscsi devstack@keystone.service[81771]: DEBUG keystone.server.flask.request_processing.middleware.auth_context [None req-078dc968-6f7f-4302-8503-4cdab548ed59 None admin] Authenticating user token {{(pid=81771) process_request /usr/local/lib/python3.8/dist-packages/keystonemiddleware/auth_token/__init__.py:407}}
Sep 06 19:58:20.961817 dv-cinder-847732-4-iscsi devstack@keystone.service[81772]: DEBUG keystone.server.flask.request_processing.middleware.auth_context [None req-1d726d68-4cfd-46bc-a0a5-c78fbab875ab None admin] Validating token access rules against request {{(pid=81772) validate_allowed_request /usr/local/lib/python3.8/dist-packages/keystonemiddleware/auth_token/__init__.py:545}}
Sep 06 19:58:20.982234 dv-cinder-847732-4-iscsi devstack@keystone.service[81771]: DEBUG dbcounter [-] [81771] Writing DB stats keystone:SELECT=100 {{(pid=81771) stat_writer /usr/local/lib/python3.8/dist-packages/dbcounter.py:114}}
Sep 06 19:58:21.005533 dv-cinder-847732-4-iscsi devstack@keystone.service[81772]: DEBUG keystone.server.flask.request_processing.middleware.auth_context [None req-c2c62e2f-5991-4066-9553-124f80890bbc None admin] RBAC: auth_context: {'token': , 'domain_id': None, 'trust_id': None, 'trustor_id': None, 'trustee_id': None, 'domain_name': None, 'group_ids': [], 'user_id': '1e7095a0137b45c984179dcf25de9362', 'user_domain_id': 'default', 'system_scope': 'all', 'project_id': None, 'project_domain_id': None, 'roles': ['admin', 'member', 'reader'], 'is_admin_project': True, 'service_user_id': None, 'service_user_domain_id': None, 'service_project_id': None, 'service_project_domain_id': None, 'service_roles': []} {{(pid=81772) fill_context /opt/stack/keystone/keystone/server/flask/request_processing/middleware/auth_context.py:478}}
Sep 06 19:58:21.006664 dv-cinder-847732-4-iscsi devstack@keystone.service[81772]: DEBUG keystone.server.flask.request_processing.req_logging [None req-c2c62e2f-5991-4066-9553-124f80890bbc None admin] REQUEST_METHOD: `GET` {{(pid=81772) log_request_info /opt/stack/keystone/keystone/server/flask/request_processing/req_logging.py:27}}
Sep 06 19:58:21.007185 dv-cinder-847732-4-iscsi devstack@keystone.service[81772]: DEBUG keystone.server.flask.request_processing.req_logging [None req-c2c62e2f-5991-4066-9553-124f80890bbc None admin] SCRIPT_NAME: `/identity` {{(pid=81772) log_request_info /opt/stack/keystone/keystone/server/flask/request_processing/req_logging.py:28}}
Sep 06 19:58:21.007693 dv-cinder-847732-4-iscsi devstack@keystone.service[81772]: DEBUG keystone.server.flask.request_processing.req_logging [None req-c2c62e2f-5991-4066-9553-124f80890bbc None admin] PATH_INFO: `/v3/projects/22a00d6dfd004be4aa2f9727f02e69ab` {{(pid=81772) log_request_info /opt/stack/keystone/keystone/server/flask/request_processing/req_logging.py:29}}
Sep 06 19:58:21.009306 dv-cinder-847732-4-iscsi devstack@keystone.service[81772]: DEBUG keystone.common.rbac_enforcer.enforcer [None req-c2c62e2f-5991-4066-9553-124f80890bbc None admin] RBAC: Authorizing `identity:get_project(project_id=22a00d6dfd004be4aa2f9727f02e69ab)` {{(pid=81772) enforce_call /opt/stack/keystone/keystone/common/rbac_enforcer/enforcer.py:449}}
Sep 06 19:58:21.011541 dv-cinder-847732-4-iscsi devstack@keystone.service[81772]: DEBUG keystone.common.rbac_enforcer.enforcer [None req-c2c62e2f-5991-4066-9553-124f80890bbc None admin] RBAC: Authorization granted {{(pid=81772) enforce_call /opt/stack/keystone/keystone/common/rbac_enforcer/enforcer.py:457}}
Sep 06 19:58:21.015119 dv-cinder-847732-4-iscsi devstack@keystone.service[81772]: [pid: 81772|app: 0|req: 123/231] 10.222.0.20 () {56 vars in 1186 bytes} [Tue Sep 6 19:58:20 2022] GET /identity/v3/projects/22a00d6dfd004be4aa2f9727f02e69ab => generated 302 bytes in 272 msecs (HTTP/1.1 200) 5 headers in 177 bytes (2 switches on core 0)
Sep 06 19:58:21.023130 dv-cinder-847732-4-iscsi devstack@keystone.service[81772]: DEBUG keystone.server.flask.request_processing.middleware.auth_context [None req-c2c62e2f-5991-4066-9553-124f80890bbc None admin] Authenticating user token {{(pid=81772) process_request /usr/local/lib/python3.8/dist-packages/keystonemiddleware/auth_token/__init__.py:407}}
Sep 06 19:58:21.139554 dv-cinder-847732-4-iscsi devstack@keystone.service[81771]: DEBUG keystone.server.flask.request_processing.middleware.auth_context [None req-078dc968-6f7f-4302-8503-4cdab548ed59 None admin] Validating token access rules against request {{(pid=81771) validate_allowed_request /usr/local/lib/python3.8/dist-packages/keystonemiddleware/auth_token/__init__.py:545}}
Sep 06 19:58:21.183706 dv-cinder-847732-4-iscsi devstack@keystone.service[81772]: DEBUG keystone.server.flask.request_processing.middleware.auth_context [None req-c2c62e2f-5991-4066-9553-124f80890bbc None admin] Validating token access rules against request {{(pid=81772) validate_allowed_request /usr/local/lib/python3.8/dist-packages/keystonemiddleware/auth_token/__init__.py:545}}
Sep 06 19:58:21.194375 dv-cinder-847732-4-iscsi devstack@keystone.service[81772]: DEBUG dbcounter [-] [81772] Writing DB stats keystone:SELECT=100 {{(pid=81772) stat_writer /usr/local/lib/python3.8/dist-packages/dbcounter.py:114}}
Sep 06 19:58:21.227946 dv-cinder-847732-4-iscsi devstack@keystone.service[81771]: DEBUG keystone.server.flask.request_processing.middleware.auth_context [None req-e70c5753-0705-4f85-b318-7df19e1ccc1d None admin] RBAC: auth_context: {'token': , 'domain_id': None, 'trust_id': None, 'trustor_id': None, 'trustee_id': None, 'domain_name': None, 'group_ids': [], 'user_id': '1e7095a0137b45c984179dcf25de9362', 'user_domain_id': 'default', 'system_scope': 'all', 'project_id': None, 'project_domain_id': None, 'roles': ['admin', 'member', 'reader'], 'is_admin_project': True, 'service_user_id': None, 'service_user_domain_id': None, 'service_project_id': None, 'service_project_domain_id': None, 'service_roles': []} {{(pid=81771) fill_context /opt/stack/keystone/keystone/server/flask/request_processing/middleware/auth_context.py:478}}
Sep 06 19:58:21.229246 dv-cinder-847732-4-iscsi devstack@keystone.service[81771]: DEBUG keystone.server.flask.request_processing.req_logging [None req-e70c5753-0705-4f85-b318-7df19e1ccc1d None admin] REQUEST_METHOD: `GET` {{(pid=81771) log_request_info /opt/stack/keystone/keystone/server/flask/request_processing/req_logging.py:27}}
Sep 06 19:58:21.229763 dv-cinder-847732-4-iscsi devstack@keystone.service[81771]: DEBUG keystone.server.flask.request_processing.req_logging [None req-e70c5753-0705-4f85-b318-7df19e1ccc1d None admin] SCRIPT_NAME: `/identity` {{(pid=81771) log_request_info /opt/stack/keystone/keystone/server/flask/request_processing/req_logging.py:28}}
Sep 06 19:58:21.230256 dv-cinder-847732-4-iscsi devstack@keystone.service[81771]: DEBUG keystone.server.flask.request_processing.req_logging [None req-e70c5753-0705-4f85-b318-7df19e1ccc1d None admin] PATH_INFO: `/v3/projects/22a00d6dfd004be4aa2f9727f02e69ab` {{(pid=81771) log_request_info /opt/stack/keystone/keystone/server/flask/request_processing/req_logging.py:29}}
Sep 06 19:58:21.233145 dv-cinder-847732-4-iscsi devstack@keystone.service[81772]: DEBUG keystone.server.flask.request_processing.middleware.auth_context [None req-f2dbe435-f711-4606-acbc-cb2c2e57b62d None admin] RBAC: auth_context: {'token': , 'domain_id': None, 'trust_id': None, 'trustor_id': None, 'trustee_id': None, 'domain_name': None, 'group_ids': [], 'user_id': '1e7095a0137b45c984179dcf25de9362', 'user_domain_id': 'default', 'system_scope': 'all', 'project_id': None, 'project_domain_id': None, 'roles': ['admin', 'member', 'reader'], 'is_admin_project': True, 'service_user_id': None, 'service_user_domain_id': None, 'service_project_id': None, 'service_project_domain_id': None, 'service_roles': []} {{(pid=81772) fill_context /opt/stack/keystone/keystone/server/flask/request_processing/middleware/auth_context.py:478}}
Sep 06 19:58:21.233343 dv-cinder-847732-4-iscsi devstack@keystone.service[81771]: DEBUG keystone.common.rbac_enforcer.enforcer [None req-e70c5753-0705-4f85-b318-7df19e1ccc1d None admin] RBAC: Authorizing `identity:get_project(project_id=22a00d6dfd004be4aa2f9727f02e69ab)` {{(pid=81771) enforce_call /opt/stack/keystone/keystone/common/rbac_enforcer/enforcer.py:449}}
Sep 06 19:58:21.234339 dv-cinder-847732-4-iscsi devstack@keystone.service[81772]: DEBUG keystone.server.flask.request_processing.req_logging [None req-f2dbe435-f711-4606-acbc-cb2c2e57b62d None admin] REQUEST_METHOD: `PUT` {{(pid=81772) log_request_info /opt/stack/keystone/keystone/server/flask/request_processing/req_logging.py:27}}
Sep 06 19:58:21.234917 dv-cinder-847732-4-iscsi devstack@keystone.service[81772]: DEBUG keystone.server.flask.request_processing.req_logging [None req-f2dbe435-f711-4606-acbc-cb2c2e57b62d None admin] SCRIPT_NAME: `/identity` {{(pid=81772) log_request_info /opt/stack/keystone/keystone/server/flask/request_processing/req_logging.py:28}}
Sep 06 19:58:21.235573 dv-cinder-847732-4-iscsi devstack@keystone.service[81772]: DEBUG keystone.server.flask.request_processing.req_logging [None req-f2dbe435-f711-4606-acbc-cb2c2e57b62d None admin] PATH_INFO: `/v3/projects/22a00d6dfd004be4aa2f9727f02e69ab/users/20f486167f614910a2e622ee8a5f36fc/roles/b02170460f054c259e825ab6e35f8537` {{(pid=81772) log_request_info /opt/stack/keystone/keystone/server/flask/request_processing/req_logging.py:29}}
Sep 06 19:58:21.236539 dv-cinder-847732-4-iscsi devstack@keystone.service[81771]: DEBUG keystone.common.rbac_enforcer.enforcer [None req-e70c5753-0705-4f85-b318-7df19e1ccc1d None admin] RBAC: Authorization granted {{(pid=81771) enforce_call /opt/stack/keystone/keystone/common/rbac_enforcer/enforcer.py:457}}
Sep 06 19:58:21.240071 dv-cinder-847732-4-iscsi devstack@keystone.service[81772]: DEBUG keystone.common.rbac_enforcer.enforcer [None req-f2dbe435-f711-4606-acbc-cb2c2e57b62d None admin] RBAC: Authorizing `identity:create_grant(project_id=22a00d6dfd004be4aa2f9727f02e69ab, user_id=20f486167f614910a2e622ee8a5f36fc, role_id=b02170460f054c259e825ab6e35f8537)` {{(pid=81772) enforce_call /opt/stack/keystone/keystone/common/rbac_enforcer/enforcer.py:449}}
Sep 06 19:58:21.240466 dv-cinder-847732-4-iscsi devstack@keystone.service[81771]: [pid: 81771|app: 0|req: 109/232] 10.222.0.20 () {56 vars in 1186 bytes} [Tue Sep 6 19:58:20 2022] GET /identity/v3/projects/22a00d6dfd004be4aa2f9727f02e69ab => generated 302 bytes in 330 msecs (HTTP/1.1 200) 5 headers in 177 bytes (1 switches on core 0)
Sep 06 19:58:21.242487 dv-cinder-847732-4-iscsi devstack@keystone.service[81772]: DEBUG keystone.common.rbac_enforcer.enforcer [None req-f2dbe435-f711-4606-acbc-cb2c2e57b62d None admin] RBAC: Authorization granted {{(pid=81772) enforce_call /opt/stack/keystone/keystone/common/rbac_enforcer/enforcer.py:457}}
Sep 06 19:58:21.251508 dv-cinder-847732-4-iscsi devstack@keystone.service[81771]: DEBUG keystone.server.flask.request_processing.middleware.auth_context [None req-e70c5753-0705-4f85-b318-7df19e1ccc1d None admin] Authenticating user token {{(pid=81771) process_request /usr/local/lib/python3.8/dist-packages/keystonemiddleware/auth_token/__init__.py:407}}
Sep 06 19:58:21.266814 dv-cinder-847732-4-iscsi devstack@keystone.service[81772]: [pid: 81772|app: 0|req: 124/233] 10.222.0.20 () {58 vars in 1439 bytes} [Tue Sep 6 19:58:21 2022] PUT /identity/v3/projects/22a00d6dfd004be4aa2f9727f02e69ab/users/20f486167f614910a2e622ee8a5f36fc/roles/b02170460f054c259e825ab6e35f8537 => generated 0 bytes in 244 msecs (HTTP/1.1 204) 3 headers in 132 bytes (0 switches on core 0)
Sep 06 19:58:21.460226 dv-cinder-847732-4-iscsi devstack@keystone.service[81771]: DEBUG dbcounter [-] [81771] Writing DB stats keystone:SELECT=100 {{(pid=81771) stat_writer /usr/local/lib/python3.8/dist-packages/dbcounter.py:114}}
Sep 06 19:58:21.483640 dv-cinder-847732-4-iscsi devstack@keystone.service[81771]: DEBUG keystone.server.flask.request_processing.middleware.auth_context [None req-e70c5753-0705-4f85-b318-7df19e1ccc1d None admin] Validating token access rules against request {{(pid=81771) validate_allowed_request /usr/local/lib/python3.8/dist-packages/keystonemiddleware/auth_token/__init__.py:545}}
Sep 06 19:58:21.553510 dv-cinder-847732-4-iscsi devstack@keystone.service[81771]: DEBUG keystone.server.flask.request_processing.middleware.auth_context [None req-baa9dcf0-4219-4d95-8b6f-b0051db2791c None admin] RBAC: auth_context: {'token': , 'domain_id': None, 'trust_id': None, 'trustor_id': None, 'trustee_id': None, 'domain_name': None, 'group_ids': [], 'user_id': '1e7095a0137b45c984179dcf25de9362', 'user_domain_id': 'default', 'system_scope': 'all', 'project_id': None, 'project_domain_id': None, 'roles': ['admin', 'member', 'reader'], 'is_admin_project': True, 'service_user_id': None, 'service_user_domain_id': None, 'service_project_id': None, 'service_project_domain_id': None, 'service_roles': []} {{(pid=81771) fill_context /opt/stack/keystone/keystone/server/flask/request_processing/middleware/auth_context.py:478}}
Sep 06 19:58:21.554361 dv-cinder-847732-4-iscsi devstack@keystone.service[81771]: DEBUG keystone.server.flask.request_processing.req_logging [None req-baa9dcf0-4219-4d95-8b6f-b0051db2791c None admin] REQUEST_METHOD: `PUT` {{(pid=81771) log_request_info /opt/stack/keystone/keystone/server/flask/request_processing/req_logging.py:27}}
Sep 06 19:58:21.555158 dv-cinder-847732-4-iscsi devstack@keystone.service[81771]: DEBUG keystone.server.flask.request_processing.req_logging [None req-baa9dcf0-4219-4d95-8b6f-b0051db2791c None admin] SCRIPT_NAME: `/identity` {{(pid=81771) log_request_info /opt/stack/keystone/keystone/server/flask/request_processing/req_logging.py:28}}
Sep 06 19:58:21.555449 dv-cinder-847732-4-iscsi devstack@keystone.service[81771]: DEBUG keystone.server.flask.request_processing.req_logging [None req-baa9dcf0-4219-4d95-8b6f-b0051db2791c None admin] PATH_INFO: `/v3/projects/22a00d6dfd004be4aa2f9727f02e69ab/users/20f486167f614910a2e622ee8a5f36fc/roles/e0ab41d8ae22474688b5361bcc75e0f0` {{(pid=81771) log_request_info /opt/stack/keystone/keystone/server/flask/request_processing/req_logging.py:29}}
Sep 06 19:58:21.563712 dv-cinder-847732-4-iscsi devstack@keystone.service[81771]: DEBUG keystone.common.rbac_enforcer.enforcer [None req-baa9dcf0-4219-4d95-8b6f-b0051db2791c None admin] RBAC: Authorizing `identity:create_grant(project_id=22a00d6dfd004be4aa2f9727f02e69ab, user_id=20f486167f614910a2e622ee8a5f36fc, role_id=e0ab41d8ae22474688b5361bcc75e0f0)` {{(pid=81771) enforce_call /opt/stack/keystone/keystone/common/rbac_enforcer/enforcer.py:449}}
Sep 06 19:58:21.566060 dv-cinder-847732-4-iscsi devstack@keystone.service[81771]: DEBUG keystone.common.rbac_enforcer.enforcer [None req-baa9dcf0-4219-4d95-8b6f-b0051db2791c None admin] RBAC: Authorization granted {{(pid=81771) enforce_call /opt/stack/keystone/keystone/common/rbac_enforcer/enforcer.py:457}}
Sep 06 19:58:21.591278 dv-cinder-847732-4-iscsi devstack@keystone.service[81771]: [pid: 81771|app: 0|req: 110/234] 10.222.0.20 () {58 vars in 1439 bytes} [Tue Sep 6 19:58:21 2022] PUT /identity/v3/projects/22a00d6dfd004be4aa2f9727f02e69ab/users/20f486167f614910a2e622ee8a5f36fc/roles/e0ab41d8ae22474688b5361bcc75e0f0 => generated 0 bytes in 341 msecs (HTTP/1.1 204) 3 headers in 132 bytes (0 switches on core 0)
Sep 06 19:58:22.312400 dv-cinder-847732-4-iscsi devstack@keystone.service[81772]: DEBUG keystone.server.flask.request_processing.req_logging [None req-b1cf34cf-e3fd-40f0-8619-0673c7a05940 None None] REQUEST_METHOD: `GET` {{(pid=81772) log_request_info /opt/stack/keystone/keystone/server/flask/request_processing/req_logging.py:27}}
Sep 06 19:58:22.314652 dv-cinder-847732-4-iscsi devstack@keystone.service[81772]: DEBUG keystone.server.flask.request_processing.req_logging [None req-b1cf34cf-e3fd-40f0-8619-0673c7a05940 None None] SCRIPT_NAME: `/identity` {{(pid=81772) log_request_info /opt/stack/keystone/keystone/server/flask/request_processing/req_logging.py:28}}
Sep 06 19:58:22.315452 dv-cinder-847732-4-iscsi devstack@keystone.service[81772]: DEBUG keystone.server.flask.request_processing.req_logging [None req-b1cf34cf-e3fd-40f0-8619-0673c7a05940 None None] PATH_INFO: `/` {{(pid=81772) log_request_info /opt/stack/keystone/keystone/server/flask/request_processing/req_logging.py:29}}
Sep 06 19:58:22.318456 dv-cinder-847732-4-iscsi devstack@keystone.service[81772]: [pid: 81772|app: 0|req: 125/235] 10.222.0.20 () {54 vars in 927 bytes} [Tue Sep 6 19:58:22 2022] GET /identity => generated 270 bytes in 8 msecs (HTTP/1.1 300) 6 headers in 234 bytes (1 switches on core 0)
Sep 06 19:58:22.325803 dv-cinder-847732-4-iscsi devstack@keystone.service[81771]: DEBUG keystone.server.flask.request_processing.req_logging [None req-3760618d-9aaa-4add-bcca-89c5e47a736c None None] REQUEST_METHOD: `POST` {{(pid=81771) log_request_info /opt/stack/keystone/keystone/server/flask/request_processing/req_logging.py:27}}
Sep 06 19:58:22.327250 dv-cinder-847732-4-iscsi devstack@keystone.service[81771]: DEBUG keystone.server.flask.request_processing.req_logging [None req-3760618d-9aaa-4add-bcca-89c5e47a736c None None] SCRIPT_NAME: `/identity` {{(pid=81771) log_request_info /opt/stack/keystone/keystone/server/flask/request_processing/req_logging.py:28}}
Sep 06 19:58:22.328026 dv-cinder-847732-4-iscsi devstack@keystone.service[81771]: DEBUG keystone.server.flask.request_processing.req_logging [None req-3760618d-9aaa-4add-bcca-89c5e47a736c None None] PATH_INFO: `/v3/auth/tokens` {{(pid=81771) log_request_info /opt/stack/keystone/keystone/server/flask/request_processing/req_logging.py:29}}
Sep 06 19:58:22.362978 dv-cinder-847732-4-iscsi devstack@keystone.service[81771]: DEBUG keystone.auth.core [None req-3760618d-9aaa-4add-bcca-89c5e47a736c None None] MFA Rules not processed for user `1e7095a0137b45c984179dcf25de9362`. Rule list: `[]` (Enabled: `True`). {{(pid=81771) check_auth_methods_against_rules /opt/stack/keystone/keystone/auth/core.py:438}}
Sep 06 19:58:22.365744 dv-cinder-847732-4-iscsi devstack@keystone.service[81771]: DEBUG keystone.common.fernet_utils [None req-3760618d-9aaa-4add-bcca-89c5e47a736c None None] Loaded 2 Fernet keys from /etc/keystone/fernet-keys/, but `[fernet_tokens] max_active_keys = 3`; perhaps there have not been enough key rotations to reach `max_active_keys` yet? {{(pid=81771) load_keys /opt/stack/keystone/keystone/common/fernet_utils.py:286}}
Sep 06 19:58:22.479226 dv-cinder-847732-4-iscsi devstack@keystone.service[81772]: DEBUG keystone.server.flask.request_processing.req_logging [None req-0a56bcc8-5ef4-403e-9042-02ff96b44665 None None] REQUEST_METHOD: `GET` {{(pid=81772) log_request_info /opt/stack/keystone/keystone/server/flask/request_processing/req_logging.py:27}}
Sep 06 19:58:22.480220 dv-cinder-847732-4-iscsi devstack@keystone.service[81772]: DEBUG keystone.server.flask.request_processing.req_logging [None req-0a56bcc8-5ef4-403e-9042-02ff96b44665 None None] SCRIPT_NAME: `/identity` {{(pid=81772) log_request_info /opt/stack/keystone/keystone/server/flask/request_processing/req_logging.py:28}}
