Jun 27 21:16:56.142725 dv-cinder-847732-1-iscsi devstack@c-api.service[111017]: DEBUG cinder.quota [None req-ed70ebfa-1a4c-4986-a025-ddb2453ce23c tempest-VolumesActionsTest-1897289213 tempest-VolumesActionsTest-1897289213-project] Created reservations ['c98f4b20-ea18-4e06-8682-6179b8e2ce71', '0ff869b5-c9c0-4dc8-afda-125539042dc3', 'bfa50820-b527-4cd3-bb9f-2ff305d67359', '1aea60fe-4a0c-443a-8dd2-23979befddd0'] {{(pid=111017) reserve /opt/stack/cinder/cinder/quota.py:755}}
Jun 27 21:16:56.170736 dv-cinder-847732-1-iscsi devstack@c-api.service[111017]: DEBUG cinder.volume.api [None req-ed70ebfa-1a4c-4986-a025-ddb2453ce23c tempest-VolumesActionsTest-1897289213 tempest-VolumesActionsTest-1897289213-project] Task 'cinder.volume.flows.api.create_volume.QuotaReserveTask;volume:create' (baeba7e7-01ce-44dc-8a5b-8380927aa81b) transitioned into state 'SUCCESS' from state 'RUNNING' with result '{'reservations': ['c98f4b20-ea18-4e06-8682-6179b8e2ce71', '0ff869b5-c9c0-4dc8-afda-125539042dc3', 'bfa50820-b527-4cd3-bb9f-2ff305d67359', '1aea60fe-4a0c-443a-8dd2-23979befddd0']}' {{(pid=111017) _task_receiver /usr/local/lib/python3.8/dist-packages/taskflow/listeners/logging.py:178}}
Jun 27 21:16:56.172691 dv-cinder-847732-1-iscsi devstack@c-api.service[111017]: DEBUG cinder.volume.api [None req-ed70ebfa-1a4c-4986-a025-ddb2453ce23c tempest-VolumesActionsTest-1897289213 tempest-VolumesActionsTest-1897289213-project] Task 'cinder.volume.flows.api.create_volume.EntryCreateTask;volume:create' (5b9d6e44-0ee1-42ce-b6ce-30d9d4837d40) transitioned into state 'RUNNING' from state 'PENDING' {{(pid=111017) _task_receiver /usr/local/lib/python3.8/dist-packages/taskflow/listeners/logging.py:190}}
Jun 27 21:16:56.218889 dv-cinder-847732-1-iscsi devstack@c-api.service[111017]: DEBUG cinder.volume.api [None req-ed70ebfa-1a4c-4986-a025-ddb2453ce23c tempest-VolumesActionsTest-1897289213 tempest-VolumesActionsTest-1897289213-project] Task 'cinder.volume.flows.api.create_volume.EntryCreateTask;volume:create' (5b9d6e44-0ee1-42ce-b6ce-30d9d4837d40) transitioned into state 'SUCCESS' from state 'RUNNING' with result '{'volume_id': 'dc497c92-1268-4e9d-b161-5bafb70c57c1', 'volume_properties': VolumeProperties(attach_status='detached',availability_zone='nova',cgsnapshot_id=None,consistencygroup_id=None,display_description=None,display_name='tempest-VolumesActionsTest-Volume-434144135',encryption_key_id=None,group_id=None,group_type_id=,metadata={},multiattach=False,project_id='7fb32a0153c1491bb10c2e798f1fcf46',qos_specs=None,replication_status=,reservations=['c98f4b20-ea18-4e06-8682-6179b8e2ce71','0ff869b5-c9c0-4dc8-afda-125539042dc3','bfa50820-b527-4cd3-bb9f-2ff305d67359','1aea60fe-4a0c-443a-8dd2-23979befddd0'],size=1,snapshot_id=None,source_replicaid=,source_volid=None,status='creating',user_id='7b98f3b3cf174d678af5d8c9f2949018',volume_type_id=1f60165e-471e-4ca6-b1fa-10013f5cd2d2), 'volume': Volume(_name_id=None,admin_metadata=,attach_status='detached',availability_zone='nova',bootable=False,cluster=,cluster_name=None,consistencygroup=,consistencygroup_id=None,created_at=2022-06-27T21:16:56Z,deleted=False,deleted_at=None,display_description=None,display_name='tempest-VolumesActionsTest-Volume-434144135',ec2_id=None,encryption_key_id=None,glance_metadata=,group=,group_id=None,host=None,id=dc497c92-1268-4e9d-b161-5bafb70c57c1,launched_at=None,metadata={},migration_status=None,multiattach=False,previous_status=None,project_id='7fb32a0153c1491bb10c2e798f1fcf46',provider_auth=None,provider_geometry=None,provider_id=None,provider_location=None,replication_driver_data=None,replication_extended_status=None,replication_status=None,scheduled_at=None,service_uuid=None,shared_targets=True,size=1,snapshot_id=None,snapshots=,source_volid=None,status='creating',terminated_at=None,updated_at=None,use_quota=True,user_id='7b98f3b3cf174d678af5d8c9f2949018',volume_attachment=VolumeAttachmentList,volume_type=VolumeType(1f60165e-471e-4ca6-b1fa-10013f5cd2d2),volume_type_id=1f60165e-471e-4ca6-b1fa-10013f5cd2d2)}' {{(pid=111017) _task_receiver /usr/local/lib/python3.8/dist-packages/taskflow/listeners/logging.py:178}}
Jun 27 21:16:56.220752 dv-cinder-847732-1-iscsi devstack@c-api.service[111017]: DEBUG cinder.volume.api [None req-ed70ebfa-1a4c-4986-a025-ddb2453ce23c tempest-VolumesActionsTest-1897289213 tempest-VolumesActionsTest-1897289213-project] Task 'cinder.volume.flows.api.create_volume.QuotaCommitTask;volume:create' (bad6fb5a-72f0-4549-800d-769e07f1567b) transitioned into state 'RUNNING' from state 'PENDING' {{(pid=111017) _task_receiver /usr/local/lib/python3.8/dist-packages/taskflow/listeners/logging.py:190}}
Jun 27 21:16:56.224367 dv-cinder-847732-1-iscsi devstack@c-api.service[111016]: DEBUG cinder.api.middleware.request_id [req-361e90d1-b84a-4649-ba47-b3f828d0de00 req-ec635a58-3a76-42b1-9730-a0a86dd88cd4 None None] RequestId filter calling following filter/app {{(pid=111016) _context_setter /opt/stack/cinder/cinder/api/middleware/request_id.py:62}}
Jun 27 21:16:56.234910 dv-cinder-847732-1-iscsi devstack@c-api.service[111016]: INFO cinder.api.openstack.wsgi [req-361e90d1-b84a-4649-ba47-b3f828d0de00 req-ec635a58-3a76-42b1-9730-a0a86dd88cd4 tempest-DeleteServersTestJSON-1996827256 tempest-DeleteServersTestJSON-1996827256-project] GET http://10.222.0.13/volume/v3/a2e58fc8b6e14185b4409884a5701316/volumes/651dc51b-7fc1-420b-bef9-4738abf1cfa8
Jun 27 21:16:56.236571 dv-cinder-847732-1-iscsi devstack@c-api.service[111016]: DEBUG cinder.api.openstack.wsgi [req-361e90d1-b84a-4649-ba47-b3f828d0de00 req-ec635a58-3a76-42b1-9730-a0a86dd88cd4 tempest-DeleteServersTestJSON-1996827256 tempest-DeleteServersTestJSON-1996827256-project] Empty body provided in request {{(pid=111016) get_body /opt/stack/cinder/cinder/api/openstack/wsgi.py:715}}
Jun 27 21:16:56.239576 dv-cinder-847732-1-iscsi devstack@c-api.service[111016]: DEBUG cinder.api.openstack.wsgi [req-361e90d1-b84a-4649-ba47-b3f828d0de00 req-ec635a58-3a76-42b1-9730-a0a86dd88cd4 tempest-DeleteServersTestJSON-1996827256 tempest-DeleteServersTestJSON-1996827256-project] Calling method 'show' {{(pid=111016) _process_stack /opt/stack/cinder/cinder/api/openstack/wsgi.py:868}}
Jun 27 21:16:56.260422 dv-cinder-847732-1-iscsi devstack@c-api.service[111016]: /usr/local/lib/python3.8/dist-packages/oslo_context/context.py:100: DeprecationWarning: Policy enforcement is depending on the value of is_admin. This key is deprecated. Please update your policy file to use the standard policy values.
Jun 27 21:16:56.260422 dv-cinder-847732-1-iscsi devstack@c-api.service[111016]: warnings.warn('Policy enforcement is depending on the value of '
Jun 27 21:16:56.277969 dv-cinder-847732-1-iscsi devstack@c-api.service[111016]: INFO cinder.volume.api [req-361e90d1-b84a-4649-ba47-b3f828d0de00 req-ec635a58-3a76-42b1-9730-a0a86dd88cd4 tempest-DeleteServersTestJSON-1996827256 tempest-DeleteServersTestJSON-1996827256-project] Volume info retrieved successfully.
Jun 27 21:16:56.284964 dv-cinder-847732-1-iscsi devstack@c-api.service[111017]: DEBUG cinder.volume.api [None req-ed70ebfa-1a4c-4986-a025-ddb2453ce23c tempest-VolumesActionsTest-1897289213 tempest-VolumesActionsTest-1897289213-project] Task 'cinder.volume.flows.api.create_volume.QuotaCommitTask;volume:create' (bad6fb5a-72f0-4549-800d-769e07f1567b) transitioned into state 'SUCCESS' from state 'RUNNING' with result '{'volume_properties': VolumeProperties(attach_status='detached',availability_zone='nova',cgsnapshot_id=None,consistencygroup_id=None,display_description=None,display_name='tempest-VolumesActionsTest-Volume-434144135',encryption_key_id=None,group_id=None,group_type_id=,metadata={},multiattach=False,project_id='7fb32a0153c1491bb10c2e798f1fcf46',qos_specs=None,replication_status=,reservations=['c98f4b20-ea18-4e06-8682-6179b8e2ce71','0ff869b5-c9c0-4dc8-afda-125539042dc3','bfa50820-b527-4cd3-bb9f-2ff305d67359','1aea60fe-4a0c-443a-8dd2-23979befddd0'],size=1,snapshot_id=None,source_replicaid=,source_volid=None,status='creating',user_id='7b98f3b3cf174d678af5d8c9f2949018',volume_type_id=1f60165e-471e-4ca6-b1fa-10013f5cd2d2)}' {{(pid=111017) _task_receiver /usr/local/lib/python3.8/dist-packages/taskflow/listeners/logging.py:178}}
Jun 27 21:16:56.289771 dv-cinder-847732-1-iscsi devstack@c-api.service[111017]: DEBUG cinder.volume.api [None req-ed70ebfa-1a4c-4986-a025-ddb2453ce23c tempest-VolumesActionsTest-1897289213 tempest-VolumesActionsTest-1897289213-project] Task 'cinder.volume.flows.api.create_volume.VolumeCastTask;volume:create' (ce1ed1d1-23aa-4b0b-a118-d0deed316ca4) transitioned into state 'RUNNING' from state 'PENDING' {{(pid=111017) _task_receiver /usr/local/lib/python3.8/dist-packages/taskflow/listeners/logging.py:190}}
Jun 27 21:16:56.297395 dv-cinder-847732-1-iscsi devstack@c-api.service[111016]: INFO cinder.api.openstack.wsgi [req-361e90d1-b84a-4649-ba47-b3f828d0de00 req-ec635a58-3a76-42b1-9730-a0a86dd88cd4 tempest-DeleteServersTestJSON-1996827256 tempest-DeleteServersTestJSON-1996827256-project] http://10.222.0.13/volume/v3/a2e58fc8b6e14185b4409884a5701316/volumes/651dc51b-7fc1-420b-bef9-4738abf1cfa8 returned with HTTP 200
Jun 27 21:16:56.298166 dv-cinder-847732-1-iscsi devstack@c-api.service[111016]: [pid: 111016|app: 0|req: 172/344] 10.222.0.13 () {60 vars in 1578 bytes} [Mon Jun 27 21:16:56 2022] GET /volume/v3/a2e58fc8b6e14185b4409884a5701316/volumes/651dc51b-7fc1-420b-bef9-4738abf1cfa8 => generated 913 bytes in 89 msecs (HTTP/1.1 200) 7 headers in 285 bytes (1 switches on core 0)
Jun 27 21:16:56.306894 dv-cinder-847732-1-iscsi devstack@c-api.service[111016]: DEBUG cinder.api.middleware.request_id [None req-68d005b2-e557-4c08-8d85-462cdfb12c3e None None] RequestId filter calling following filter/app {{(pid=111016) _context_setter /opt/stack/cinder/cinder/api/middleware/request_id.py:62}}
Jun 27 21:16:56.343334 dv-cinder-847732-1-iscsi devstack@c-api.service[111017]: DEBUG cinder.volume.api [None req-ed70ebfa-1a4c-4986-a025-ddb2453ce23c tempest-VolumesActionsTest-1897289213 tempest-VolumesActionsTest-1897289213-project] Task 'cinder.volume.flows.api.create_volume.VolumeCastTask;volume:create' (ce1ed1d1-23aa-4b0b-a118-d0deed316ca4) transitioned into state 'SUCCESS' from state 'RUNNING' with result 'None' {{(pid=111017) _task_receiver /usr/local/lib/python3.8/dist-packages/taskflow/listeners/logging.py:178}}
Jun 27 21:16:56.350244 dv-cinder-847732-1-iscsi devstack@c-api.service[111017]: DEBUG cinder.volume.api [None req-ed70ebfa-1a4c-4986-a025-ddb2453ce23c tempest-VolumesActionsTest-1897289213 tempest-VolumesActionsTest-1897289213-project] Flow 'volume_create_api' (2fc4db42-5e9c-42bb-ada8-b13c7d82e70c) transitioned into state 'SUCCESS' from state 'RUNNING' {{(pid=111017) _flow_receiver /usr/local/lib/python3.8/dist-packages/taskflow/listeners/logging.py:141}}
Jun 27 21:16:56.353910 dv-cinder-847732-1-iscsi devstack@c-api.service[111017]: INFO cinder.volume.api [None req-ed70ebfa-1a4c-4986-a025-ddb2453ce23c tempest-VolumesActionsTest-1897289213 tempest-VolumesActionsTest-1897289213-project] Create volume request issued successfully.
Jun 27 21:16:56.355478 dv-cinder-847732-1-iscsi devstack@c-api.service[111017]: INFO cinder.api.openstack.wsgi [None req-ed70ebfa-1a4c-4986-a025-ddb2453ce23c tempest-VolumesActionsTest-1897289213 tempest-VolumesActionsTest-1897289213-project] http://10.222.0.13/volume/v3/7fb32a0153c1491bb10c2e798f1fcf46/volumes returned with HTTP 202
Jun 27 21:16:56.365083 dv-cinder-847732-1-iscsi devstack@c-api.service[111017]: [pid: 111017|app: 0|req: 173/345] 10.222.0.13 () {60 vars in 1234 bytes} [Mon Jun 27 21:16:55 2022] POST /volume/v3/7fb32a0153c1491bb10c2e798f1fcf46/volumes => generated 817 bytes in 459 msecs (HTTP/1.1 202) 7 headers in 291 bytes (1 switches on core 0)
Jun 27 21:16:56.373250 dv-cinder-847732-1-iscsi devstack@c-api.service[111017]: DEBUG cinder.api.middleware.request_id [None req-791bc09e-8bca-4a3e-ad8b-b73f9ae836e4 None None] RequestId filter calling following filter/app {{(pid=111017) _context_setter /opt/stack/cinder/cinder/api/middleware/request_id.py:62}}
Jun 27 21:16:56.381186 dv-cinder-847732-1-iscsi devstack@c-api.service[111017]: INFO cinder.api.openstack.wsgi [None req-791bc09e-8bca-4a3e-ad8b-b73f9ae836e4 tempest-VolumesActionsTest-1897289213 tempest-VolumesActionsTest-1897289213-project] GET http://10.222.0.13/volume/v3/7fb32a0153c1491bb10c2e798f1fcf46/volumes/dc497c92-1268-4e9d-b161-5bafb70c57c1
Jun 27 21:16:56.381894 dv-cinder-847732-1-iscsi devstack@c-api.service[111017]: DEBUG cinder.api.openstack.wsgi [None req-791bc09e-8bca-4a3e-ad8b-b73f9ae836e4 tempest-VolumesActionsTest-1897289213 tempest-VolumesActionsTest-1897289213-project] Empty body provided in request {{(pid=111017) get_body /opt/stack/cinder/cinder/api/openstack/wsgi.py:715}}
Jun 27 21:16:56.382786 dv-cinder-847732-1-iscsi devstack@c-api.service[111017]: DEBUG cinder.api.openstack.wsgi [None req-791bc09e-8bca-4a3e-ad8b-b73f9ae836e4 tempest-VolumesActionsTest-1897289213 tempest-VolumesActionsTest-1897289213-project] Calling method 'show' {{(pid=111017) _process_stack /opt/stack/cinder/cinder/api/openstack/wsgi.py:868}}
Jun 27 21:16:56.428775 dv-cinder-847732-1-iscsi devstack@c-api.service[111017]: /usr/local/lib/python3.8/dist-packages/oslo_context/context.py:100: DeprecationWarning: Policy enforcement is depending on the value of is_admin. This key is deprecated. Please update your policy file to use the standard policy values.
Jun 27 21:16:56.428775 dv-cinder-847732-1-iscsi devstack@c-api.service[111017]: warnings.warn('Policy enforcement is depending on the value of '
Jun 27 21:16:56.444636 dv-cinder-847732-1-iscsi devstack@c-api.service[111017]: INFO cinder.volume.api [None req-791bc09e-8bca-4a3e-ad8b-b73f9ae836e4 tempest-VolumesActionsTest-1897289213 tempest-VolumesActionsTest-1897289213-project] Volume info retrieved successfully.
Jun 27 21:16:56.476188 dv-cinder-847732-1-iscsi devstack@c-api.service[111017]: INFO cinder.api.openstack.wsgi [None req-791bc09e-8bca-4a3e-ad8b-b73f9ae836e4 tempest-VolumesActionsTest-1897289213 tempest-VolumesActionsTest-1897289213-project] http://10.222.0.13/volume/v3/7fb32a0153c1491bb10c2e798f1fcf46/volumes/dc497c92-1268-4e9d-b161-5bafb70c57c1 returned with HTTP 200
Jun 27 21:16:56.486797 dv-cinder-847732-1-iscsi devstack@c-api.service[111017]: [pid: 111017|app: 0|req: 174/346] 10.222.0.13 () {58 vars in 1324 bytes} [Mon Jun 27 21:16:56 2022] GET /volume/v3/7fb32a0153c1491bb10c2e798f1fcf46/volumes/dc497c92-1268-4e9d-b161-5bafb70c57c1 => generated 885 bytes in 105 msecs (HTTP/1.1 200) 7 headers in 285 bytes (1 switches on core 0)
Jun 27 21:16:56.580316 dv-cinder-847732-1-iscsi devstack@c-api.service[111016]: INFO cinder.api.openstack.wsgi [None req-68d005b2-e557-4c08-8d85-462cdfb12c3e tempest-VolumesTransfersTest-1951504914 tempest-VolumesTransfersTest-1951504914-project] POST http://10.222.0.13/volume/v3/6bfa6be0235e4bbdbb610c1ab68059f7/volumes
Jun 27 21:16:56.581133 dv-cinder-847732-1-iscsi devstack@c-api.service[111016]: DEBUG cinder.api.openstack.wsgi [None req-68d005b2-e557-4c08-8d85-462cdfb12c3e tempest-VolumesTransfersTest-1951504914 tempest-VolumesTransfersTest-1951504914-project] Action: 'create', calling method: create, body: {"volume": {"size": 1, "name": "tempest-VolumesTransfersTest-Volume-283852414"}} {{(pid=111016) _process_stack /opt/stack/cinder/cinder/api/openstack/wsgi.py:866}}
Jun 27 21:16:56.582792 dv-cinder-847732-1-iscsi devstack@c-api.service[111016]: DEBUG cinder.api.v3.volumes [None req-68d005b2-e557-4c08-8d85-462cdfb12c3e tempest-VolumesTransfersTest-1951504914 tempest-VolumesTransfersTest-1951504914-project] Create volume request body: {'volume': {'size': 1, 'name': 'tempest-VolumesTransfersTest-Volume-283852414'}} {{(pid=111016) create /opt/stack/cinder/cinder/api/v3/volumes.py:298}}
Jun 27 21:16:56.583106 dv-cinder-847732-1-iscsi devstack@c-api.service[111016]: INFO cinder.api.v3.volumes [None req-68d005b2-e557-4c08-8d85-462cdfb12c3e tempest-VolumesTransfersTest-1951504914 tempest-VolumesTransfersTest-1951504914-project] Create volume of 1 GB
Jun 27 21:16:56.592115 dv-cinder-847732-1-iscsi devstack@c-api.service[111016]: INFO cinder.volume.api [None req-68d005b2-e557-4c08-8d85-462cdfb12c3e tempest-VolumesTransfersTest-1951504914 tempest-VolumesTransfersTest-1951504914-project] Availability Zones retrieved successfully.
Jun 27 21:16:56.610276 dv-cinder-847732-1-iscsi devstack@c-api.service[111016]: DEBUG cinder.volume.api [None req-68d005b2-e557-4c08-8d85-462cdfb12c3e tempest-VolumesTransfersTest-1951504914 tempest-VolumesTransfersTest-1951504914-project] Flow 'volume_create_api' (5c64ebd6-35d7-41aa-88de-62c894df08fe) transitioned into state 'RUNNING' from state 'PENDING' {{(pid=111016) _flow_receiver /usr/local/lib/python3.8/dist-packages/taskflow/listeners/logging.py:141}}
Jun 27 21:16:56.612746 dv-cinder-847732-1-iscsi devstack@c-api.service[111016]: DEBUG cinder.volume.api [None req-68d005b2-e557-4c08-8d85-462cdfb12c3e tempest-VolumesTransfersTest-1951504914 tempest-VolumesTransfersTest-1951504914-project] Task 'cinder.volume.flows.api.create_volume.ExtractVolumeRequestTask;volume:create' (97572012-e789-474d-88d8-04fc14d6a74c) transitioned into state 'RUNNING' from state 'PENDING' {{(pid=111016) _task_receiver /usr/local/lib/python3.8/dist-packages/taskflow/listeners/logging.py:190}}
Jun 27 21:16:56.615267 dv-cinder-847732-1-iscsi devstack@c-api.service[111016]: DEBUG cinder.volume.flows.api.create_volume [None req-68d005b2-e557-4c08-8d85-462cdfb12c3e tempest-VolumesTransfersTest-1951504914 tempest-VolumesTransfersTest-1951504914-project] Validating volume size '1' using validate_int {{(pid=111016) _extract_size /opt/stack/cinder/cinder/volume/flows/api/create_volume.py:228}}
Jun 27 21:16:56.654304 dv-cinder-847732-1-iscsi devstack@c-api.service[111016]: DEBUG cinder.volume.api [None req-68d005b2-e557-4c08-8d85-462cdfb12c3e tempest-VolumesTransfersTest-1951504914 tempest-VolumesTransfersTest-1951504914-project] Task 'cinder.volume.flows.api.create_volume.ExtractVolumeRequestTask;volume:create' (97572012-e789-474d-88d8-04fc14d6a74c) transitioned into state 'SUCCESS' from state 'RUNNING' with result '{'size': 1, 'snapshot_id': None, 'source_volid': None, 'volume_type': VolumeType(created_at=2022-06-27T21:06:01Z,deleted=False,deleted_at=None,description='Default Volume Type',extra_specs={},id=1f60165e-471e-4ca6-b1fa-10013f5cd2d2,is_public=True,name='__DEFAULT__',projects=[],qos_specs=,qos_specs_id=None,updated_at=2022-06-27T21:06:01Z), 'volume_type_id': '1f60165e-471e-4ca6-b1fa-10013f5cd2d2', 'encryption_key_id': None, 'qos_specs': None, 'consistencygroup_id': None, 'cgsnapshot_id': None, 'group_id': None, 'replication_status': 'disabled', 'refresh_az': False, 'backup_id': None, 'multiattach': False, 'availability_zones': ['nova']}' {{(pid=111016) _task_receiver /usr/local/lib/python3.8/dist-packages/taskflow/listeners/logging.py:178}}
Jun 27 21:16:56.656469 dv-cinder-847732-1-iscsi devstack@c-api.service[111016]: DEBUG cinder.volume.api [None req-68d005b2-e557-4c08-8d85-462cdfb12c3e tempest-VolumesTransfersTest-1951504914 tempest-VolumesTransfersTest-1951504914-project] Task 'cinder.volume.flows.api.create_volume.QuotaReserveTask;volume:create' (a909ccca-82d2-434f-b66f-911ffb58dc8f) transitioned into state 'RUNNING' from state 'PENDING' {{(pid=111016) _task_receiver /usr/local/lib/python3.8/dist-packages/taskflow/listeners/logging.py:190}}
Jun 27 21:16:56.697909 dv-cinder-847732-1-iscsi devstack@c-api.service[111017]: DEBUG cinder.api.middleware.request_id [None req-5ea69475-42a6-406b-9d68-ed077a103159 None None] RequestId filter calling following filter/app {{(pid=111017) _context_setter /opt/stack/cinder/cinder/api/middleware/request_id.py:62}}
Jun 27 21:16:56.704864 dv-cinder-847732-1-iscsi devstack@c-api.service[111017]: INFO cinder.api.openstack.wsgi [None req-5ea69475-42a6-406b-9d68-ed077a103159 tempest-VolumesImageMetadata-1793645540 tempest-VolumesImageMetadata-1793645540-project] GET http://10.222.0.13/volume/v3/201d4043c8d9474ebc87b0fe763cc1f9/volumes/114072b9-cccf-4fe4-944e-c7d9354c7259
Jun 27 21:16:56.705589 dv-cinder-847732-1-iscsi devstack@c-api.service[111017]: DEBUG cinder.api.openstack.wsgi [None req-5ea69475-42a6-406b-9d68-ed077a103159 tempest-VolumesImageMetadata-1793645540 tempest-VolumesImageMetadata-1793645540-project] Empty body provided in request {{(pid=111017) get_body /opt/stack/cinder/cinder/api/openstack/wsgi.py:715}}
Jun 27 21:16:56.706467 dv-cinder-847732-1-iscsi devstack@c-api.service[111017]: DEBUG cinder.api.openstack.wsgi [None req-5ea69475-42a6-406b-9d68-ed077a103159 tempest-VolumesImageMetadata-1793645540 tempest-VolumesImageMetadata-1793645540-project] Calling method 'show' {{(pid=111017) _process_stack /opt/stack/cinder/cinder/api/openstack/wsgi.py:868}}
Jun 27 21:16:56.725761 dv-cinder-847732-1-iscsi devstack@c-api.service[111017]: /usr/local/lib/python3.8/dist-packages/oslo_context/context.py:100: DeprecationWarning: Policy enforcement is depending on the value of is_admin. This key is deprecated. Please update your policy file to use the standard policy values.
Jun 27 21:16:56.725761 dv-cinder-847732-1-iscsi devstack@c-api.service[111017]: warnings.warn('Policy enforcement is depending on the value of '
Jun 27 21:16:56.736793 dv-cinder-847732-1-iscsi devstack@c-api.service[111017]: INFO cinder.volume.api [None req-5ea69475-42a6-406b-9d68-ed077a103159 tempest-VolumesImageMetadata-1793645540 tempest-VolumesImageMetadata-1793645540-project] Volume info retrieved successfully.
Jun 27 21:16:56.748240 dv-cinder-847732-1-iscsi devstack@c-api.service[111017]: INFO cinder.api.openstack.wsgi [None req-5ea69475-42a6-406b-9d68-ed077a103159 tempest-VolumesImageMetadata-1793645540 tempest-VolumesImageMetadata-1793645540-project] http://10.222.0.13/volume/v3/201d4043c8d9474ebc87b0fe763cc1f9/volumes/114072b9-cccf-4fe4-944e-c7d9354c7259 returned with HTTP 200
Jun 27 21:16:56.749353 dv-cinder-847732-1-iscsi devstack@c-api.service[111017]: [pid: 111017|app: 0|req: 175/347] 10.222.0.13 () {58 vars in 1324 bytes} [Mon Jun 27 21:16:56 2022] GET /volume/v3/201d4043c8d9474ebc87b0fe763cc1f9/volumes/114072b9-cccf-4fe4-944e-c7d9354c7259 => generated 911 bytes in 53 msecs (HTTP/1.1 200) 7 headers in 285 bytes (2 switches on core 0)
Jun 27 21:16:56.769828 dv-cinder-847732-1-iscsi devstack@c-api.service[111016]: DEBUG cinder.quota [None req-68d005b2-e557-4c08-8d85-462cdfb12c3e tempest-VolumesTransfersTest-1951504914 tempest-VolumesTransfersTest-1951504914-project] Created reservations ['71286829-f3d0-4e21-98a3-833be168dacc', '80aca926-44d3-41bf-a1fd-924b9976076d', '8e29873b-0dca-4d32-98ea-204b8286afe8', '694063b0-5295-43ed-ada6-c63645d7e45c'] {{(pid=111016) reserve /opt/stack/cinder/cinder/quota.py:755}}
Jun 27 21:16:56.772256 dv-cinder-847732-1-iscsi devstack@c-api.service[111016]: DEBUG cinder.volume.api [None req-68d005b2-e557-4c08-8d85-462cdfb12c3e tempest-VolumesTransfersTest-1951504914 tempest-VolumesTransfersTest-1951504914-project] Task 'cinder.volume.flows.api.create_volume.QuotaReserveTask;volume:create' (a909ccca-82d2-434f-b66f-911ffb58dc8f) transitioned into state 'SUCCESS' from state 'RUNNING' with result '{'reservations': ['71286829-f3d0-4e21-98a3-833be168dacc', '80aca926-44d3-41bf-a1fd-924b9976076d', '8e29873b-0dca-4d32-98ea-204b8286afe8', '694063b0-5295-43ed-ada6-c63645d7e45c']}' {{(pid=111016) _task_receiver /usr/local/lib/python3.8/dist-packages/taskflow/listeners/logging.py:178}}
Jun 27 21:16:56.774196 dv-cinder-847732-1-iscsi devstack@c-api.service[111016]: DEBUG cinder.volume.api [None req-68d005b2-e557-4c08-8d85-462cdfb12c3e tempest-VolumesTransfersTest-1951504914 tempest-VolumesTransfersTest-1951504914-project] Task 'cinder.volume.flows.api.create_volume.EntryCreateTask;volume:create' (e74e45c3-4ff9-43cc-a37e-7296103f464d) transitioned into state 'RUNNING' from state 'PENDING' {{(pid=111016) _task_receiver /usr/local/lib/python3.8/dist-packages/taskflow/listeners/logging.py:190}}
Jun 27 21:16:56.798310 dv-cinder-847732-1-iscsi devstack@c-api.service[111016]: DEBUG cinder.volume.api [None req-68d005b2-e557-4c08-8d85-462cdfb12c3e tempest-VolumesTransfersTest-1951504914 tempest-VolumesTransfersTest-1951504914-project] Task 'cinder.volume.flows.api.create_volume.EntryCreateTask;volume:create' (e74e45c3-4ff9-43cc-a37e-7296103f464d) transitioned into state 'SUCCESS' from state 'RUNNING' with result '{'volume_id': 'cabab7fc-8afe-4230-bffa-f1fc6c9032db', 'volume_properties': VolumeProperties(attach_status='detached',availability_zone='nova',cgsnapshot_id=None,consistencygroup_id=None,display_description=None,display_name='tempest-VolumesTransfersTest-Volume-283852414',encryption_key_id=None,group_id=None,group_type_id=,metadata={},multiattach=False,project_id='6bfa6be0235e4bbdbb610c1ab68059f7',qos_specs=None,replication_status=,reservations=['71286829-f3d0-4e21-98a3-833be168dacc','80aca926-44d3-41bf-a1fd-924b9976076d','8e29873b-0dca-4d32-98ea-204b8286afe8','694063b0-5295-43ed-ada6-c63645d7e45c'],size=1,snapshot_id=None,source_replicaid=,source_volid=None,status='creating',user_id='b0c77f6f328d47e9a7eb972cc4053818',volume_type_id=1f60165e-471e-4ca6-b1fa-10013f5cd2d2), 'volume': Volume(_name_id=None,admin_metadata=,attach_status='detached',availability_zone='nova',bootable=False,cluster=,cluster_name=None,consistencygroup=,consistencygroup_id=None,created_at=2022-06-27T21:16:56Z,deleted=False,deleted_at=None,display_description=None,display_name='tempest-VolumesTransfersTest-Volume-283852414',ec2_id=None,encryption_key_id=None,glance_metadata=,group=,group_id=None,host=None,id=cabab7fc-8afe-4230-bffa-f1fc6c9032db,launched_at=None,metadata={},migration_status=None,multiattach=False,previous_status=None,project_id='6bfa6be0235e4bbdbb610c1ab68059f7',provider_auth=None,provider_geometry=None,provider_id=None,provider_location=None,replication_driver_data=None,replication_extended_status=None,replication_status=None,scheduled_at=None,service_uuid=None,shared_targets=True,size=1,snapshot_id=None,snapshots=,source_volid=None,status='creating',terminated_at=None,updated_at=None,use_quota=True,user_id='b0c77f6f328d47e9a7eb972cc4053818',volume_attachment=VolumeAttachmentList,volume_type=VolumeType(1f60165e-471e-4ca6-b1fa-10013f5cd2d2),volume_type_id=1f60165e-471e-4ca6-b1fa-10013f5cd2d2)}' {{(pid=111016) _task_receiver /usr/local/lib/python3.8/dist-packages/taskflow/listeners/logging.py:178}}
Jun 27 21:16:56.800192 dv-cinder-847732-1-iscsi devstack@c-api.service[111016]: DEBUG cinder.volume.api [None req-68d005b2-e557-4c08-8d85-462cdfb12c3e tempest-VolumesTransfersTest-1951504914 tempest-VolumesTransfersTest-1951504914-project] Task 'cinder.volume.flows.api.create_volume.QuotaCommitTask;volume:create' (179226a2-364d-4a45-bbe1-f0332d4e0975) transitioned into state 'RUNNING' from state 'PENDING' {{(pid=111016) _task_receiver /usr/local/lib/python3.8/dist-packages/taskflow/listeners/logging.py:190}}
Jun 27 21:16:56.840040 dv-cinder-847732-1-iscsi devstack@c-api.service[111016]: DEBUG cinder.volume.api [None req-68d005b2-e557-4c08-8d85-462cdfb12c3e tempest-VolumesTransfersTest-1951504914 tempest-VolumesTransfersTest-1951504914-project] Task 'cinder.volume.flows.api.create_volume.QuotaCommitTask;volume:create' (179226a2-364d-4a45-bbe1-f0332d4e0975) transitioned into state 'SUCCESS' from state 'RUNNING' with result '{'volume_properties': VolumeProperties(attach_status='detached',availability_zone='nova',cgsnapshot_id=None,consistencygroup_id=None,display_description=None,display_name='tempest-VolumesTransfersTest-Volume-283852414',encryption_key_id=None,group_id=None,group_type_id=,metadata={},multiattach=False,project_id='6bfa6be0235e4bbdbb610c1ab68059f7',qos_specs=None,replication_status=,reservations=['71286829-f3d0-4e21-98a3-833be168dacc','80aca926-44d3-41bf-a1fd-924b9976076d','8e29873b-0dca-4d32-98ea-204b8286afe8','694063b0-5295-43ed-ada6-c63645d7e45c'],size=1,snapshot_id=None,source_replicaid=,source_volid=None,status='creating',user_id='b0c77f6f328d47e9a7eb972cc4053818',volume_type_id=1f60165e-471e-4ca6-b1fa-10013f5cd2d2)}' {{(pid=111016) _task_receiver /usr/local/lib/python3.8/dist-packages/taskflow/listeners/logging.py:178}}
Jun 27 21:16:56.842257 dv-cinder-847732-1-iscsi devstack@c-api.service[111016]: DEBUG cinder.volume.api [None req-68d005b2-e557-4c08-8d85-462cdfb12c3e tempest-VolumesTransfersTest-1951504914 tempest-VolumesTransfersTest-1951504914-project] Task 'cinder.volume.flows.api.create_volume.VolumeCastTask;volume:create' (f7f85612-8dfb-4d57-9349-9dda2b5d347b) transitioned into state 'RUNNING' from state 'PENDING' {{(pid=111016) _task_receiver /usr/local/lib/python3.8/dist-packages/taskflow/listeners/logging.py:190}}
Jun 27 21:16:56.871195 dv-cinder-847732-1-iscsi devstack@c-api.service[111016]: DEBUG cinder.volume.api [None req-68d005b2-e557-4c08-8d85-462cdfb12c3e tempest-VolumesTransfersTest-1951504914 tempest-VolumesTransfersTest-1951504914-project] Task 'cinder.volume.flows.api.create_volume.VolumeCastTask;volume:create' (f7f85612-8dfb-4d57-9349-9dda2b5d347b) transitioned into state 'SUCCESS' from state 'RUNNING' with result 'None' {{(pid=111016) _task_receiver /usr/local/lib/python3.8/dist-packages/taskflow/listeners/logging.py:178}}
Jun 27 21:16:56.878398 dv-cinder-847732-1-iscsi devstack@c-api.service[111016]: DEBUG cinder.volume.api [None req-68d005b2-e557-4c08-8d85-462cdfb12c3e tempest-VolumesTransfersTest-1951504914 tempest-VolumesTransfersTest-1951504914-project] Flow 'volume_create_api' (5c64ebd6-35d7-41aa-88de-62c894df08fe) transitioned into state 'SUCCESS' from state 'RUNNING' {{(pid=111016) _flow_receiver /usr/local/lib/python3.8/dist-packages/taskflow/listeners/logging.py:141}}
Jun 27 21:16:56.879714 dv-cinder-847732-1-iscsi devstack@c-api.service[111016]: INFO cinder.volume.api [None req-68d005b2-e557-4c08-8d85-462cdfb12c3e tempest-VolumesTransfersTest-1951504914 tempest-VolumesTransfersTest-1951504914-project] Create volume request issued successfully.
Jun 27 21:16:56.882592 dv-cinder-847732-1-iscsi devstack@c-api.service[111016]: INFO cinder.api.openstack.wsgi [None req-68d005b2-e557-4c08-8d85-462cdfb12c3e tempest-VolumesTransfersTest-1951504914 tempest-VolumesTransfersTest-1951504914-project] http://10.222.0.13/volume/v3/6bfa6be0235e4bbdbb610c1ab68059f7/volumes returned with HTTP 202
Jun 27 21:16:56.886730 dv-cinder-847732-1-iscsi devstack@c-api.service[111016]: [pid: 111016|app: 0|req: 173/348] 10.222.0.13 () {60 vars in 1234 bytes} [Mon Jun 27 21:16:56 2022] POST /volume/v3/6bfa6be0235e4bbdbb610c1ab68059f7/volumes => generated 819 bytes in 580 msecs (HTTP/1.1 202) 7 headers in 291 bytes (1 switches on core 0)
Jun 27 21:16:56.898633 dv-cinder-847732-1-iscsi devstack@c-api.service[111017]: DEBUG cinder.api.middleware.request_id [None req-356c0aa3-fde7-46a7-a877-d7b6b32a33dc None None] RequestId filter calling following filter/app {{(pid=111017) _context_setter /opt/stack/cinder/cinder/api/middleware/request_id.py:62}}
Jun 27 21:16:56.907443 dv-cinder-847732-1-iscsi devstack@c-api.service[111017]: INFO cinder.api.openstack.wsgi [None req-356c0aa3-fde7-46a7-a877-d7b6b32a33dc tempest-VolumesTransfersTest-1951504914 tempest-VolumesTransfersTest-1951504914-project] GET http://10.222.0.13/volume/v3/6bfa6be0235e4bbdbb610c1ab68059f7/volumes/cabab7fc-8afe-4230-bffa-f1fc6c9032db
Jun 27 21:16:56.911500 dv-cinder-847732-1-iscsi devstack@c-api.service[111017]: DEBUG cinder.api.openstack.wsgi [None req-356c0aa3-fde7-46a7-a877-d7b6b32a33dc tempest-VolumesTransfersTest-1951504914 tempest-VolumesTransfersTest-1951504914-project] Empty body provided in request {{(pid=111017) get_body /opt/stack/cinder/cinder/api/openstack/wsgi.py:715}}
Jun 27 21:16:56.912693 dv-cinder-847732-1-iscsi devstack@c-api.service[111017]: DEBUG cinder.api.openstack.wsgi [None req-356c0aa3-fde7-46a7-a877-d7b6b32a33dc tempest-VolumesTransfersTest-1951504914 tempest-VolumesTransfersTest-1951504914-project] Calling method 'show' {{(pid=111017) _process_stack /opt/stack/cinder/cinder/api/openstack/wsgi.py:868}}
Jun 27 21:16:56.983084 dv-cinder-847732-1-iscsi devstack@c-api.service[111017]: /usr/local/lib/python3.8/dist-packages/oslo_context/context.py:100: DeprecationWarning: Policy enforcement is depending on the value of is_admin. This key is deprecated. Please update your policy file to use the standard policy values.
Jun 27 21:16:56.983084 dv-cinder-847732-1-iscsi devstack@c-api.service[111017]: warnings.warn('Policy enforcement is depending on the value of '
Jun 27 21:16:56.998839 dv-cinder-847732-1-iscsi devstack@c-api.service[111016]: DEBUG cinder.api.middleware.request_id [None req-5add97f7-c4f3-4480-9cf1-fd30b0a73312 None None] RequestId filter calling following filter/app {{(pid=111016) _context_setter /opt/stack/cinder/cinder/api/middleware/request_id.py:62}}
Jun 27 21:16:56.998839 dv-cinder-847732-1-iscsi devstack@c-api.service[111016]: INFO cinder.api.openstack.wsgi [None req-5add97f7-c4f3-4480-9cf1-fd30b0a73312 None None] GET http://10.222.0.13/volume//
Jun 27 21:16:56.999116 dv-cinder-847732-1-iscsi devstack@c-api.service[111016]: DEBUG cinder.api.openstack.wsgi [None req-5add97f7-c4f3-4480-9cf1-fd30b0a73312 None None] Empty body provided in request {{(pid=111016) get_body /opt/stack/cinder/cinder/api/openstack/wsgi.py:715}}
Jun 27 21:16:57.000411 dv-cinder-847732-1-iscsi devstack@c-api.service[111016]: DEBUG cinder.api.openstack.wsgi [None req-5add97f7-c4f3-4480-9cf1-fd30b0a73312 None None] Calling method 'all' {{(pid=111016) _process_stack /opt/stack/cinder/cinder/api/openstack/wsgi.py:868}}
Jun 27 21:16:57.001627 dv-cinder-847732-1-iscsi devstack@c-api.service[111016]: INFO cinder.api.openstack.wsgi [None req-5add97f7-c4f3-4480-9cf1-fd30b0a73312 None None] http://10.222.0.13/volume// returned with HTTP 300
Jun 27 21:16:57.003061 dv-cinder-847732-1-iscsi devstack@c-api.service[111016]: [pid: 111016|app: 0|req: 174/349] 10.222.0.13 () {58 vars in 1299 bytes} [Mon Jun 27 21:16:56 2022] GET /volume/ => generated 386 bytes in 9 msecs (HTTP/1.1 300) 7 headers in 299 bytes (1 switches on core 0)
Jun 27 21:16:57.010027 dv-cinder-847732-1-iscsi devstack@c-api.service[111017]: INFO cinder.volume.api [None req-356c0aa3-fde7-46a7-a877-d7b6b32a33dc tempest-VolumesTransfersTest-1951504914 tempest-VolumesTransfersTest-1951504914-project] Volume info retrieved successfully.
Jun 27 21:16:57.038137 dv-cinder-847732-1-iscsi devstack@c-api.service[111016]: DEBUG cinder.api.middleware.request_id [req-361e90d1-b84a-4649-ba47-b3f828d0de00 req-86a59205-912a-43d8-95fc-3a4eacfb9a9f None None] RequestId filter calling following filter/app {{(pid=111016) _context_setter /opt/stack/cinder/cinder/api/middleware/request_id.py:62}}
Jun 27 21:16:57.042187 dv-cinder-847732-1-iscsi devstack@c-api.service[111017]: INFO cinder.api.openstack.wsgi [None req-356c0aa3-fde7-46a7-a877-d7b6b32a33dc tempest-VolumesTransfersTest-1951504914 tempest-VolumesTransfersTest-1951504914-project] http://10.222.0.13/volume/v3/6bfa6be0235e4bbdbb610c1ab68059f7/volumes/cabab7fc-8afe-4230-bffa-f1fc6c9032db returned with HTTP 200
Jun 27 21:16:57.044884 dv-cinder-847732-1-iscsi devstack@c-api.service[111016]: INFO cinder.api.openstack.wsgi [req-361e90d1-b84a-4649-ba47-b3f828d0de00 req-86a59205-912a-43d8-95fc-3a4eacfb9a9f tempest-DeleteServersTestJSON-1996827256 tempest-DeleteServersTestJSON-1996827256-project] POST http://10.222.0.13/volume/v3/a2e58fc8b6e14185b4409884a5701316/attachments
Jun 27 21:16:57.046811 dv-cinder-847732-1-iscsi devstack@c-api.service[111017]: [pid: 111017|app: 0|req: 176/350] 10.222.0.13 () {58 vars in 1324 bytes} [Mon Jun 27 21:16:56 2022] GET /volume/v3/6bfa6be0235e4bbdbb610c1ab68059f7/volumes/cabab7fc-8afe-4230-bffa-f1fc6c9032db => generated 887 bytes in 148 msecs (HTTP/1.1 200) 7 headers in 285 bytes (1 switches on core 0)
Jun 27 21:16:57.048177 dv-cinder-847732-1-iscsi devstack@c-api.service[111016]: DEBUG cinder.api.openstack.wsgi [req-361e90d1-b84a-4649-ba47-b3f828d0de00 req-86a59205-912a-43d8-95fc-3a4eacfb9a9f tempest-DeleteServersTestJSON-1996827256 tempest-DeleteServersTestJSON-1996827256-project] Action: 'create', calling method: version_select, body: {"attachment": {"volume_uuid": "651dc51b-7fc1-420b-bef9-4738abf1cfa8", "connector": null, "instance_uuid": "cfecef68-0f46-4744-8dc0-d721f692710b"}} {{(pid=111016) _process_stack /opt/stack/cinder/cinder/api/openstack/wsgi.py:866}}
Jun 27 21:16:57.065441 dv-cinder-847732-1-iscsi devstack@c-api.service[111016]: /usr/local/lib/python3.8/dist-packages/oslo_context/context.py:100: DeprecationWarning: Policy enforcement is depending on the value of is_admin. This key is deprecated. Please update your policy file to use the standard policy values.
Jun 27 21:16:57.065441 dv-cinder-847732-1-iscsi devstack@c-api.service[111016]: warnings.warn('Policy enforcement is depending on the value of '
Jun 27 21:16:57.180837 dv-cinder-847732-1-iscsi devstack@c-api.service[111016]: INFO cinder.api.openstack.wsgi [req-361e90d1-b84a-4649-ba47-b3f828d0de00 req-86a59205-912a-43d8-95fc-3a4eacfb9a9f tempest-DeleteServersTestJSON-1996827256 tempest-DeleteServersTestJSON-1996827256-project] http://10.222.0.13/volume/v3/a2e58fc8b6e14185b4409884a5701316/attachments returned with HTTP 200
Jun 27 21:16:57.182601 dv-cinder-847732-1-iscsi devstack@c-api.service[111016]: [pid: 111016|app: 0|req: 175/351] 10.222.0.13 () {66 vars in 1574 bytes} [Mon Jun 27 21:16:57 2022] POST /volume/v3/a2e58fc8b6e14185b4409884a5701316/attachments => generated 273 bytes in 158 msecs (HTTP/1.1 200) 7 headers in 286 bytes (1 switches on core 0)
Jun 27 21:16:57.235690 dv-cinder-847732-1-iscsi devstack@c-api.service[111017]: DEBUG cinder.api.middleware.request_id [None req-5f1c254b-9898-4efc-8090-27c958086b4d None None] RequestId filter calling following filter/app {{(pid=111017) _context_setter /opt/stack/cinder/cinder/api/middleware/request_id.py:62}}
Jun 27 21:16:57.254132 dv-cinder-847732-1-iscsi devstack@c-api.service[111017]: INFO cinder.api.openstack.wsgi [None req-5f1c254b-9898-4efc-8090-27c958086b4d tempest-DeleteServersTestJSON-1996827256 tempest-DeleteServersTestJSON-1996827256-project] GET http://10.222.0.13/volume/v3/a2e58fc8b6e14185b4409884a5701316/volumes/651dc51b-7fc1-420b-bef9-4738abf1cfa8
Jun 27 21:16:57.255009 dv-cinder-847732-1-iscsi devstack@c-api.service[111017]: DEBUG cinder.api.openstack.wsgi [None req-5f1c254b-9898-4efc-8090-27c958086b4d tempest-DeleteServersTestJSON-1996827256 tempest-DeleteServersTestJSON-1996827256-project] Empty body provided in request {{(pid=111017) get_body /opt/stack/cinder/cinder/api/openstack/wsgi.py:715}}
Jun 27 21:16:57.255764 dv-cinder-847732-1-iscsi devstack@c-api.service[111017]: DEBUG cinder.api.openstack.wsgi [None req-5f1c254b-9898-4efc-8090-27c958086b4d tempest-DeleteServersTestJSON-1996827256 tempest-DeleteServersTestJSON-1996827256-project] Calling method 'show' {{(pid=111017) _process_stack /opt/stack/cinder/cinder/api/openstack/wsgi.py:868}}
Jun 27 21:16:57.296382 dv-cinder-847732-1-iscsi devstack@c-api.service[111017]: /usr/local/lib/python3.8/dist-packages/oslo_context/context.py:100: DeprecationWarning: Policy enforcement is depending on the value of is_admin. This key is deprecated. Please update your policy file to use the standard policy values.
Jun 27 21:16:57.296382 dv-cinder-847732-1-iscsi devstack@c-api.service[111017]: warnings.warn('Policy enforcement is depending on the value of '
Jun 27 21:16:57.304023 dv-cinder-847732-1-iscsi devstack@c-api.service[111017]: INFO cinder.volume.api [None req-5f1c254b-9898-4efc-8090-27c958086b4d tempest-DeleteServersTestJSON-1996827256 tempest-DeleteServersTestJSON-1996827256-project] Volume info retrieved successfully.
Jun 27 21:16:57.314507 dv-cinder-847732-1-iscsi devstack@c-api.service[111017]: INFO cinder.api.openstack.wsgi [None req-5f1c254b-9898-4efc-8090-27c958086b4d tempest-DeleteServersTestJSON-1996827256 tempest-DeleteServersTestJSON-1996827256-project] http://10.222.0.13/volume/v3/a2e58fc8b6e14185b4409884a5701316/volumes/651dc51b-7fc1-420b-bef9-4738abf1cfa8 returned with HTTP 200
Jun 27 21:16:57.315579 dv-cinder-847732-1-iscsi devstack@c-api.service[111017]: [pid: 111017|app: 0|req: 177/352] 10.222.0.13 () {58 vars in 1324 bytes} [Mon Jun 27 21:16:57 2022] GET /volume/v3/a2e58fc8b6e14185b4409884a5701316/volumes/651dc51b-7fc1-420b-bef9-4738abf1cfa8 => generated 912 bytes in 82 msecs (HTTP/1.1 200) 7 headers in 285 bytes (1 switches on core 0)
Jun 27 21:16:57.430492 dv-cinder-847732-1-iscsi devstack@c-api.service[111016]: DEBUG cinder.api.middleware.request_id [None req-47f6d67d-a5b6-41b0-9ba2-5fc1bce3762b None None] RequestId filter calling following filter/app {{(pid=111016) _context_setter /opt/stack/cinder/cinder/api/middleware/request_id.py:62}}
Jun 27 21:16:57.431513 dv-cinder-847732-1-iscsi devstack@c-api.service[111016]: INFO cinder.api.openstack.wsgi [None req-47f6d67d-a5b6-41b0-9ba2-5fc1bce3762b None None] GET http://10.222.0.13/volume//
Jun 27 21:16:57.431705 dv-cinder-847732-1-iscsi devstack@c-api.service[111016]: DEBUG cinder.api.openstack.wsgi [None req-47f6d67d-a5b6-41b0-9ba2-5fc1bce3762b None None] Empty body provided in request {{(pid=111016) get_body /opt/stack/cinder/cinder/api/openstack/wsgi.py:715}}
Jun 27 21:16:57.432170 dv-cinder-847732-1-iscsi devstack@c-api.service[111016]: DEBUG cinder.api.openstack.wsgi [None req-47f6d67d-a5b6-41b0-9ba2-5fc1bce3762b None None] Calling method 'all' {{(pid=111016) _process_stack /opt/stack/cinder/cinder/api/openstack/wsgi.py:868}}
Jun 27 21:16:57.432959 dv-cinder-847732-1-iscsi devstack@c-api.service[111016]: INFO cinder.api.openstack.wsgi [None req-47f6d67d-a5b6-41b0-9ba2-5fc1bce3762b None None] http://10.222.0.13/volume// returned with HTTP 300
Jun 27 21:16:57.433733 dv-cinder-847732-1-iscsi devstack@c-api.service[111016]: [pid: 111016|app: 0|req: 176/353] 10.222.0.33 () {56 vars in 1098 bytes} [Mon Jun 27 21:16:57 2022] GET /volume/ => generated 386 bytes in 4 msecs (HTTP/1.1 300) 7 headers in 299 bytes (1 switches on core 0)
Jun 27 21:16:57.491826 dv-cinder-847732-1-iscsi devstack@c-api.service[111017]: DEBUG cinder.api.middleware.request_id [None req-71950194-c873-4e4a-abd2-74480dba9440 None None] RequestId filter calling following filter/app {{(pid=111017) _context_setter /opt/stack/cinder/cinder/api/middleware/request_id.py:62}}
Jun 27 21:16:57.496002 dv-cinder-847732-1-iscsi devstack@c-api.service[111017]: INFO cinder.api.openstack.wsgi [None req-71950194-c873-4e4a-abd2-74480dba9440 tempest-VolumesActionsTest-1897289213 tempest-VolumesActionsTest-1897289213-project] GET http://10.222.0.13/volume/v3/7fb32a0153c1491bb10c2e798f1fcf46/volumes/dc497c92-1268-4e9d-b161-5bafb70c57c1
Jun 27 21:16:57.496547 dv-cinder-847732-1-iscsi devstack@c-api.service[111017]: DEBUG cinder.api.openstack.wsgi [None req-71950194-c873-4e4a-abd2-74480dba9440 tempest-VolumesActionsTest-1897289213 tempest-VolumesActionsTest-1897289213-project] Empty body provided in request {{(pid=111017) get_body /opt/stack/cinder/cinder/api/openstack/wsgi.py:715}}
Jun 27 21:16:57.499100 dv-cinder-847732-1-iscsi devstack@c-api.service[111017]: DEBUG cinder.api.openstack.wsgi [None req-71950194-c873-4e4a-abd2-74480dba9440 tempest-VolumesActionsTest-1897289213 tempest-VolumesActionsTest-1897289213-project] Calling method 'show' {{(pid=111017) _process_stack /opt/stack/cinder/cinder/api/openstack/wsgi.py:868}}
Jun 27 21:16:57.518228 dv-cinder-847732-1-iscsi devstack@c-api.service[111017]: /usr/local/lib/python3.8/dist-packages/oslo_context/context.py:100: DeprecationWarning: Policy enforcement is depending on the value of is_admin. This key is deprecated. Please update your policy file to use the standard policy values.
Jun 27 21:16:57.518228 dv-cinder-847732-1-iscsi devstack@c-api.service[111017]: warnings.warn('Policy enforcement is depending on the value of '
Jun 27 21:16:57.523985 dv-cinder-847732-1-iscsi devstack@c-api.service[111016]: DEBUG cinder.api.middleware.request_id [req-361e90d1-b84a-4649-ba47-b3f828d0de00 req-e7a3e7c1-3e3b-46cc-b1dc-37bb5da44dcf None None] RequestId filter calling following filter/app {{(pid=111016) _context_setter /opt/stack/cinder/cinder/api/middleware/request_id.py:62}}
Jun 27 21:16:57.527747 dv-cinder-847732-1-iscsi devstack@c-api.service[111016]: INFO cinder.api.openstack.wsgi [req-361e90d1-b84a-4649-ba47-b3f828d0de00 req-e7a3e7c1-3e3b-46cc-b1dc-37bb5da44dcf tempest-DeleteServersTestJSON-1996827256 tempest-DeleteServersTestJSON-1996827256-project] GET http://10.222.0.13/volume/v3/a2e58fc8b6e14185b4409884a5701316/volumes/651dc51b-7fc1-420b-bef9-4738abf1cfa8
Jun 27 21:16:57.528240 dv-cinder-847732-1-iscsi devstack@c-api.service[111016]: DEBUG cinder.api.openstack.wsgi [req-361e90d1-b84a-4649-ba47-b3f828d0de00 req-e7a3e7c1-3e3b-46cc-b1dc-37bb5da44dcf tempest-DeleteServersTestJSON-1996827256 tempest-DeleteServersTestJSON-1996827256-project] Empty body provided in request {{(pid=111016) get_body /opt/stack/cinder/cinder/api/openstack/wsgi.py:715}}
Jun 27 21:16:57.528678 dv-cinder-847732-1-iscsi devstack@c-api.service[111016]: DEBUG cinder.api.openstack.wsgi [req-361e90d1-b84a-4649-ba47-b3f828d0de00 req-e7a3e7c1-3e3b-46cc-b1dc-37bb5da44dcf tempest-DeleteServersTestJSON-1996827256 tempest-DeleteServersTestJSON-1996827256-project] Calling method 'show' {{(pid=111016) _process_stack /opt/stack/cinder/cinder/api/openstack/wsgi.py:868}}
Jun 27 21:16:57.548028 dv-cinder-847732-1-iscsi devstack@c-api.service[111017]: INFO cinder.volume.api [None req-71950194-c873-4e4a-abd2-74480dba9440 tempest-VolumesActionsTest-1897289213 tempest-VolumesActionsTest-1897289213-project] Volume info retrieved successfully.
Jun 27 21:16:57.566888 dv-cinder-847732-1-iscsi devstack@c-api.service[111017]: INFO cinder.api.openstack.wsgi [None req-71950194-c873-4e4a-abd2-74480dba9440 tempest-VolumesActionsTest-1897289213 tempest-VolumesActionsTest-1897289213-project] http://10.222.0.13/volume/v3/7fb32a0153c1491bb10c2e798f1fcf46/volumes/dc497c92-1268-4e9d-b161-5bafb70c57c1 returned with HTTP 200
Jun 27 21:16:57.570237 dv-cinder-847732-1-iscsi devstack@c-api.service[111017]: [pid: 111017|app: 0|req: 178/354] 10.222.0.13 () {58 vars in 1324 bytes} [Mon Jun 27 21:16:57 2022] GET /volume/v3/7fb32a0153c1491bb10c2e798f1fcf46/volumes/dc497c92-1268-4e9d-b161-5bafb70c57c1 => generated 910 bytes in 80 msecs (HTTP/1.1 200) 7 headers in 285 bytes (1 switches on core 0)
Jun 27 21:16:57.574556 dv-cinder-847732-1-iscsi devstack@c-api.service[111016]: DEBUG dbcounter [-] [111016] Writing DB stats cinder:SELECT=75,cinder:INSERT=11,cinder:UPDATE=14 {{(pid=111016) stat_writer /usr/local/lib/python3.8/dist-packages/dbcounter.py:114}}
Jun 27 21:16:57.579746 dv-cinder-847732-1-iscsi devstack@c-api.service[111016]: /usr/local/lib/python3.8/dist-packages/oslo_context/context.py:100: DeprecationWarning: Policy enforcement is depending on the value of is_admin. This key is deprecated. Please update your policy file to use the standard policy values.
Jun 27 21:16:57.579746 dv-cinder-847732-1-iscsi devstack@c-api.service[111016]: warnings.warn('Policy enforcement is depending on the value of '
Jun 27 21:16:57.583124 dv-cinder-847732-1-iscsi devstack@c-api.service[111017]: DEBUG cinder.api.middleware.request_id [None req-103b9746-92e1-46a5-bb0d-9c4d63ed1749 None None] RequestId filter calling following filter/app {{(pid=111017) _context_setter /opt/stack/cinder/cinder/api/middleware/request_id.py:62}}
Jun 27 21:16:57.595754 dv-cinder-847732-1-iscsi devstack@c-api.service[111017]: INFO cinder.api.openstack.wsgi [None req-103b9746-92e1-46a5-bb0d-9c4d63ed1749 tempest-VolumesActionsTest-502627961 tempest-VolumesActionsTest-502627961-project-admin] POST http://10.222.0.13/volume/v3/f044bbb8bb2d4af9ae27d3b849e3a369/volumes/dc497c92-1268-4e9d-b161-5bafb70c57c1/action
Jun 27 21:16:57.596684 dv-cinder-847732-1-iscsi devstack@c-api.service[111017]: DEBUG cinder.api.openstack.wsgi [None req-103b9746-92e1-46a5-bb0d-9c4d63ed1749 tempest-VolumesActionsTest-502627961 tempest-VolumesActionsTest-502627961-project-admin] Action body: b'{"os-reset_status": {"status": "error"}}' {{(pid=111017) get_method /opt/stack/cinder/cinder/api/openstack/wsgi.py:983}}
Jun 27 21:16:57.597772 dv-cinder-847732-1-iscsi devstack@c-api.service[111016]: INFO cinder.volume.api [req-361e90d1-b84a-4649-ba47-b3f828d0de00 req-e7a3e7c1-3e3b-46cc-b1dc-37bb5da44dcf tempest-DeleteServersTestJSON-1996827256 tempest-DeleteServersTestJSON-1996827256-project] Volume info retrieved successfully.
Jun 27 21:16:57.598257 dv-cinder-847732-1-iscsi devstack@c-api.service[111017]: DEBUG cinder.api.openstack.wsgi [None req-103b9746-92e1-46a5-bb0d-9c4d63ed1749 tempest-VolumesActionsTest-502627961 tempest-VolumesActionsTest-502627961-project-admin] Action: 'action', calling method: _reset_status, body: {"os-reset_status": {"status": "error"}} {{(pid=111017) _process_stack /opt/stack/cinder/cinder/api/openstack/wsgi.py:866}}
Jun 27 21:16:57.620769 dv-cinder-847732-1-iscsi devstack@c-api.service[111016]: INFO cinder.api.openstack.wsgi [req-361e90d1-b84a-4649-ba47-b3f828d0de00 req-e7a3e7c1-3e3b-46cc-b1dc-37bb5da44dcf tempest-DeleteServersTestJSON-1996827256 tempest-DeleteServersTestJSON-1996827256-project] http://10.222.0.13/volume/v3/a2e58fc8b6e14185b4409884a5701316/volumes/651dc51b-7fc1-420b-bef9-4738abf1cfa8 returned with HTTP 200
Jun 27 21:16:57.625083 dv-cinder-847732-1-iscsi devstack@c-api.service[111016]: [pid: 111016|app: 0|req: 177/355] 10.222.0.33 () {60 vars in 1412 bytes} [Mon Jun 27 21:16:57 2022] GET /volume/v3/a2e58fc8b6e14185b4409884a5701316/volumes/651dc51b-7fc1-420b-bef9-4738abf1cfa8 => generated 1010 bytes in 102 msecs (HTTP/1.1 200) 7 headers in 287 bytes (1 switches on core 0)
Jun 27 21:16:57.635369 dv-cinder-847732-1-iscsi devstack@c-api.service[111017]: /usr/local/lib/python3.8/dist-packages/oslo_context/context.py:100: DeprecationWarning: Policy enforcement is depending on the value of is_admin. This key is deprecated. Please update your policy file to use the standard policy values.
