Jul 12 03:19:26.386324 dv-cinder-847730-4-smb devstack@n-api.service[103419]: DEBUG nova.api.openstack.wsgi_app [-] oslo_limit.timeout = None {{(pid=103419) log_opt_values /usr/local/lib/python3.8/dist-packages/oslo_config/cfg.py:2609}}
Jul 12 03:19:26.386619 dv-cinder-847730-4-smb devstack@n-api.service[103419]: DEBUG nova.api.openstack.wsgi_app [-] oslo_limit.valid_interfaces = None {{(pid=103419) log_opt_values /usr/local/lib/python3.8/dist-packages/oslo_config/cfg.py:2609}}
Jul 12 03:19:26.386915 dv-cinder-847730-4-smb devstack@n-api.service[103419]: DEBUG nova.api.openstack.wsgi_app [-] oslo_limit.version = None {{(pid=103419) log_opt_values /usr/local/lib/python3.8/dist-packages/oslo_config/cfg.py:2609}}
Jul 12 03:19:26.387242 dv-cinder-847730-4-smb devstack@n-api.service[103419]: DEBUG nova.api.openstack.wsgi_app [-] oslo_middleware.http_basic_auth_user_file = /etc/htpasswd {{(pid=103419) log_opt_values /usr/local/lib/python3.8/dist-packages/oslo_config/cfg.py:2609}}
Jul 12 03:19:26.387569 dv-cinder-847730-4-smb devstack@n-api.service[103419]: DEBUG nova.api.openstack.wsgi_app [-] profiler.connection_string = messaging:// {{(pid=103419) log_opt_values /usr/local/lib/python3.8/dist-packages/oslo_config/cfg.py:2609}}
Jul 12 03:19:26.387879 dv-cinder-847730-4-smb devstack@n-api.service[103419]: DEBUG nova.api.openstack.wsgi_app [-] profiler.enabled = False {{(pid=103419) log_opt_values /usr/local/lib/python3.8/dist-packages/oslo_config/cfg.py:2609}}
Jul 12 03:19:26.388197 dv-cinder-847730-4-smb devstack@n-api.service[103419]: DEBUG nova.api.openstack.wsgi_app [-] profiler.es_doc_type = notification {{(pid=103419) log_opt_values /usr/local/lib/python3.8/dist-packages/oslo_config/cfg.py:2609}}
Jul 12 03:19:26.388502 dv-cinder-847730-4-smb devstack@n-api.service[103419]: DEBUG nova.api.openstack.wsgi_app [-] profiler.es_scroll_size = 10000 {{(pid=103419) log_opt_values /usr/local/lib/python3.8/dist-packages/oslo_config/cfg.py:2609}}
Jul 12 03:19:26.388838 dv-cinder-847730-4-smb devstack@n-api.service[103419]: DEBUG nova.api.openstack.wsgi_app [-] profiler.es_scroll_time = 2m {{(pid=103419) log_opt_values /usr/local/lib/python3.8/dist-packages/oslo_config/cfg.py:2609}}
Jul 12 03:19:26.389142 dv-cinder-847730-4-smb devstack@n-api.service[103419]: DEBUG nova.api.openstack.wsgi_app [-] profiler.filter_error_trace = False {{(pid=103419) log_opt_values /usr/local/lib/python3.8/dist-packages/oslo_config/cfg.py:2609}}
Jul 12 03:19:26.389458 dv-cinder-847730-4-smb devstack@n-api.service[103419]: DEBUG nova.api.openstack.wsgi_app [-] profiler.hmac_keys = SECRET_KEY {{(pid=103419) log_opt_values /usr/local/lib/python3.8/dist-packages/oslo_config/cfg.py:2609}}
Jul 12 03:19:26.389774 dv-cinder-847730-4-smb devstack@n-api.service[103419]: DEBUG nova.api.openstack.wsgi_app [-] profiler.sentinel_service_name = mymaster {{(pid=103419) log_opt_values /usr/local/lib/python3.8/dist-packages/oslo_config/cfg.py:2609}}
Jul 12 03:19:26.390085 dv-cinder-847730-4-smb devstack@n-api.service[103419]: DEBUG nova.api.openstack.wsgi_app [-] profiler.socket_timeout = 0.1 {{(pid=103419) log_opt_values /usr/local/lib/python3.8/dist-packages/oslo_config/cfg.py:2609}}
Jul 12 03:19:26.390388 dv-cinder-847730-4-smb devstack@n-api.service[103419]: DEBUG nova.api.openstack.wsgi_app [-] profiler.trace_sqlalchemy = False {{(pid=103419) log_opt_values /usr/local/lib/python3.8/dist-packages/oslo_config/cfg.py:2609}}
Jul 12 03:19:26.390711 dv-cinder-847730-4-smb devstack@n-api.service[103419]: DEBUG nova.api.openstack.wsgi_app [-] oslo_messaging_rabbit.amqp_auto_delete = False {{(pid=103419) log_opt_values /usr/local/lib/python3.8/dist-packages/oslo_config/cfg.py:2609}}
Jul 12 03:19:26.391015 dv-cinder-847730-4-smb devstack@n-api.service[103419]: DEBUG nova.api.openstack.wsgi_app [-] oslo_messaging_rabbit.amqp_durable_queues = False {{(pid=103419) log_opt_values /usr/local/lib/python3.8/dist-packages/oslo_config/cfg.py:2609}}
Jul 12 03:19:26.391318 dv-cinder-847730-4-smb devstack@n-api.service[103419]: DEBUG nova.api.openstack.wsgi_app [-] oslo_messaging_rabbit.conn_pool_min_size = 2 {{(pid=103419) log_opt_values /usr/local/lib/python3.8/dist-packages/oslo_config/cfg.py:2609}}
Jul 12 03:19:26.391624 dv-cinder-847730-4-smb devstack@n-api.service[103419]: DEBUG nova.api.openstack.wsgi_app [-] oslo_messaging_rabbit.conn_pool_ttl = 1200 {{(pid=103419) log_opt_values /usr/local/lib/python3.8/dist-packages/oslo_config/cfg.py:2609}}
Jul 12 03:19:26.391924 dv-cinder-847730-4-smb devstack@n-api.service[103419]: DEBUG nova.api.openstack.wsgi_app [-] oslo_messaging_rabbit.direct_mandatory_flag = True {{(pid=103419) log_opt_values /usr/local/lib/python3.8/dist-packages/oslo_config/cfg.py:2609}}
Jul 12 03:19:26.392226 dv-cinder-847730-4-smb devstack@n-api.service[103419]: DEBUG nova.api.openstack.wsgi_app [-] oslo_messaging_rabbit.enable_cancel_on_failover = False {{(pid=103419) log_opt_values /usr/local/lib/python3.8/dist-packages/oslo_config/cfg.py:2609}}
Jul 12 03:19:26.392552 dv-cinder-847730-4-smb devstack@n-api.service[103419]: DEBUG nova.api.openstack.wsgi_app [-] oslo_messaging_rabbit.heartbeat_in_pthread = True {{(pid=103419) log_opt_values /usr/local/lib/python3.8/dist-packages/oslo_config/cfg.py:2609}}
Jul 12 03:19:26.392888 dv-cinder-847730-4-smb devstack@n-api.service[103419]: DEBUG nova.api.openstack.wsgi_app [-] oslo_messaging_rabbit.heartbeat_rate = 3 {{(pid=103419) log_opt_values /usr/local/lib/python3.8/dist-packages/oslo_config/cfg.py:2609}}
Jul 12 03:19:26.393209 dv-cinder-847730-4-smb devstack@n-api.service[103419]: DEBUG nova.api.openstack.wsgi_app [-] oslo_messaging_rabbit.heartbeat_timeout_threshold = 600 {{(pid=103419) log_opt_values /usr/local/lib/python3.8/dist-packages/oslo_config/cfg.py:2609}}
Jul 12 03:19:26.393510 dv-cinder-847730-4-smb devstack@n-api.service[103419]: DEBUG nova.api.openstack.wsgi_app [-] oslo_messaging_rabbit.kombu_compression = None {{(pid=103419) log_opt_values /usr/local/lib/python3.8/dist-packages/oslo_config/cfg.py:2609}}
Jul 12 03:19:26.393887 dv-cinder-847730-4-smb devstack@n-api.service[103419]: DEBUG nova.api.openstack.wsgi_app [-] oslo_messaging_rabbit.kombu_failover_strategy = round-robin {{(pid=103419) log_opt_values /usr/local/lib/python3.8/dist-packages/oslo_config/cfg.py:2609}}
Jul 12 03:19:26.394534 dv-cinder-847730-4-smb devstack@n-api.service[103419]: DEBUG nova.api.openstack.wsgi_app [-] oslo_messaging_rabbit.kombu_missing_consumer_retry_timeout = 60 {{(pid=103419) log_opt_values /usr/local/lib/python3.8/dist-packages/oslo_config/cfg.py:2609}}
Jul 12 03:19:26.395040 dv-cinder-847730-4-smb devstack@n-api.service[103419]: DEBUG nova.api.openstack.wsgi_app [-] oslo_messaging_rabbit.kombu_reconnect_delay = 1.0 {{(pid=103419) log_opt_values /usr/local/lib/python3.8/dist-packages/oslo_config/cfg.py:2609}}
Jul 12 03:19:26.395396 dv-cinder-847730-4-smb devstack@n-api.service[103419]: DEBUG nova.api.openstack.wsgi_app [-] oslo_messaging_rabbit.rabbit_ha_queues = False {{(pid=103419) log_opt_values /usr/local/lib/python3.8/dist-packages/oslo_config/cfg.py:2609}}
Jul 12 03:19:26.395730 dv-cinder-847730-4-smb devstack@n-api.service[103419]: DEBUG nova.api.openstack.wsgi_app [-] oslo_messaging_rabbit.rabbit_interval_max = 30 {{(pid=103419) log_opt_values /usr/local/lib/python3.8/dist-packages/oslo_config/cfg.py:2609}}
Jul 12 03:19:26.396083 dv-cinder-847730-4-smb devstack@n-api.service[103419]: DEBUG nova.api.openstack.wsgi_app [-] oslo_messaging_rabbit.rabbit_login_method = AMQPLAIN {{(pid=103419) log_opt_values /usr/local/lib/python3.8/dist-packages/oslo_config/cfg.py:2609}}
Jul 12 03:19:26.396413 dv-cinder-847730-4-smb devstack@n-api.service[103419]: DEBUG nova.api.openstack.wsgi_app [-] oslo_messaging_rabbit.rabbit_qos_prefetch_count = 0 {{(pid=103419) log_opt_values /usr/local/lib/python3.8/dist-packages/oslo_config/cfg.py:2609}}
Jul 12 03:19:26.396773 dv-cinder-847730-4-smb devstack@n-api.service[103419]: DEBUG nova.api.openstack.wsgi_app [-] oslo_messaging_rabbit.rabbit_quorum_queue = False {{(pid=103419) log_opt_values /usr/local/lib/python3.8/dist-packages/oslo_config/cfg.py:2609}}
Jul 12 03:19:26.397103 dv-cinder-847730-4-smb devstack@n-api.service[103419]: DEBUG nova.api.openstack.wsgi_app [-] oslo_messaging_rabbit.rabbit_retry_backoff = 2 {{(pid=103419) log_opt_values /usr/local/lib/python3.8/dist-packages/oslo_config/cfg.py:2609}}
Jul 12 03:19:26.397427 dv-cinder-847730-4-smb devstack@n-api.service[103419]: DEBUG nova.api.openstack.wsgi_app [-] oslo_messaging_rabbit.rabbit_retry_interval = 1 {{(pid=103419) log_opt_values /usr/local/lib/python3.8/dist-packages/oslo_config/cfg.py:2609}}
Jul 12 03:19:26.397749 dv-cinder-847730-4-smb devstack@n-api.service[103419]: DEBUG nova.api.openstack.wsgi_app [-] oslo_messaging_rabbit.rabbit_transient_queues_ttl = 1800 {{(pid=103419) log_opt_values /usr/local/lib/python3.8/dist-packages/oslo_config/cfg.py:2609}}
Jul 12 03:19:26.398073 dv-cinder-847730-4-smb devstack@n-api.service[103419]: DEBUG nova.api.openstack.wsgi_app [-] oslo_messaging_rabbit.rpc_conn_pool_size = 30 {{(pid=103419) log_opt_values /usr/local/lib/python3.8/dist-packages/oslo_config/cfg.py:2609}}
Jul 12 03:19:26.398400 dv-cinder-847730-4-smb devstack@n-api.service[103419]: DEBUG nova.api.openstack.wsgi_app [-] oslo_messaging_rabbit.ssl = False {{(pid=103419) log_opt_values /usr/local/lib/python3.8/dist-packages/oslo_config/cfg.py:2609}}
Jul 12 03:19:26.398735 dv-cinder-847730-4-smb devstack@n-api.service[103419]: DEBUG nova.api.openstack.wsgi_app [-] oslo_messaging_rabbit.ssl_ca_file = {{(pid=103419) log_opt_values /usr/local/lib/python3.8/dist-packages/oslo_config/cfg.py:2609}}
Jul 12 03:19:26.399072 dv-cinder-847730-4-smb devstack@n-api.service[103419]: DEBUG nova.api.openstack.wsgi_app [-] oslo_messaging_rabbit.ssl_cert_file = {{(pid=103419) log_opt_values /usr/local/lib/python3.8/dist-packages/oslo_config/cfg.py:2609}}
Jul 12 03:19:26.399390 dv-cinder-847730-4-smb devstack@n-api.service[103419]: DEBUG nova.api.openstack.wsgi_app [-] oslo_messaging_rabbit.ssl_enforce_fips_mode = False {{(pid=103419) log_opt_values /usr/local/lib/python3.8/dist-packages/oslo_config/cfg.py:2609}}
Jul 12 03:19:26.399727 dv-cinder-847730-4-smb devstack@n-api.service[103419]: DEBUG nova.api.openstack.wsgi_app [-] oslo_messaging_rabbit.ssl_key_file = {{(pid=103419) log_opt_values /usr/local/lib/python3.8/dist-packages/oslo_config/cfg.py:2609}}
Jul 12 03:19:26.400061 dv-cinder-847730-4-smb devstack@n-api.service[103419]: DEBUG nova.api.openstack.wsgi_app [-] oslo_messaging_rabbit.ssl_version = {{(pid=103419) log_opt_values /usr/local/lib/python3.8/dist-packages/oslo_config/cfg.py:2609}}
Jul 12 03:19:26.400419 dv-cinder-847730-4-smb devstack@n-api.service[103419]: DEBUG nova.api.openstack.wsgi_app [-] oslo_messaging_notifications.driver = ['messagingv2'] {{(pid=103419) log_opt_values /usr/local/lib/python3.8/dist-packages/oslo_config/cfg.py:2609}}
Jul 12 03:19:26.400765 dv-cinder-847730-4-smb devstack@n-api.service[103419]: DEBUG nova.api.openstack.wsgi_app [-] oslo_messaging_notifications.retry = -1 {{(pid=103419) log_opt_values /usr/local/lib/python3.8/dist-packages/oslo_config/cfg.py:2609}}
Jul 12 03:19:26.401119 dv-cinder-847730-4-smb devstack@n-api.service[103419]: DEBUG nova.api.openstack.wsgi_app [-] oslo_messaging_notifications.topics = ['notifications'] {{(pid=103419) log_opt_values /usr/local/lib/python3.8/dist-packages/oslo_config/cfg.py:2609}}
Jul 12 03:19:26.401454 dv-cinder-847730-4-smb devstack@n-api.service[103419]: DEBUG nova.api.openstack.wsgi_app [-] oslo_messaging_notifications.transport_url = **** {{(pid=103419) log_opt_values /usr/local/lib/python3.8/dist-packages/oslo_config/cfg.py:2609}}
Jul 12 03:19:26.401775 dv-cinder-847730-4-smb devstack@n-api.service[103419]: DEBUG nova.api.openstack.wsgi_app [-] oslo_reports.file_event_handler = None {{(pid=103419) log_opt_values /usr/local/lib/python3.8/dist-packages/oslo_config/cfg.py:2609}}
Jul 12 03:19:26.402093 dv-cinder-847730-4-smb devstack@n-api.service[103419]: DEBUG nova.api.openstack.wsgi_app [-] oslo_reports.file_event_handler_interval = 1 {{(pid=103419) log_opt_values /usr/local/lib/python3.8/dist-packages/oslo_config/cfg.py:2609}}
Jul 12 03:19:26.402403 dv-cinder-847730-4-smb devstack@n-api.service[103419]: DEBUG nova.api.openstack.wsgi_app [-] oslo_reports.log_dir = None {{(pid=103419) log_opt_values /usr/local/lib/python3.8/dist-packages/oslo_config/cfg.py:2609}}
Jul 12 03:19:26.402651 dv-cinder-847730-4-smb devstack@n-api.service[103419]: DEBUG nova.api.openstack.wsgi_app [-] ******************************************************************************** {{(pid=103419) log_opt_values /usr/local/lib/python3.8/dist-packages/oslo_config/cfg.py:2613}}
Jul 12 03:19:26.442226 dv-cinder-847730-4-smb devstack@n-api.service[103418]: INFO dbcounter [None req-442a9026-4423-457d-b532-4ae43227eadd None None] Registered counter for database nova_api
Jul 12 03:19:26.465002 dv-cinder-847730-4-smb devstack@n-api.service[103419]: INFO dbcounter [None req-80cfaaa2-37d4-4f46-a875-54b8de7ffd21 None None] Registered counter for database nova_api
Jul 12 03:19:26.559981 dv-cinder-847730-4-smb devstack@n-api.service[103418]: DEBUG oslo_db.sqlalchemy.engines [None req-442a9026-4423-457d-b532-4ae43227eadd None None] MySQL server mode set to STRICT_TRANS_TABLES,STRICT_ALL_TABLES,NO_ZERO_IN_DATE,NO_ZERO_DATE,ERROR_FOR_DIVISION_BY_ZERO,TRADITIONAL,NO_ENGINE_SUBSTITUTION {{(pid=103418) _check_effective_sql_mode /usr/local/lib/python3.8/dist-packages/oslo_db/sqlalchemy/engines.py:314}}
Jul 12 03:19:26.567207 dv-cinder-847730-4-smb devstack@n-api.service[103418]: DEBUG dbcounter [-] [103418] Writer thread running {{(pid=103418) stat_writer /usr/local/lib/python3.8/dist-packages/dbcounter.py:99}}
Jul 12 03:19:26.579622 dv-cinder-847730-4-smb devstack@n-api.service[103419]: DEBUG oslo_db.sqlalchemy.engines [None req-80cfaaa2-37d4-4f46-a875-54b8de7ffd21 None None] MySQL server mode set to STRICT_TRANS_TABLES,STRICT_ALL_TABLES,NO_ZERO_IN_DATE,NO_ZERO_DATE,ERROR_FOR_DIVISION_BY_ZERO,TRADITIONAL,NO_ENGINE_SUBSTITUTION {{(pid=103419) _check_effective_sql_mode /usr/local/lib/python3.8/dist-packages/oslo_db/sqlalchemy/engines.py:314}}
Jul 12 03:19:26.587007 dv-cinder-847730-4-smb devstack@n-api.service[103419]: DEBUG dbcounter [-] [103419] Writer thread running {{(pid=103419) stat_writer /usr/local/lib/python3.8/dist-packages/dbcounter.py:99}}
Jul 12 03:19:26.623411 dv-cinder-847730-4-smb devstack@n-api.service[103418]: DEBUG nova.context [None req-442a9026-4423-457d-b532-4ae43227eadd None None] Found 2 cells: 00000000-0000-0000-0000-000000000000(cell0),0bf480b6-1a88-448b-95f6-752749362e16(cell1) {{(pid=103418) load_cells /opt/stack/nova/nova/context.py:464}}
Jul 12 03:19:26.627374 dv-cinder-847730-4-smb devstack@n-api.service[103418]: DEBUG oslo_concurrency.lockutils [None req-442a9026-4423-457d-b532-4ae43227eadd None None] Lock "00000000-0000-0000-0000-000000000000" acquired by "nova.context.set_target_cell..get_or_set_cached_cell_and_set_connections" :: waited 0.000s {{(pid=103418) inner /usr/local/lib/python3.8/dist-packages/oslo_concurrency/lockutils.py:386}}
Jul 12 03:19:26.629131 dv-cinder-847730-4-smb devstack@n-api.service[103418]: DEBUG oslo_concurrency.lockutils [None req-442a9026-4423-457d-b532-4ae43227eadd None None] Lock "00000000-0000-0000-0000-000000000000" "released" by "nova.context.set_target_cell..get_or_set_cached_cell_and_set_connections" :: held 0.002s {{(pid=103418) inner /usr/local/lib/python3.8/dist-packages/oslo_concurrency/lockutils.py:400}}
Jul 12 03:19:26.629861 dv-cinder-847730-4-smb devstack@n-api.service[103418]: DEBUG oslo_concurrency.lockutils [None req-442a9026-4423-457d-b532-4ae43227eadd None None] Lock "0bf480b6-1a88-448b-95f6-752749362e16" acquired by "nova.context.set_target_cell..get_or_set_cached_cell_and_set_connections" :: waited 0.000s {{(pid=103418) inner /usr/local/lib/python3.8/dist-packages/oslo_concurrency/lockutils.py:386}}
Jul 12 03:19:26.631932 dv-cinder-847730-4-smb devstack@n-api.service[103418]: DEBUG oslo_concurrency.lockutils [None req-442a9026-4423-457d-b532-4ae43227eadd None None] Lock "0bf480b6-1a88-448b-95f6-752749362e16" "released" by "nova.context.set_target_cell..get_or_set_cached_cell_and_set_connections" :: held 0.002s {{(pid=103418) inner /usr/local/lib/python3.8/dist-packages/oslo_concurrency/lockutils.py:400}}
Jul 12 03:19:26.633920 dv-cinder-847730-4-smb devstack@n-api.service[103418]: INFO dbcounter [None req-442a9026-4423-457d-b532-4ae43227eadd None None] Registered counter for database nova_cell0
Jul 12 03:19:26.637719 dv-cinder-847730-4-smb devstack@n-api.service[103418]: INFO dbcounter [None req-442a9026-4423-457d-b532-4ae43227eadd None None] Registered counter for database nova_cell1
Jul 12 03:19:26.643701 dv-cinder-847730-4-smb devstack@n-api.service[103419]: DEBUG nova.context [None req-80cfaaa2-37d4-4f46-a875-54b8de7ffd21 None None] Found 2 cells: 00000000-0000-0000-0000-000000000000(cell0),0bf480b6-1a88-448b-95f6-752749362e16(cell1) {{(pid=103419) load_cells /opt/stack/nova/nova/context.py:464}}
Jul 12 03:19:26.645412 dv-cinder-847730-4-smb devstack@n-api.service[103418]: DEBUG oslo_db.sqlalchemy.engines [None req-442a9026-4423-457d-b532-4ae43227eadd None None] MySQL server mode set to STRICT_TRANS_TABLES,STRICT_ALL_TABLES,NO_ZERO_IN_DATE,NO_ZERO_DATE,ERROR_FOR_DIVISION_BY_ZERO,TRADITIONAL,NO_ENGINE_SUBSTITUTION {{(pid=103418) _check_effective_sql_mode /usr/local/lib/python3.8/dist-packages/oslo_db/sqlalchemy/engines.py:314}}
Jul 12 03:19:26.647960 dv-cinder-847730-4-smb devstack@n-api.service[103419]: DEBUG oslo_concurrency.lockutils [None req-80cfaaa2-37d4-4f46-a875-54b8de7ffd21 None None] Lock "00000000-0000-0000-0000-000000000000" acquired by "nova.context.set_target_cell..get_or_set_cached_cell_and_set_connections" :: waited 0.000s {{(pid=103419) inner /usr/local/lib/python3.8/dist-packages/oslo_concurrency/lockutils.py:386}}
Jul 12 03:19:26.648099 dv-cinder-847730-4-smb devstack@n-api.service[103418]: DEBUG oslo_db.sqlalchemy.engines [None req-442a9026-4423-457d-b532-4ae43227eadd None None] MySQL server mode set to STRICT_TRANS_TABLES,STRICT_ALL_TABLES,NO_ZERO_IN_DATE,NO_ZERO_DATE,ERROR_FOR_DIVISION_BY_ZERO,TRADITIONAL,NO_ENGINE_SUBSTITUTION {{(pid=103418) _check_effective_sql_mode /usr/local/lib/python3.8/dist-packages/oslo_db/sqlalchemy/engines.py:314}}
Jul 12 03:19:26.649608 dv-cinder-847730-4-smb devstack@n-api.service[103419]: DEBUG oslo_concurrency.lockutils [None req-80cfaaa2-37d4-4f46-a875-54b8de7ffd21 None None] Lock "00000000-0000-0000-0000-000000000000" "released" by "nova.context.set_target_cell..get_or_set_cached_cell_and_set_connections" :: held 0.002s {{(pid=103419) inner /usr/local/lib/python3.8/dist-packages/oslo_concurrency/lockutils.py:400}}
Jul 12 03:19:26.650419 dv-cinder-847730-4-smb devstack@n-api.service[103419]: DEBUG oslo_concurrency.lockutils [None req-80cfaaa2-37d4-4f46-a875-54b8de7ffd21 None None] Lock "0bf480b6-1a88-448b-95f6-752749362e16" acquired by "nova.context.set_target_cell..get_or_set_cached_cell_and_set_connections" :: waited 0.000s {{(pid=103419) inner /usr/local/lib/python3.8/dist-packages/oslo_concurrency/lockutils.py:386}}
Jul 12 03:19:26.652548 dv-cinder-847730-4-smb devstack@n-api.service[103419]: DEBUG oslo_concurrency.lockutils [None req-80cfaaa2-37d4-4f46-a875-54b8de7ffd21 None None] Lock "0bf480b6-1a88-448b-95f6-752749362e16" "released" by "nova.context.set_target_cell..get_or_set_cached_cell_and_set_connections" :: held 0.002s {{(pid=103419) inner /usr/local/lib/python3.8/dist-packages/oslo_concurrency/lockutils.py:400}}
Jul 12 03:19:26.654571 dv-cinder-847730-4-smb devstack@n-api.service[103419]: INFO dbcounter [None req-80cfaaa2-37d4-4f46-a875-54b8de7ffd21 None None] Registered counter for database nova_cell0
Jul 12 03:19:26.655113 dv-cinder-847730-4-smb devstack@n-api.service[103418]: DEBUG dbcounter [-] [103418] Writer thread running {{(pid=103418) stat_writer /usr/local/lib/python3.8/dist-packages/dbcounter.py:99}}
Jul 12 03:19:26.656382 dv-cinder-847730-4-smb devstack@n-api.service[103418]: DEBUG dbcounter [-] [103418] Writer thread running {{(pid=103418) stat_writer /usr/local/lib/python3.8/dist-packages/dbcounter.py:99}}
Jul 12 03:19:26.658470 dv-cinder-847730-4-smb devstack@n-api.service[103419]: INFO dbcounter [None req-80cfaaa2-37d4-4f46-a875-54b8de7ffd21 None None] Registered counter for database nova_cell1
Jul 12 03:19:26.666176 dv-cinder-847730-4-smb devstack@n-api.service[103419]: DEBUG oslo_db.sqlalchemy.engines [None req-80cfaaa2-37d4-4f46-a875-54b8de7ffd21 None None] MySQL server mode set to STRICT_TRANS_TABLES,STRICT_ALL_TABLES,NO_ZERO_IN_DATE,NO_ZERO_DATE,ERROR_FOR_DIVISION_BY_ZERO,TRADITIONAL,NO_ENGINE_SUBSTITUTION {{(pid=103419) _check_effective_sql_mode /usr/local/lib/python3.8/dist-packages/oslo_db/sqlalchemy/engines.py:314}}
Jul 12 03:19:26.669729 dv-cinder-847730-4-smb devstack@n-api.service[103419]: DEBUG oslo_db.sqlalchemy.engines [None req-80cfaaa2-37d4-4f46-a875-54b8de7ffd21 None None] MySQL server mode set to STRICT_TRANS_TABLES,STRICT_ALL_TABLES,NO_ZERO_IN_DATE,NO_ZERO_DATE,ERROR_FOR_DIVISION_BY_ZERO,TRADITIONAL,NO_ENGINE_SUBSTITUTION {{(pid=103419) _check_effective_sql_mode /usr/local/lib/python3.8/dist-packages/oslo_db/sqlalchemy/engines.py:314}}
Jul 12 03:19:26.672159 dv-cinder-847730-4-smb devstack@n-api.service[103419]: DEBUG dbcounter [-] [103419] Writer thread running {{(pid=103419) stat_writer /usr/local/lib/python3.8/dist-packages/dbcounter.py:99}}
Jul 12 03:19:26.678879 dv-cinder-847730-4-smb devstack@n-api.service[103419]: DEBUG dbcounter [-] [103419] Writer thread running {{(pid=103419) stat_writer /usr/local/lib/python3.8/dist-packages/dbcounter.py:99}}
Jul 12 03:19:26.805350 dv-cinder-847730-4-smb devstack@n-api.service[103418]: INFO dbcounter [None req-442a9026-4423-457d-b532-4ae43227eadd None None] Registered counter for database nova_cell0
Jul 12 03:19:26.814506 dv-cinder-847730-4-smb devstack@n-api.service[103418]: DEBUG oslo_db.sqlalchemy.engines [None req-442a9026-4423-457d-b532-4ae43227eadd None None] MySQL server mode set to STRICT_TRANS_TABLES,STRICT_ALL_TABLES,NO_ZERO_IN_DATE,NO_ZERO_DATE,ERROR_FOR_DIVISION_BY_ZERO,TRADITIONAL,NO_ENGINE_SUBSTITUTION {{(pid=103418) _check_effective_sql_mode /usr/local/lib/python3.8/dist-packages/oslo_db/sqlalchemy/engines.py:314}}
Jul 12 03:19:26.819759 dv-cinder-847730-4-smb devstack@n-api.service[103418]: DEBUG dbcounter [-] [103418] Writer thread running {{(pid=103418) stat_writer /usr/local/lib/python3.8/dist-packages/dbcounter.py:99}}
Jul 12 03:19:26.824674 dv-cinder-847730-4-smb devstack@n-api.service[103419]: INFO dbcounter [None req-80cfaaa2-37d4-4f46-a875-54b8de7ffd21 None None] Registered counter for database nova_cell0
Jul 12 03:19:26.831611 dv-cinder-847730-4-smb devstack@n-api.service[103419]: DEBUG oslo_db.sqlalchemy.engines [None req-80cfaaa2-37d4-4f46-a875-54b8de7ffd21 None None] MySQL server mode set to STRICT_TRANS_TABLES,STRICT_ALL_TABLES,NO_ZERO_IN_DATE,NO_ZERO_DATE,ERROR_FOR_DIVISION_BY_ZERO,TRADITIONAL,NO_ENGINE_SUBSTITUTION {{(pid=103419) _check_effective_sql_mode /usr/local/lib/python3.8/dist-packages/oslo_db/sqlalchemy/engines.py:314}}
Jul 12 03:19:26.836833 dv-cinder-847730-4-smb devstack@n-api.service[103419]: DEBUG dbcounter [-] [103419] Writer thread running {{(pid=103419) stat_writer /usr/local/lib/python3.8/dist-packages/dbcounter.py:99}}
Jul 12 03:19:27.158981 dv-cinder-847730-4-smb devstack@n-api.service[103418]: WARNING keystonemiddleware.auth_token [None req-442a9026-4423-457d-b532-4ae43227eadd None None] AuthToken middleware is set with keystone_authtoken.service_token_roles_required set to False. This is backwards compatible but deprecated behaviour. Please set this to True.
Jul 12 03:19:27.163729 dv-cinder-847730-4-smb devstack@n-api.service[103419]: WARNING keystonemiddleware.auth_token [None req-80cfaaa2-37d4-4f46-a875-54b8de7ffd21 None None] AuthToken middleware is set with keystone_authtoken.service_token_roles_required set to False. This is backwards compatible but deprecated behaviour. Please set this to True.
Jul 12 03:19:27.166375 dv-cinder-847730-4-smb devstack@n-api.service[103418]: WARNING keystonemiddleware.auth_token [None req-442a9026-4423-457d-b532-4ae43227eadd None None] Configuring www_authenticate_uri to point to the public identity endpoint is required; clients may not be able to authenticate against an admin endpoint
Jul 12 03:19:27.171128 dv-cinder-847730-4-smb devstack@n-api.service[103419]: WARNING keystonemiddleware.auth_token [None req-80cfaaa2-37d4-4f46-a875-54b8de7ffd21 None None] Configuring www_authenticate_uri to point to the public identity endpoint is required; clients may not be able to authenticate against an admin endpoint
Jul 12 03:19:27.510521 dv-cinder-847730-4-smb devstack@n-api.service[103418]: WARNING keystonemiddleware.auth_token [None req-442a9026-4423-457d-b532-4ae43227eadd None None] AuthToken middleware is set with keystone_authtoken.service_token_roles_required set to False. This is backwards compatible but deprecated behaviour. Please set this to True.
Jul 12 03:19:27.515830 dv-cinder-847730-4-smb devstack@n-api.service[103419]: WARNING keystonemiddleware.auth_token [None req-80cfaaa2-37d4-4f46-a875-54b8de7ffd21 None None] AuthToken middleware is set with keystone_authtoken.service_token_roles_required set to False. This is backwards compatible but deprecated behaviour. Please set this to True.
Jul 12 03:19:27.516504 dv-cinder-847730-4-smb devstack@n-api.service[103418]: WARNING keystonemiddleware.auth_token [None req-442a9026-4423-457d-b532-4ae43227eadd None None] Configuring www_authenticate_uri to point to the public identity endpoint is required; clients may not be able to authenticate against an admin endpoint
Jul 12 03:19:27.521912 dv-cinder-847730-4-smb devstack@n-api.service[103418]: WSGI app 0 (mountpoint='') ready in 6 seconds on interpreter 0x55bdb2a019c0 pid: 103418 (default app)
Jul 12 03:19:27.522131 dv-cinder-847730-4-smb devstack@n-api.service[103419]: WARNING keystonemiddleware.auth_token [None req-80cfaaa2-37d4-4f46-a875-54b8de7ffd21 None None] Configuring www_authenticate_uri to point to the public identity endpoint is required; clients may not be able to authenticate against an admin endpoint
Jul 12 03:19:27.524027 dv-cinder-847730-4-smb devstack@n-api.service[103418]: DEBUG nova.api.openstack.wsgi [None req-442a9026-4423-457d-b532-4ae43227eadd None None] Calling method '>' {{(pid=103418) _process_stack /opt/stack/nova/nova/api/openstack/wsgi.py:513}}
Jul 12 03:19:27.525244 dv-cinder-847730-4-smb devstack@n-api.service[103418]: INFO nova.api.openstack.requestlog [None req-442a9026-4423-457d-b532-4ae43227eadd None None] 10.222.0.26 "GET /compute/v2.1/" status: 200 len: 388 microversion: 2.1 time: 0.001790
Jul 12 03:19:27.525659 dv-cinder-847730-4-smb devstack@n-api.service[103418]: [pid: 103418|app: 0|req: 1/1] 10.222.0.26 () {50 vars in 788 bytes} [Tue Jul 12 03:19:27 2022] GET /compute/v2.1/ => generated 388 bytes in 3 msecs (HTTP/1.1 200) 9 headers in 357 bytes (1 switches on core 0)
Jul 12 03:19:27.527454 dv-cinder-847730-4-smb devstack@n-api.service[103419]: WSGI app 0 (mountpoint='') ready in 6 seconds on interpreter 0x55bdb2a019c0 pid: 103419 (default app)
Jul 12 03:20:44.291230 dv-cinder-847730-4-smb devstack@n-api.service[103418]: DEBUG nova.api.openstack.wsgi [None req-442a9026-4423-457d-b532-4ae43227eadd None None] Calling method '>' {{(pid=103418) _process_stack /opt/stack/nova/nova/api/openstack/wsgi.py:513}}
Jul 12 03:20:44.292238 dv-cinder-847730-4-smb devstack@n-api.service[103418]: INFO nova.api.openstack.requestlog [None req-442a9026-4423-457d-b532-4ae43227eadd None None] 10.222.0.26 "GET /compute/v2.1" status: 200 len: 388 microversion: 2.1 time: 0.001450
Jul 12 03:20:44.292709 dv-cinder-847730-4-smb devstack@n-api.service[103418]: [pid: 103418|app: 0|req: 2/2] 10.222.0.26 () {54 vars in 930 bytes} [Tue Jul 12 03:20:44 2022] GET /compute/v2.1 => generated 388 bytes in 2 msecs (HTTP/1.1 200) 9 headers in 357 bytes (1 switches on core 0)
Jul 12 03:20:44.308828 dv-cinder-847730-4-smb devstack@n-api.service[103419]: DEBUG dbcounter [-] [103419] Writing DB stats nova_api:SELECT=3 {{(pid=103419) stat_writer /usr/local/lib/python3.8/dist-packages/dbcounter.py:114}}
Jul 12 03:20:44.310017 dv-cinder-847730-4-smb devstack@n-api.service[103419]: DEBUG dbcounter [-] [103419] Writing DB stats nova_cell0:SELECT=3 {{(pid=103419) stat_writer /usr/local/lib/python3.8/dist-packages/dbcounter.py:114}}
Jul 12 03:20:44.311007 dv-cinder-847730-4-smb devstack@n-api.service[103419]: DEBUG dbcounter [-] [103419] Writing DB stats nova_cell1:SELECT=3 {{(pid=103419) stat_writer /usr/local/lib/python3.8/dist-packages/dbcounter.py:114}}
Jul 12 03:20:44.311729 dv-cinder-847730-4-smb devstack@n-api.service[103419]: DEBUG dbcounter [-] [103419] Writing DB stats nova_cell0:SELECT=6,nova_cell0:INSERT=1 {{(pid=103419) stat_writer /usr/local/lib/python3.8/dist-packages/dbcounter.py:114}}
Jul 12 03:20:45.206141 dv-cinder-847730-4-smb devstack@n-api.service[103419]: DEBUG nova.api.openstack.wsgi [None req-f18d1c2e-1c39-4506-8675-058c327f0953 admin admin] Calling method '>' {{(pid=103419) _process_stack /opt/stack/nova/nova/api/openstack/wsgi.py:513}}
Jul 12 03:20:45.237470 dv-cinder-847730-4-smb devstack@n-api.service[103419]: INFO nova.api.openstack.requestlog [None req-f18d1c2e-1c39-4506-8675-058c327f0953 admin admin] 10.222.0.26 "GET /compute/v2.1/flavors/detail?is_public=True" status: 200 len: 15 microversion: 2.61 time: 0.938022
Jul 12 03:20:45.238400 dv-cinder-847730-4-smb devstack@n-api.service[103419]: [pid: 103419|app: 0|req: 1/3] 10.222.0.26 () {60 vars in 1291 bytes} [Tue Jul 12 03:20:44 2022] GET /compute/v2.1/flavors/detail?is_public=True => generated 15 bytes in 940 msecs (HTTP/1.1 200) 9 headers in 358 bytes (1 switches on core 0)
Jul 12 03:20:47.442927 dv-cinder-847730-4-smb devstack@n-api.service[103418]: DEBUG nova.api.openstack.wsgi [None req-442a9026-4423-457d-b532-4ae43227eadd None None] Calling method '>' {{(pid=103418) _process_stack /opt/stack/nova/nova/api/openstack/wsgi.py:513}}
Jul 12 03:20:47.444023 dv-cinder-847730-4-smb devstack@n-api.service[103418]: INFO nova.api.openstack.requestlog [None req-442a9026-4423-457d-b532-4ae43227eadd None None] 10.222.0.26 "GET /compute/v2.1" status: 200 len: 388 microversion: 2.1 time: 0.001420
Jul 12 03:20:47.448940 dv-cinder-847730-4-smb devstack@n-api.service[103418]: [pid: 103418|app: 0|req: 3/4] 10.222.0.26 () {54 vars in 930 bytes} [Tue Jul 12 03:20:47 2022] GET /compute/v2.1 => generated 388 bytes in 7 msecs (HTTP/1.1 200) 9 headers in 357 bytes (1 switches on core 0)
Jul 12 03:20:47.877362 dv-cinder-847730-4-smb devstack@n-api.service[103419]: DEBUG nova.api.openstack.wsgi [None req-7e8c8c99-32f0-4e85-9d0f-a41a475576b0 admin admin] Action: 'create', calling method: >, body: {"flavor": {"rxtx_factor": 1.0, "id": "c1", "OS-FLV-EXT-DATA:ephemeral": 0, "swap": 0, "vcpus": 1, "os-flavor-access:is_public": true, "disk": 1, "name": "cirros256", "ram": 256}} {{(pid=103419) _process_stack /opt/stack/nova/nova/api/openstack/wsgi.py:511}}
Jul 12 03:20:47.895661 dv-cinder-847730-4-smb devstack@n-api.service[103419]: /usr/local/lib/python3.8/dist-packages/oslo_policy/policy.py:1129: UserWarning: Policy "os_compute_api:os-flavor-manage:create": "rule:context_is_admin" failed scope check. The token used to make the request was project scoped but the policy requires ['system'] scope. This behavior may change in the future where using the intended scope is required
Jul 12 03:20:47.895661 dv-cinder-847730-4-smb devstack@n-api.service[103419]: warnings.warn(msg)
Jul 12 03:20:47.924764 dv-cinder-847730-4-smb devstack@n-api.service[103419]: INFO nova.api.openstack.requestlog [None req-7e8c8c99-32f0-4e85-9d0f-a41a475576b0 admin admin] 10.222.0.26 "POST /compute/v2.1/flavors" status: 200 len: 407 microversion: 2.61 time: 0.474327
Jul 12 03:20:47.925631 dv-cinder-847730-4-smb devstack@n-api.service[103419]: [pid: 103419|app: 0|req: 2/5] 10.222.0.26 () {64 vars in 1282 bytes} [Tue Jul 12 03:20:47 2022] POST /compute/v2.1/flavors => generated 407 bytes in 476 msecs (HTTP/1.1 200) 9 headers in 359 bytes (1 switches on core 0)
Jul 12 03:20:47.939068 dv-cinder-847730-4-smb devstack@n-api.service[103418]: DEBUG dbcounter [-] [103418] Writing DB stats nova_api:SELECT=3 {{(pid=103418) stat_writer /usr/local/lib/python3.8/dist-packages/dbcounter.py:114}}
Jul 12 03:20:47.940335 dv-cinder-847730-4-smb devstack@n-api.service[103418]: DEBUG dbcounter [-] [103418] Writing DB stats nova_cell0:SELECT=3 {{(pid=103418) stat_writer /usr/local/lib/python3.8/dist-packages/dbcounter.py:114}}
Jul 12 03:20:47.941093 dv-cinder-847730-4-smb devstack@n-api.service[103418]: DEBUG dbcounter [-] [103418] Writing DB stats nova_cell1:SELECT=3 {{(pid=103418) stat_writer /usr/local/lib/python3.8/dist-packages/dbcounter.py:114}}
Jul 12 03:20:47.941787 dv-cinder-847730-4-smb devstack@n-api.service[103418]: DEBUG dbcounter [-] [103418] Writing DB stats nova_cell0:SELECT=6,nova_cell0:INSERT=1 {{(pid=103418) stat_writer /usr/local/lib/python3.8/dist-packages/dbcounter.py:114}}
Jul 12 03:20:48.147713 dv-cinder-847730-4-smb devstack@n-api.service[103418]: DEBUG nova.api.openstack.wsgi [None req-e0fb0c16-6b87-481d-9048-0b64017058e8 admin admin] Action: 'create', calling method: >, body: {"extra_specs": {"hw_rng:allowed": "True"}} {{(pid=103418) _process_stack /opt/stack/nova/nova/api/openstack/wsgi.py:511}}
Jul 12 03:20:48.150212 dv-cinder-847730-4-smb devstack@n-api.service[103418]: /usr/local/lib/python3.8/dist-packages/oslo_policy/policy.py:1129: UserWarning: Policy "os_compute_api:os-flavor-extra-specs:create": "rule:context_is_admin" failed scope check. The token used to make the request was project scoped but the policy requires ['system'] scope. This behavior may change in the future where using the intended scope is required
Jul 12 03:20:48.150212 dv-cinder-847730-4-smb devstack@n-api.service[103418]: warnings.warn(msg)
Jul 12 03:20:48.215567 dv-cinder-847730-4-smb devstack@n-api.service[103418]: INFO nova.api.openstack.requestlog [None req-e0fb0c16-6b87-481d-9048-0b64017058e8 admin admin] 10.222.0.26 "POST /compute/v2.1/flavors/c1/os-extra_specs" status: 200 len: 43 microversion: 2.61 time: 0.281974
Jul 12 03:20:48.224682 dv-cinder-847730-4-smb devstack@n-api.service[103418]: [pid: 103418|app: 0|req: 4/6] 10.222.0.26 () {64 vars in 1335 bytes} [Tue Jul 12 03:20:47 2022] POST /compute/v2.1/flavors/c1/os-extra_specs => generated 43 bytes in 292 msecs (HTTP/1.1 200) 9 headers in 358 bytes (1 switches on core 0)
Jul 12 03:20:50.468012 dv-cinder-847730-4-smb devstack@n-api.service[103419]: DEBUG nova.api.openstack.wsgi [None req-7e8c8c99-32f0-4e85-9d0f-a41a475576b0 admin admin] Calling method '>' {{(pid=103419) _process_stack /opt/stack/nova/nova/api/openstack/wsgi.py:513}}
Jul 12 03:20:50.469257 dv-cinder-847730-4-smb devstack@n-api.service[103419]: INFO nova.api.openstack.requestlog [None req-7e8c8c99-32f0-4e85-9d0f-a41a475576b0 admin admin] 10.222.0.26 "GET /compute/v2.1" status: 200 len: 388 microversion: 2.1 time: 0.001733
Jul 12 03:20:50.469935 dv-cinder-847730-4-smb devstack@n-api.service[103419]: [pid: 103419|app: 0|req: 3/7] 10.222.0.26 () {54 vars in 930 bytes} [Tue Jul 12 03:20:50 2022] GET /compute/v2.1 => generated 388 bytes in 3 msecs (HTTP/1.1 200) 9 headers in 357 bytes (1 switches on core 0)
Jul 12 03:20:51.134369 dv-cinder-847730-4-smb devstack@n-api.service[103418]: DEBUG nova.api.openstack.wsgi [None req-18814d06-a3d7-4058-a34c-56bcca5d8e59 admin admin] Action: 'create', calling method: >, body: {"flavor": {"disk": 5, "name": "ds512M", "id": "d1", "os-flavor-access:is_public": true, "vcpus": 1, "OS-FLV-EXT-DATA:ephemeral": 0, "swap": 0, "ram": 512, "rxtx_factor": 1.0}} {{(pid=103418) _process_stack /opt/stack/nova/nova/api/openstack/wsgi.py:511}}
Jul 12 03:20:51.152831 dv-cinder-847730-4-smb devstack@n-api.service[103418]: /usr/local/lib/python3.8/dist-packages/oslo_policy/policy.py:1129: UserWarning: Policy "os_compute_api:os-flavor-manage:create": "rule:context_is_admin" failed scope check. The token used to make the request was project scoped but the policy requires ['system'] scope. This behavior may change in the future where using the intended scope is required
Jul 12 03:20:51.152831 dv-cinder-847730-4-smb devstack@n-api.service[103418]: warnings.warn(msg)
Jul 12 03:20:51.174438 dv-cinder-847730-4-smb devstack@n-api.service[103418]: INFO nova.api.openstack.requestlog [None req-18814d06-a3d7-4058-a34c-56bcca5d8e59 admin admin] 10.222.0.26 "POST /compute/v2.1/flavors" status: 200 len: 404 microversion: 2.61 time: 0.698238
Jul 12 03:20:51.182021 dv-cinder-847730-4-smb devstack@n-api.service[103418]: [pid: 103418|app: 0|req: 5/8] 10.222.0.26 () {64 vars in 1282 bytes} [Tue Jul 12 03:20:50 2022] POST /compute/v2.1/flavors => generated 404 bytes in 700 msecs (HTTP/1.1 200) 9 headers in 359 bytes (1 switches on core 0)
Jul 12 03:20:51.187361 dv-cinder-847730-4-smb devstack@n-api.service[103419]: DEBUG nova.api.openstack.wsgi [None req-d4b09e14-5ff2-4aba-981f-329397f9e49e admin admin] Action: 'create', calling method: >, body: {"extra_specs": {"hw_rng:allowed": "True"}} {{(pid=103419) _process_stack /opt/stack/nova/nova/api/openstack/wsgi.py:511}}
Jul 12 03:20:51.188997 dv-cinder-847730-4-smb devstack@n-api.service[103419]: /usr/local/lib/python3.8/dist-packages/oslo_policy/policy.py:1129: UserWarning: Policy "os_compute_api:os-flavor-extra-specs:create": "rule:context_is_admin" failed scope check. The token used to make the request was project scoped but the policy requires ['system'] scope. This behavior may change in the future where using the intended scope is required
Jul 12 03:20:51.188997 dv-cinder-847730-4-smb devstack@n-api.service[103419]: warnings.warn(msg)
Jul 12 03:20:51.226672 dv-cinder-847730-4-smb devstack@n-api.service[103419]: INFO nova.api.openstack.requestlog [None req-d4b09e14-5ff2-4aba-981f-329397f9e49e admin admin] 10.222.0.26 "POST /compute/v2.1/flavors/d1/os-extra_specs" status: 200 len: 43 microversion: 2.61 time: 0.043247
Jul 12 03:20:51.227474 dv-cinder-847730-4-smb devstack@n-api.service[103419]: [pid: 103419|app: 0|req: 4/9] 10.222.0.26 () {64 vars in 1335 bytes} [Tue Jul 12 03:20:51 2022] POST /compute/v2.1/flavors/d1/os-extra_specs => generated 43 bytes in 45 msecs (HTTP/1.1 200) 9 headers in 358 bytes (1 switches on core 0)
Jul 12 03:20:53.467901 dv-cinder-847730-4-smb devstack@n-api.service[103418]: DEBUG nova.api.openstack.wsgi [None req-18814d06-a3d7-4058-a34c-56bcca5d8e59 admin admin] Calling method '>' {{(pid=103418) _process_stack /opt/stack/nova/nova/api/openstack/wsgi.py:513}}
Jul 12 03:20:53.469548 dv-cinder-847730-4-smb devstack@n-api.service[103418]: INFO nova.api.openstack.requestlog [None req-18814d06-a3d7-4058-a34c-56bcca5d8e59 admin admin] 10.222.0.26 "GET /compute/v2.1" status: 200 len: 388 microversion: 2.1 time: 0.002018
Jul 12 03:20:53.474992 dv-cinder-847730-4-smb devstack@n-api.service[103418]: [pid: 103418|app: 0|req: 6/10] 10.222.0.26 () {54 vars in 930 bytes} [Tue Jul 12 03:20:53 2022] GET /compute/v2.1 => generated 388 bytes in 8 msecs (HTTP/1.1 200) 9 headers in 357 bytes (2 switches on core 0)
Jul 12 03:20:53.878796 dv-cinder-847730-4-smb devstack@n-api.service[103419]: DEBUG nova.api.openstack.wsgi [None req-8fa4f6d9-aeb5-4e38-b5a5-a7f3822737ce admin admin] Action: 'create', calling method: >, body: {"flavor": {"swap": 0, "rxtx_factor": 1.0, "OS-FLV-EXT-DATA:ephemeral": 0, "os-flavor-access:is_public": true, "ram": 1024, "name": "ds1G", "disk": 10, "id": "d2", "vcpus": 1}} {{(pid=103419) _process_stack /opt/stack/nova/nova/api/openstack/wsgi.py:511}}
Jul 12 03:20:53.898312 dv-cinder-847730-4-smb devstack@n-api.service[103419]: INFO nova.api.openstack.requestlog [None req-8fa4f6d9-aeb5-4e38-b5a5-a7f3822737ce admin admin] 10.222.0.26 "POST /compute/v2.1/flavors" status: 200 len: 404 microversion: 2.61 time: 0.422255
Jul 12 03:20:53.898889 dv-cinder-847730-4-smb devstack@n-api.service[103419]: [pid: 103419|app: 0|req: 5/11] 10.222.0.26 () {64 vars in 1282 bytes} [Tue Jul 12 03:20:53 2022] POST /compute/v2.1/flavors => generated 404 bytes in 423 msecs (HTTP/1.1 200) 9 headers in 359 bytes (1 switches on core 0)
Jul 12 03:20:53.910900 dv-cinder-847730-4-smb devstack@n-api.service[103418]: DEBUG nova.api.openstack.wsgi [None req-2a5ef659-b286-4b28-b6b0-e88b93e4f2fc admin admin] Action: 'create', calling method: >, body: {"extra_specs": {"hw_rng:allowed": "True"}} {{(pid=103418) _process_stack /opt/stack/nova/nova/api/openstack/wsgi.py:511}}
Jul 12 03:20:53.935348 dv-cinder-847730-4-smb devstack@n-api.service[103418]: INFO nova.api.openstack.requestlog [None req-2a5ef659-b286-4b28-b6b0-e88b93e4f2fc admin admin] 10.222.0.26 "POST /compute/v2.1/flavors/d2/os-extra_specs" status: 200 len: 43 microversion: 2.61 time: 0.028239
Jul 12 03:20:53.944775 dv-cinder-847730-4-smb devstack@n-api.service[103418]: [pid: 103418|app: 0|req: 7/12] 10.222.0.26 () {64 vars in 1335 bytes} [Tue Jul 12 03:20:53 2022] POST /compute/v2.1/flavors/d2/os-extra_specs => generated 43 bytes in 38 msecs (HTTP/1.1 200) 9 headers in 358 bytes (1 switches on core 0)
Jul 12 03:20:56.181978 dv-cinder-847730-4-smb devstack@n-api.service[103419]: DEBUG nova.api.openstack.wsgi [None req-8fa4f6d9-aeb5-4e38-b5a5-a7f3822737ce admin admin] Calling method '>' {{(pid=103419) _process_stack /opt/stack/nova/nova/api/openstack/wsgi.py:513}}
Jul 12 03:20:56.183123 dv-cinder-847730-4-smb devstack@n-api.service[103419]: INFO nova.api.openstack.requestlog [None req-8fa4f6d9-aeb5-4e38-b5a5-a7f3822737ce admin admin] 10.222.0.26 "GET /compute/v2.1" status: 200 len: 388 microversion: 2.1 time: 0.001608
Jul 12 03:20:56.184727 dv-cinder-847730-4-smb devstack@n-api.service[103419]: [pid: 103419|app: 0|req: 6/13] 10.222.0.26 () {54 vars in 930 bytes} [Tue Jul 12 03:20:56 2022] GET /compute/v2.1 => generated 388 bytes in 3 msecs (HTTP/1.1 200) 9 headers in 357 bytes (1 switches on core 0)
Jul 12 03:20:56.633484 dv-cinder-847730-4-smb devstack@n-api.service[103418]: DEBUG nova.api.openstack.wsgi [None req-f6eb541e-eac0-4d01-9e0f-c66a1b4a8c80 admin admin] Action: 'create', calling method: >, body: {"flavor": {"os-flavor-access:is_public": true, "vcpus": 2, "rxtx_factor": 1.0, "OS-FLV-EXT-DATA:ephemeral": 0, "swap": 0, "name": "ds2G", "id": "d3", "ram": 2048, "disk": 10}} {{(pid=103418) _process_stack /opt/stack/nova/nova/api/openstack/wsgi.py:511}}
Jul 12 03:20:56.653808 dv-cinder-847730-4-smb devstack@n-api.service[103418]: INFO nova.api.openstack.requestlog [None req-f6eb541e-eac0-4d01-9e0f-c66a1b4a8c80 admin admin] 10.222.0.26 "POST /compute/v2.1/flavors" status: 200 len: 404 microversion: 2.61 time: 0.464294
Jul 12 03:20:56.654362 dv-cinder-847730-4-smb devstack@n-api.service[103418]: [pid: 103418|app: 0|req: 8/14] 10.222.0.26 () {64 vars in 1282 bytes} [Tue Jul 12 03:20:56 2022] POST /compute/v2.1/flavors => generated 404 bytes in 465 msecs (HTTP/1.1 200) 9 headers in 359 bytes (1 switches on core 0)
Jul 12 03:20:56.667482 dv-cinder-847730-4-smb devstack@n-api.service[103419]: DEBUG nova.api.openstack.wsgi [None req-9a65811b-f04d-4eeb-9acf-bfdcffb91c52 admin admin] Action: 'create', calling method: >, body: {"extra_specs": {"hw_rng:allowed": "True"}} {{(pid=103419) _process_stack /opt/stack/nova/nova/api/openstack/wsgi.py:511}}
Jul 12 03:20:56.708141 dv-cinder-847730-4-smb devstack@n-api.service[103419]: INFO nova.api.openstack.requestlog [None req-9a65811b-f04d-4eeb-9acf-bfdcffb91c52 admin admin] 10.222.0.26 "POST /compute/v2.1/flavors/d3/os-extra_specs" status: 200 len: 43 microversion: 2.61 time: 0.045290
Jul 12 03:20:56.709102 dv-cinder-847730-4-smb devstack@n-api.service[103419]: [pid: 103419|app: 0|req: 7/15] 10.222.0.26 () {64 vars in 1335 bytes} [Tue Jul 12 03:20:56 2022] POST /compute/v2.1/flavors/d3/os-extra_specs => generated 43 bytes in 47 msecs (HTTP/1.1 200) 9 headers in 358 bytes (1 switches on core 0)
Jul 12 03:20:58.937865 dv-cinder-847730-4-smb devstack@n-api.service[103418]: DEBUG nova.api.openstack.wsgi [None req-f6eb541e-eac0-4d01-9e0f-c66a1b4a8c80 admin admin] Calling method '>' {{(pid=103418) _process_stack /opt/stack/nova/nova/api/openstack/wsgi.py:513}}
Jul 12 03:20:58.938875 dv-cinder-847730-4-smb devstack@n-api.service[103418]: INFO nova.api.openstack.requestlog [None req-f6eb541e-eac0-4d01-9e0f-c66a1b4a8c80 admin admin] 10.222.0.26 "GET /compute/v2.1" status: 200 len: 388 microversion: 2.1 time: 0.001476
Jul 12 03:20:58.939269 dv-cinder-847730-4-smb devstack@n-api.service[103418]: [pid: 103418|app: 0|req: 9/16] 10.222.0.26 () {54 vars in 930 bytes} [Tue Jul 12 03:20:58 2022] GET /compute/v2.1 => generated 388 bytes in 2 msecs (HTTP/1.1 200) 9 headers in 357 bytes (1 switches on core 0)
Jul 12 03:20:59.354855 dv-cinder-847730-4-smb devstack@n-api.service[103419]: DEBUG nova.api.openstack.wsgi [None req-11222e77-9e9f-4298-9123-0f7ca716d5fa admin admin] Action: 'create', calling method: >, body: {"flavor": {"disk": 20, "OS-FLV-EXT-DATA:ephemeral": 0, "name": "ds4G", "ram": 4096, "vcpus": 4, "swap": 0, "rxtx_factor": 1.0, "os-flavor-access:is_public": true, "id": "d4"}} {{(pid=103419) _process_stack /opt/stack/nova/nova/api/openstack/wsgi.py:511}}
Jul 12 03:20:59.375059 dv-cinder-847730-4-smb devstack@n-api.service[103419]: INFO nova.api.openstack.requestlog [None req-11222e77-9e9f-4298-9123-0f7ca716d5fa admin admin] 10.222.0.26 "POST /compute/v2.1/flavors" status: 200 len: 404 microversion: 2.61 time: 0.428688
Jul 12 03:20:59.375759 dv-cinder-847730-4-smb devstack@n-api.service[103419]: [pid: 103419|app: 0|req: 8/17] 10.222.0.26 () {64 vars in 1282 bytes} [Tue Jul 12 03:20:58 2022] POST /compute/v2.1/flavors => generated 404 bytes in 430 msecs (HTTP/1.1 200) 9 headers in 359 bytes (1 switches on core 0)
Jul 12 03:20:59.387935 dv-cinder-847730-4-smb devstack@n-api.service[103418]: DEBUG nova.api.openstack.wsgi [None req-d486ed61-2e53-47b0-83a0-27ae96d5e0ea admin admin] Action: 'create', calling method: >, body: {"extra_specs": {"hw_rng:allowed": "True"}} {{(pid=103418) _process_stack /opt/stack/nova/nova/api/openstack/wsgi.py:511}}
Jul 12 03:20:59.424287 dv-cinder-847730-4-smb devstack@n-api.service[103418]: INFO nova.api.openstack.requestlog [None req-d486ed61-2e53-47b0-83a0-27ae96d5e0ea admin admin] 10.222.0.26 "POST /compute/v2.1/flavors/d4/os-extra_specs" status: 200 len: 43 microversion: 2.61 time: 0.040192
Jul 12 03:20:59.425209 dv-cinder-847730-4-smb devstack@n-api.service[103418]: [pid: 103418|app: 0|req: 10/18] 10.222.0.26 () {64 vars in 1335 bytes} [Tue Jul 12 03:20:59 2022] POST /compute/v2.1/flavors/d4/os-extra_specs => generated 43 bytes in 42 msecs (HTTP/1.1 200) 9 headers in 358 bytes (1 switches on core 0)
Jul 12 03:21:01.693610 dv-cinder-847730-4-smb devstack@n-api.service[103419]: DEBUG nova.api.openstack.wsgi [None req-11222e77-9e9f-4298-9123-0f7ca716d5fa admin admin] Calling method '>' {{(pid=103419) _process_stack /opt/stack/nova/nova/api/openstack/wsgi.py:513}}
Jul 12 03:21:01.695047 dv-cinder-847730-4-smb devstack@n-api.service[103419]: INFO nova.api.openstack.requestlog [None req-11222e77-9e9f-4298-9123-0f7ca716d5fa admin admin] 10.222.0.26 "GET /compute/v2.1" status: 200 len: 388 microversion: 2.1 time: 0.002149
Jul 12 03:21:01.695634 dv-cinder-847730-4-smb devstack@n-api.service[103419]: [pid: 103419|app: 0|req: 9/19] 10.222.0.26 () {54 vars in 930 bytes} [Tue Jul 12 03:21:01 2022] GET /compute/v2.1 => generated 388 bytes in 4 msecs (HTTP/1.1 200) 9 headers in 357 bytes (1 switches on core 0)
Jul 12 03:21:02.147656 dv-cinder-847730-4-smb devstack@n-api.service[103418]: DEBUG nova.api.openstack.wsgi [None req-c9e72971-f469-48ae-b8a9-b21eadd604d3 admin admin] Calling method '>' {{(pid=103418) _process_stack /opt/stack/nova/nova/api/openstack/wsgi.py:513}}
Jul 12 03:21:02.171203 dv-cinder-847730-4-smb devstack@n-api.service[103418]: INFO nova.api.openstack.requestlog [None req-c9e72971-f469-48ae-b8a9-b21eadd604d3 admin admin] 10.222.0.26 "GET /compute/v2.1/flavors/detail?is_public=True" status: 200 len: 2106 microversion: 2.61 time: 0.467721
Jul 12 03:21:02.171784 dv-cinder-847730-4-smb devstack@n-api.service[103418]: [pid: 103418|app: 0|req: 11/20] 10.222.0.26 () {60 vars in 1291 bytes} [Tue Jul 12 03:21:01 2022] GET /compute/v2.1/flavors/detail?is_public=True => generated 2106 bytes in 469 msecs (HTTP/1.1 200) 9 headers in 360 bytes (1 switches on core 0)
Jul 12 03:21:04.536570 dv-cinder-847730-4-smb devstack@n-api.service[103419]: DEBUG nova.api.openstack.wsgi [None req-11222e77-9e9f-4298-9123-0f7ca716d5fa admin admin] Calling method '>' {{(pid=103419) _process_stack /opt/stack/nova/nova/api/openstack/wsgi.py:513}}
Jul 12 03:21:04.537863 dv-cinder-847730-4-smb devstack@n-api.service[103419]: INFO nova.api.openstack.requestlog [None req-11222e77-9e9f-4298-9123-0f7ca716d5fa admin admin] 10.222.0.26 "GET /compute/v2.1" status: 200 len: 388 microversion: 2.1 time: 0.001832
Jul 12 03:21:04.538334 dv-cinder-847730-4-smb devstack@n-api.service[103419]: [pid: 103419|app: 0|req: 10/21] 10.222.0.26 () {54 vars in 930 bytes} [Tue Jul 12 03:21:04 2022] GET /compute/v2.1 => generated 388 bytes in 3 msecs (HTTP/1.1 200) 9 headers in 357 bytes (1 switches on core 0)
Jul 12 03:21:04.979937 dv-cinder-847730-4-smb devstack@n-api.service[103418]: DEBUG nova.api.openstack.wsgi [None req-fac5be0b-d7bb-497b-a06d-843f47d690e9 admin admin] Action: 'create', calling method: >, body: {"flavor": {"disk": 1, "rxtx_factor": 1.0, "name": "m1.tiny", "OS-FLV-EXT-DATA:ephemeral": 0, "swap": 0, "id": "1", "os-flavor-access:is_public": true, "ram": 512, "vcpus": 1}} {{(pid=103418) _process_stack /opt/stack/nova/nova/api/openstack/wsgi.py:511}}
