Jun 24 23:49:22.598752 dv-cinder-847624-1-iscsi neutron-server[110355]: DEBUG neutron.pecan_wsgi.hooks.policy_enforcement [req-a0ec09ea-6f2a-4cc6-9121-f784ba928203 req-c4ff39f8-7234-4579-8b52-c1c520f61196 tempest-AttachVolumeNegativeTest-1288451068 tempest-AttachVolumeNegativeTest-1288451068-project] Attributes excluded by policy engine: ['standard_attr_id', 'binding:profile', 'binding:host_id', 'binding:vif_type', 'binding:vif_details'] {{(pid=110355) _exclude_attributes_by_policy /opt/stack/neutron/neutron/pecan_wsgi/hooks/policy_enforcement.py:259}}
Jun 24 23:49:22.600607 dv-cinder-847624-1-iscsi neutron-server[110355]: INFO neutron.wsgi [req-a0ec09ea-6f2a-4cc6-9121-f784ba928203 req-c4ff39f8-7234-4579-8b52-c1c520f61196 tempest-AttachVolumeNegativeTest-1288451068 tempest-AttachVolumeNegativeTest-1288451068-project] 10.222.0.47 "GET /v2.0/ports?device_id=4266fe95-e867-4be8-a5c5-8f60b19e1cb6 HTTP/1.1" status: 200 len: 944 time: 0.0874236
Jun 24 23:49:22.625660 dv-cinder-847624-1-iscsi neutron-server[110356]: DEBUG neutron.notifiers.nova [-] Sending events: [{'server_uuid': 'ef8fbd8a-5a61-4c83-bd7b-5251bfdcedde', 'name': 'network-vif-plugged', 'status': 'completed', 'tag': '61853c07-a05f-4c92-8f9a-24bb65456c57'}] {{(pid=110356) send_events /opt/stack/neutron/neutron/notifiers/nova.py:271}}
Jun 24 23:49:22.629785 dv-cinder-847624-1-iscsi neutron-server[110356]: DEBUG novaclient.v2.client [-] REQ: curl -g -i --cacert "/opt/stack/data/ca-bundle.pem" -X POST http://10.222.0.47/compute/v2.1/os-server-external-events -H "Accept: application/json" -H "Content-Type: application/json" -H "User-Agent: python-novaclient" -H "X-Auth-Token: {SHA256}32629aba3364e7fb71e5ece4124912a16d4cf7a29a5beae001ac0ef11811b48a" -H "X-OpenStack-Nova-API-Version: 2.1" -H "X-OpenStack-Request-ID: req-aebb902c-b57f-4171-a861-d9b5d069d2d9" -d '{"events": [{"server_uuid": "ef8fbd8a-5a61-4c83-bd7b-5251bfdcedde", "name": "network-vif-plugged", "status": "completed", "tag": "61853c07-a05f-4c92-8f9a-24bb65456c57"}]}' {{(pid=110356) _http_log_request /usr/local/lib/python3.8/dist-packages/keystoneauth1/session.py:519}}
Jun 24 23:49:22.649748 dv-cinder-847624-1-iscsi neutron-server[110356]: DEBUG neutron.plugins.ml2.db [None req-0f2429a0-0d6f-48e2-9a1d-dc92db7b9675 None None] For port 61853c07-a05f-4c92-8f9a-24bb65456c57, host hv-cinder-84762, got binding levels [PortBindingLevel(driver='hyperv',host='hv-cinder-84762',level=0,port_id=61853c07-a05f-4c92-8f9a-24bb65456c57,segment=NetworkSegment(1fe583f0-932d-4837-97fc-c67948d1b798),segment_id=1fe583f0-932d-4837-97fc-c67948d1b798)] {{(pid=110356) get_binding_level_objs /opt/stack/neutron/neutron/plugins/ml2/db.py:74}}
Jun 24 23:49:22.658577 dv-cinder-847624-1-iscsi neutron-server[110356]: DEBUG neutron_lib.callbacks.manager [None req-0f2429a0-0d6f-48e2-9a1d-dc92db7b9675 None None] Publish callbacks ['neutron.plugins.ml2.plugin.SecurityGroupServerNotifierRpcMixin._notify_sg_on_port_change-1977239', 'neutron.plugins.ml2.ovo_rpc._ObjectChangeHandler.handle_event-194161', 'neutron.api.rpc.agentnotifiers.dhcp_rpc_agent_api.DhcpAgentNotifyAPI._native_event_send_dhcp_notification-547311', 'neutron.db.l3_db.L3RpcNotifierMixin._notify_gateway_port_ip_changed-8758917551966', 'neutron.db.l3_dvrscheduler_db._notify_l3_agent_port_update-8758917082516', 'neutron.db.l3_hascheduler_db._notify_l3_agent_ha_port_update-8758917082534'] for port (61853c07-a05f-4c92-8f9a-24bb65456c57), after_update {{(pid=110356) _notify_loop /usr/local/lib/python3.8/dist-packages/neutron_lib/callbacks/manager.py:176}}
Jun 24 23:49:22.661668 dv-cinder-847624-1-iscsi neutron-server[110355]: DEBUG dbcounter [-] [110355] Writing DB stats neutron:INSERT=8,neutron:SELECT=89,neutron:UPDATE=1,neutron:DELETE=2 {{(pid=110355) stat_writer /usr/local/lib/python3.8/dist-packages/dbcounter.py:114}}
Jun 24 23:49:22.667135 dv-cinder-847624-1-iscsi neutron-server[110355]: INFO neutron.wsgi [req-a0ec09ea-6f2a-4cc6-9121-f784ba928203 req-8571c3e0-56d3-49ba-a905-722ac0410e5a tempest-AttachVolumeNegativeTest-1288451068 tempest-AttachVolumeNegativeTest-1288451068-project] 10.222.0.47 "GET /v2.0/security-groups?id=ba021a74-459d-4773-9ba8-ffe5a15e4ae4&fields=id&fields=name HTTP/1.1" status: 200 len: 312 time: 0.0598960
Jun 24 23:49:22.699735 dv-cinder-847624-1-iscsi neutron-server[110356]: DEBUG novaclient.v2.client [-] RESP: [200] Connection: close Content-Length: 183 Content-Type: application/json Date: Fri, 24 Jun 2022 23:49:22 GMT OpenStack-API-Version: compute 2.1 Server: Apache/2.4.41 (Ubuntu) Vary: OpenStack-API-Version,X-OpenStack-Nova-API-Version X-OpenStack-Nova-API-Version: 2.1 x-compute-request-id: req-4992e704-5a07-4997-b60d-3a7ceadfab1a x-openstack-request-id: req-4992e704-5a07-4997-b60d-3a7ceadfab1a {{(pid=110356) _http_log_response /usr/local/lib/python3.8/dist-packages/keystoneauth1/session.py:550}}
Jun 24 23:49:22.700081 dv-cinder-847624-1-iscsi neutron-server[110356]: DEBUG novaclient.v2.client [-] RESP BODY: {"events": [{"server_uuid": "ef8fbd8a-5a61-4c83-bd7b-5251bfdcedde", "name": "network-vif-plugged", "status": "completed", "tag": "61853c07-a05f-4c92-8f9a-24bb65456c57", "code": 200}]} {{(pid=110356) _http_log_response /usr/local/lib/python3.8/dist-packages/keystoneauth1/session.py:582}}
Jun 24 23:49:22.700342 dv-cinder-847624-1-iscsi neutron-server[110356]: DEBUG novaclient.v2.client [-] POST call to compute for http://10.222.0.47/compute/v2.1/os-server-external-events used request id req-4992e704-5a07-4997-b60d-3a7ceadfab1a {{(pid=110356) request /usr/local/lib/python3.8/dist-packages/keystoneauth1/session.py:954}}
Jun 24 23:49:22.700998 dv-cinder-847624-1-iscsi neutron-server[110356]: INFO neutron.notifiers.nova [-] Nova event matching ['req-4992e704-5a07-4997-b60d-3a7ceadfab1a'] response: {'server_uuid': 'ef8fbd8a-5a61-4c83-bd7b-5251bfdcedde', 'name': 'network-vif-plugged', 'status': 'completed', 'tag': '61853c07-a05f-4c92-8f9a-24bb65456c57', 'code': 200}
Jun 24 23:49:22.705523 dv-cinder-847624-1-iscsi neutron-server[110356]: DEBUG dbcounter [-] [110356] Writing DB stats neutron:SELECT=98,neutron:UPDATE=2 {{(pid=110356) stat_writer /usr/local/lib/python3.8/dist-packages/dbcounter.py:114}}
Jun 24 23:49:22.731025 dv-cinder-847624-1-iscsi neutron-server[110356]: DEBUG neutron.api.rpc.handlers.resources_rpc [None req-0f2429a0-0d6f-48e2-9a1d-dc92db7b9675 None None] Pushing event updated for resources: {'Port': ['ID=61853c07-a05f-4c92-8f9a-24bb65456c57,revision_number=5']} {{(pid=110356) push /opt/stack/neutron/neutron/api/rpc/handlers/resources_rpc.py:237}}
Jun 24 23:49:22.903947 dv-cinder-847624-1-iscsi neutron-server[110354]: DEBUG neutron.pecan_wsgi.hooks.policy_enforcement [req-4e8063d6-3d2b-49cd-87b4-625540f8299e req-c9bc5e22-f7cb-479b-b09e-f2853c55d2e8 tempest-ServerRescueNegativeTestJSON-1897223551 tempest-ServerRescueNegativeTestJSON-1897223551-project] Attributes excluded by policy engine: ['standard_attr_id', 'binding:profile', 'binding:host_id', 'binding:vif_type', 'binding:vif_details'] {{(pid=110354) _exclude_attributes_by_policy /opt/stack/neutron/neutron/pecan_wsgi/hooks/policy_enforcement.py:259}}
Jun 24 23:49:22.909154 dv-cinder-847624-1-iscsi neutron-server[110354]: INFO neutron.wsgi [req-4e8063d6-3d2b-49cd-87b4-625540f8299e req-c9bc5e22-f7cb-479b-b09e-f2853c55d2e8 tempest-ServerRescueNegativeTestJSON-1897223551 tempest-ServerRescueNegativeTestJSON-1897223551-project] 10.222.0.47 "GET /v2.0/ports?device_id=6babba1a-e4d5-4053-90c2-d201309bd0db HTTP/1.1" status: 200 len: 945 time: 0.0627930
Jun 24 23:49:22.953409 dv-cinder-847624-1-iscsi neutron-server[110354]: DEBUG dbcounter [-] [110354] Writing DB stats neutron:INSERT=5,neutron:SELECT=93,neutron:DELETE=2 {{(pid=110354) stat_writer /usr/local/lib/python3.8/dist-packages/dbcounter.py:114}}
Jun 24 23:49:23.003547 dv-cinder-847624-1-iscsi neutron-server[110354]: INFO neutron.wsgi [req-4e8063d6-3d2b-49cd-87b4-625540f8299e req-5d735fb6-86db-4202-83c3-d94101c67ead tempest-ServerRescueNegativeTestJSON-1897223551 tempest-ServerRescueNegativeTestJSON-1897223551-project] 10.222.0.47 "GET /v2.0/security-groups?id=df30731c-51b7-43dc-9f54-ff8c2f20edcf&fields=id&fields=name HTTP/1.1" status: 200 len: 286 time: 0.0920293
Jun 24 23:49:23.054837 dv-cinder-847624-1-iscsi neutron-server[110355]: DEBUG neutron.pecan_wsgi.hooks.policy_enforcement [req-db2415a6-850b-432f-b49e-a7be5a557763 req-1ee69f9a-c97b-44fa-b9d1-51fd84e5407a tempest-DeleteServersTestJSON-1304300299 tempest-DeleteServersTestJSON-1304300299-project] Attributes excluded by policy engine: ['standard_attr_id', 'binding:profile', 'binding:host_id', 'binding:vif_type', 'binding:vif_details'] {{(pid=110355) _exclude_attributes_by_policy /opt/stack/neutron/neutron/pecan_wsgi/hooks/policy_enforcement.py:259}}
Jun 24 23:49:23.056533 dv-cinder-847624-1-iscsi neutron-server[110355]: INFO neutron.wsgi [req-db2415a6-850b-432f-b49e-a7be5a557763 req-1ee69f9a-c97b-44fa-b9d1-51fd84e5407a tempest-DeleteServersTestJSON-1304300299 tempest-DeleteServersTestJSON-1304300299-project] 10.222.0.47 "GET /v2.0/ports?device_id=6df28f5e-1882-43bb-85e4-895c077b884d HTTP/1.1" status: 200 len: 945 time: 0.0673463
Jun 24 23:49:23.133772 dv-cinder-847624-1-iscsi neutron-server[110355]: INFO neutron.wsgi [req-db2415a6-850b-432f-b49e-a7be5a557763 req-8c44a382-2abb-461d-8ee9-ddddf22089b7 tempest-DeleteServersTestJSON-1304300299 tempest-DeleteServersTestJSON-1304300299-project] 10.222.0.47 "GET /v2.0/security-groups?id=e959cd91-d0ea-4e30-bc95-8e45960b4769&fields=id&fields=name HTTP/1.1" status: 200 len: 286 time: 0.0681114
Jun 24 23:49:23.362949 dv-cinder-847624-1-iscsi neutron-server[110354]: DEBUG neutron.pecan_wsgi.hooks.policy_enforcement [req-674f54e5-a8c6-4efa-9529-81ec46407822 req-8115ec5d-4c11-4d03-90fc-db3f670f59fa tempest-AttachVolumeTestJSON-47774814 tempest-AttachVolumeTestJSON-47774814-project] Attributes excluded by policy engine: ['standard_attr_id', 'binding:profile', 'binding:host_id', 'binding:vif_type', 'binding:vif_details'] {{(pid=110354) _exclude_attributes_by_policy /opt/stack/neutron/neutron/pecan_wsgi/hooks/policy_enforcement.py:259}}
Jun 24 23:49:23.364620 dv-cinder-847624-1-iscsi neutron-server[110354]: INFO neutron.wsgi [req-674f54e5-a8c6-4efa-9529-81ec46407822 req-8115ec5d-4c11-4d03-90fc-db3f670f59fa tempest-AttachVolumeTestJSON-47774814 tempest-AttachVolumeTestJSON-47774814-project] 10.222.0.47 "GET /v2.0/ports?device_id=5fbe9e00-90a9-4ac3-a536-4d8d0340b1a5 HTTP/1.1" status: 200 len: 943 time: 0.0500066
Jun 24 23:49:23.366556 dv-cinder-847624-1-iscsi neutron-server[110354]: DEBUG neutron.wsgi [-] (110354) accepted ('10.222.0.47', 57818) {{(pid=110354) server /usr/local/lib/python3.8/dist-packages/eventlet/wsgi.py:1004}}
Jun 24 23:49:23.419596 dv-cinder-847624-1-iscsi neutron-server[110354]: INFO neutron.wsgi [req-674f54e5-a8c6-4efa-9529-81ec46407822 req-dc4265a4-3ed5-485b-a623-76a602c0c670 tempest-AttachVolumeTestJSON-47774814 tempest-AttachVolumeTestJSON-47774814-project] 10.222.0.47 "GET /v2.0/security-groups?id=023da9c6-d02d-487a-bc75-a1060ab6adf9&fields=id&fields=name HTTP/1.1" status: 200 len: 311 time: 0.0467341
Jun 24 23:49:23.486579 dv-cinder-847624-1-iscsi neutron-server[110354]: DEBUG neutron_lib.callbacks.manager [None req-37a1f1b6-a4e9-4c6e-bb9b-41e4760dba6c admin admin] Publish callbacks [] for security_group (None), before_create {{(pid=110354) _notify_loop /usr/local/lib/python3.8/dist-packages/neutron_lib/callbacks/manager.py:176}}
Jun 24 23:49:23.529480 dv-cinder-847624-1-iscsi neutron-server[110356]: DEBUG neutron.plugins.ml2.db [None req-0f2429a0-0d6f-48e2-9a1d-dc92db7b9675 None None] get_ports_and_sgs() called for port_ids ['99a72ef6-11cf-4c12-a6f0-c0c761487f2f'] {{(pid=110356) get_ports_and_sgs /opt/stack/neutron/neutron/plugins/ml2/db.py:156}}
Jun 24 23:49:23.580444 dv-cinder-847624-1-iscsi neutron-server[110354]: DEBUG neutron_lib.callbacks.manager [None req-37a1f1b6-a4e9-4c6e-bb9b-41e4760dba6c admin admin] Publish callbacks [] for security_group (b2ada94b-b65d-4a96-abc0-b05a7af05839), precommit_create {{(pid=110354) _notify_loop /usr/local/lib/python3.8/dist-packages/neutron_lib/callbacks/manager.py:176}}
Jun 24 23:49:23.584867 dv-cinder-847624-1-iscsi neutron-server[110354]: DEBUG neutron_lib.callbacks.manager [None req-37a1f1b6-a4e9-4c6e-bb9b-41e4760dba6c admin admin] Publish callbacks ['neutron.plugins.ml2.ovo_rpc._ObjectChangeHandler.handle_event-794334'] for security_group (b2ada94b-b65d-4a96-abc0-b05a7af05839), after_create {{(pid=110354) _notify_loop /usr/local/lib/python3.8/dist-packages/neutron_lib/callbacks/manager.py:176}}
Jun 24 23:49:23.630435 dv-cinder-847624-1-iscsi neutron-server[110354]: DEBUG neutron.api.rpc.handlers.resources_rpc [None req-37a1f1b6-a4e9-4c6e-bb9b-41e4760dba6c admin admin] Pushing event updated for resources: {'SecurityGroup': ['ID=b2ada94b-b65d-4a96-abc0-b05a7af05839,revision_number=1']} {{(pid=110354) push /opt/stack/neutron/neutron/api/rpc/handlers/resources_rpc.py:237}}
Jun 24 23:49:23.661167 dv-cinder-847624-1-iscsi neutron-server[110354]: INFO neutron.wsgi [None req-37a1f1b6-a4e9-4c6e-bb9b-41e4760dba6c admin admin] 10.222.0.47 "GET /v2.0/security-groups?tenant_id=1f00ee7538da46e388299f14deeeac82&name=default HTTP/1.1" status: 200 len: 2996 time: 0.2917490
Jun 24 23:49:23.665299 dv-cinder-847624-1-iscsi neutron-server[110354]: DEBUG neutron.wsgi [-] (110354) accepted ('10.222.0.47', 57834) {{(pid=110354) server /usr/local/lib/python3.8/dist-packages/eventlet/wsgi.py:1004}}
Jun 24 23:49:23.708116 dv-cinder-847624-1-iscsi neutron-server[110355]: DEBUG neutron.pecan_wsgi.hooks.policy_enforcement [req-8a980f43-92c4-4ae0-8960-74c029db8fee req-a8c7bfcd-346e-4696-aa7b-5a78321337b4 tempest-AttachVolumeShelveTestJSON-1113088902 tempest-AttachVolumeShelveTestJSON-1113088902-project] Attributes excluded by policy engine: ['standard_attr_id', 'binding:profile', 'binding:host_id', 'binding:vif_type', 'binding:vif_details'] {{(pid=110355) _exclude_attributes_by_policy /opt/stack/neutron/neutron/pecan_wsgi/hooks/policy_enforcement.py:259}}
Jun 24 23:49:23.715147 dv-cinder-847624-1-iscsi neutron-server[110355]: INFO neutron.wsgi [req-8a980f43-92c4-4ae0-8960-74c029db8fee req-a8c7bfcd-346e-4696-aa7b-5a78321337b4 tempest-AttachVolumeShelveTestJSON-1113088902 tempest-AttachVolumeShelveTestJSON-1113088902-project] 10.222.0.47 "GET /v2.0/ports?device_id=cb534158-a606-4d20-89de-2c7c5cbfa9a7 HTTP/1.1" status: 200 len: 944 time: 0.0751982
Jun 24 23:49:23.793003 dv-cinder-847624-1-iscsi neutron-server[110355]: INFO neutron.wsgi [req-8a980f43-92c4-4ae0-8960-74c029db8fee req-3e219c20-ca0b-4fbb-a41e-e3704be80c07 tempest-AttachVolumeShelveTestJSON-1113088902 tempest-AttachVolumeShelveTestJSON-1113088902-project] 10.222.0.47 "GET /v2.0/security-groups?id=e88f906f-21cc-4714-83c9-b584266728bf&fields=id&fields=name HTTP/1.1" status: 200 len: 313 time: 0.0710275
Jun 24 23:49:23.816050 dv-cinder-847624-1-iscsi neutron-server[110354]: DEBUG neutron_lib.callbacks.manager [None req-fa19a8fe-4062-47ce-9fc5-05ca11a75029 admin admin] Publish callbacks [] for security_group (b2ada94b-b65d-4a96-abc0-b05a7af05839), before_delete {{(pid=110354) _notify_loop /usr/local/lib/python3.8/dist-packages/neutron_lib/callbacks/manager.py:176}}
Jun 24 23:49:23.848719 dv-cinder-847624-1-iscsi neutron-server[110354]: DEBUG neutron_lib.callbacks.manager [None req-fa19a8fe-4062-47ce-9fc5-05ca11a75029 admin admin] Publish callbacks [] for security_group (b2ada94b-b65d-4a96-abc0-b05a7af05839), precommit_delete {{(pid=110354) _notify_loop /usr/local/lib/python3.8/dist-packages/neutron_lib/callbacks/manager.py:176}}
Jun 24 23:49:23.856260 dv-cinder-847624-1-iscsi neutron-server[110354]: DEBUG neutron.pecan_wsgi.hooks.policy_enforcement [req-8cc7797d-3114-4a20-a3ef-b0ced76dba81 req-dc634fe3-0b99-427a-8f87-8ce46b944cad tempest-AttachVolumeNegativeTest-1288451068 tempest-AttachVolumeNegativeTest-1288451068-project] Attributes excluded by policy engine: ['standard_attr_id', 'binding:profile', 'binding:host_id', 'binding:vif_type', 'binding:vif_details'] {{(pid=110354) _exclude_attributes_by_policy /opt/stack/neutron/neutron/pecan_wsgi/hooks/policy_enforcement.py:259}}
Jun 24 23:49:23.857879 dv-cinder-847624-1-iscsi neutron-server[110354]: INFO neutron.wsgi [req-8cc7797d-3114-4a20-a3ef-b0ced76dba81 req-dc634fe3-0b99-427a-8f87-8ce46b944cad tempest-AttachVolumeNegativeTest-1288451068 tempest-AttachVolumeNegativeTest-1288451068-project] 10.222.0.47 "GET /v2.0/ports?device_id=4266fe95-e867-4be8-a5c5-8f60b19e1cb6 HTTP/1.1" status: 200 len: 944 time: 0.0975463
Jun 24 23:49:23.915121 dv-cinder-847624-1-iscsi neutron-server[110354]: DEBUG dbcounter [-] [110354] Writing DB stats neutron:SELECT=90,neutron:DELETE=3,neutron:INSERT=7 {{(pid=110354) stat_writer /usr/local/lib/python3.8/dist-packages/dbcounter.py:114}}
Jun 24 23:49:23.951632 dv-cinder-847624-1-iscsi neutron-server[110354]: INFO neutron.wsgi [req-8cc7797d-3114-4a20-a3ef-b0ced76dba81 req-4590030d-f0e9-498e-9d19-17718bbeb1e9 tempest-AttachVolumeNegativeTest-1288451068 tempest-AttachVolumeNegativeTest-1288451068-project] 10.222.0.47 "GET /v2.0/security-groups?id=ba021a74-459d-4773-9ba8-ffe5a15e4ae4&fields=id&fields=name HTTP/1.1" status: 200 len: 312 time: 0.0830855
Jun 24 23:49:23.965321 dv-cinder-847624-1-iscsi neutron-server[110354]: DEBUG neutron_lib.callbacks.manager [None req-fa19a8fe-4062-47ce-9fc5-05ca11a75029 admin admin] Publish callbacks ['neutron.plugins.ml2.ovo_rpc._ObjectChangeHandler.handle_event-794334'] for security_group (b2ada94b-b65d-4a96-abc0-b05a7af05839), after_delete {{(pid=110354) _notify_loop /usr/local/lib/python3.8/dist-packages/neutron_lib/callbacks/manager.py:176}}
Jun 24 23:49:23.968724 dv-cinder-847624-1-iscsi neutron-server[110354]: DEBUG neutron_lib.callbacks.manager [None req-fa19a8fe-4062-47ce-9fc5-05ca11a75029 admin admin] Publish callbacks [] for security_group (None), before_response {{(pid=110354) _notify_loop /usr/local/lib/python3.8/dist-packages/neutron_lib/callbacks/manager.py:176}}
Jun 24 23:49:23.972101 dv-cinder-847624-1-iscsi neutron-server[110354]: INFO neutron.wsgi [None req-fa19a8fe-4062-47ce-9fc5-05ca11a75029 admin admin] 10.222.0.47 "DELETE /v2.0/security-groups/b2ada94b-b65d-4a96-abc0-b05a7af05839 HTTP/1.1" status: 204 len: 168 time: 0.3046706
Jun 24 23:49:24.001852 dv-cinder-847624-1-iscsi neutron-server[110354]: DEBUG neutron.api.rpc.handlers.resources_rpc [None req-fa19a8fe-4062-47ce-9fc5-05ca11a75029 admin admin] Pushing event deleted for resources: {'SecurityGroup': ['ID=b2ada94b-b65d-4a96-abc0-b05a7af05839,revision_number=None']} {{(pid=110354) push /opt/stack/neutron/neutron/api/rpc/handlers/resources_rpc.py:237}}
Jun 24 23:49:24.142506 dv-cinder-847624-1-iscsi neutron-server[110355]: DEBUG neutron.pecan_wsgi.hooks.policy_enforcement [req-b1bbfc03-c5c7-4c8c-bf07-17d0df060c42 req-2be1fbb9-c18e-40de-ba22-8e2bc69af2c7 tempest-ServerRescueNegativeTestJSON-1897223551 tempest-ServerRescueNegativeTestJSON-1897223551-project] Attributes excluded by policy engine: ['standard_attr_id', 'binding:profile', 'binding:host_id', 'binding:vif_type', 'binding:vif_details'] {{(pid=110355) _exclude_attributes_by_policy /opt/stack/neutron/neutron/pecan_wsgi/hooks/policy_enforcement.py:259}}
Jun 24 23:49:24.144342 dv-cinder-847624-1-iscsi neutron-server[110355]: INFO neutron.wsgi [req-b1bbfc03-c5c7-4c8c-bf07-17d0df060c42 req-2be1fbb9-c18e-40de-ba22-8e2bc69af2c7 tempest-ServerRescueNegativeTestJSON-1897223551 tempest-ServerRescueNegativeTestJSON-1897223551-project] 10.222.0.47 "GET /v2.0/ports?device_id=6babba1a-e4d5-4053-90c2-d201309bd0db HTTP/1.1" status: 200 len: 945 time: 0.0528982
Jun 24 23:49:24.205011 dv-cinder-847624-1-iscsi neutron-server[110355]: INFO neutron.wsgi [req-b1bbfc03-c5c7-4c8c-bf07-17d0df060c42 req-a880d0fd-5fcd-422b-9154-3d84a3a04d7c tempest-ServerRescueNegativeTestJSON-1897223551 tempest-ServerRescueNegativeTestJSON-1897223551-project] 10.222.0.47 "GET /v2.0/security-groups?id=df30731c-51b7-43dc-9f54-ff8c2f20edcf&fields=id&fields=name HTTP/1.1" status: 200 len: 286 time: 0.0538728
Jun 24 23:49:24.281672 dv-cinder-847624-1-iscsi neutron-server[110354]: DEBUG neutron.pecan_wsgi.hooks.policy_enforcement [req-4169da58-9364-41a2-b188-6334f2396ae9 req-2820bfec-203f-46c4-84ed-38167f63ae1f tempest-DeleteServersTestJSON-1304300299 tempest-DeleteServersTestJSON-1304300299-project] Attributes excluded by policy engine: ['standard_attr_id', 'binding:profile', 'binding:host_id', 'binding:vif_type', 'binding:vif_details'] {{(pid=110354) _exclude_attributes_by_policy /opt/stack/neutron/neutron/pecan_wsgi/hooks/policy_enforcement.py:259}}
Jun 24 23:49:24.283152 dv-cinder-847624-1-iscsi neutron-server[110354]: INFO neutron.wsgi [req-4169da58-9364-41a2-b188-6334f2396ae9 req-2820bfec-203f-46c4-84ed-38167f63ae1f tempest-DeleteServersTestJSON-1304300299 tempest-DeleteServersTestJSON-1304300299-project] 10.222.0.47 "GET /v2.0/ports?device_id=6df28f5e-1882-43bb-85e4-895c077b884d HTTP/1.1" status: 200 len: 945 time: 0.0625882
Jun 24 23:49:24.362499 dv-cinder-847624-1-iscsi neutron-server[110354]: INFO neutron.wsgi [req-4169da58-9364-41a2-b188-6334f2396ae9 req-de240c2c-cb32-4a33-9ca6-9dbf51ff5f2c tempest-DeleteServersTestJSON-1304300299 tempest-DeleteServersTestJSON-1304300299-project] 10.222.0.47 "GET /v2.0/security-groups?id=e959cd91-d0ea-4e30-bc95-8e45960b4769&fields=id&fields=name HTTP/1.1" status: 200 len: 286 time: 0.0734649
Jun 24 23:49:24.408412 dv-cinder-847624-1-iscsi neutron-server[110354]: DEBUG neutron.wsgi [-] (110354) accepted ('10.222.0.47', 57860) {{(pid=110354) server /usr/local/lib/python3.8/dist-packages/eventlet/wsgi.py:1004}}
Jun 24 23:49:24.421693 dv-cinder-847624-1-iscsi neutron-server[110354]: DEBUG neutron_lib.callbacks.manager [None req-efa6feee-1d7d-40ba-81b7-fc189d678956 admin admin] Publish callbacks [] for security_group (None), before_create {{(pid=110354) _notify_loop /usr/local/lib/python3.8/dist-packages/neutron_lib/callbacks/manager.py:176}}
Jun 24 23:49:24.445444 dv-cinder-847624-1-iscsi neutron-server[110355]: DEBUG neutron.pecan_wsgi.hooks.policy_enforcement [req-060e555b-fd3a-40b2-b4c9-5bcb9fba0530 req-55f3d676-a162-4519-834f-cc068dcbda49 service neutron] Attributes excluded by policy engine: ['standard_attr_id', 'vlan_transparent'] {{(pid=110355) _exclude_attributes_by_policy /opt/stack/neutron/neutron/pecan_wsgi/hooks/policy_enforcement.py:259}}
Jun 24 23:49:24.446976 dv-cinder-847624-1-iscsi neutron-server[110355]: INFO neutron.wsgi [req-060e555b-fd3a-40b2-b4c9-5bcb9fba0530 req-55f3d676-a162-4519-834f-cc068dcbda49 service neutron] 10.222.0.49 "GET /v2.0/networks?id=1073eacb-bb12-4909-8f0f-74f8c0028fab HTTP/1.1" status: 200 len: 913 time: 0.1034353
Jun 24 23:49:24.488180 dv-cinder-847624-1-iscsi neutron-server[110354]: DEBUG dbcounter [-] [110354] Writing DB stats neutron:SELECT=85,neutron:INSERT=11,neutron:UPDATE=1,neutron:DELETE=3 {{(pid=110354) stat_writer /usr/local/lib/python3.8/dist-packages/dbcounter.py:114}}
Jun 24 23:49:24.503129 dv-cinder-847624-1-iscsi neutron-server[110354]: DEBUG neutron_lib.callbacks.manager [None req-efa6feee-1d7d-40ba-81b7-fc189d678956 admin admin] Publish callbacks [] for security_group (b659302f-8081-4b1a-9def-4e54572154d0), precommit_create {{(pid=110354) _notify_loop /usr/local/lib/python3.8/dist-packages/neutron_lib/callbacks/manager.py:176}}
Jun 24 23:49:24.507325 dv-cinder-847624-1-iscsi neutron-server[110354]: DEBUG neutron_lib.callbacks.manager [None req-efa6feee-1d7d-40ba-81b7-fc189d678956 admin admin] Publish callbacks ['neutron.plugins.ml2.ovo_rpc._ObjectChangeHandler.handle_event-794334'] for security_group (b659302f-8081-4b1a-9def-4e54572154d0), after_create {{(pid=110354) _notify_loop /usr/local/lib/python3.8/dist-packages/neutron_lib/callbacks/manager.py:176}}
Jun 24 23:49:24.539383 dv-cinder-847624-1-iscsi neutron-server[110355]: DEBUG neutron.pecan_wsgi.hooks.policy_enforcement [req-3cf1782f-0539-4cdc-8526-205612e6a3f1 req-c44954f0-120b-4d45-b1c8-33ac098a8684 tempest-AttachVolumeTestJSON-47774814 tempest-AttachVolumeTestJSON-47774814-project] Attributes excluded by policy engine: ['standard_attr_id', 'binding:profile', 'binding:host_id', 'binding:vif_type', 'binding:vif_details'] {{(pid=110355) _exclude_attributes_by_policy /opt/stack/neutron/neutron/pecan_wsgi/hooks/policy_enforcement.py:259}}
Jun 24 23:49:24.541024 dv-cinder-847624-1-iscsi neutron-server[110355]: INFO neutron.wsgi [req-3cf1782f-0539-4cdc-8526-205612e6a3f1 req-c44954f0-120b-4d45-b1c8-33ac098a8684 tempest-AttachVolumeTestJSON-47774814 tempest-AttachVolumeTestJSON-47774814-project] 10.222.0.47 "GET /v2.0/ports?device_id=5fbe9e00-90a9-4ac3-a536-4d8d0340b1a5 HTTP/1.1" status: 200 len: 943 time: 0.0501885
Jun 24 23:49:24.549704 dv-cinder-847624-1-iscsi neutron-server[110354]: INFO neutron.wsgi [None req-efa6feee-1d7d-40ba-81b7-fc189d678956 admin admin] 10.222.0.47 "GET /v2.0/security-groups?tenant_id=deab58d16de0482cacc0eaaa70a6af5b&name=default HTTP/1.1" status: 200 len: 2996 time: 0.1400208
Jun 24 23:49:24.550537 dv-cinder-847624-1-iscsi neutron-server[110354]: DEBUG neutron.api.rpc.handlers.resources_rpc [None req-efa6feee-1d7d-40ba-81b7-fc189d678956 admin admin] Pushing event updated for resources: {'SecurityGroup': ['ID=b659302f-8081-4b1a-9def-4e54572154d0,revision_number=1']} {{(pid=110354) push /opt/stack/neutron/neutron/api/rpc/handlers/resources_rpc.py:237}}
Jun 24 23:49:24.552767 dv-cinder-847624-1-iscsi neutron-server[110354]: DEBUG neutron.wsgi [-] (110354) accepted ('10.222.0.47', 57864) {{(pid=110354) server /usr/local/lib/python3.8/dist-packages/eventlet/wsgi.py:1004}}
Jun 24 23:49:24.592130 dv-cinder-847624-1-iscsi neutron-server[110355]: INFO neutron.wsgi [req-3cf1782f-0539-4cdc-8526-205612e6a3f1 req-db0005b8-ef52-4f3c-8034-432003c208b1 tempest-AttachVolumeTestJSON-47774814 tempest-AttachVolumeTestJSON-47774814-project] 10.222.0.47 "GET /v2.0/security-groups?id=023da9c6-d02d-487a-bc75-a1060ab6adf9&fields=id&fields=name HTTP/1.1" status: 200 len: 311 time: 0.0451674
Jun 24 23:49:24.605997 dv-cinder-847624-1-iscsi neutron-server[110354]: DEBUG neutron_lib.callbacks.manager [None req-b6ed1ebf-8254-4edf-9a5f-e0605ed8b825 admin admin] Publish callbacks [] for security_group (b659302f-8081-4b1a-9def-4e54572154d0), before_delete {{(pid=110354) _notify_loop /usr/local/lib/python3.8/dist-packages/neutron_lib/callbacks/manager.py:176}}
Jun 24 23:49:24.627542 dv-cinder-847624-1-iscsi neutron-server[110354]: DEBUG neutron_lib.callbacks.manager [None req-b6ed1ebf-8254-4edf-9a5f-e0605ed8b825 admin admin] Publish callbacks [] for security_group (b659302f-8081-4b1a-9def-4e54572154d0), precommit_delete {{(pid=110354) _notify_loop /usr/local/lib/python3.8/dist-packages/neutron_lib/callbacks/manager.py:176}}
Jun 24 23:49:24.673583 dv-cinder-847624-1-iscsi neutron-server[110354]: DEBUG neutron_lib.callbacks.manager [None req-b6ed1ebf-8254-4edf-9a5f-e0605ed8b825 admin admin] Publish callbacks ['neutron.plugins.ml2.ovo_rpc._ObjectChangeHandler.handle_event-794334'] for security_group (b659302f-8081-4b1a-9def-4e54572154d0), after_delete {{(pid=110354) _notify_loop /usr/local/lib/python3.8/dist-packages/neutron_lib/callbacks/manager.py:176}}
Jun 24 23:49:24.676411 dv-cinder-847624-1-iscsi neutron-server[110354]: DEBUG neutron_lib.callbacks.manager [None req-b6ed1ebf-8254-4edf-9a5f-e0605ed8b825 admin admin] Publish callbacks [] for security_group (None), before_response {{(pid=110354) _notify_loop /usr/local/lib/python3.8/dist-packages/neutron_lib/callbacks/manager.py:176}}
Jun 24 23:49:24.677425 dv-cinder-847624-1-iscsi neutron-server[110354]: INFO neutron.wsgi [None req-b6ed1ebf-8254-4edf-9a5f-e0605ed8b825 admin admin] 10.222.0.47 "DELETE /v2.0/security-groups/b659302f-8081-4b1a-9def-4e54572154d0 HTTP/1.1" status: 204 len: 168 time: 0.1237195
Jun 24 23:49:24.685649 dv-cinder-847624-1-iscsi neutron-server[110354]: DEBUG neutron.api.rpc.handlers.resources_rpc [None req-b6ed1ebf-8254-4edf-9a5f-e0605ed8b825 admin admin] Pushing event deleted for resources: {'SecurityGroup': ['ID=b659302f-8081-4b1a-9def-4e54572154d0,revision_number=None']} {{(pid=110354) push /opt/stack/neutron/neutron/api/rpc/handlers/resources_rpc.py:237}}
Jun 24 23:49:24.918724 dv-cinder-847624-1-iscsi neutron-server[110354]: DEBUG neutron.pecan_wsgi.hooks.policy_enforcement [req-8fa95518-46d2-48d1-ae7d-597c21ff785e req-591d8397-94da-47a1-909b-74d4d84b8c45 tempest-AttachVolumeShelveTestJSON-1113088902 tempest-AttachVolumeShelveTestJSON-1113088902-project] Attributes excluded by policy engine: ['standard_attr_id', 'binding:profile', 'binding:host_id', 'binding:vif_type', 'binding:vif_details'] {{(pid=110354) _exclude_attributes_by_policy /opt/stack/neutron/neutron/pecan_wsgi/hooks/policy_enforcement.py:259}}
Jun 24 23:49:24.920192 dv-cinder-847624-1-iscsi neutron-server[110354]: INFO neutron.wsgi [req-8fa95518-46d2-48d1-ae7d-597c21ff785e req-591d8397-94da-47a1-909b-74d4d84b8c45 tempest-AttachVolumeShelveTestJSON-1113088902 tempest-AttachVolumeShelveTestJSON-1113088902-project] 10.222.0.47 "GET /v2.0/ports?device_id=cb534158-a606-4d20-89de-2c7c5cbfa9a7 HTTP/1.1" status: 200 len: 944 time: 0.0484440
Jun 24 23:49:24.972817 dv-cinder-847624-1-iscsi neutron-server[110354]: INFO neutron.wsgi [req-8fa95518-46d2-48d1-ae7d-597c21ff785e req-07eceae7-2d00-4036-aeab-999fbbc62fa2 tempest-AttachVolumeShelveTestJSON-1113088902 tempest-AttachVolumeShelveTestJSON-1113088902-project] 10.222.0.47 "GET /v2.0/security-groups?id=e88f906f-21cc-4714-83c9-b584266728bf&fields=id&fields=name HTTP/1.1" status: 200 len: 313 time: 0.0468123
Jun 24 23:49:25.089069 dv-cinder-847624-1-iscsi neutron-server[110355]: DEBUG neutron.pecan_wsgi.hooks.policy_enforcement [req-5b754b58-c2dd-4fa4-bb5d-c432830acfbb req-3d5d650e-b71e-4b1f-b6d2-6cf6044dda5d tempest-AttachVolumeNegativeTest-1288451068 tempest-AttachVolumeNegativeTest-1288451068-project] Attributes excluded by policy engine: ['standard_attr_id', 'binding:profile', 'binding:host_id', 'binding:vif_type', 'binding:vif_details'] {{(pid=110355) _exclude_attributes_by_policy /opt/stack/neutron/neutron/pecan_wsgi/hooks/policy_enforcement.py:259}}
Jun 24 23:49:25.090611 dv-cinder-847624-1-iscsi neutron-server[110355]: INFO neutron.wsgi [req-5b754b58-c2dd-4fa4-bb5d-c432830acfbb req-3d5d650e-b71e-4b1f-b6d2-6cf6044dda5d tempest-AttachVolumeNegativeTest-1288451068 tempest-AttachVolumeNegativeTest-1288451068-project] 10.222.0.47 "GET /v2.0/ports?device_id=4266fe95-e867-4be8-a5c5-8f60b19e1cb6 HTTP/1.1" status: 200 len: 944 time: 0.0530667
Jun 24 23:49:25.143474 dv-cinder-847624-1-iscsi neutron-server[110355]: INFO neutron.wsgi [req-5b754b58-c2dd-4fa4-bb5d-c432830acfbb req-f41cf175-d2f0-4df8-a6c9-aef2ddaac5dd tempest-AttachVolumeNegativeTest-1288451068 tempest-AttachVolumeNegativeTest-1288451068-project] 10.222.0.47 "GET /v2.0/security-groups?id=ba021a74-459d-4773-9ba8-ffe5a15e4ae4&fields=id&fields=name HTTP/1.1" status: 200 len: 312 time: 0.0460482
Jun 24 23:49:25.364730 dv-cinder-847624-1-iscsi neutron-server[110354]: DEBUG neutron.pecan_wsgi.hooks.policy_enforcement [req-b7749527-d355-4308-99e5-ea3e469ee80c req-a0e03c45-d794-40c7-bc2a-1398a6f533f9 tempest-ServerRescueNegativeTestJSON-1897223551 tempest-ServerRescueNegativeTestJSON-1897223551-project] Attributes excluded by policy engine: ['standard_attr_id', 'binding:profile', 'binding:host_id', 'binding:vif_type', 'binding:vif_details'] {{(pid=110354) _exclude_attributes_by_policy /opt/stack/neutron/neutron/pecan_wsgi/hooks/policy_enforcement.py:259}}
Jun 24 23:49:25.366201 dv-cinder-847624-1-iscsi neutron-server[110354]: INFO neutron.wsgi [req-b7749527-d355-4308-99e5-ea3e469ee80c req-a0e03c45-d794-40c7-bc2a-1398a6f533f9 tempest-ServerRescueNegativeTestJSON-1897223551 tempest-ServerRescueNegativeTestJSON-1897223551-project] 10.222.0.47 "GET /v2.0/ports?device_id=6babba1a-e4d5-4053-90c2-d201309bd0db HTTP/1.1" status: 200 len: 945 time: 0.0486484
Jun 24 23:49:25.420876 dv-cinder-847624-1-iscsi neutron-server[110355]: DEBUG neutron.wsgi [-] (110355) accepted ('10.222.0.47', 57904) {{(pid=110355) server /usr/local/lib/python3.8/dist-packages/eventlet/wsgi.py:1004}}
Jun 24 23:49:25.422694 dv-cinder-847624-1-iscsi neutron-server[110354]: INFO neutron.wsgi [req-b7749527-d355-4308-99e5-ea3e469ee80c req-c1c8d2af-f879-4e2b-8851-a92fc940967c tempest-ServerRescueNegativeTestJSON-1897223551 tempest-ServerRescueNegativeTestJSON-1897223551-project] 10.222.0.47 "GET /v2.0/security-groups?id=df30731c-51b7-43dc-9f54-ff8c2f20edcf&fields=id&fields=name HTTP/1.1" status: 200 len: 286 time: 0.0499568
Jun 24 23:49:25.449131 dv-cinder-847624-1-iscsi neutron-server[110356]: DEBUG neutron.plugins.ml2.rpc [None req-0f2429a0-0d6f-48e2-9a1d-dc92db7b9675 None None] Device a24eac32-170f-4a97-ad18-9d87820319c1 details requested by agent hyperv_hv-cinder-84762 with host hv-cinder-84762 {{(pid=110356) get_device_details /opt/stack/neutron/neutron/plugins/ml2/rpc.py:102}}
Jun 24 23:49:25.501061 dv-cinder-847624-1-iscsi neutron-server[110355]: DEBUG neutron.pecan_wsgi.hooks.policy_enforcement [req-5d477450-3b0f-42aa-9611-0990ef6dbd79 req-84808c7a-6ab0-45da-9afe-1d1cdb6b9e7d tempest-DeleteServersTestJSON-1304300299 tempest-DeleteServersTestJSON-1304300299-project] Attributes excluded by policy engine: ['standard_attr_id', 'binding:profile', 'binding:host_id', 'binding:vif_type', 'binding:vif_details'] {{(pid=110355) _exclude_attributes_by_policy /opt/stack/neutron/neutron/pecan_wsgi/hooks/policy_enforcement.py:259}}
Jun 24 23:49:25.502536 dv-cinder-847624-1-iscsi neutron-server[110355]: INFO neutron.wsgi [req-5d477450-3b0f-42aa-9611-0990ef6dbd79 req-84808c7a-6ab0-45da-9afe-1d1cdb6b9e7d tempest-DeleteServersTestJSON-1304300299 tempest-DeleteServersTestJSON-1304300299-project] 10.222.0.47 "GET /v2.0/ports?device_id=6df28f5e-1882-43bb-85e4-895c077b884d HTTP/1.1" status: 200 len: 945 time: 0.0574832
Jun 24 23:49:25.543794 dv-cinder-847624-1-iscsi neutron-server[110355]: DEBUG neutron.api.v2.base [None req-1ac4403b-e819-4ca9-9533-e7ec04e6db20 admin admin] Request body: {'network': {'name': 'tempest-VolumesActionsTest-122779445-network', 'tenant_id': '56c4740ad6074a03b54fa9c6bc93ffd8'}} {{(pid=110355) prepare_request_body /opt/stack/neutron/neutron/api/v2/base.py:730}}
Jun 24 23:49:25.552228 dv-cinder-847624-1-iscsi neutron-server[110356]: DEBUG neutron.plugins.ml2.db [None req-0f2429a0-0d6f-48e2-9a1d-dc92db7b9675 None None] For port a24eac32-170f-4a97-ad18-9d87820319c1, host hv-cinder-84762, got binding levels [PortBindingLevel(driver='hyperv',host='hv-cinder-84762',level=0,port_id=a24eac32-170f-4a97-ad18-9d87820319c1,segment=NetworkSegment(de8ea64c-62a4-4839-9b1c-a30671e514e9),segment_id=de8ea64c-62a4-4839-9b1c-a30671e514e9)] {{(pid=110356) get_binding_level_objs /opt/stack/neutron/neutron/plugins/ml2/db.py:74}}
Jun 24 23:49:25.563836 dv-cinder-847624-1-iscsi neutron-server[110356]: DEBUG neutron.plugins.ml2.rpc [None req-0f2429a0-0d6f-48e2-9a1d-dc92db7b9675 None None] Returning: {'device': 'a24eac32-170f-4a97-ad18-9d87820319c1', 'network_id': '3f87168d-b987-4697-a560-81cade710588', 'port_id': 'a24eac32-170f-4a97-ad18-9d87820319c1', 'mac_address': 'fa:16:3e:51:bc:eb', 'admin_state_up': True, 'network_type': 'vlan', 'segmentation_id': 326, 'physical_network': 'physnet1', 'mtu': 1500, 'fixed_ips': [{'subnet_id': '498e2022-1041-44ce-98a9-bf9db3dd314f', 'ip_address': '172.20.0.9'}], 'device_owner': 'compute:nova', 'allowed_address_pairs': [], 'port_security_enabled': True, 'qos_policy_id': None, 'qos_network_policy_id': None, 'profile': {}, 'propagate_uplink_status': False} {{(pid=110356) _get_device_details /opt/stack/neutron/neutron/plugins/ml2/rpc.py:184}}
Jun 24 23:49:25.569829 dv-cinder-847624-1-iscsi neutron-server[110355]: INFO neutron.wsgi [req-5d477450-3b0f-42aa-9611-0990ef6dbd79 req-03e6e951-89f8-4b84-8751-08528ae8a78a tempest-DeleteServersTestJSON-1304300299 tempest-DeleteServersTestJSON-1304300299-project] 10.222.0.47 "GET /v2.0/security-groups?id=e959cd91-d0ea-4e30-bc95-8e45960b4769&fields=id&fields=name HTTP/1.1" status: 200 len: 286 time: 0.0613077
Jun 24 23:49:25.577060 dv-cinder-847624-1-iscsi neutron-server[110355]: DEBUG neutron.pecan_wsgi.hooks.quota_enforcement [None req-1ac4403b-e819-4ca9-9533-e7ec04e6db20 admin admin] Made reservation on behalf of 56c4740ad6074a03b54fa9c6bc93ffd8 for: {'network': 1} {{(pid=110355) before /opt/stack/neutron/neutron/pecan_wsgi/hooks/quota_enforcement.py:53}}
Jun 24 23:49:25.579816 dv-cinder-847624-1-iscsi neutron-server[110355]: DEBUG neutron_lib.callbacks.manager [None req-1ac4403b-e819-4ca9-9533-e7ec04e6db20 admin admin] Publish callbacks ['neutron.plugins.ml2.plugin.SecurityGroupDbMixin._ensure_default_security_group_handler-1977302'] for network (None), before_create {{(pid=110355) _notify_loop /usr/local/lib/python3.8/dist-packages/neutron_lib/callbacks/manager.py:176}}
Jun 24 23:49:25.589975 dv-cinder-847624-1-iscsi neutron-server[110355]: DEBUG neutron_lib.callbacks.manager [None req-1ac4403b-e819-4ca9-9533-e7ec04e6db20 admin admin] Publish callbacks [] for security_group (None), before_create {{(pid=110355) _notify_loop /usr/local/lib/python3.8/dist-packages/neutron_lib/callbacks/manager.py:176}}
Jun 24 23:49:25.603106 dv-cinder-847624-1-iscsi neutron-server[110356]: DEBUG neutron.plugins.ml2.plugin [None req-0f2429a0-0d6f-48e2-9a1d-dc92db7b9675 None None] Current status of the port a24eac32-170f-4a97-ad18-9d87820319c1 is: DOWN; New status is: BUILD {{(pid=110356) _update_individual_port_db_status /opt/stack/neutron/neutron/plugins/ml2/plugin.py:2292}}
Jun 24 23:49:25.603498 dv-cinder-847624-1-iscsi neutron-server[110356]: DEBUG neutron_lib.callbacks.manager [None req-0f2429a0-0d6f-48e2-9a1d-dc92db7b9675 None None] Publish callbacks ['neutron.plugins.ml2.plugin.SecurityGroupDbMixin._ensure_default_security_group_handler-1977302'] for port (a24eac32-170f-4a97-ad18-9d87820319c1), before_update {{(pid=110356) _notify_loop /usr/local/lib/python3.8/dist-packages/neutron_lib/callbacks/manager.py:176}}
Jun 24 23:49:25.618903 dv-cinder-847624-1-iscsi neutron-server[110356]: DEBUG neutron.notifiers.nova [None req-0f2429a0-0d6f-48e2-9a1d-dc92db7b9675 None None] Ignoring state change previous_port_status: DOWN current_port_status: BUILD port_id a24eac32-170f-4a97-ad18-9d87820319c1 {{(pid=110356) record_port_status_changed /opt/stack/neutron/neutron/notifiers/nova.py:233}}
Jun 24 23:49:25.642662 dv-cinder-847624-1-iscsi neutron-server[110356]: DEBUG neutron.plugins.ml2.db [None req-0f2429a0-0d6f-48e2-9a1d-dc92db7b9675 None None] For port a24eac32-170f-4a97-ad18-9d87820319c1, host hv-cinder-84762, got binding levels [PortBindingLevel(driver='hyperv',host='hv-cinder-84762',level=0,port_id=a24eac32-170f-4a97-ad18-9d87820319c1,segment=NetworkSegment(de8ea64c-62a4-4839-9b1c-a30671e514e9),segment_id=de8ea64c-62a4-4839-9b1c-a30671e514e9)] {{(pid=110356) get_binding_level_objs /opt/stack/neutron/neutron/plugins/ml2/db.py:74}}
Jun 24 23:49:25.647989 dv-cinder-847624-1-iscsi neutron-server[110356]: DEBUG neutron_lib.callbacks.manager [None req-0f2429a0-0d6f-48e2-9a1d-dc92db7b9675 None None] Publish callbacks ['neutron.plugins.ml2.plugin.SecurityGroupServerNotifierRpcMixin._notify_sg_on_port_change-1977239', 'neutron.plugins.ml2.ovo_rpc._ObjectChangeHandler.handle_event-194161', 'neutron.api.rpc.agentnotifiers.dhcp_rpc_agent_api.DhcpAgentNotifyAPI._native_event_send_dhcp_notification-547311', 'neutron.db.l3_db.L3RpcNotifierMixin._notify_gateway_port_ip_changed-8758917551966', 'neutron.db.l3_dvrscheduler_db._notify_l3_agent_port_update-8758917082516', 'neutron.db.l3_hascheduler_db._notify_l3_agent_ha_port_update-8758917082534'] for port (a24eac32-170f-4a97-ad18-9d87820319c1), after_update {{(pid=110356) _notify_loop /usr/local/lib/python3.8/dist-packages/neutron_lib/callbacks/manager.py:176}}
Jun 24 23:49:25.674275 dv-cinder-847624-1-iscsi neutron-server[110355]: DEBUG neutron_lib.callbacks.manager [None req-1ac4403b-e819-4ca9-9533-e7ec04e6db20 admin admin] Publish callbacks [] for security_group (8951dde2-64aa-4db1-82af-18954d3146e8), precommit_create {{(pid=110355) _notify_loop /usr/local/lib/python3.8/dist-packages/neutron_lib/callbacks/manager.py:176}}
Jun 24 23:49:25.678754 dv-cinder-847624-1-iscsi neutron-server[110355]: DEBUG neutron_lib.callbacks.manager [None req-1ac4403b-e819-4ca9-9533-e7ec04e6db20 admin admin] Publish callbacks ['neutron.plugins.ml2.ovo_rpc._ObjectChangeHandler.handle_event-794334'] for security_group (8951dde2-64aa-4db1-82af-18954d3146e8), after_create {{(pid=110355) _notify_loop /usr/local/lib/python3.8/dist-packages/neutron_lib/callbacks/manager.py:176}}
Jun 24 23:49:25.708543 dv-cinder-847624-1-iscsi neutron-server[110355]: DEBUG dbcounter [-] [110355] Writing DB stats neutron:DELETE=2,neutron:SELECT=89,neutron:INSERT=8,neutron:UPDATE=1 {{(pid=110355) stat_writer /usr/local/lib/python3.8/dist-packages/dbcounter.py:114}}
Jun 24 23:49:25.709611 dv-cinder-847624-1-iscsi neutron-server[110356]: DEBUG neutron.api.rpc.handlers.resources_rpc [None req-0f2429a0-0d6f-48e2-9a1d-dc92db7b9675 None None] Pushing event updated for resources: {'Port': ['ID=a24eac32-170f-4a97-ad18-9d87820319c1,revision_number=4']} {{(pid=110356) push /opt/stack/neutron/neutron/api/rpc/handlers/resources_rpc.py:237}}
Jun 24 23:49:25.710723 dv-cinder-847624-1-iscsi neutron-server[110355]: DEBUG neutron.plugins.ml2.drivers.helpers [None req-1ac4403b-e819-4ca9-9533-e7ec04e6db20 admin admin] vlan segment allocate from pool success with {'vlan_id': 315, 'physical_network': 'physnet1'} {{(pid=110355) allocate_partially_specified_segment /opt/stack/neutron/neutron/plugins/ml2/drivers/helpers.py:153}}
Jun 24 23:49:25.722020 dv-cinder-847624-1-iscsi neutron-server[110354]: DEBUG neutron.pecan_wsgi.hooks.policy_enforcement [req-4905963c-3d1c-47da-a855-aef7f768c6e0 req-511beef6-4821-4124-afb8-8757aa0511ae tempest-AttachVolumeTestJSON-47774814 tempest-AttachVolumeTestJSON-47774814-project] Attributes excluded by policy engine: ['standard_attr_id', 'binding:profile', 'binding:host_id', 'binding:vif_type', 'binding:vif_details'] {{(pid=110354) _exclude_attributes_by_policy /opt/stack/neutron/neutron/pecan_wsgi/hooks/policy_enforcement.py:259}}
Jun 24 23:49:25.723844 dv-cinder-847624-1-iscsi neutron-server[110354]: INFO neutron.wsgi [req-4905963c-3d1c-47da-a855-aef7f768c6e0 req-511beef6-4821-4124-afb8-8757aa0511ae tempest-AttachVolumeTestJSON-47774814 tempest-AttachVolumeTestJSON-47774814-project] 10.222.0.47 "GET /v2.0/ports?device_id=5fbe9e00-90a9-4ac3-a536-4d8d0340b1a5 HTTP/1.1" status: 200 len: 944 time: 0.0573754
Jun 24 23:49:25.724768 dv-cinder-847624-1-iscsi neutron-server[110355]: DEBUG dbcounter [-] [110355] Writing DB stats neutron:SELECT=90,neutron:INSERT=9,neutron:UPDATE=1 {{(pid=110355) stat_writer /usr/local/lib/python3.8/dist-packages/dbcounter.py:114}}
Jun 24 23:49:25.727444 dv-cinder-847624-1-iscsi neutron-server[110355]: DEBUG neutron.api.rpc.handlers.resources_rpc [None req-1ac4403b-e819-4ca9-9533-e7ec04e6db20 admin admin] Pushing event updated for resources: {'SecurityGroup': ['ID=8951dde2-64aa-4db1-82af-18954d3146e8,revision_number=1']} {{(pid=110355) push /opt/stack/neutron/neutron/api/rpc/handlers/resources_rpc.py:237}}
Jun 24 23:49:25.731466 dv-cinder-847624-1-iscsi neutron-server[110355]: DEBUG neutron_lib.callbacks.manager [None req-1ac4403b-e819-4ca9-9533-e7ec04e6db20 admin admin] Publish callbacks ['neutron.plugins.ml2.plugin.Ml2Plugin._handle_segment_change-2013624'] for segment (2289af75-727f-4e3e-b8c8-b12efd1aad38), precommit_create {{(pid=110355) _notify_loop /usr/local/lib/python3.8/dist-packages/neutron_lib/callbacks/manager.py:176}}
Jun 24 23:49:25.731991 dv-cinder-847624-1-iscsi neutron-server[110355]: INFO neutron.db.segments_db [None req-1ac4403b-e819-4ca9-9533-e7ec04e6db20 admin admin] Added segment 2289af75-727f-4e3e-b8c8-b12efd1aad38 of type vlan for network b99f5c56-0c7f-4675-a30e-c2b4cd293907
Jun 24 23:49:25.780057 dv-cinder-847624-1-iscsi neutron-server[110354]: INFO neutron.wsgi [req-4905963c-3d1c-47da-a855-aef7f768c6e0 req-137ddec3-d68a-4f08-aa89-39dff55ab847 tempest-AttachVolumeTestJSON-47774814 tempest-AttachVolumeTestJSON-47774814-project] 10.222.0.47 "GET /v2.0/security-groups?id=023da9c6-d02d-487a-bc75-a1060ab6adf9&fields=id&fields=name HTTP/1.1" status: 200 len: 311 time: 0.0478790
Jun 24 23:49:25.790710 dv-cinder-847624-1-iscsi neutron-server[110355]: DEBUG neutron_lib.callbacks.manager [None req-1ac4403b-e819-4ca9-9533-e7ec04e6db20 admin admin] Publish callbacks ['neutron.services.auto_allocate.db._ensure_external_network_default_value_callback-8758917035457'] for network (b99f5c56-0c7f-4675-a30e-c2b4cd293907), precommit_create {{(pid=110355) _notify_loop /usr/local/lib/python3.8/dist-packages/neutron_lib/callbacks/manager.py:176}}
Jun 24 23:49:25.818803 dv-cinder-847624-1-iscsi neutron-server[110355]: DEBUG neutron_lib.callbacks.manager [None req-1ac4403b-e819-4ca9-9533-e7ec04e6db20 admin admin] Publish callbacks ['neutron.plugins.ml2.ovo_rpc._ObjectChangeHandler.handle_event-794255', 'neutron.api.rpc.agentnotifiers.dhcp_rpc_agent_api.DhcpAgentNotifyAPI._native_event_send_dhcp_notification-547311'] for network (b99f5c56-0c7f-4675-a30e-c2b4cd293907), after_create {{(pid=110355) _notify_loop /usr/local/lib/python3.8/dist-packages/neutron_lib/callbacks/manager.py:176}}
Jun 24 23:49:25.819748 dv-cinder-847624-1-iscsi neutron-server[110355]: DEBUG neutron.pecan_wsgi.hooks.policy_enforcement [None req-1ac4403b-e819-4ca9-9533-e7ec04e6db20 admin admin] Attributes excluded by policy engine: ['standard_attr_id', 'vlan_transparent'] {{(pid=110355) _exclude_attributes_by_policy /opt/stack/neutron/neutron/pecan_wsgi/hooks/policy_enforcement.py:259}}
Jun 24 23:49:25.820316 dv-cinder-847624-1-iscsi neutron-server[110355]: DEBUG neutron_lib.callbacks.manager [None req-1ac4403b-e819-4ca9-9533-e7ec04e6db20 admin admin] Publish callbacks ['neutron.api.rpc.agentnotifiers.dhcp_rpc_agent_api.DhcpAgentNotifyAPI._send_dhcp_notification-547321'] for network (None), before_response {{(pid=110355) _notify_loop /usr/local/lib/python3.8/dist-packages/neutron_lib/callbacks/manager.py:176}}
Jun 24 23:49:25.851913 dv-cinder-847624-1-iscsi neutron-server[110355]: INFO neutron.wsgi [None req-1ac4403b-e819-4ca9-9533-e7ec04e6db20 admin admin] 10.222.0.47 "POST /v2.0/networks HTTP/1.1" status: 201 len: 862 time: 0.4294882
Jun 24 23:49:25.855130 dv-cinder-847624-1-iscsi neutron-server[110354]: DEBUG neutron.wsgi [-] (110354) accepted ('10.222.0.47', 57910) {{(pid=110354) server /usr/local/lib/python3.8/dist-packages/eventlet/wsgi.py:1004}}
Jun 24 23:49:25.860073 dv-cinder-847624-1-iscsi neutron-server[110354]: DEBUG neutron.api.v2.base [None req-7be5dc0d-3bcd-48f7-898f-4bc779b775b2 admin admin] Request body: {'subnet': {'network_id': 'b99f5c56-0c7f-4675-a30e-c2b4cd293907', 'cidr': '172.20.0.0/28', 'name': 'tempest-VolumesActionsTest-122779445-subnet', 'tenant_id': '56c4740ad6074a03b54fa9c6bc93ffd8', 'enable_dhcp': False, 'ip_version': 4}} {{(pid=110354) prepare_request_body /opt/stack/neutron/neutron/api/v2/base.py:730}}
Jun 24 23:49:25.880775 dv-cinder-847624-1-iscsi neutron-server[110354]: DEBUG neutron.pecan_wsgi.hooks.quota_enforcement [None req-7be5dc0d-3bcd-48f7-898f-4bc779b775b2 admin admin] Made reservation on behalf of 56c4740ad6074a03b54fa9c6bc93ffd8 for: {'subnet': 1} {{(pid=110354) before /opt/stack/neutron/neutron/pecan_wsgi/hooks/quota_enforcement.py:53}}
Jun 24 23:49:25.882145 dv-cinder-847624-1-iscsi neutron-server[110355]: DEBUG neutron.api.rpc.handlers.resources_rpc [None req-1ac4403b-e819-4ca9-9533-e7ec04e6db20 admin admin] Pushing event updated for resources: {'Network': ['ID=b99f5c56-0c7f-4675-a30e-c2b4cd293907,revision_number=1']} {{(pid=110355) push /opt/stack/neutron/neutron/api/rpc/handlers/resources_rpc.py:237}}
Jun 24 23:49:25.883109 dv-cinder-847624-1-iscsi neutron-server[110354]: DEBUG neutron_lib.callbacks.manager [None req-7be5dc0d-3bcd-48f7-898f-4bc779b775b2 admin admin] Publish callbacks [] for subnet (None), before_create {{(pid=110354) _notify_loop /usr/local/lib/python3.8/dist-packages/neutron_lib/callbacks/manager.py:176}}
Jun 24 23:49:25.892638 dv-cinder-847624-1-iscsi neutron-server[110356]: DEBUG neutron.plugins.ml2.rpc [None req-5075abda-0fb7-4fa0-a285-ffea6e156ea5 None None] Network b99f5c56-0c7f-4675-a30e-c2b4cd293907 details requested by agent ovs-agent-dv-cinder-847624-1-iscsi with host dv-cinder-847624-1-iscsi {{(pid=110356) get_network_details /opt/stack/neutron/neutron/plugins/ml2/rpc.py:248}}
Jun 24 23:49:25.906167 dv-cinder-847624-1-iscsi neutron-server[110354]: DEBUG dbcounter [-] [110354] Writing DB stats neutron:SELECT=91,neutron:INSERT=6,neutron:UPDATE=1,neutron:DELETE=2 {{(pid=110354) stat_writer /usr/local/lib/python3.8/dist-packages/dbcounter.py:114}}
Jun 24 23:49:26.063920 dv-cinder-847624-1-iscsi neutron-server[110354]: DEBUG neutron_lib.callbacks.manager [None req-7be5dc0d-3bcd-48f7-898f-4bc779b775b2 admin admin] Publish callbacks ['neutron.plugins.ml2.ovo_rpc._ObjectChangeHandler.handle_event-836486', 'neutron.api.rpc.agentnotifiers.dhcp_rpc_agent_api.DhcpAgentNotifyAPI._native_event_send_dhcp_notification-547311'] for subnet (be6a8453-ef99-4863-8290-75532a95691c), after_create {{(pid=110354) _notify_loop /usr/local/lib/python3.8/dist-packages/neutron_lib/callbacks/manager.py:176}}
Jun 24 23:49:26.097841 dv-cinder-847624-1-iscsi neutron-server[110355]: DEBUG neutron.pecan_wsgi.hooks.policy_enforcement [req-ade8897f-0b02-4dcc-8352-ee9e5f6b2f1a req-cc0bfbae-07e1-4474-aec9-f9223c272f3c tempest-AttachVolumeShelveTestJSON-1113088902 tempest-AttachVolumeShelveTestJSON-1113088902-project] Attributes excluded by policy engine: ['standard_attr_id', 'binding:profile', 'binding:host_id', 'binding:vif_type', 'binding:vif_details'] {{(pid=110355) _exclude_attributes_by_policy /opt/stack/neutron/neutron/pecan_wsgi/hooks/policy_enforcement.py:259}}
