Jun 24 23:49:24.248416 dv-cinder-847624-1-iscsi devstack@c-api.service[117222]: [pid: 117222|app: 0|req: 135/275] 10.222.0.47 () {58 vars in 1330 bytes} [Fri Jun 24 23:49:24 2022] GET /volume/v3/b5c1794ea4ab49fda088b08b2f63d03e/snapshots/c54954ba-8392-4f52-9e97-c4cb4a759ddb => generated 438 bytes in 25 msecs (HTTP/1.1 200) 7 headers in 285 bytes (1 switches on core 0)
Jun 24 23:49:25.021330 dv-cinder-847624-1-iscsi devstack@c-api.service[117221]: DEBUG cinder.api.middleware.request_id [None req-682029f0-c52c-4908-9759-b93cca8e9774 None None] RequestId filter calling following filter/app {{(pid=117221) _context_setter /opt/stack/cinder/cinder/api/middleware/request_id.py:62}}
Jun 24 23:49:25.026158 dv-cinder-847624-1-iscsi devstack@c-api.service[117221]: INFO cinder.api.openstack.wsgi [None req-682029f0-c52c-4908-9759-b93cca8e9774 tempest-VolumesDeleteCascade-1805757687 tempest-VolumesDeleteCascade-1805757687-project] GET http://10.222.0.47/volume/v3/d1df784ba9ff44689227952c58189999/volumes/c0f2a818-a2d5-4bf3-93e1-311e0ca8a4a9
Jun 24 23:49:25.026876 dv-cinder-847624-1-iscsi devstack@c-api.service[117221]: DEBUG cinder.api.openstack.wsgi [None req-682029f0-c52c-4908-9759-b93cca8e9774 tempest-VolumesDeleteCascade-1805757687 tempest-VolumesDeleteCascade-1805757687-project] Empty body provided in request {{(pid=117221) get_body /opt/stack/cinder/cinder/api/openstack/wsgi.py:715}}
Jun 24 23:49:25.027232 dv-cinder-847624-1-iscsi devstack@c-api.service[117221]: DEBUG cinder.api.openstack.wsgi [None req-682029f0-c52c-4908-9759-b93cca8e9774 tempest-VolumesDeleteCascade-1805757687 tempest-VolumesDeleteCascade-1805757687-project] Calling method 'show' {{(pid=117221) _process_stack /opt/stack/cinder/cinder/api/openstack/wsgi.py:868}}
Jun 24 23:49:25.042301 dv-cinder-847624-1-iscsi devstack@c-api.service[117221]: /usr/local/lib/python3.8/dist-packages/oslo_context/context.py:100: DeprecationWarning: Policy enforcement is depending on the value of is_admin. This key is deprecated. Please update your policy file to use the standard policy values.
Jun 24 23:49:25.042301 dv-cinder-847624-1-iscsi devstack@c-api.service[117221]: warnings.warn('Policy enforcement is depending on the value of '
Jun 24 23:49:25.051240 dv-cinder-847624-1-iscsi devstack@c-api.service[117221]: INFO cinder.volume.api [None req-682029f0-c52c-4908-9759-b93cca8e9774 tempest-VolumesDeleteCascade-1805757687 tempest-VolumesDeleteCascade-1805757687-project] Volume info retrieved successfully.
Jun 24 23:49:25.066345 dv-cinder-847624-1-iscsi devstack@c-api.service[117221]: INFO cinder.api.openstack.wsgi [None req-682029f0-c52c-4908-9759-b93cca8e9774 tempest-VolumesDeleteCascade-1805757687 tempest-VolumesDeleteCascade-1805757687-project] http://10.222.0.47/volume/v3/d1df784ba9ff44689227952c58189999/volumes/c0f2a818-a2d5-4bf3-93e1-311e0ca8a4a9 returned with HTTP 200
Jun 24 23:49:25.067252 dv-cinder-847624-1-iscsi devstack@c-api.service[117221]: [pid: 117221|app: 0|req: 141/276] 10.222.0.47 () {58 vars in 1324 bytes} [Fri Jun 24 23:49:25 2022] GET /volume/v3/d1df784ba9ff44689227952c58189999/volumes/c0f2a818-a2d5-4bf3-93e1-311e0ca8a4a9 => generated 913 bytes in 47 msecs (HTTP/1.1 200) 7 headers in 285 bytes (1 switches on core 0)
Jun 24 23:49:25.078462 dv-cinder-847624-1-iscsi devstack@c-api.service[117222]: DEBUG cinder.api.middleware.request_id [None req-c3ea1dfe-614a-420a-9ba1-885441cfb99d None None] RequestId filter calling following filter/app {{(pid=117222) _context_setter /opt/stack/cinder/cinder/api/middleware/request_id.py:62}}
Jun 24 23:49:25.083090 dv-cinder-847624-1-iscsi devstack@c-api.service[117222]: INFO cinder.api.openstack.wsgi [None req-c3ea1dfe-614a-420a-9ba1-885441cfb99d tempest-VolumesDeleteCascade-1805757687 tempest-VolumesDeleteCascade-1805757687-project] POST http://10.222.0.47/volume/v3/d1df784ba9ff44689227952c58189999/snapshots
Jun 24 23:49:25.083790 dv-cinder-847624-1-iscsi devstack@c-api.service[117222]: DEBUG cinder.api.openstack.wsgi [None req-c3ea1dfe-614a-420a-9ba1-885441cfb99d tempest-VolumesDeleteCascade-1805757687 tempest-VolumesDeleteCascade-1805757687-project] Action: 'create', calling method: create, body: {"snapshot": {"volume_id": "c0f2a818-a2d5-4bf3-93e1-311e0ca8a4a9", "name": "tempest-VolumesDeleteCascade-Snapshot-1896860844"}} {{(pid=117222) _process_stack /opt/stack/cinder/cinder/api/openstack/wsgi.py:866}}
Jun 24 23:49:25.098474 dv-cinder-847624-1-iscsi devstack@c-api.service[117222]: /usr/local/lib/python3.8/dist-packages/oslo_context/context.py:100: DeprecationWarning: Policy enforcement is depending on the value of is_admin. This key is deprecated. Please update your policy file to use the standard policy values.
Jun 24 23:49:25.098474 dv-cinder-847624-1-iscsi devstack@c-api.service[117222]: warnings.warn('Policy enforcement is depending on the value of '
Jun 24 23:49:25.099508 dv-cinder-847624-1-iscsi devstack@c-api.service[117222]: INFO cinder.volume.api [None req-c3ea1dfe-614a-420a-9ba1-885441cfb99d tempest-VolumesDeleteCascade-1805757687 tempest-VolumesDeleteCascade-1805757687-project] Volume info retrieved successfully.
Jun 24 23:49:25.099807 dv-cinder-847624-1-iscsi devstack@c-api.service[117222]: INFO cinder.api.v3.snapshots [None req-c3ea1dfe-614a-420a-9ba1-885441cfb99d tempest-VolumesDeleteCascade-1805757687 tempest-VolumesDeleteCascade-1805757687-project] Create snapshot from volume c0f2a818-a2d5-4bf3-93e1-311e0ca8a4a9
Jun 24 23:49:25.165008 dv-cinder-847624-1-iscsi devstack@c-api.service[117222]: DEBUG dbcounter [-] [117222] Writing DB stats cinder:SELECT=68,cinder:INSERT=16,cinder:UPDATE=16 {{(pid=117222) stat_writer /usr/local/lib/python3.8/dist-packages/dbcounter.py:114}}
Jun 24 23:49:25.169729 dv-cinder-847624-1-iscsi devstack@c-api.service[117222]: DEBUG cinder.quota [None req-c3ea1dfe-614a-420a-9ba1-885441cfb99d tempest-VolumesDeleteCascade-1805757687 tempest-VolumesDeleteCascade-1805757687-project] Created reservations ['03683210-12d9-487c-987f-cf652e8355fc', '1e1fd3ff-2618-4ac8-8713-434aae229d84', 'c3145eca-a3d6-4381-b6eb-fbe511e98fd6', '2b2e329e-f99b-4628-a6e2-ea778ed14174'] {{(pid=117222) reserve /opt/stack/cinder/cinder/quota.py:755}}
Jun 24 23:49:25.230268 dv-cinder-847624-1-iscsi devstack@c-api.service[117222]: INFO cinder.volume.api [None req-c3ea1dfe-614a-420a-9ba1-885441cfb99d tempest-VolumesDeleteCascade-1805757687 tempest-VolumesDeleteCascade-1805757687-project] Snapshot create request issued successfully.
Jun 24 23:49:25.230960 dv-cinder-847624-1-iscsi devstack@c-api.service[117222]: INFO cinder.api.openstack.wsgi [None req-c3ea1dfe-614a-420a-9ba1-885441cfb99d tempest-VolumesDeleteCascade-1805757687 tempest-VolumesDeleteCascade-1805757687-project] http://10.222.0.47/volume/v3/d1df784ba9ff44689227952c58189999/snapshots returned with HTTP 202
Jun 24 23:49:25.232230 dv-cinder-847624-1-iscsi devstack@c-api.service[117222]: [pid: 117222|app: 0|req: 136/277] 10.222.0.47 () {60 vars in 1241 bytes} [Fri Jun 24 23:49:25 2022] POST /volume/v3/d1df784ba9ff44689227952c58189999/snapshots => generated 307 bytes in 155 msecs (HTTP/1.1 202) 7 headers in 291 bytes (1 switches on core 0)
Jun 24 23:49:25.240140 dv-cinder-847624-1-iscsi devstack@c-api.service[117221]: DEBUG cinder.api.middleware.request_id [None req-f366cbab-c6ba-4252-83d6-d8d42035f00a None None] RequestId filter calling following filter/app {{(pid=117221) _context_setter /opt/stack/cinder/cinder/api/middleware/request_id.py:62}}
Jun 24 23:49:25.244468 dv-cinder-847624-1-iscsi devstack@c-api.service[117221]: INFO cinder.api.openstack.wsgi [None req-f366cbab-c6ba-4252-83d6-d8d42035f00a tempest-VolumesDeleteCascade-1805757687 tempest-VolumesDeleteCascade-1805757687-project] GET http://10.222.0.47/volume/v3/d1df784ba9ff44689227952c58189999/snapshots/176a4bce-c2e5-40fc-b746-1e1c056ea665
Jun 24 23:49:25.245316 dv-cinder-847624-1-iscsi devstack@c-api.service[117221]: DEBUG cinder.api.openstack.wsgi [None req-f366cbab-c6ba-4252-83d6-d8d42035f00a tempest-VolumesDeleteCascade-1805757687 tempest-VolumesDeleteCascade-1805757687-project] Empty body provided in request {{(pid=117221) get_body /opt/stack/cinder/cinder/api/openstack/wsgi.py:715}}
Jun 24 23:49:25.245775 dv-cinder-847624-1-iscsi devstack@c-api.service[117221]: DEBUG cinder.api.openstack.wsgi [None req-f366cbab-c6ba-4252-83d6-d8d42035f00a tempest-VolumesDeleteCascade-1805757687 tempest-VolumesDeleteCascade-1805757687-project] Calling method 'show' {{(pid=117221) _process_stack /opt/stack/cinder/cinder/api/openstack/wsgi.py:868}}
Jun 24 23:49:25.256783 dv-cinder-847624-1-iscsi devstack@c-api.service[117222]: DEBUG cinder.api.middleware.request_id [None req-89f846d2-294d-42cd-bf41-e6f61d4bbc0f None None] RequestId filter calling following filter/app {{(pid=117222) _context_setter /opt/stack/cinder/cinder/api/middleware/request_id.py:62}}
Jun 24 23:49:25.258029 dv-cinder-847624-1-iscsi devstack@c-api.service[117221]: /usr/local/lib/python3.8/dist-packages/oslo_context/context.py:100: DeprecationWarning: Policy enforcement is depending on the value of is_admin. This key is deprecated. Please update your policy file to use the standard policy values.
Jun 24 23:49:25.258029 dv-cinder-847624-1-iscsi devstack@c-api.service[117221]: warnings.warn('Policy enforcement is depending on the value of '
Jun 24 23:49:25.259152 dv-cinder-847624-1-iscsi devstack@c-api.service[117221]: INFO cinder.volume.api [None req-f366cbab-c6ba-4252-83d6-d8d42035f00a tempest-VolumesDeleteCascade-1805757687 tempest-VolumesDeleteCascade-1805757687-project] Snapshot retrieved successfully.
Jun 24 23:49:25.262600 dv-cinder-847624-1-iscsi devstack@c-api.service[117221]: INFO cinder.api.openstack.wsgi [None req-f366cbab-c6ba-4252-83d6-d8d42035f00a tempest-VolumesDeleteCascade-1805757687 tempest-VolumesDeleteCascade-1805757687-project] http://10.222.0.47/volume/v3/d1df784ba9ff44689227952c58189999/snapshots/176a4bce-c2e5-40fc-b746-1e1c056ea665 returned with HTTP 200
Jun 24 23:49:25.262974 dv-cinder-847624-1-iscsi devstack@c-api.service[117222]: INFO cinder.api.openstack.wsgi [None req-89f846d2-294d-42cd-bf41-e6f61d4bbc0f tempest-SnapshotsActionsTest-1456628521 tempest-SnapshotsActionsTest-1456628521-project] GET http://10.222.0.47/volume/v3/b5c1794ea4ab49fda088b08b2f63d03e/snapshots/c54954ba-8392-4f52-9e97-c4cb4a759ddb
Jun 24 23:49:25.263622 dv-cinder-847624-1-iscsi devstack@c-api.service[117222]: DEBUG cinder.api.openstack.wsgi [None req-89f846d2-294d-42cd-bf41-e6f61d4bbc0f tempest-SnapshotsActionsTest-1456628521 tempest-SnapshotsActionsTest-1456628521-project] Empty body provided in request {{(pid=117222) get_body /opt/stack/cinder/cinder/api/openstack/wsgi.py:715}}
Jun 24 23:49:25.263739 dv-cinder-847624-1-iscsi devstack@c-api.service[117221]: [pid: 117221|app: 0|req: 142/278] 10.222.0.47 () {58 vars in 1330 bytes} [Fri Jun 24 23:49:25 2022] GET /volume/v3/d1df784ba9ff44689227952c58189999/snapshots/176a4bce-c2e5-40fc-b746-1e1c056ea665 => generated 439 bytes in 24 msecs (HTTP/1.1 200) 7 headers in 285 bytes (1 switches on core 0)
Jun 24 23:49:25.264496 dv-cinder-847624-1-iscsi devstack@c-api.service[117222]: DEBUG cinder.api.openstack.wsgi [None req-89f846d2-294d-42cd-bf41-e6f61d4bbc0f tempest-SnapshotsActionsTest-1456628521 tempest-SnapshotsActionsTest-1456628521-project] Calling method 'show' {{(pid=117222) _process_stack /opt/stack/cinder/cinder/api/openstack/wsgi.py:868}}
Jun 24 23:49:25.275522 dv-cinder-847624-1-iscsi devstack@c-api.service[117222]: /usr/local/lib/python3.8/dist-packages/oslo_context/context.py:100: DeprecationWarning: Policy enforcement is depending on the value of is_admin. This key is deprecated. Please update your policy file to use the standard policy values.
Jun 24 23:49:25.275522 dv-cinder-847624-1-iscsi devstack@c-api.service[117222]: warnings.warn('Policy enforcement is depending on the value of '
Jun 24 23:49:25.277509 dv-cinder-847624-1-iscsi devstack@c-api.service[117222]: INFO cinder.volume.api [None req-89f846d2-294d-42cd-bf41-e6f61d4bbc0f tempest-SnapshotsActionsTest-1456628521 tempest-SnapshotsActionsTest-1456628521-project] Snapshot retrieved successfully.
Jun 24 23:49:25.279421 dv-cinder-847624-1-iscsi devstack@c-api.service[117222]: INFO cinder.api.openstack.wsgi [None req-89f846d2-294d-42cd-bf41-e6f61d4bbc0f tempest-SnapshotsActionsTest-1456628521 tempest-SnapshotsActionsTest-1456628521-project] http://10.222.0.47/volume/v3/b5c1794ea4ab49fda088b08b2f63d03e/snapshots/c54954ba-8392-4f52-9e97-c4cb4a759ddb returned with HTTP 200
Jun 24 23:49:25.280293 dv-cinder-847624-1-iscsi devstack@c-api.service[117222]: [pid: 117222|app: 0|req: 137/279] 10.222.0.47 () {58 vars in 1330 bytes} [Fri Jun 24 23:49:25 2022] GET /volume/v3/b5c1794ea4ab49fda088b08b2f63d03e/snapshots/c54954ba-8392-4f52-9e97-c4cb4a759ddb => generated 438 bytes in 25 msecs (HTTP/1.1 200) 7 headers in 285 bytes (1 switches on core 0)
Jun 24 23:49:26.272989 dv-cinder-847624-1-iscsi devstack@c-api.service[117221]: DEBUG cinder.api.middleware.request_id [None req-855808e4-af27-4d8a-9684-b87827465767 None None] RequestId filter calling following filter/app {{(pid=117221) _context_setter /opt/stack/cinder/cinder/api/middleware/request_id.py:62}}
Jun 24 23:49:26.289150 dv-cinder-847624-1-iscsi devstack@c-api.service[117222]: DEBUG cinder.api.middleware.request_id [None req-d4553c54-6947-44a0-948f-ffc438bd7015 None None] RequestId filter calling following filter/app {{(pid=117222) _context_setter /opt/stack/cinder/cinder/api/middleware/request_id.py:62}}
Jun 24 23:49:26.297224 dv-cinder-847624-1-iscsi devstack@c-api.service[117222]: INFO cinder.api.openstack.wsgi [None req-d4553c54-6947-44a0-948f-ffc438bd7015 tempest-SnapshotsActionsTest-1456628521 tempest-SnapshotsActionsTest-1456628521-project] GET http://10.222.0.47/volume/v3/b5c1794ea4ab49fda088b08b2f63d03e/snapshots/c54954ba-8392-4f52-9e97-c4cb4a759ddb
Jun 24 23:49:26.299909 dv-cinder-847624-1-iscsi devstack@c-api.service[117221]: INFO cinder.api.openstack.wsgi [None req-855808e4-af27-4d8a-9684-b87827465767 tempest-VolumesDeleteCascade-1805757687 tempest-VolumesDeleteCascade-1805757687-project] GET http://10.222.0.47/volume/v3/d1df784ba9ff44689227952c58189999/snapshots/176a4bce-c2e5-40fc-b746-1e1c056ea665
Jun 24 23:49:26.300189 dv-cinder-847624-1-iscsi devstack@c-api.service[117222]: DEBUG cinder.api.openstack.wsgi [None req-d4553c54-6947-44a0-948f-ffc438bd7015 tempest-SnapshotsActionsTest-1456628521 tempest-SnapshotsActionsTest-1456628521-project] Empty body provided in request {{(pid=117222) get_body /opt/stack/cinder/cinder/api/openstack/wsgi.py:715}}
Jun 24 23:49:26.301752 dv-cinder-847624-1-iscsi devstack@c-api.service[117221]: DEBUG cinder.api.openstack.wsgi [None req-855808e4-af27-4d8a-9684-b87827465767 tempest-VolumesDeleteCascade-1805757687 tempest-VolumesDeleteCascade-1805757687-project] Empty body provided in request {{(pid=117221) get_body /opt/stack/cinder/cinder/api/openstack/wsgi.py:715}}
Jun 24 23:49:26.302195 dv-cinder-847624-1-iscsi devstack@c-api.service[117222]: DEBUG cinder.api.openstack.wsgi [None req-d4553c54-6947-44a0-948f-ffc438bd7015 tempest-SnapshotsActionsTest-1456628521 tempest-SnapshotsActionsTest-1456628521-project] Calling method 'show' {{(pid=117222) _process_stack /opt/stack/cinder/cinder/api/openstack/wsgi.py:868}}
Jun 24 23:49:26.305189 dv-cinder-847624-1-iscsi devstack@c-api.service[117221]: DEBUG cinder.api.openstack.wsgi [None req-855808e4-af27-4d8a-9684-b87827465767 tempest-VolumesDeleteCascade-1805757687 tempest-VolumesDeleteCascade-1805757687-project] Calling method 'show' {{(pid=117221) _process_stack /opt/stack/cinder/cinder/api/openstack/wsgi.py:868}}
Jun 24 23:49:26.322520 dv-cinder-847624-1-iscsi devstack@c-api.service[117221]: /usr/local/lib/python3.8/dist-packages/oslo_context/context.py:100: DeprecationWarning: Policy enforcement is depending on the value of is_admin. This key is deprecated. Please update your policy file to use the standard policy values.
Jun 24 23:49:26.322520 dv-cinder-847624-1-iscsi devstack@c-api.service[117221]: warnings.warn('Policy enforcement is depending on the value of '
Jun 24 23:49:26.323362 dv-cinder-847624-1-iscsi devstack@c-api.service[117222]: /usr/local/lib/python3.8/dist-packages/oslo_context/context.py:100: DeprecationWarning: Policy enforcement is depending on the value of is_admin. This key is deprecated. Please update your policy file to use the standard policy values.
Jun 24 23:49:26.323362 dv-cinder-847624-1-iscsi devstack@c-api.service[117222]: warnings.warn('Policy enforcement is depending on the value of '
Jun 24 23:49:26.325207 dv-cinder-847624-1-iscsi devstack@c-api.service[117222]: INFO cinder.volume.api [None req-d4553c54-6947-44a0-948f-ffc438bd7015 tempest-SnapshotsActionsTest-1456628521 tempest-SnapshotsActionsTest-1456628521-project] Snapshot retrieved successfully.
Jun 24 23:49:26.326610 dv-cinder-847624-1-iscsi devstack@c-api.service[117221]: INFO cinder.volume.api [None req-855808e4-af27-4d8a-9684-b87827465767 tempest-VolumesDeleteCascade-1805757687 tempest-VolumesDeleteCascade-1805757687-project] Snapshot retrieved successfully.
Jun 24 23:49:26.330704 dv-cinder-847624-1-iscsi devstack@c-api.service[117221]: INFO cinder.api.openstack.wsgi [None req-855808e4-af27-4d8a-9684-b87827465767 tempest-VolumesDeleteCascade-1805757687 tempest-VolumesDeleteCascade-1805757687-project] http://10.222.0.47/volume/v3/d1df784ba9ff44689227952c58189999/snapshots/176a4bce-c2e5-40fc-b746-1e1c056ea665 returned with HTTP 200
Jun 24 23:49:26.332084 dv-cinder-847624-1-iscsi devstack@c-api.service[117222]: INFO cinder.api.openstack.wsgi [None req-d4553c54-6947-44a0-948f-ffc438bd7015 tempest-SnapshotsActionsTest-1456628521 tempest-SnapshotsActionsTest-1456628521-project] http://10.222.0.47/volume/v3/b5c1794ea4ab49fda088b08b2f63d03e/snapshots/c54954ba-8392-4f52-9e97-c4cb4a759ddb returned with HTTP 200
Jun 24 23:49:26.341251 dv-cinder-847624-1-iscsi devstack@c-api.service[117221]: [pid: 117221|app: 0|req: 143/280] 10.222.0.47 () {58 vars in 1330 bytes} [Fri Jun 24 23:49:26 2022] GET /volume/v3/d1df784ba9ff44689227952c58189999/snapshots/176a4bce-c2e5-40fc-b746-1e1c056ea665 => generated 439 bytes in 66 msecs (HTTP/1.1 200) 7 headers in 285 bytes (1 switches on core 0)
Jun 24 23:49:26.341916 dv-cinder-847624-1-iscsi devstack@c-api.service[117222]: [pid: 117222|app: 0|req: 138/281] 10.222.0.47 () {58 vars in 1330 bytes} [Fri Jun 24 23:49:26 2022] GET /volume/v3/b5c1794ea4ab49fda088b08b2f63d03e/snapshots/c54954ba-8392-4f52-9e97-c4cb4a759ddb => generated 438 bytes in 55 msecs (HTTP/1.1 200) 7 headers in 285 bytes (1 switches on core 0)
Jun 24 23:49:27.345359 dv-cinder-847624-1-iscsi devstack@c-api.service[117221]: DEBUG cinder.api.middleware.request_id [None req-3cdbd6bb-4238-458f-9e7c-8248c016b109 None None] RequestId filter calling following filter/app {{(pid=117221) _context_setter /opt/stack/cinder/cinder/api/middleware/request_id.py:62}}
Jun 24 23:49:27.346121 dv-cinder-847624-1-iscsi devstack@c-api.service[117222]: DEBUG cinder.api.middleware.request_id [None req-ade34964-04b3-4a87-b846-8e370d804dcf None None] RequestId filter calling following filter/app {{(pid=117222) _context_setter /opt/stack/cinder/cinder/api/middleware/request_id.py:62}}
Jun 24 23:49:27.350897 dv-cinder-847624-1-iscsi devstack@c-api.service[117222]: INFO cinder.api.openstack.wsgi [None req-ade34964-04b3-4a87-b846-8e370d804dcf tempest-VolumesDeleteCascade-1805757687 tempest-VolumesDeleteCascade-1805757687-project] GET http://10.222.0.47/volume/v3/d1df784ba9ff44689227952c58189999/snapshots/176a4bce-c2e5-40fc-b746-1e1c056ea665
Jun 24 23:49:27.351663 dv-cinder-847624-1-iscsi devstack@c-api.service[117222]: DEBUG cinder.api.openstack.wsgi [None req-ade34964-04b3-4a87-b846-8e370d804dcf tempest-VolumesDeleteCascade-1805757687 tempest-VolumesDeleteCascade-1805757687-project] Empty body provided in request {{(pid=117222) get_body /opt/stack/cinder/cinder/api/openstack/wsgi.py:715}}
Jun 24 23:49:27.352210 dv-cinder-847624-1-iscsi devstack@c-api.service[117221]: INFO cinder.api.openstack.wsgi [None req-3cdbd6bb-4238-458f-9e7c-8248c016b109 tempest-SnapshotsActionsTest-1456628521 tempest-SnapshotsActionsTest-1456628521-project] GET http://10.222.0.47/volume/v3/b5c1794ea4ab49fda088b08b2f63d03e/snapshots/c54954ba-8392-4f52-9e97-c4cb4a759ddb
Jun 24 23:49:27.352330 dv-cinder-847624-1-iscsi devstack@c-api.service[117222]: DEBUG cinder.api.openstack.wsgi [None req-ade34964-04b3-4a87-b846-8e370d804dcf tempest-VolumesDeleteCascade-1805757687 tempest-VolumesDeleteCascade-1805757687-project] Calling method 'show' {{(pid=117222) _process_stack /opt/stack/cinder/cinder/api/openstack/wsgi.py:868}}
Jun 24 23:49:27.352689 dv-cinder-847624-1-iscsi devstack@c-api.service[117221]: DEBUG cinder.api.openstack.wsgi [None req-3cdbd6bb-4238-458f-9e7c-8248c016b109 tempest-SnapshotsActionsTest-1456628521 tempest-SnapshotsActionsTest-1456628521-project] Empty body provided in request {{(pid=117221) get_body /opt/stack/cinder/cinder/api/openstack/wsgi.py:715}}
Jun 24 23:49:27.356249 dv-cinder-847624-1-iscsi devstack@c-api.service[117221]: DEBUG cinder.api.openstack.wsgi [None req-3cdbd6bb-4238-458f-9e7c-8248c016b109 tempest-SnapshotsActionsTest-1456628521 tempest-SnapshotsActionsTest-1456628521-project] Calling method 'show' {{(pid=117221) _process_stack /opt/stack/cinder/cinder/api/openstack/wsgi.py:868}}
Jun 24 23:49:27.366090 dv-cinder-847624-1-iscsi devstack@c-api.service[117222]: /usr/local/lib/python3.8/dist-packages/oslo_context/context.py:100: DeprecationWarning: Policy enforcement is depending on the value of is_admin. This key is deprecated. Please update your policy file to use the standard policy values.
Jun 24 23:49:27.366090 dv-cinder-847624-1-iscsi devstack@c-api.service[117222]: warnings.warn('Policy enforcement is depending on the value of '
Jun 24 23:49:27.367548 dv-cinder-847624-1-iscsi devstack@c-api.service[117222]: INFO cinder.volume.api [None req-ade34964-04b3-4a87-b846-8e370d804dcf tempest-VolumesDeleteCascade-1805757687 tempest-VolumesDeleteCascade-1805757687-project] Snapshot retrieved successfully.
Jun 24 23:49:27.371159 dv-cinder-847624-1-iscsi devstack@c-api.service[117222]: INFO cinder.api.openstack.wsgi [None req-ade34964-04b3-4a87-b846-8e370d804dcf tempest-VolumesDeleteCascade-1805757687 tempest-VolumesDeleteCascade-1805757687-project] http://10.222.0.47/volume/v3/d1df784ba9ff44689227952c58189999/snapshots/176a4bce-c2e5-40fc-b746-1e1c056ea665 returned with HTTP 200
Jun 24 23:49:27.372542 dv-cinder-847624-1-iscsi devstack@c-api.service[117222]: [pid: 117222|app: 0|req: 139/282] 10.222.0.47 () {58 vars in 1330 bytes} [Fri Jun 24 23:49:27 2022] GET /volume/v3/d1df784ba9ff44689227952c58189999/snapshots/176a4bce-c2e5-40fc-b746-1e1c056ea665 => generated 439 bytes in 28 msecs (HTTP/1.1 200) 7 headers in 285 bytes (1 switches on core 0)
Jun 24 23:49:27.375776 dv-cinder-847624-1-iscsi devstack@c-api.service[117221]: /usr/local/lib/python3.8/dist-packages/oslo_context/context.py:100: DeprecationWarning: Policy enforcement is depending on the value of is_admin. This key is deprecated. Please update your policy file to use the standard policy values.
Jun 24 23:49:27.375776 dv-cinder-847624-1-iscsi devstack@c-api.service[117221]: warnings.warn('Policy enforcement is depending on the value of '
Jun 24 23:49:27.376851 dv-cinder-847624-1-iscsi devstack@c-api.service[117221]: INFO cinder.volume.api [None req-3cdbd6bb-4238-458f-9e7c-8248c016b109 tempest-SnapshotsActionsTest-1456628521 tempest-SnapshotsActionsTest-1456628521-project] Snapshot retrieved successfully.
Jun 24 23:49:27.378637 dv-cinder-847624-1-iscsi devstack@c-api.service[117221]: INFO cinder.api.openstack.wsgi [None req-3cdbd6bb-4238-458f-9e7c-8248c016b109 tempest-SnapshotsActionsTest-1456628521 tempest-SnapshotsActionsTest-1456628521-project] http://10.222.0.47/volume/v3/b5c1794ea4ab49fda088b08b2f63d03e/snapshots/c54954ba-8392-4f52-9e97-c4cb4a759ddb returned with HTTP 200
Jun 24 23:49:27.379340 dv-cinder-847624-1-iscsi devstack@c-api.service[117221]: [pid: 117221|app: 0|req: 144/283] 10.222.0.47 () {58 vars in 1330 bytes} [Fri Jun 24 23:49:27 2022] GET /volume/v3/b5c1794ea4ab49fda088b08b2f63d03e/snapshots/c54954ba-8392-4f52-9e97-c4cb4a759ddb => generated 438 bytes in 35 msecs (HTTP/1.1 200) 7 headers in 285 bytes (1 switches on core 0)
Jun 24 23:49:27.534457 dv-cinder-847624-1-iscsi devstack@c-api.service[117222]: DEBUG cinder.api.middleware.request_id [None req-d7a21fbc-76ae-4cad-a195-c190a40036a0 None None] RequestId filter calling following filter/app {{(pid=117222) _context_setter /opt/stack/cinder/cinder/api/middleware/request_id.py:62}}
Jun 24 23:49:27.701267 dv-cinder-847624-1-iscsi devstack@c-api.service[117222]: INFO cinder.api.openstack.wsgi [None req-d7a21fbc-76ae-4cad-a195-c190a40036a0 tempest-VolumesActionsTest-1745669826 tempest-VolumesActionsTest-1745669826-project] POST http://10.222.0.47/volume/v3/56c4740ad6074a03b54fa9c6bc93ffd8/volumes
Jun 24 23:49:27.702112 dv-cinder-847624-1-iscsi devstack@c-api.service[117222]: DEBUG cinder.api.openstack.wsgi [None req-d7a21fbc-76ae-4cad-a195-c190a40036a0 tempest-VolumesActionsTest-1745669826 tempest-VolumesActionsTest-1745669826-project] Action: 'create', calling method: create, body: {"volume": {"size": 1, "name": "tempest-VolumesActionsTest-Volume-1835350182"}} {{(pid=117222) _process_stack /opt/stack/cinder/cinder/api/openstack/wsgi.py:866}}
Jun 24 23:49:27.703055 dv-cinder-847624-1-iscsi devstack@c-api.service[117222]: DEBUG cinder.api.v3.volumes [None req-d7a21fbc-76ae-4cad-a195-c190a40036a0 tempest-VolumesActionsTest-1745669826 tempest-VolumesActionsTest-1745669826-project] Create volume request body: {'volume': {'size': 1, 'name': 'tempest-VolumesActionsTest-Volume-1835350182'}} {{(pid=117222) create /opt/stack/cinder/cinder/api/v3/volumes.py:298}}
Jun 24 23:49:27.703367 dv-cinder-847624-1-iscsi devstack@c-api.service[117222]: INFO cinder.api.v3.volumes [None req-d7a21fbc-76ae-4cad-a195-c190a40036a0 tempest-VolumesActionsTest-1745669826 tempest-VolumesActionsTest-1745669826-project] Create volume of 1 GB
Jun 24 23:49:27.711078 dv-cinder-847624-1-iscsi devstack@c-api.service[117222]: INFO cinder.volume.api [None req-d7a21fbc-76ae-4cad-a195-c190a40036a0 tempest-VolumesActionsTest-1745669826 tempest-VolumesActionsTest-1745669826-project] Availability Zones retrieved successfully.
Jun 24 23:49:27.726864 dv-cinder-847624-1-iscsi devstack@c-api.service[117222]: DEBUG cinder.volume.api [None req-d7a21fbc-76ae-4cad-a195-c190a40036a0 tempest-VolumesActionsTest-1745669826 tempest-VolumesActionsTest-1745669826-project] Flow 'volume_create_api' (fe882576-5f89-4e9c-b587-e4178bbe34d4) transitioned into state 'RUNNING' from state 'PENDING' {{(pid=117222) _flow_receiver /usr/local/lib/python3.8/dist-packages/taskflow/listeners/logging.py:141}}
Jun 24 23:49:27.730096 dv-cinder-847624-1-iscsi devstack@c-api.service[117222]: DEBUG cinder.volume.api [None req-d7a21fbc-76ae-4cad-a195-c190a40036a0 tempest-VolumesActionsTest-1745669826 tempest-VolumesActionsTest-1745669826-project] Task 'cinder.volume.flows.api.create_volume.ExtractVolumeRequestTask;volume:create' (1d752fe6-7e35-4a16-8745-d798dc967a06) transitioned into state 'RUNNING' from state 'PENDING' {{(pid=117222) _task_receiver /usr/local/lib/python3.8/dist-packages/taskflow/listeners/logging.py:190}}
Jun 24 23:49:27.732363 dv-cinder-847624-1-iscsi devstack@c-api.service[117222]: DEBUG cinder.volume.flows.api.create_volume [None req-d7a21fbc-76ae-4cad-a195-c190a40036a0 tempest-VolumesActionsTest-1745669826 tempest-VolumesActionsTest-1745669826-project] Validating volume size '1' using validate_int {{(pid=117222) _extract_size /opt/stack/cinder/cinder/volume/flows/api/create_volume.py:228}}
Jun 24 23:49:27.768698 dv-cinder-847624-1-iscsi devstack@c-api.service[117222]: DEBUG cinder.volume.api [None req-d7a21fbc-76ae-4cad-a195-c190a40036a0 tempest-VolumesActionsTest-1745669826 tempest-VolumesActionsTest-1745669826-project] Task 'cinder.volume.flows.api.create_volume.ExtractVolumeRequestTask;volume:create' (1d752fe6-7e35-4a16-8745-d798dc967a06) transitioned into state 'SUCCESS' from state 'RUNNING' with result '{'size': 1, 'snapshot_id': None, 'source_volid': None, 'volume_type': VolumeType(created_at=2022-06-24T23:38:58Z,deleted=False,deleted_at=None,description='Default Volume Type',extra_specs={},id=10fb718d-951b-4735-8c77-901eed575732,is_public=True,name='__DEFAULT__',projects=[],qos_specs=,qos_specs_id=None,updated_at=2022-06-24T23:38:58Z), 'volume_type_id': '10fb718d-951b-4735-8c77-901eed575732', 'encryption_key_id': None, 'qos_specs': None, 'consistencygroup_id': None, 'cgsnapshot_id': None, 'group_id': None, 'replication_status': 'disabled', 'refresh_az': False, 'backup_id': None, 'multiattach': False, 'availability_zones': ['nova']}' {{(pid=117222) _task_receiver /usr/local/lib/python3.8/dist-packages/taskflow/listeners/logging.py:178}}
Jun 24 23:49:27.770559 dv-cinder-847624-1-iscsi devstack@c-api.service[117222]: DEBUG cinder.volume.api [None req-d7a21fbc-76ae-4cad-a195-c190a40036a0 tempest-VolumesActionsTest-1745669826 tempest-VolumesActionsTest-1745669826-project] Task 'cinder.volume.flows.api.create_volume.QuotaReserveTask;volume:create' (1df11f30-6a5d-48cb-8604-76559a2de462) transitioned into state 'RUNNING' from state 'PENDING' {{(pid=117222) _task_receiver /usr/local/lib/python3.8/dist-packages/taskflow/listeners/logging.py:190}}
Jun 24 23:49:27.875807 dv-cinder-847624-1-iscsi devstack@c-api.service[117222]: DEBUG cinder.quota [None req-d7a21fbc-76ae-4cad-a195-c190a40036a0 tempest-VolumesActionsTest-1745669826 tempest-VolumesActionsTest-1745669826-project] Created reservations ['91c40d55-b4db-47d9-a47f-49ee84dbb7b4', 'ace83b96-2d3b-453a-83c0-133a164657a9', '5ddbd793-4d0c-4178-9d4d-3f999c5a3783', 'fb8ef035-e532-4226-ace7-7f4735bca0b0'] {{(pid=117222) reserve /opt/stack/cinder/cinder/quota.py:755}}
Jun 24 23:49:27.878007 dv-cinder-847624-1-iscsi devstack@c-api.service[117222]: DEBUG cinder.volume.api [None req-d7a21fbc-76ae-4cad-a195-c190a40036a0 tempest-VolumesActionsTest-1745669826 tempest-VolumesActionsTest-1745669826-project] Task 'cinder.volume.flows.api.create_volume.QuotaReserveTask;volume:create' (1df11f30-6a5d-48cb-8604-76559a2de462) transitioned into state 'SUCCESS' from state 'RUNNING' with result '{'reservations': ['91c40d55-b4db-47d9-a47f-49ee84dbb7b4', 'ace83b96-2d3b-453a-83c0-133a164657a9', '5ddbd793-4d0c-4178-9d4d-3f999c5a3783', 'fb8ef035-e532-4226-ace7-7f4735bca0b0']}' {{(pid=117222) _task_receiver /usr/local/lib/python3.8/dist-packages/taskflow/listeners/logging.py:178}}
Jun 24 23:49:27.879987 dv-cinder-847624-1-iscsi devstack@c-api.service[117222]: DEBUG cinder.volume.api [None req-d7a21fbc-76ae-4cad-a195-c190a40036a0 tempest-VolumesActionsTest-1745669826 tempest-VolumesActionsTest-1745669826-project] Task 'cinder.volume.flows.api.create_volume.EntryCreateTask;volume:create' (3766d405-9904-4354-9c04-75cd9632649c) transitioned into state 'RUNNING' from state 'PENDING' {{(pid=117222) _task_receiver /usr/local/lib/python3.8/dist-packages/taskflow/listeners/logging.py:190}}
Jun 24 23:49:27.902497 dv-cinder-847624-1-iscsi devstack@c-api.service[117222]: DEBUG cinder.volume.api [None req-d7a21fbc-76ae-4cad-a195-c190a40036a0 tempest-VolumesActionsTest-1745669826 tempest-VolumesActionsTest-1745669826-project] Task 'cinder.volume.flows.api.create_volume.EntryCreateTask;volume:create' (3766d405-9904-4354-9c04-75cd9632649c) transitioned into state 'SUCCESS' from state 'RUNNING' with result '{'volume_id': 'bb55926f-7afb-4ba2-bed5-4ecd44fd676c', 'volume_properties': VolumeProperties(attach_status='detached',availability_zone='nova',cgsnapshot_id=None,consistencygroup_id=None,display_description=None,display_name='tempest-VolumesActionsTest-Volume-1835350182',encryption_key_id=None,group_id=None,group_type_id=,metadata={},multiattach=False,project_id='56c4740ad6074a03b54fa9c6bc93ffd8',qos_specs=None,replication_status=,reservations=['91c40d55-b4db-47d9-a47f-49ee84dbb7b4','ace83b96-2d3b-453a-83c0-133a164657a9','5ddbd793-4d0c-4178-9d4d-3f999c5a3783','fb8ef035-e532-4226-ace7-7f4735bca0b0'],size=1,snapshot_id=None,source_replicaid=,source_volid=None,status='creating',user_id='dedcdb7aedf642e8b19addcb8c268cb8',volume_type_id=10fb718d-951b-4735-8c77-901eed575732), 'volume': Volume(_name_id=None,admin_metadata=,attach_status='detached',availability_zone='nova',bootable=False,cluster=,cluster_name=None,consistencygroup=,consistencygroup_id=None,created_at=2022-06-24T23:49:27Z,deleted=False,deleted_at=None,display_description=None,display_name='tempest-VolumesActionsTest-Volume-1835350182',ec2_id=None,encryption_key_id=None,glance_metadata=,group=,group_id=None,host=None,id=bb55926f-7afb-4ba2-bed5-4ecd44fd676c,launched_at=None,metadata={},migration_status=None,multiattach=False,previous_status=None,project_id='56c4740ad6074a03b54fa9c6bc93ffd8',provider_auth=None,provider_geometry=None,provider_id=None,provider_location=None,replication_driver_data=None,replication_extended_status=None,replication_status=None,scheduled_at=None,service_uuid=None,shared_targets=True,size=1,snapshot_id=None,snapshots=,source_volid=None,status='creating',terminated_at=None,updated_at=None,use_quota=True,user_id='dedcdb7aedf642e8b19addcb8c268cb8',volume_attachment=VolumeAttachmentList,volume_type=VolumeType(10fb718d-951b-4735-8c77-901eed575732),volume_type_id=10fb718d-951b-4735-8c77-901eed575732)}' {{(pid=117222) _task_receiver /usr/local/lib/python3.8/dist-packages/taskflow/listeners/logging.py:178}}
Jun 24 23:49:27.904294 dv-cinder-847624-1-iscsi devstack@c-api.service[117222]: DEBUG cinder.volume.api [None req-d7a21fbc-76ae-4cad-a195-c190a40036a0 tempest-VolumesActionsTest-1745669826 tempest-VolumesActionsTest-1745669826-project] Task 'cinder.volume.flows.api.create_volume.QuotaCommitTask;volume:create' (209e3b20-88c9-47d3-9e56-9f496fd4d598) transitioned into state 'RUNNING' from state 'PENDING' {{(pid=117222) _task_receiver /usr/local/lib/python3.8/dist-packages/taskflow/listeners/logging.py:190}}
Jun 24 23:49:27.930493 dv-cinder-847624-1-iscsi devstack@c-api.service[117222]: DEBUG cinder.volume.api [None req-d7a21fbc-76ae-4cad-a195-c190a40036a0 tempest-VolumesActionsTest-1745669826 tempest-VolumesActionsTest-1745669826-project] Task 'cinder.volume.flows.api.create_volume.QuotaCommitTask;volume:create' (209e3b20-88c9-47d3-9e56-9f496fd4d598) transitioned into state 'SUCCESS' from state 'RUNNING' with result '{'volume_properties': VolumeProperties(attach_status='detached',availability_zone='nova',cgsnapshot_id=None,consistencygroup_id=None,display_description=None,display_name='tempest-VolumesActionsTest-Volume-1835350182',encryption_key_id=None,group_id=None,group_type_id=,metadata={},multiattach=False,project_id='56c4740ad6074a03b54fa9c6bc93ffd8',qos_specs=None,replication_status=,reservations=['91c40d55-b4db-47d9-a47f-49ee84dbb7b4','ace83b96-2d3b-453a-83c0-133a164657a9','5ddbd793-4d0c-4178-9d4d-3f999c5a3783','fb8ef035-e532-4226-ace7-7f4735bca0b0'],size=1,snapshot_id=None,source_replicaid=,source_volid=None,status='creating',user_id='dedcdb7aedf642e8b19addcb8c268cb8',volume_type_id=10fb718d-951b-4735-8c77-901eed575732)}' {{(pid=117222) _task_receiver /usr/local/lib/python3.8/dist-packages/taskflow/listeners/logging.py:178}}
Jun 24 23:49:27.933779 dv-cinder-847624-1-iscsi devstack@c-api.service[117222]: DEBUG cinder.volume.api [None req-d7a21fbc-76ae-4cad-a195-c190a40036a0 tempest-VolumesActionsTest-1745669826 tempest-VolumesActionsTest-1745669826-project] Task 'cinder.volume.flows.api.create_volume.VolumeCastTask;volume:create' (9e9860e9-00d5-4b7d-8df7-85c994fa16bb) transitioned into state 'RUNNING' from state 'PENDING' {{(pid=117222) _task_receiver /usr/local/lib/python3.8/dist-packages/taskflow/listeners/logging.py:190}}
Jun 24 23:49:27.952531 dv-cinder-847624-1-iscsi devstack@c-api.service[117222]: DEBUG cinder.volume.api [None req-d7a21fbc-76ae-4cad-a195-c190a40036a0 tempest-VolumesActionsTest-1745669826 tempest-VolumesActionsTest-1745669826-project] Task 'cinder.volume.flows.api.create_volume.VolumeCastTask;volume:create' (9e9860e9-00d5-4b7d-8df7-85c994fa16bb) transitioned into state 'SUCCESS' from state 'RUNNING' with result 'None' {{(pid=117222) _task_receiver /usr/local/lib/python3.8/dist-packages/taskflow/listeners/logging.py:178}}
Jun 24 23:49:27.954843 dv-cinder-847624-1-iscsi devstack@c-api.service[117222]: DEBUG cinder.volume.api [None req-d7a21fbc-76ae-4cad-a195-c190a40036a0 tempest-VolumesActionsTest-1745669826 tempest-VolumesActionsTest-1745669826-project] Flow 'volume_create_api' (fe882576-5f89-4e9c-b587-e4178bbe34d4) transitioned into state 'SUCCESS' from state 'RUNNING' {{(pid=117222) _flow_receiver /usr/local/lib/python3.8/dist-packages/taskflow/listeners/logging.py:141}}
Jun 24 23:49:27.955975 dv-cinder-847624-1-iscsi devstack@c-api.service[117222]: INFO cinder.volume.api [None req-d7a21fbc-76ae-4cad-a195-c190a40036a0 tempest-VolumesActionsTest-1745669826 tempest-VolumesActionsTest-1745669826-project] Create volume request issued successfully.
Jun 24 23:49:27.957223 dv-cinder-847624-1-iscsi devstack@c-api.service[117222]: INFO cinder.api.openstack.wsgi [None req-d7a21fbc-76ae-4cad-a195-c190a40036a0 tempest-VolumesActionsTest-1745669826 tempest-VolumesActionsTest-1745669826-project] http://10.222.0.47/volume/v3/56c4740ad6074a03b54fa9c6bc93ffd8/volumes returned with HTTP 202
Jun 24 23:49:27.965905 dv-cinder-847624-1-iscsi devstack@c-api.service[117222]: [pid: 117222|app: 0|req: 140/284] 10.222.0.47 () {60 vars in 1234 bytes} [Fri Jun 24 23:49:27 2022] POST /volume/v3/56c4740ad6074a03b54fa9c6bc93ffd8/volumes => generated 818 bytes in 425 msecs (HTTP/1.1 202) 7 headers in 291 bytes (1 switches on core 0)
Jun 24 23:49:27.969303 dv-cinder-847624-1-iscsi devstack@c-api.service[117221]: DEBUG cinder.api.middleware.request_id [None req-daa444bf-c328-4603-a5b3-5f556e0d28a6 None None] RequestId filter calling following filter/app {{(pid=117221) _context_setter /opt/stack/cinder/cinder/api/middleware/request_id.py:62}}
Jun 24 23:49:27.973274 dv-cinder-847624-1-iscsi devstack@c-api.service[117221]: INFO cinder.api.openstack.wsgi [None req-daa444bf-c328-4603-a5b3-5f556e0d28a6 tempest-VolumesActionsTest-1745669826 tempest-VolumesActionsTest-1745669826-project] GET http://10.222.0.47/volume/v3/56c4740ad6074a03b54fa9c6bc93ffd8/volumes/bb55926f-7afb-4ba2-bed5-4ecd44fd676c
Jun 24 23:49:27.973794 dv-cinder-847624-1-iscsi devstack@c-api.service[117221]: DEBUG cinder.api.openstack.wsgi [None req-daa444bf-c328-4603-a5b3-5f556e0d28a6 tempest-VolumesActionsTest-1745669826 tempest-VolumesActionsTest-1745669826-project] Empty body provided in request {{(pid=117221) get_body /opt/stack/cinder/cinder/api/openstack/wsgi.py:715}}
Jun 24 23:49:27.975803 dv-cinder-847624-1-iscsi devstack@c-api.service[117221]: DEBUG cinder.api.openstack.wsgi [None req-daa444bf-c328-4603-a5b3-5f556e0d28a6 tempest-VolumesActionsTest-1745669826 tempest-VolumesActionsTest-1745669826-project] Calling method 'show' {{(pid=117221) _process_stack /opt/stack/cinder/cinder/api/openstack/wsgi.py:868}}
Jun 24 23:49:27.991782 dv-cinder-847624-1-iscsi devstack@c-api.service[117221]: /usr/local/lib/python3.8/dist-packages/oslo_context/context.py:100: DeprecationWarning: Policy enforcement is depending on the value of is_admin. This key is deprecated. Please update your policy file to use the standard policy values.
Jun 24 23:49:27.991782 dv-cinder-847624-1-iscsi devstack@c-api.service[117221]: warnings.warn('Policy enforcement is depending on the value of '
Jun 24 23:49:28.000278 dv-cinder-847624-1-iscsi devstack@c-api.service[117221]: INFO cinder.volume.api [None req-daa444bf-c328-4603-a5b3-5f556e0d28a6 tempest-VolumesActionsTest-1745669826 tempest-VolumesActionsTest-1745669826-project] Volume info retrieved successfully.
Jun 24 23:49:28.010128 dv-cinder-847624-1-iscsi devstack@c-api.service[117221]: INFO cinder.api.openstack.wsgi [None req-daa444bf-c328-4603-a5b3-5f556e0d28a6 tempest-VolumesActionsTest-1745669826 tempest-VolumesActionsTest-1745669826-project] http://10.222.0.47/volume/v3/56c4740ad6074a03b54fa9c6bc93ffd8/volumes/bb55926f-7afb-4ba2-bed5-4ecd44fd676c returned with HTTP 200
Jun 24 23:49:28.010861 dv-cinder-847624-1-iscsi devstack@c-api.service[117221]: [pid: 117221|app: 0|req: 145/285] 10.222.0.47 () {58 vars in 1324 bytes} [Fri Jun 24 23:49:27 2022] GET /volume/v3/56c4740ad6074a03b54fa9c6bc93ffd8/volumes/bb55926f-7afb-4ba2-bed5-4ecd44fd676c => generated 886 bytes in 43 msecs (HTTP/1.1 200) 7 headers in 285 bytes (1 switches on core 0)
Jun 24 23:49:28.379876 dv-cinder-847624-1-iscsi devstack@c-api.service[117222]: DEBUG cinder.api.middleware.request_id [None req-4f7125eb-f739-4b31-b749-fe0dc2880076 None None] RequestId filter calling following filter/app {{(pid=117222) _context_setter /opt/stack/cinder/cinder/api/middleware/request_id.py:62}}
Jun 24 23:49:28.384126 dv-cinder-847624-1-iscsi devstack@c-api.service[117222]: INFO cinder.api.openstack.wsgi [None req-4f7125eb-f739-4b31-b749-fe0dc2880076 tempest-VolumesDeleteCascade-1805757687 tempest-VolumesDeleteCascade-1805757687-project] GET http://10.222.0.47/volume/v3/d1df784ba9ff44689227952c58189999/snapshots/176a4bce-c2e5-40fc-b746-1e1c056ea665
Jun 24 23:49:28.384566 dv-cinder-847624-1-iscsi devstack@c-api.service[117222]: DEBUG cinder.api.openstack.wsgi [None req-4f7125eb-f739-4b31-b749-fe0dc2880076 tempest-VolumesDeleteCascade-1805757687 tempest-VolumesDeleteCascade-1805757687-project] Empty body provided in request {{(pid=117222) get_body /opt/stack/cinder/cinder/api/openstack/wsgi.py:715}}
Jun 24 23:49:28.385074 dv-cinder-847624-1-iscsi devstack@c-api.service[117222]: DEBUG cinder.api.openstack.wsgi [None req-4f7125eb-f739-4b31-b749-fe0dc2880076 tempest-VolumesDeleteCascade-1805757687 tempest-VolumesDeleteCascade-1805757687-project] Calling method 'show' {{(pid=117222) _process_stack /opt/stack/cinder/cinder/api/openstack/wsgi.py:868}}
Jun 24 23:49:28.388244 dv-cinder-847624-1-iscsi devstack@c-api.service[117221]: DEBUG cinder.api.middleware.request_id [None req-34f4d19e-ba6e-462a-bf1c-299ccb57bc92 None None] RequestId filter calling following filter/app {{(pid=117221) _context_setter /opt/stack/cinder/cinder/api/middleware/request_id.py:62}}
Jun 24 23:49:28.392293 dv-cinder-847624-1-iscsi devstack@c-api.service[117221]: INFO cinder.api.openstack.wsgi [None req-34f4d19e-ba6e-462a-bf1c-299ccb57bc92 tempest-SnapshotsActionsTest-1456628521 tempest-SnapshotsActionsTest-1456628521-project] GET http://10.222.0.47/volume/v3/b5c1794ea4ab49fda088b08b2f63d03e/snapshots/c54954ba-8392-4f52-9e97-c4cb4a759ddb
Jun 24 23:49:28.392832 dv-cinder-847624-1-iscsi devstack@c-api.service[117221]: DEBUG cinder.api.openstack.wsgi [None req-34f4d19e-ba6e-462a-bf1c-299ccb57bc92 tempest-SnapshotsActionsTest-1456628521 tempest-SnapshotsActionsTest-1456628521-project] Empty body provided in request {{(pid=117221) get_body /opt/stack/cinder/cinder/api/openstack/wsgi.py:715}}
Jun 24 23:49:28.393349 dv-cinder-847624-1-iscsi devstack@c-api.service[117221]: DEBUG cinder.api.openstack.wsgi [None req-34f4d19e-ba6e-462a-bf1c-299ccb57bc92 tempest-SnapshotsActionsTest-1456628521 tempest-SnapshotsActionsTest-1456628521-project] Calling method 'show' {{(pid=117221) _process_stack /opt/stack/cinder/cinder/api/openstack/wsgi.py:868}}
Jun 24 23:49:28.396171 dv-cinder-847624-1-iscsi devstack@c-api.service[117222]: /usr/local/lib/python3.8/dist-packages/oslo_context/context.py:100: DeprecationWarning: Policy enforcement is depending on the value of is_admin. This key is deprecated. Please update your policy file to use the standard policy values.
Jun 24 23:49:28.396171 dv-cinder-847624-1-iscsi devstack@c-api.service[117222]: warnings.warn('Policy enforcement is depending on the value of '
Jun 24 23:49:28.397436 dv-cinder-847624-1-iscsi devstack@c-api.service[117222]: INFO cinder.volume.api [None req-4f7125eb-f739-4b31-b749-fe0dc2880076 tempest-VolumesDeleteCascade-1805757687 tempest-VolumesDeleteCascade-1805757687-project] Snapshot retrieved successfully.
Jun 24 23:49:28.399216 dv-cinder-847624-1-iscsi devstack@c-api.service[117222]: INFO cinder.api.openstack.wsgi [None req-4f7125eb-f739-4b31-b749-fe0dc2880076 tempest-VolumesDeleteCascade-1805757687 tempest-VolumesDeleteCascade-1805757687-project] http://10.222.0.47/volume/v3/d1df784ba9ff44689227952c58189999/snapshots/176a4bce-c2e5-40fc-b746-1e1c056ea665 returned with HTTP 200
Jun 24 23:49:28.399937 dv-cinder-847624-1-iscsi devstack@c-api.service[117222]: [pid: 117222|app: 0|req: 141/286] 10.222.0.47 () {58 vars in 1330 bytes} [Fri Jun 24 23:49:28 2022] GET /volume/v3/d1df784ba9ff44689227952c58189999/snapshots/176a4bce-c2e5-40fc-b746-1e1c056ea665 => generated 439 bytes in 21 msecs (HTTP/1.1 200) 7 headers in 285 bytes (1 switches on core 0)
Jun 24 23:49:28.403866 dv-cinder-847624-1-iscsi devstack@c-api.service[117221]: /usr/local/lib/python3.8/dist-packages/oslo_context/context.py:100: DeprecationWarning: Policy enforcement is depending on the value of is_admin. This key is deprecated. Please update your policy file to use the standard policy values.
Jun 24 23:49:28.403866 dv-cinder-847624-1-iscsi devstack@c-api.service[117221]: warnings.warn('Policy enforcement is depending on the value of '
Jun 24 23:49:28.404861 dv-cinder-847624-1-iscsi devstack@c-api.service[117221]: INFO cinder.volume.api [None req-34f4d19e-ba6e-462a-bf1c-299ccb57bc92 tempest-SnapshotsActionsTest-1456628521 tempest-SnapshotsActionsTest-1456628521-project] Snapshot retrieved successfully.
Jun 24 23:49:28.406674 dv-cinder-847624-1-iscsi devstack@c-api.service[117221]: INFO cinder.api.openstack.wsgi [None req-34f4d19e-ba6e-462a-bf1c-299ccb57bc92 tempest-SnapshotsActionsTest-1456628521 tempest-SnapshotsActionsTest-1456628521-project] http://10.222.0.47/volume/v3/b5c1794ea4ab49fda088b08b2f63d03e/snapshots/c54954ba-8392-4f52-9e97-c4cb4a759ddb returned with HTTP 200
Jun 24 23:49:28.407391 dv-cinder-847624-1-iscsi devstack@c-api.service[117221]: [pid: 117221|app: 0|req: 146/287] 10.222.0.47 () {58 vars in 1330 bytes} [Fri Jun 24 23:49:28 2022] GET /volume/v3/b5c1794ea4ab49fda088b08b2f63d03e/snapshots/c54954ba-8392-4f52-9e97-c4cb4a759ddb => generated 465 bytes in 20 msecs (HTTP/1.1 200) 7 headers in 285 bytes (2 switches on core 0)
Jun 24 23:49:28.414342 dv-cinder-847624-1-iscsi devstack@c-api.service[117222]: DEBUG cinder.api.middleware.request_id [None req-29ce1646-8c16-437e-b0b8-a45b3e2de9ea None None] RequestId filter calling following filter/app {{(pid=117222) _context_setter /opt/stack/cinder/cinder/api/middleware/request_id.py:62}}
Jun 24 23:49:28.418428 dv-cinder-847624-1-iscsi devstack@c-api.service[117222]: INFO cinder.api.openstack.wsgi [None req-29ce1646-8c16-437e-b0b8-a45b3e2de9ea tempest-SnapshotsActionsTest-513337568 tempest-SnapshotsActionsTest-513337568-project-admin] POST http://10.222.0.47/volume/v3/11f0a7d143da4eb3bdefd1b805da28f1/snapshots/c54954ba-8392-4f52-9e97-c4cb4a759ddb/action
Jun 24 23:49:28.419137 dv-cinder-847624-1-iscsi devstack@c-api.service[117222]: DEBUG cinder.api.openstack.wsgi [None req-29ce1646-8c16-437e-b0b8-a45b3e2de9ea tempest-SnapshotsActionsTest-513337568 tempest-SnapshotsActionsTest-513337568-project-admin] Action body: b'{"os-reset_status": {"status": "creating"}}' {{(pid=117222) get_method /opt/stack/cinder/cinder/api/openstack/wsgi.py:983}}
Jun 24 23:49:28.419458 dv-cinder-847624-1-iscsi devstack@c-api.service[117222]: DEBUG cinder.api.openstack.wsgi [None req-29ce1646-8c16-437e-b0b8-a45b3e2de9ea tempest-SnapshotsActionsTest-513337568 tempest-SnapshotsActionsTest-513337568-project-admin] Action: 'action', calling method: _reset_status, body: {"os-reset_status": {"status": "creating"}} {{(pid=117222) _process_stack /opt/stack/cinder/cinder/api/openstack/wsgi.py:866}}
Jun 24 23:49:28.420268 dv-cinder-847624-1-iscsi devstack@c-api.service[117222]: DEBUG cinder.api.contrib.admin_actions [None req-29ce1646-8c16-437e-b0b8-a45b3e2de9ea tempest-SnapshotsActionsTest-513337568 tempest-SnapshotsActionsTest-513337568-project-admin] Updating snapshot 'c54954ba-8392-4f52-9e97-c4cb4a759ddb' with '{'status': 'creating'}' {{(pid=117222) _reset_status /opt/stack/cinder/cinder/api/contrib/admin_actions.py:100}}
Jun 24 23:49:28.453451 dv-cinder-847624-1-iscsi devstack@c-api.service[117222]: /usr/local/lib/python3.8/dist-packages/oslo_context/context.py:100: DeprecationWarning: Policy enforcement is depending on the value of is_admin. This key is deprecated. Please update your policy file to use the standard policy values.
Jun 24 23:49:28.453451 dv-cinder-847624-1-iscsi devstack@c-api.service[117222]: warnings.warn('Policy enforcement is depending on the value of '
Jun 24 23:49:28.465084 dv-cinder-847624-1-iscsi devstack@c-api.service[117222]: DEBUG dbcounter [-] [117222] Writing DB stats cinder:SELECT=68,cinder:INSERT=11,cinder:UPDATE=21 {{(pid=117222) stat_writer /usr/local/lib/python3.8/dist-packages/dbcounter.py:114}}
Jun 24 23:49:28.479752 dv-cinder-847624-1-iscsi devstack@c-api.service[117222]: INFO cinder.api.openstack.wsgi [None req-29ce1646-8c16-437e-b0b8-a45b3e2de9ea tempest-SnapshotsActionsTest-513337568 tempest-SnapshotsActionsTest-513337568-project-admin] http://10.222.0.47/volume/v3/11f0a7d143da4eb3bdefd1b805da28f1/snapshots/c54954ba-8392-4f52-9e97-c4cb4a759ddb/action returned with HTTP 202
Jun 24 23:49:28.480681 dv-cinder-847624-1-iscsi devstack@c-api.service[117222]: [pid: 117222|app: 0|req: 142/288] 10.222.0.47 () {60 vars in 1372 bytes} [Fri Jun 24 23:49:28 2022] POST /volume/v3/11f0a7d143da4eb3bdefd1b805da28f1/snapshots/c54954ba-8392-4f52-9e97-c4cb4a759ddb/action => generated 0 bytes in 67 msecs (HTTP/1.1 202) 7 headers in 289 bytes (1 switches on core 0)
