Aug 02 10:11:30.275870 dv-cinder-847536-4-smb devstack@c-api.service[111040]: INFO cinder.api.openstack.wsgi [None req-7a2844f1-39be-47ba-bcbb-b480ef14982c tempest-GroupSnapshotsTest-779490982 tempest-GroupSnapshotsTest-779490982-project] http://10.222.0.45/volume/v3/2ccfa688d25f4aef8b27055e408a7c54/volumes/7e5d93d7-5a8b-4712-980b-eb8d4fe7f7d5 returned with HTTP 200
Aug 02 10:11:30.297266 dv-cinder-847536-4-smb devstack@c-api.service[111041]: /usr/local/lib/python3.8/dist-packages/oslo_context/context.py:100: DeprecationWarning: Policy enforcement is depending on the value of is_admin. This key is deprecated. Please update your policy file to use the standard policy values.
Aug 02 10:11:30.297266 dv-cinder-847536-4-smb devstack@c-api.service[111041]: warnings.warn('Policy enforcement is depending on the value of '
Aug 02 10:11:30.298139 dv-cinder-847536-4-smb devstack@c-api.service[111040]: [pid: 111040|app: 0|req: 93/187] 10.222.0.45 () {60 vars in 1366 bytes} [Tue Aug 2 10:11:30 2022] GET /volume/v3/2ccfa688d25f4aef8b27055e408a7c54/volumes/7e5d93d7-5a8b-4712-980b-eb8d4fe7f7d5 => generated 974 bytes in 244 msecs (HTTP/1.1 200) 7 headers in 286 bytes (1 switches on core 0)
Aug 02 10:11:30.299290 dv-cinder-847536-4-smb devstack@c-api.service[111041]: INFO cinder.volume.api [None req-1fbcd734-59c0-4d0a-aa14-fb421d5af33e tempest-VolumeSnapshotQuotasNegativeTestJSON-1289717806 tempest-VolumeSnapshotQuotasNegativeTestJSON-1289717806-project] Volume info retrieved successfully.
Aug 02 10:11:30.301558 dv-cinder-847536-4-smb devstack@c-api.service[111040]: DEBUG cinder.api.middleware.request_id [None req-50e942dd-7725-4dd6-ae15-39bf1aaf2b3f None None] RequestId filter calling following filter/app {{(pid=111040) _context_setter /opt/stack/cinder/cinder/api/middleware/request_id.py:62}}
Aug 02 10:11:30.331757 dv-cinder-847536-4-smb devstack@c-api.service[111040]: INFO cinder.api.openstack.wsgi [None req-50e942dd-7725-4dd6-ae15-39bf1aaf2b3f tempest-SnapshotsActionsTest-204387830 tempest-SnapshotsActionsTest-204387830-project] GET http://10.222.0.45/volume/v3/a7521d1d37f747fdacbc518d642158e2/snapshots/db20835b-40e1-425d-82e5-3d771f193e02
Aug 02 10:11:30.332868 dv-cinder-847536-4-smb devstack@c-api.service[111040]: DEBUG cinder.api.openstack.wsgi [None req-50e942dd-7725-4dd6-ae15-39bf1aaf2b3f tempest-SnapshotsActionsTest-204387830 tempest-SnapshotsActionsTest-204387830-project] Empty body provided in request {{(pid=111040) get_body /opt/stack/cinder/cinder/api/openstack/wsgi.py:715}}
Aug 02 10:11:30.336097 dv-cinder-847536-4-smb devstack@c-api.service[111040]: DEBUG cinder.api.openstack.wsgi [None req-50e942dd-7725-4dd6-ae15-39bf1aaf2b3f tempest-SnapshotsActionsTest-204387830 tempest-SnapshotsActionsTest-204387830-project] Calling method 'show' {{(pid=111040) _process_stack /opt/stack/cinder/cinder/api/openstack/wsgi.py:868}}
Aug 02 10:11:30.399276 dv-cinder-847536-4-smb devstack@c-api.service[111040]: /usr/local/lib/python3.8/dist-packages/oslo_context/context.py:100: DeprecationWarning: Policy enforcement is depending on the value of is_admin. This key is deprecated. Please update your policy file to use the standard policy values.
Aug 02 10:11:30.399276 dv-cinder-847536-4-smb devstack@c-api.service[111040]: warnings.warn('Policy enforcement is depending on the value of '
Aug 02 10:11:30.407081 dv-cinder-847536-4-smb devstack@c-api.service[111040]: INFO cinder.volume.api [None req-50e942dd-7725-4dd6-ae15-39bf1aaf2b3f tempest-SnapshotsActionsTest-204387830 tempest-SnapshotsActionsTest-204387830-project] Snapshot retrieved successfully.
Aug 02 10:11:30.413345 dv-cinder-847536-4-smb devstack@c-api.service[111041]: INFO cinder.volume.api [None req-1fbcd734-59c0-4d0a-aa14-fb421d5af33e tempest-VolumeSnapshotQuotasNegativeTestJSON-1289717806 tempest-VolumeSnapshotQuotasNegativeTestJSON-1289717806-project] Delete volume request issued successfully.
Aug 02 10:11:30.417037 dv-cinder-847536-4-smb devstack@c-api.service[111040]: INFO cinder.api.openstack.wsgi [None req-50e942dd-7725-4dd6-ae15-39bf1aaf2b3f tempest-SnapshotsActionsTest-204387830 tempest-SnapshotsActionsTest-204387830-project] http://10.222.0.45/volume/v3/a7521d1d37f747fdacbc518d642158e2/snapshots/db20835b-40e1-425d-82e5-3d771f193e02 returned with HTTP 200
Aug 02 10:11:30.419431 dv-cinder-847536-4-smb devstack@c-api.service[111041]: INFO cinder.api.openstack.wsgi [None req-1fbcd734-59c0-4d0a-aa14-fb421d5af33e tempest-VolumeSnapshotQuotasNegativeTestJSON-1289717806 tempest-VolumeSnapshotQuotasNegativeTestJSON-1289717806-project] http://10.222.0.45/volume/v3/e4187a0546bb45b3b73cdd0954fee331/volumes/6dd114fb-5489-4388-a38d-e1bdd0f930ec returned with HTTP 202
Aug 02 10:11:30.427496 dv-cinder-847536-4-smb devstack@c-api.service[111041]: [pid: 111041|app: 0|req: 95/189] 10.222.0.45 () {58 vars in 1328 bytes} [Tue Aug 2 10:11:30 2022] DELETE /volume/v3/e4187a0546bb45b3b73cdd0954fee331/volumes/6dd114fb-5489-4388-a38d-e1bdd0f930ec => generated 0 bytes in 255 msecs (HTTP/1.1 202) 6 headers in 233 bytes (1 switches on core 0)
Aug 02 10:11:30.429548 dv-cinder-847536-4-smb devstack@c-api.service[111041]: DEBUG cinder.api.middleware.request_id [None req-1015403d-258e-49be-83e6-4c594133f339 None None] RequestId filter calling following filter/app {{(pid=111041) _context_setter /opt/stack/cinder/cinder/api/middleware/request_id.py:62}}
Aug 02 10:11:30.444716 dv-cinder-847536-4-smb devstack@c-api.service[111040]: [pid: 111040|app: 0|req: 94/189] 10.222.0.45 () {58 vars in 1331 bytes} [Tue Aug 2 10:11:30 2022] GET /volume/v3/a7521d1d37f747fdacbc518d642158e2/snapshots/db20835b-40e1-425d-82e5-3d771f193e02 => generated 531 bytes in 127 msecs (HTTP/1.1 200) 7 headers in 285 bytes (1 switches on core 0)
Aug 02 10:11:30.451217 dv-cinder-847536-4-smb devstack@c-api.service[111041]: INFO cinder.api.openstack.wsgi [None req-1015403d-258e-49be-83e6-4c594133f339 tempest-VolumeSnapshotQuotasNegativeTestJSON-1289717806 tempest-VolumeSnapshotQuotasNegativeTestJSON-1289717806-project] GET http://10.222.0.45/volume/v3/e4187a0546bb45b3b73cdd0954fee331/volumes/6dd114fb-5489-4388-a38d-e1bdd0f930ec
Aug 02 10:11:30.464004 dv-cinder-847536-4-smb devstack@c-api.service[111041]: DEBUG cinder.api.openstack.wsgi [None req-1015403d-258e-49be-83e6-4c594133f339 tempest-VolumeSnapshotQuotasNegativeTestJSON-1289717806 tempest-VolumeSnapshotQuotasNegativeTestJSON-1289717806-project] Empty body provided in request {{(pid=111041) get_body /opt/stack/cinder/cinder/api/openstack/wsgi.py:715}}
Aug 02 10:11:30.464249 dv-cinder-847536-4-smb devstack@c-api.service[111040]: DEBUG cinder.api.middleware.request_id [None req-70bd45f5-0332-4b2e-9854-f2fd49d68f61 None None] RequestId filter calling following filter/app {{(pid=111040) _context_setter /opt/stack/cinder/cinder/api/middleware/request_id.py:62}}
Aug 02 10:11:30.464583 dv-cinder-847536-4-smb devstack@c-api.service[111041]: DEBUG cinder.api.openstack.wsgi [None req-1015403d-258e-49be-83e6-4c594133f339 tempest-VolumeSnapshotQuotasNegativeTestJSON-1289717806 tempest-VolumeSnapshotQuotasNegativeTestJSON-1289717806-project] Calling method 'show' {{(pid=111041) _process_stack /opt/stack/cinder/cinder/api/openstack/wsgi.py:868}}
Aug 02 10:11:30.505427 dv-cinder-847536-4-smb devstack@c-api.service[111040]: INFO cinder.api.openstack.wsgi [None req-70bd45f5-0332-4b2e-9854-f2fd49d68f61 tempest-SnapshotsActionsTest-204387830 tempest-SnapshotsActionsTest-204387830-project] POST http://10.222.0.45/volume/v3/a7521d1d37f747fdacbc518d642158e2/snapshots
Aug 02 10:11:30.510570 dv-cinder-847536-4-smb devstack@c-api.service[111040]: DEBUG cinder.api.openstack.wsgi [None req-70bd45f5-0332-4b2e-9854-f2fd49d68f61 tempest-SnapshotsActionsTest-204387830 tempest-SnapshotsActionsTest-204387830-project] Action: 'create', calling method: create, body: {"snapshot": {"volume_id": "7fb61787-876d-4874-b153-6314e11fb924", "name": "tempest-SnapshotsActionsTest-Snapshot-1647414358"}} {{(pid=111040) _process_stack /opt/stack/cinder/cinder/api/openstack/wsgi.py:866}}
Aug 02 10:11:30.545085 dv-cinder-847536-4-smb devstack@c-api.service[111041]: /usr/local/lib/python3.8/dist-packages/oslo_context/context.py:100: DeprecationWarning: Policy enforcement is depending on the value of is_admin. This key is deprecated. Please update your policy file to use the standard policy values.
Aug 02 10:11:30.545085 dv-cinder-847536-4-smb devstack@c-api.service[111041]: warnings.warn('Policy enforcement is depending on the value of '
Aug 02 10:11:30.585498 dv-cinder-847536-4-smb devstack@c-api.service[111041]: INFO cinder.volume.api [None req-1015403d-258e-49be-83e6-4c594133f339 tempest-VolumeSnapshotQuotasNegativeTestJSON-1289717806 tempest-VolumeSnapshotQuotasNegativeTestJSON-1289717806-project] Volume info retrieved successfully.
Aug 02 10:11:30.626705 dv-cinder-847536-4-smb devstack@c-api.service[111040]: /usr/local/lib/python3.8/dist-packages/oslo_context/context.py:100: DeprecationWarning: Policy enforcement is depending on the value of is_admin. This key is deprecated. Please update your policy file to use the standard policy values.
Aug 02 10:11:30.626705 dv-cinder-847536-4-smb devstack@c-api.service[111040]: warnings.warn('Policy enforcement is depending on the value of '
Aug 02 10:11:30.630761 dv-cinder-847536-4-smb devstack@c-api.service[111040]: INFO cinder.volume.api [None req-70bd45f5-0332-4b2e-9854-f2fd49d68f61 tempest-SnapshotsActionsTest-204387830 tempest-SnapshotsActionsTest-204387830-project] Volume info retrieved successfully.
Aug 02 10:11:30.632961 dv-cinder-847536-4-smb devstack@c-api.service[111040]: INFO cinder.api.v3.snapshots [None req-70bd45f5-0332-4b2e-9854-f2fd49d68f61 tempest-SnapshotsActionsTest-204387830 tempest-SnapshotsActionsTest-204387830-project] Create snapshot from volume 7fb61787-876d-4874-b153-6314e11fb924
Aug 02 10:11:30.662181 dv-cinder-847536-4-smb devstack@c-api.service[111041]: INFO cinder.api.openstack.wsgi [None req-1015403d-258e-49be-83e6-4c594133f339 tempest-VolumeSnapshotQuotasNegativeTestJSON-1289717806 tempest-VolumeSnapshotQuotasNegativeTestJSON-1289717806-project] http://10.222.0.45/volume/v3/e4187a0546bb45b3b73cdd0954fee331/volumes/6dd114fb-5489-4388-a38d-e1bdd0f930ec returned with HTTP 200
Aug 02 10:11:30.682599 dv-cinder-847536-4-smb devstack@c-api.service[111041]: [pid: 111041|app: 0|req: 96/190] 10.222.0.45 () {58 vars in 1325 bytes} [Tue Aug 2 10:11:30 2022] GET /volume/v3/e4187a0546bb45b3b73cdd0954fee331/volumes/6dd114fb-5489-4388-a38d-e1bdd0f930ec => generated 928 bytes in 254 msecs (HTTP/1.1 200) 7 headers in 285 bytes (1 switches on core 0)
Aug 02 10:11:30.806906 dv-cinder-847536-4-smb devstack@c-api.service[111040]: DEBUG cinder.quota [None req-70bd45f5-0332-4b2e-9854-f2fd49d68f61 tempest-SnapshotsActionsTest-204387830 tempest-SnapshotsActionsTest-204387830-project] Created reservations ['a9b79169-9081-4f62-a543-a5612d2ec822', 'a4e73300-8b62-4ab0-bd8e-9c14eededd71', '917009a4-17c3-4900-a14b-26289d63652c', '6ebc948d-5425-4dc1-b71b-44da61220cf6'] {{(pid=111040) reserve /opt/stack/cinder/cinder/quota.py:755}}
Aug 02 10:11:30.945492 dv-cinder-847536-4-smb devstack@c-api.service[111040]: INFO cinder.volume.api [None req-70bd45f5-0332-4b2e-9854-f2fd49d68f61 tempest-SnapshotsActionsTest-204387830 tempest-SnapshotsActionsTest-204387830-project] Snapshot create request issued successfully.
Aug 02 10:11:30.946392 dv-cinder-847536-4-smb devstack@c-api.service[111040]: INFO cinder.api.openstack.wsgi [None req-70bd45f5-0332-4b2e-9854-f2fd49d68f61 tempest-SnapshotsActionsTest-204387830 tempest-SnapshotsActionsTest-204387830-project] http://10.222.0.45/volume/v3/a7521d1d37f747fdacbc518d642158e2/snapshots returned with HTTP 202
Aug 02 10:11:30.954129 dv-cinder-847536-4-smb devstack@c-api.service[111040]: [pid: 111040|app: 0|req: 95/191] 10.222.0.45 () {60 vars in 1242 bytes} [Tue Aug 2 10:11:30 2022] POST /volume/v3/a7521d1d37f747fdacbc518d642158e2/snapshots => generated 307 bytes in 509 msecs (HTTP/1.1 202) 7 headers in 291 bytes (1 switches on core 0)
Aug 02 10:11:30.955767 dv-cinder-847536-4-smb devstack@c-api.service[111041]: DEBUG cinder.api.middleware.request_id [None req-adfd598e-0845-4d7e-ad32-4a9f6508e1a2 None None] RequestId filter calling following filter/app {{(pid=111041) _context_setter /opt/stack/cinder/cinder/api/middleware/request_id.py:62}}
Aug 02 10:11:30.966548 dv-cinder-847536-4-smb devstack@c-api.service[111041]: INFO cinder.api.openstack.wsgi [None req-adfd598e-0845-4d7e-ad32-4a9f6508e1a2 tempest-SnapshotsActionsTest-204387830 tempest-SnapshotsActionsTest-204387830-project] GET http://10.222.0.45/volume/v3/a7521d1d37f747fdacbc518d642158e2/snapshots/7b14a71b-9198-4b3d-a1a8-90b1011f0c60
Aug 02 10:11:30.967898 dv-cinder-847536-4-smb devstack@c-api.service[111041]: DEBUG cinder.api.openstack.wsgi [None req-adfd598e-0845-4d7e-ad32-4a9f6508e1a2 tempest-SnapshotsActionsTest-204387830 tempest-SnapshotsActionsTest-204387830-project] Empty body provided in request {{(pid=111041) get_body /opt/stack/cinder/cinder/api/openstack/wsgi.py:715}}
Aug 02 10:11:30.970842 dv-cinder-847536-4-smb devstack@c-api.service[111041]: DEBUG cinder.api.openstack.wsgi [None req-adfd598e-0845-4d7e-ad32-4a9f6508e1a2 tempest-SnapshotsActionsTest-204387830 tempest-SnapshotsActionsTest-204387830-project] Calling method 'show' {{(pid=111041) _process_stack /opt/stack/cinder/cinder/api/openstack/wsgi.py:868}}
Aug 02 10:11:31.025148 dv-cinder-847536-4-smb devstack@c-api.service[111041]: /usr/local/lib/python3.8/dist-packages/oslo_context/context.py:100: DeprecationWarning: Policy enforcement is depending on the value of is_admin. This key is deprecated. Please update your policy file to use the standard policy values.
Aug 02 10:11:31.025148 dv-cinder-847536-4-smb devstack@c-api.service[111041]: warnings.warn('Policy enforcement is depending on the value of '
Aug 02 10:11:31.036496 dv-cinder-847536-4-smb devstack@c-api.service[111041]: INFO cinder.volume.api [None req-adfd598e-0845-4d7e-ad32-4a9f6508e1a2 tempest-SnapshotsActionsTest-204387830 tempest-SnapshotsActionsTest-204387830-project] Snapshot retrieved successfully.
Aug 02 10:11:31.050517 dv-cinder-847536-4-smb devstack@c-api.service[111041]: INFO cinder.api.openstack.wsgi [None req-adfd598e-0845-4d7e-ad32-4a9f6508e1a2 tempest-SnapshotsActionsTest-204387830 tempest-SnapshotsActionsTest-204387830-project] http://10.222.0.45/volume/v3/a7521d1d37f747fdacbc518d642158e2/snapshots/7b14a71b-9198-4b3d-a1a8-90b1011f0c60 returned with HTTP 200
Aug 02 10:11:31.056615 dv-cinder-847536-4-smb devstack@c-api.service[111041]: [pid: 111041|app: 0|req: 97/192] 10.222.0.45 () {58 vars in 1331 bytes} [Tue Aug 2 10:11:30 2022] GET /volume/v3/a7521d1d37f747fdacbc518d642158e2/snapshots/7b14a71b-9198-4b3d-a1a8-90b1011f0c60 => generated 439 bytes in 102 msecs (HTTP/1.1 200) 7 headers in 285 bytes (2 switches on core 0)
Aug 02 10:11:31.304364 dv-cinder-847536-4-smb devstack@c-api.service[111040]: DEBUG cinder.api.middleware.request_id [None req-ff643f49-8739-4d59-9ab9-a5468cb23cb6 None None] RequestId filter calling following filter/app {{(pid=111040) _context_setter /opt/stack/cinder/cinder/api/middleware/request_id.py:62}}
Aug 02 10:11:31.311055 dv-cinder-847536-4-smb devstack@c-api.service[111040]: INFO cinder.api.openstack.wsgi [None req-ff643f49-8739-4d59-9ab9-a5468cb23cb6 tempest-GroupSnapshotsTest-779490982 tempest-GroupSnapshotsTest-779490982-project] GET http://10.222.0.45/volume/v3/2ccfa688d25f4aef8b27055e408a7c54/volumes/7e5d93d7-5a8b-4712-980b-eb8d4fe7f7d5
Aug 02 10:11:31.311757 dv-cinder-847536-4-smb devstack@c-api.service[111040]: DEBUG cinder.api.openstack.wsgi [None req-ff643f49-8739-4d59-9ab9-a5468cb23cb6 tempest-GroupSnapshotsTest-779490982 tempest-GroupSnapshotsTest-779490982-project] Empty body provided in request {{(pid=111040) get_body /opt/stack/cinder/cinder/api/openstack/wsgi.py:715}}
Aug 02 10:11:31.312414 dv-cinder-847536-4-smb devstack@c-api.service[111040]: DEBUG cinder.api.openstack.wsgi [None req-ff643f49-8739-4d59-9ab9-a5468cb23cb6 tempest-GroupSnapshotsTest-779490982 tempest-GroupSnapshotsTest-779490982-project] Calling method 'show' {{(pid=111040) _process_stack /opt/stack/cinder/cinder/api/openstack/wsgi.py:868}}
Aug 02 10:11:31.320545 dv-cinder-847536-4-smb devstack@c-api.service[111040]: DEBUG dbcounter [-] [111040] Writing DB stats cinder:SELECT=63,cinder:INSERT=13,cinder:UPDATE=24 {{(pid=111040) stat_writer /usr/local/lib/python3.8/dist-packages/dbcounter.py:114}}
Aug 02 10:11:31.356944 dv-cinder-847536-4-smb devstack@c-api.service[111040]: /usr/local/lib/python3.8/dist-packages/oslo_context/context.py:100: DeprecationWarning: Policy enforcement is depending on the value of is_admin. This key is deprecated. Please update your policy file to use the standard policy values.
Aug 02 10:11:31.356944 dv-cinder-847536-4-smb devstack@c-api.service[111040]: warnings.warn('Policy enforcement is depending on the value of '
Aug 02 10:11:31.389218 dv-cinder-847536-4-smb devstack@c-api.service[111040]: INFO cinder.volume.api [None req-ff643f49-8739-4d59-9ab9-a5468cb23cb6 tempest-GroupSnapshotsTest-779490982 tempest-GroupSnapshotsTest-779490982-project] Volume info retrieved successfully.
Aug 02 10:11:31.397860 dv-cinder-847536-4-smb devstack@c-api.service[111040]: WARNING stevedore.named [None req-ff643f49-8739-4d59-9ab9-a5468cb23cb6 tempest-GroupSnapshotsTest-779490982 tempest-GroupSnapshotsTest-779490982-project] Could not load cinder.keymgr.conf_key_mgr.ConfKeyManager
Aug 02 10:11:31.398288 dv-cinder-847536-4-smb devstack@c-api.service[111040]: WARNING castellan.key_manager [None req-ff643f49-8739-4d59-9ab9-a5468cb23cb6 tempest-GroupSnapshotsTest-779490982 tempest-GroupSnapshotsTest-779490982-project] Deprecation Warning : cinder.keymgr.conf_key_mgr.ConfKeyManager is not a stevedore based driver, trying to load it as a class: stevedore.exception.NoMatches: No 'castellan.drivers' driver found, looking for 'cinder.keymgr.conf_key_mgr.ConfKeyManager'
Aug 02 10:11:31.424797 dv-cinder-847536-4-smb devstack@c-api.service[111040]: DEBUG oslo_db.sqlalchemy.engines [None req-ff643f49-8739-4d59-9ab9-a5468cb23cb6 tempest-GroupSnapshotsTest-779490982 tempest-GroupSnapshotsTest-779490982-project] MySQL server mode set to STRICT_TRANS_TABLES,STRICT_ALL_TABLES,NO_ZERO_IN_DATE,NO_ZERO_DATE,ERROR_FOR_DIVISION_BY_ZERO,TRADITIONAL,NO_ENGINE_SUBSTITUTION {{(pid=111040) _check_effective_sql_mode /usr/local/lib/python3.8/dist-packages/oslo_db/sqlalchemy/engines.py:314}}
Aug 02 10:11:31.438045 dv-cinder-847536-4-smb devstack@c-api.service[111040]: /usr/local/lib/python3.8/dist-packages/oslo_context/context.py:100: DeprecationWarning: Policy enforcement is depending on the value of is_admin. This key is deprecated. Please update your policy file to use the standard policy values.
Aug 02 10:11:31.438045 dv-cinder-847536-4-smb devstack@c-api.service[111040]: warnings.warn('Policy enforcement is depending on the value of '
Aug 02 10:11:31.477263 dv-cinder-847536-4-smb devstack@c-api.service[111040]: INFO cinder.api.openstack.wsgi [None req-ff643f49-8739-4d59-9ab9-a5468cb23cb6 tempest-GroupSnapshotsTest-779490982 tempest-GroupSnapshotsTest-779490982-project] http://10.222.0.45/volume/v3/2ccfa688d25f4aef8b27055e408a7c54/volumes/7e5d93d7-5a8b-4712-980b-eb8d4fe7f7d5 returned with HTTP 200
Aug 02 10:11:31.503561 dv-cinder-847536-4-smb devstack@c-api.service[111040]: [pid: 111040|app: 0|req: 96/193] 10.222.0.45 () {60 vars in 1366 bytes} [Tue Aug 2 10:11:31 2022] GET /volume/v3/2ccfa688d25f4aef8b27055e408a7c54/volumes/7e5d93d7-5a8b-4712-980b-eb8d4fe7f7d5 => generated 999 bytes in 200 msecs (HTTP/1.1 200) 7 headers in 286 bytes (1 switches on core 0)
Aug 02 10:11:31.504850 dv-cinder-847536-4-smb devstack@c-api.service[111041]: DEBUG cinder.api.middleware.request_id [None req-40926426-a57a-4ff1-b849-c52b0d35e20b None None] RequestId filter calling following filter/app {{(pid=111041) _context_setter /opt/stack/cinder/cinder/api/middleware/request_id.py:62}}
Aug 02 10:11:31.511546 dv-cinder-847536-4-smb devstack@c-api.service[111041]: INFO cinder.api.openstack.wsgi [None req-40926426-a57a-4ff1-b849-c52b0d35e20b tempest-GroupSnapshotsTest-779490982 tempest-GroupSnapshotsTest-779490982-project] POST http://10.222.0.45/volume/v3/2ccfa688d25f4aef8b27055e408a7c54/group_snapshots
Aug 02 10:11:31.514971 dv-cinder-847536-4-smb devstack@c-api.service[111041]: DEBUG cinder.api.openstack.wsgi [None req-40926426-a57a-4ff1-b849-c52b0d35e20b tempest-GroupSnapshotsTest-779490982 tempest-GroupSnapshotsTest-779490982-project] Action: 'create', calling method: version_select, body: {"group_snapshot": {"group_id": "336d5663-96b7-4d2f-bba1-08fde31f7b2f", "name": "tempest-group_snapshot-799910499"}} {{(pid=111041) _process_stack /opt/stack/cinder/cinder/api/openstack/wsgi.py:866}}
Aug 02 10:11:31.520835 dv-cinder-847536-4-smb devstack@c-api.service[111041]: DEBUG cinder.api.v3.group_snapshots [None req-40926426-a57a-4ff1-b849-c52b0d35e20b tempest-GroupSnapshotsTest-779490982 tempest-GroupSnapshotsTest-779490982-project] Creating new group_snapshot {'group_snapshot': {'group_id': '336d5663-96b7-4d2f-bba1-08fde31f7b2f', 'name': 'tempest-group_snapshot-799910499'}} {{(pid=111041) create /opt/stack/cinder/cinder/api/v3/group_snapshots.py:154}}
Aug 02 10:11:31.555811 dv-cinder-847536-4-smb devstack@c-api.service[111041]: /usr/local/lib/python3.8/dist-packages/oslo_context/context.py:100: DeprecationWarning: Policy enforcement is depending on the value of is_admin. This key is deprecated. Please update your policy file to use the standard policy values.
Aug 02 10:11:31.555811 dv-cinder-847536-4-smb devstack@c-api.service[111041]: warnings.warn('Policy enforcement is depending on the value of '
Aug 02 10:11:31.595373 dv-cinder-847536-4-smb devstack@c-api.service[111041]: INFO cinder.api.v3.group_snapshots [None req-40926426-a57a-4ff1-b849-c52b0d35e20b tempest-GroupSnapshotsTest-779490982 tempest-GroupSnapshotsTest-779490982-project] Creating group_snapshot tempest-group_snapshot-799910499.
Aug 02 10:11:31.625456 dv-cinder-847536-4-smb devstack@c-api.service[111041]: DEBUG dbcounter [-] [111041] Writing DB stats cinder:SELECT=93,cinder:UPDATE=5,cinder:DELETE=1,cinder:INSERT=1 {{(pid=111041) stat_writer /usr/local/lib/python3.8/dist-packages/dbcounter.py:114}}
Aug 02 10:11:31.670699 dv-cinder-847536-4-smb devstack@c-api.service[111041]: /usr/local/lib/python3.8/dist-packages/oslo_context/context.py:100: DeprecationWarning: Policy enforcement is depending on the value of is_admin. This key is deprecated. Please update your policy file to use the standard policy values.
Aug 02 10:11:31.670699 dv-cinder-847536-4-smb devstack@c-api.service[111041]: warnings.warn('Policy enforcement is depending on the value of '
Aug 02 10:11:31.681774 dv-cinder-847536-4-smb devstack@c-api.service[111040]: DEBUG cinder.api.middleware.request_id [None req-fc0a3623-1c10-41d2-9536-13af3258dbcc None None] RequestId filter calling following filter/app {{(pid=111040) _context_setter /opt/stack/cinder/cinder/api/middleware/request_id.py:62}}
Aug 02 10:11:31.686500 dv-cinder-847536-4-smb devstack@c-api.service[111040]: INFO cinder.api.openstack.wsgi [None req-fc0a3623-1c10-41d2-9536-13af3258dbcc tempest-VolumeSnapshotQuotasNegativeTestJSON-1289717806 tempest-VolumeSnapshotQuotasNegativeTestJSON-1289717806-project] GET http://10.222.0.45/volume/v3/e4187a0546bb45b3b73cdd0954fee331/volumes/6dd114fb-5489-4388-a38d-e1bdd0f930ec
Aug 02 10:11:31.686940 dv-cinder-847536-4-smb devstack@c-api.service[111040]: DEBUG cinder.api.openstack.wsgi [None req-fc0a3623-1c10-41d2-9536-13af3258dbcc tempest-VolumeSnapshotQuotasNegativeTestJSON-1289717806 tempest-VolumeSnapshotQuotasNegativeTestJSON-1289717806-project] Empty body provided in request {{(pid=111040) get_body /opt/stack/cinder/cinder/api/openstack/wsgi.py:715}}
Aug 02 10:11:31.687511 dv-cinder-847536-4-smb devstack@c-api.service[111040]: DEBUG cinder.api.openstack.wsgi [None req-fc0a3623-1c10-41d2-9536-13af3258dbcc tempest-VolumeSnapshotQuotasNegativeTestJSON-1289717806 tempest-VolumeSnapshotQuotasNegativeTestJSON-1289717806-project] Calling method 'show' {{(pid=111040) _process_stack /opt/stack/cinder/cinder/api/openstack/wsgi.py:868}}
Aug 02 10:11:31.718476 dv-cinder-847536-4-smb devstack@c-api.service[111040]: INFO cinder.api.openstack.wsgi [None req-fc0a3623-1c10-41d2-9536-13af3258dbcc tempest-VolumeSnapshotQuotasNegativeTestJSON-1289717806 tempest-VolumeSnapshotQuotasNegativeTestJSON-1289717806-project] http://10.222.0.45/volume/v3/e4187a0546bb45b3b73cdd0954fee331/volumes/6dd114fb-5489-4388-a38d-e1bdd0f930ec returned with HTTP 404
Aug 02 10:11:31.723158 dv-cinder-847536-4-smb devstack@c-api.service[111040]: [pid: 111040|app: 0|req: 97/194] 10.222.0.45 () {58 vars in 1325 bytes} [Tue Aug 2 10:11:31 2022] GET /volume/v3/e4187a0546bb45b3b73cdd0954fee331/volumes/6dd114fb-5489-4388-a38d-e1bdd0f930ec => generated 109 bytes in 42 msecs (HTTP/1.1 404) 7 headers in 292 bytes (1 switches on core 0)
Aug 02 10:11:31.731039 dv-cinder-847536-4-smb devstack@c-api.service[111040]: DEBUG cinder.api.middleware.request_id [None req-9abc969e-0b44-454e-a221-c8ae622ef96c None None] RequestId filter calling following filter/app {{(pid=111040) _context_setter /opt/stack/cinder/cinder/api/middleware/request_id.py:62}}
Aug 02 10:11:31.745804 dv-cinder-847536-4-smb devstack@c-api.service[111040]: INFO cinder.api.openstack.wsgi [None req-9abc969e-0b44-454e-a221-c8ae622ef96c tempest-VolumeSnapshotQuotasNegativeTestJSON-134301478 tempest-VolumeSnapshotQuotasNegativeTestJSON-134301478-project-admin] PUT http://10.222.0.45/volume/v3/a7ad2b02d054434c91a76ced5f38eb44/os-quota-sets/e4187a0546bb45b3b73cdd0954fee331
Aug 02 10:11:31.748955 dv-cinder-847536-4-smb devstack@c-api.service[111040]: DEBUG cinder.api.openstack.wsgi [None req-9abc969e-0b44-454e-a221-c8ae622ef96c tempest-VolumeSnapshotQuotasNegativeTestJSON-134301478 tempest-VolumeSnapshotQuotasNegativeTestJSON-134301478-project-admin] Action: 'update', calling method: update, body: {"quota_set": {"volumes": 10, "per_volume_gigabytes": -1, "snapshots": 10, "gigabytes": 1000, "backups": 10, "backup_gigabytes": 1000}} {{(pid=111040) _process_stack /opt/stack/cinder/cinder/api/openstack/wsgi.py:866}}
Aug 02 10:11:31.828746 dv-cinder-847536-4-smb devstack@c-api.service[111041]: DEBUG cinder.quota [None req-40926426-a57a-4ff1-b849-c52b0d35e20b tempest-GroupSnapshotsTest-779490982 tempest-GroupSnapshotsTest-779490982-project] Created reservations ['757f0df6-ed90-495a-8b0c-6e216e20801b', 'e7f93428-1a5e-4331-a957-ff0394b171e8', 'c7a5963d-ad10-496f-a4a4-7d8af4f89820', '1e3801a3-2790-4a43-bb32-f06261bb4226'] {{(pid=111041) reserve /opt/stack/cinder/cinder/quota.py:755}}
Aug 02 10:11:31.968845 dv-cinder-847536-4-smb devstack@c-api.service[111041]: INFO cinder.api.openstack.wsgi [None req-40926426-a57a-4ff1-b849-c52b0d35e20b tempest-GroupSnapshotsTest-779490982 tempest-GroupSnapshotsTest-779490982-project] http://10.222.0.45/volume/v3/2ccfa688d25f4aef8b27055e408a7c54/group_snapshots returned with HTTP 202
Aug 02 10:11:31.976787 dv-cinder-847536-4-smb devstack@c-api.service[111041]: [pid: 111041|app: 0|req: 98/195] 10.222.0.45 () {62 vars in 1301 bytes} [Tue Aug 2 10:11:31 2022] POST /volume/v3/2ccfa688d25f4aef8b27055e408a7c54/group_snapshots => generated 167 bytes in 472 msecs (HTTP/1.1 202) 7 headers in 292 bytes (2 switches on core 0)
Aug 02 10:11:31.992991 dv-cinder-847536-4-smb devstack@c-api.service[111041]: DEBUG cinder.api.middleware.request_id [None req-caed95a9-515d-415e-abbe-4f87f8e062b6 None None] RequestId filter calling following filter/app {{(pid=111041) _context_setter /opt/stack/cinder/cinder/api/middleware/request_id.py:62}}
Aug 02 10:11:32.020870 dv-cinder-847536-4-smb devstack@c-api.service[111041]: INFO cinder.api.openstack.wsgi [None req-caed95a9-515d-415e-abbe-4f87f8e062b6 tempest-GroupSnapshotsTest-779490982 tempest-GroupSnapshotsTest-779490982-project] GET http://10.222.0.45/volume/v3/2ccfa688d25f4aef8b27055e408a7c54/group_snapshots/8c70c6d9-3333-4a89-a178-56b8f69fe2ae
Aug 02 10:11:32.025843 dv-cinder-847536-4-smb devstack@c-api.service[111041]: DEBUG cinder.api.openstack.wsgi [None req-caed95a9-515d-415e-abbe-4f87f8e062b6 tempest-GroupSnapshotsTest-779490982 tempest-GroupSnapshotsTest-779490982-project] Empty body provided in request {{(pid=111041) get_body /opt/stack/cinder/cinder/api/openstack/wsgi.py:715}}
Aug 02 10:11:32.028663 dv-cinder-847536-4-smb devstack@c-api.service[111041]: DEBUG cinder.api.openstack.wsgi [None req-caed95a9-515d-415e-abbe-4f87f8e062b6 tempest-GroupSnapshotsTest-779490982 tempest-GroupSnapshotsTest-779490982-project] Calling method 'version_select' {{(pid=111041) _process_stack /opt/stack/cinder/cinder/api/openstack/wsgi.py:868}}
Aug 02 10:11:32.029326 dv-cinder-847536-4-smb devstack@c-api.service[111041]: DEBUG cinder.api.v3.group_snapshots [None req-caed95a9-515d-415e-abbe-4f87f8e062b6 tempest-GroupSnapshotsTest-779490982 tempest-GroupSnapshotsTest-779490982-project] show called for member 8c70c6d9-3333-4a89-a178-56b8f69fe2ae {{(pid=111041) show /opt/stack/cinder/cinder/api/v3/group_snapshots.py:58}}
Aug 02 10:11:32.036823 dv-cinder-847536-4-smb devstack@c-api.service[111041]: /usr/local/lib/python3.8/dist-packages/oslo_context/context.py:100: DeprecationWarning: Policy enforcement is depending on the value of is_admin. This key is deprecated. Please update your policy file to use the standard policy values.
Aug 02 10:11:32.036823 dv-cinder-847536-4-smb devstack@c-api.service[111041]: warnings.warn('Policy enforcement is depending on the value of '
Aug 02 10:11:32.061407 dv-cinder-847536-4-smb devstack@c-api.service[111041]: INFO cinder.api.openstack.wsgi [None req-caed95a9-515d-415e-abbe-4f87f8e062b6 tempest-GroupSnapshotsTest-779490982 tempest-GroupSnapshotsTest-779490982-project] http://10.222.0.45/volume/v3/2ccfa688d25f4aef8b27055e408a7c54/group_snapshots/8c70c6d9-3333-4a89-a178-56b8f69fe2ae returned with HTTP 200
Aug 02 10:11:32.070897 dv-cinder-847536-4-smb devstack@c-api.service[111041]: [pid: 111041|app: 0|req: 99/196] 10.222.0.45 () {60 vars in 1390 bytes} [Tue Aug 2 10:11:31 2022] GET /volume/v3/2ccfa688d25f4aef8b27055e408a7c54/group_snapshots/8c70c6d9-3333-4a89-a178-56b8f69fe2ae => generated 306 bytes in 82 msecs (HTTP/1.1 200) 7 headers in 286 bytes (1 switches on core 0)
Aug 02 10:11:32.076934 dv-cinder-847536-4-smb devstack@c-api.service[111041]: DEBUG cinder.api.middleware.request_id [None req-870322a1-ab6f-405a-a145-01cc67809b0a None None] RequestId filter calling following filter/app {{(pid=111041) _context_setter /opt/stack/cinder/cinder/api/middleware/request_id.py:62}}
Aug 02 10:11:32.086369 dv-cinder-847536-4-smb devstack@c-api.service[111041]: INFO cinder.api.openstack.wsgi [None req-870322a1-ab6f-405a-a145-01cc67809b0a tempest-SnapshotsActionsTest-204387830 tempest-SnapshotsActionsTest-204387830-project] GET http://10.222.0.45/volume/v3/a7521d1d37f747fdacbc518d642158e2/snapshots/7b14a71b-9198-4b3d-a1a8-90b1011f0c60
Aug 02 10:11:32.087157 dv-cinder-847536-4-smb devstack@c-api.service[111041]: DEBUG cinder.api.openstack.wsgi [None req-870322a1-ab6f-405a-a145-01cc67809b0a tempest-SnapshotsActionsTest-204387830 tempest-SnapshotsActionsTest-204387830-project] Empty body provided in request {{(pid=111041) get_body /opt/stack/cinder/cinder/api/openstack/wsgi.py:715}}
Aug 02 10:11:32.088284 dv-cinder-847536-4-smb devstack@c-api.service[111041]: DEBUG cinder.api.openstack.wsgi [None req-870322a1-ab6f-405a-a145-01cc67809b0a tempest-SnapshotsActionsTest-204387830 tempest-SnapshotsActionsTest-204387830-project] Calling method 'show' {{(pid=111041) _process_stack /opt/stack/cinder/cinder/api/openstack/wsgi.py:868}}
Aug 02 10:11:32.113503 dv-cinder-847536-4-smb devstack@c-api.service[111041]: /usr/local/lib/python3.8/dist-packages/oslo_context/context.py:100: DeprecationWarning: Policy enforcement is depending on the value of is_admin. This key is deprecated. Please update your policy file to use the standard policy values.
Aug 02 10:11:32.113503 dv-cinder-847536-4-smb devstack@c-api.service[111041]: warnings.warn('Policy enforcement is depending on the value of '
Aug 02 10:11:32.116584 dv-cinder-847536-4-smb devstack@c-api.service[111041]: INFO cinder.volume.api [None req-870322a1-ab6f-405a-a145-01cc67809b0a tempest-SnapshotsActionsTest-204387830 tempest-SnapshotsActionsTest-204387830-project] Snapshot retrieved successfully.
Aug 02 10:11:32.119433 dv-cinder-847536-4-smb devstack@c-api.service[111041]: INFO cinder.api.openstack.wsgi [None req-870322a1-ab6f-405a-a145-01cc67809b0a tempest-SnapshotsActionsTest-204387830 tempest-SnapshotsActionsTest-204387830-project] http://10.222.0.45/volume/v3/a7521d1d37f747fdacbc518d642158e2/snapshots/7b14a71b-9198-4b3d-a1a8-90b1011f0c60 returned with HTTP 200
Aug 02 10:11:32.120424 dv-cinder-847536-4-smb devstack@c-api.service[111041]: [pid: 111041|app: 0|req: 100/197] 10.222.0.45 () {58 vars in 1331 bytes} [Tue Aug 2 10:11:32 2022] GET /volume/v3/a7521d1d37f747fdacbc518d642158e2/snapshots/7b14a71b-9198-4b3d-a1a8-90b1011f0c60 => generated 569 bytes in 48 msecs (HTTP/1.1 200) 7 headers in 285 bytes (1 switches on core 0)
Aug 02 10:11:32.134535 dv-cinder-847536-4-smb devstack@c-api.service[111041]: DEBUG cinder.api.middleware.request_id [None req-886d7532-fd5b-455f-8927-9af69054dcad None None] RequestId filter calling following filter/app {{(pid=111041) _context_setter /opt/stack/cinder/cinder/api/middleware/request_id.py:62}}
Aug 02 10:11:32.182317 dv-cinder-847536-4-smb devstack@c-api.service[111041]: INFO cinder.api.openstack.wsgi [None req-886d7532-fd5b-455f-8927-9af69054dcad tempest-SnapshotsActionsTest-681244446 tempest-SnapshotsActionsTest-681244446-project-admin] POST http://10.222.0.45/volume/v3/b533e5a680ee49b1b9b3c22dba68a6de/snapshots/7b14a71b-9198-4b3d-a1a8-90b1011f0c60/action
Aug 02 10:11:32.194976 dv-cinder-847536-4-smb devstack@c-api.service[111041]: DEBUG cinder.api.openstack.wsgi [None req-886d7532-fd5b-455f-8927-9af69054dcad tempest-SnapshotsActionsTest-681244446 tempest-SnapshotsActionsTest-681244446-project-admin] Action body: b'{"os-reset_status": {"status": "deleting"}}' {{(pid=111041) get_method /opt/stack/cinder/cinder/api/openstack/wsgi.py:983}}
Aug 02 10:11:32.195465 dv-cinder-847536-4-smb devstack@c-api.service[111041]: DEBUG cinder.api.openstack.wsgi [None req-886d7532-fd5b-455f-8927-9af69054dcad tempest-SnapshotsActionsTest-681244446 tempest-SnapshotsActionsTest-681244446-project-admin] Action: 'action', calling method: _reset_status, body: {"os-reset_status": {"status": "deleting"}} {{(pid=111041) _process_stack /opt/stack/cinder/cinder/api/openstack/wsgi.py:866}}
Aug 02 10:11:32.197956 dv-cinder-847536-4-smb devstack@c-api.service[111041]: DEBUG cinder.api.contrib.admin_actions [None req-886d7532-fd5b-455f-8927-9af69054dcad tempest-SnapshotsActionsTest-681244446 tempest-SnapshotsActionsTest-681244446-project-admin] Updating snapshot '7b14a71b-9198-4b3d-a1a8-90b1011f0c60' with '{'status': 'deleting'}' {{(pid=111041) _reset_status /opt/stack/cinder/cinder/api/contrib/admin_actions.py:100}}
Aug 02 10:11:32.252898 dv-cinder-847536-4-smb devstack@c-api.service[111040]: INFO cinder.api.openstack.wsgi [None req-9abc969e-0b44-454e-a221-c8ae622ef96c tempest-VolumeSnapshotQuotasNegativeTestJSON-134301478 tempest-VolumeSnapshotQuotasNegativeTestJSON-134301478-project-admin] http://10.222.0.45/volume/v3/a7ad2b02d054434c91a76ced5f38eb44/os-quota-sets/e4187a0546bb45b3b73cdd0954fee331 returned with HTTP 200
Aug 02 10:11:32.253774 dv-cinder-847536-4-smb devstack@c-api.service[111040]: [pid: 111040|app: 0|req: 98/198] 10.222.0.45 () {60 vars in 1352 bytes} [Tue Aug 2 10:11:31 2022] PUT /volume/v3/a7ad2b02d054434c91a76ced5f38eb44/os-quota-sets/e4187a0546bb45b3b73cdd0954fee331 => generated 913 bytes in 528 msecs (HTTP/1.1 200) 7 headers in 285 bytes (1 switches on core 0)
Aug 02 10:11:32.365244 dv-cinder-847536-4-smb devstack@c-api.service[111041]: /usr/local/lib/python3.8/dist-packages/oslo_context/context.py:100: DeprecationWarning: Policy enforcement is depending on the value of is_admin. This key is deprecated. Please update your policy file to use the standard policy values.
Aug 02 10:11:32.365244 dv-cinder-847536-4-smb devstack@c-api.service[111041]: warnings.warn('Policy enforcement is depending on the value of '
Aug 02 10:11:32.456323 dv-cinder-847536-4-smb devstack@c-api.service[111041]: INFO cinder.api.openstack.wsgi [None req-886d7532-fd5b-455f-8927-9af69054dcad tempest-SnapshotsActionsTest-681244446 tempest-SnapshotsActionsTest-681244446-project-admin] http://10.222.0.45/volume/v3/b533e5a680ee49b1b9b3c22dba68a6de/snapshots/7b14a71b-9198-4b3d-a1a8-90b1011f0c60/action returned with HTTP 202
Aug 02 10:11:32.463566 dv-cinder-847536-4-smb devstack@c-api.service[111040]: DEBUG cinder.api.middleware.request_id [None req-19e5eeea-71fe-4085-84c3-5e79cecc600f None None] RequestId filter calling following filter/app {{(pid=111040) _context_setter /opt/stack/cinder/cinder/api/middleware/request_id.py:62}}
Aug 02 10:11:32.469240 dv-cinder-847536-4-smb devstack@c-api.service[111041]: [pid: 111041|app: 0|req: 101/199] 10.222.0.45 () {60 vars in 1373 bytes} [Tue Aug 2 10:11:32 2022] POST /volume/v3/b533e5a680ee49b1b9b3c22dba68a6de/snapshots/7b14a71b-9198-4b3d-a1a8-90b1011f0c60/action => generated 0 bytes in 340 msecs (HTTP/1.1 202) 7 headers in 289 bytes (1 switches on core 0)
Aug 02 10:11:32.471484 dv-cinder-847536-4-smb devstack@c-api.service[111040]: INFO cinder.api.openstack.wsgi [None req-19e5eeea-71fe-4085-84c3-5e79cecc600f tempest-SnapshotsActionsTest-204387830 tempest-SnapshotsActionsTest-204387830-project] GET http://10.222.0.45/volume/v3/a7521d1d37f747fdacbc518d642158e2/snapshots/7b14a71b-9198-4b3d-a1a8-90b1011f0c60
Aug 02 10:11:32.472255 dv-cinder-847536-4-smb devstack@c-api.service[111040]: DEBUG cinder.api.openstack.wsgi [None req-19e5eeea-71fe-4085-84c3-5e79cecc600f tempest-SnapshotsActionsTest-204387830 tempest-SnapshotsActionsTest-204387830-project] Empty body provided in request {{(pid=111040) get_body /opt/stack/cinder/cinder/api/openstack/wsgi.py:715}}
Aug 02 10:11:32.474869 dv-cinder-847536-4-smb devstack@c-api.service[111040]: DEBUG cinder.api.openstack.wsgi [None req-19e5eeea-71fe-4085-84c3-5e79cecc600f tempest-SnapshotsActionsTest-204387830 tempest-SnapshotsActionsTest-204387830-project] Calling method 'show' {{(pid=111040) _process_stack /opt/stack/cinder/cinder/api/openstack/wsgi.py:868}}
Aug 02 10:11:32.501451 dv-cinder-847536-4-smb devstack@c-api.service[111040]: /usr/local/lib/python3.8/dist-packages/oslo_context/context.py:100: DeprecationWarning: Policy enforcement is depending on the value of is_admin. This key is deprecated. Please update your policy file to use the standard policy values.
Aug 02 10:11:32.501451 dv-cinder-847536-4-smb devstack@c-api.service[111040]: warnings.warn('Policy enforcement is depending on the value of '
Aug 02 10:11:32.515048 dv-cinder-847536-4-smb devstack@c-api.service[111040]: INFO cinder.volume.api [None req-19e5eeea-71fe-4085-84c3-5e79cecc600f tempest-SnapshotsActionsTest-204387830 tempest-SnapshotsActionsTest-204387830-project] Snapshot retrieved successfully.
Aug 02 10:11:32.518591 dv-cinder-847536-4-smb devstack@c-api.service[111040]: INFO cinder.api.openstack.wsgi [None req-19e5eeea-71fe-4085-84c3-5e79cecc600f tempest-SnapshotsActionsTest-204387830 tempest-SnapshotsActionsTest-204387830-project] http://10.222.0.45/volume/v3/a7521d1d37f747fdacbc518d642158e2/snapshots/7b14a71b-9198-4b3d-a1a8-90b1011f0c60 returned with HTTP 200
Aug 02 10:11:32.530373 dv-cinder-847536-4-smb devstack@c-api.service[111040]: [pid: 111040|app: 0|req: 99/200] 10.222.0.45 () {58 vars in 1331 bytes} [Tue Aug 2 10:11:32 2022] GET /volume/v3/a7521d1d37f747fdacbc518d642158e2/snapshots/7b14a71b-9198-4b3d-a1a8-90b1011f0c60 => generated 568 bytes in 69 msecs (HTTP/1.1 200) 7 headers in 285 bytes (1 switches on core 0)
Aug 02 10:11:32.538786 dv-cinder-847536-4-smb devstack@c-api.service[111041]: DEBUG cinder.api.middleware.request_id [None req-9058d09f-0850-4986-b5f0-f230a126aad8 None None] RequestId filter calling following filter/app {{(pid=111041) _context_setter /opt/stack/cinder/cinder/api/middleware/request_id.py:62}}
Aug 02 10:11:32.543181 dv-cinder-847536-4-smb devstack@c-api.service[111041]: INFO cinder.api.openstack.wsgi [None req-9058d09f-0850-4986-b5f0-f230a126aad8 tempest-SnapshotsActionsTest-681244446 tempest-SnapshotsActionsTest-681244446-project-admin] POST http://10.222.0.45/volume/v3/b533e5a680ee49b1b9b3c22dba68a6de/snapshots/7b14a71b-9198-4b3d-a1a8-90b1011f0c60/action
Aug 02 10:11:32.544008 dv-cinder-847536-4-smb devstack@c-api.service[111041]: DEBUG cinder.api.openstack.wsgi [None req-9058d09f-0850-4986-b5f0-f230a126aad8 tempest-SnapshotsActionsTest-681244446 tempest-SnapshotsActionsTest-681244446-project-admin] Action body: b'{"os-force_delete": {}}' {{(pid=111041) get_method /opt/stack/cinder/cinder/api/openstack/wsgi.py:983}}
Aug 02 10:11:32.544346 dv-cinder-847536-4-smb devstack@c-api.service[111041]: DEBUG cinder.api.openstack.wsgi [None req-9058d09f-0850-4986-b5f0-f230a126aad8 tempest-SnapshotsActionsTest-681244446 tempest-SnapshotsActionsTest-681244446-project-admin] Action: 'action', calling method: _force_delete, body: {"os-force_delete": {}} {{(pid=111041) _process_stack /opt/stack/cinder/cinder/api/openstack/wsgi.py:866}}
Aug 02 10:11:32.569918 dv-cinder-847536-4-smb devstack@c-api.service[111041]: /usr/local/lib/python3.8/dist-packages/oslo_context/context.py:100: DeprecationWarning: Policy enforcement is depending on the value of is_admin. This key is deprecated. Please update your policy file to use the standard policy values.
Aug 02 10:11:32.569918 dv-cinder-847536-4-smb devstack@c-api.service[111041]: warnings.warn('Policy enforcement is depending on the value of '
Aug 02 10:11:32.576708 dv-cinder-847536-4-smb devstack@c-api.service[111041]: INFO cinder.volume.api [None req-9058d09f-0850-4986-b5f0-f230a126aad8 tempest-SnapshotsActionsTest-681244446 tempest-SnapshotsActionsTest-681244446-project-admin] Snapshot retrieved successfully.
Aug 02 10:11:32.773211 dv-cinder-847536-4-smb devstack@c-api.service[111041]: INFO cinder.volume.api [None req-9058d09f-0850-4986-b5f0-f230a126aad8 tempest-SnapshotsActionsTest-681244446 tempest-SnapshotsActionsTest-681244446-project-admin] Snapshot delete request issued successfully.
Aug 02 10:11:32.775152 dv-cinder-847536-4-smb devstack@c-api.service[111041]: INFO cinder.api.openstack.wsgi [None req-9058d09f-0850-4986-b5f0-f230a126aad8 tempest-SnapshotsActionsTest-681244446 tempest-SnapshotsActionsTest-681244446-project-admin] http://10.222.0.45/volume/v3/b533e5a680ee49b1b9b3c22dba68a6de/snapshots/7b14a71b-9198-4b3d-a1a8-90b1011f0c60/action returned with HTTP 202
Aug 02 10:11:32.780184 dv-cinder-847536-4-smb devstack@c-api.service[111041]: [pid: 111041|app: 0|req: 102/201] 10.222.0.45 () {60 vars in 1373 bytes} [Tue Aug 2 10:11:32 2022] POST /volume/v3/b533e5a680ee49b1b9b3c22dba68a6de/snapshots/7b14a71b-9198-4b3d-a1a8-90b1011f0c60/action => generated 0 bytes in 242 msecs (HTTP/1.1 202) 7 headers in 289 bytes (1 switches on core 0)
Aug 02 10:11:32.786385 dv-cinder-847536-4-smb devstack@c-api.service[111040]: DEBUG cinder.api.middleware.request_id [None req-7cf9ca90-43d2-4109-8b09-4c43393c6284 None None] RequestId filter calling following filter/app {{(pid=111040) _context_setter /opt/stack/cinder/cinder/api/middleware/request_id.py:62}}
Aug 02 10:11:32.800384 dv-cinder-847536-4-smb devstack@c-api.service[111040]: INFO cinder.api.openstack.wsgi [None req-7cf9ca90-43d2-4109-8b09-4c43393c6284 tempest-SnapshotsActionsTest-204387830 tempest-SnapshotsActionsTest-204387830-project] GET http://10.222.0.45/volume/v3/a7521d1d37f747fdacbc518d642158e2/snapshots/7b14a71b-9198-4b3d-a1a8-90b1011f0c60
Aug 02 10:11:32.802408 dv-cinder-847536-4-smb devstack@c-api.service[111040]: DEBUG cinder.api.openstack.wsgi [None req-7cf9ca90-43d2-4109-8b09-4c43393c6284 tempest-SnapshotsActionsTest-204387830 tempest-SnapshotsActionsTest-204387830-project] Empty body provided in request {{(pid=111040) get_body /opt/stack/cinder/cinder/api/openstack/wsgi.py:715}}
Aug 02 10:11:32.803115 dv-cinder-847536-4-smb devstack@c-api.service[111040]: DEBUG cinder.api.openstack.wsgi [None req-7cf9ca90-43d2-4109-8b09-4c43393c6284 tempest-SnapshotsActionsTest-204387830 tempest-SnapshotsActionsTest-204387830-project] Calling method 'show' {{(pid=111040) _process_stack /opt/stack/cinder/cinder/api/openstack/wsgi.py:868}}
Aug 02 10:11:32.845684 dv-cinder-847536-4-smb devstack@c-api.service[111040]: /usr/local/lib/python3.8/dist-packages/oslo_context/context.py:100: DeprecationWarning: Policy enforcement is depending on the value of is_admin. This key is deprecated. Please update your policy file to use the standard policy values.
Aug 02 10:11:32.845684 dv-cinder-847536-4-smb devstack@c-api.service[111040]: warnings.warn('Policy enforcement is depending on the value of '
Aug 02 10:11:32.848649 dv-cinder-847536-4-smb devstack@c-api.service[111040]: INFO cinder.volume.api [None req-7cf9ca90-43d2-4109-8b09-4c43393c6284 tempest-SnapshotsActionsTest-204387830 tempest-SnapshotsActionsTest-204387830-project] Snapshot retrieved successfully.
Aug 02 10:11:32.854074 dv-cinder-847536-4-smb devstack@c-api.service[111040]: INFO cinder.api.openstack.wsgi [None req-7cf9ca90-43d2-4109-8b09-4c43393c6284 tempest-SnapshotsActionsTest-204387830 tempest-SnapshotsActionsTest-204387830-project] http://10.222.0.45/volume/v3/a7521d1d37f747fdacbc518d642158e2/snapshots/7b14a71b-9198-4b3d-a1a8-90b1011f0c60 returned with HTTP 200
Aug 02 10:11:32.859252 dv-cinder-847536-4-smb devstack@c-api.service[111040]: [pid: 111040|app: 0|req: 100/202] 10.222.0.45 () {58 vars in 1331 bytes} [Tue Aug 2 10:11:32 2022] GET /volume/v3/a7521d1d37f747fdacbc518d642158e2/snapshots/7b14a71b-9198-4b3d-a1a8-90b1011f0c60 => generated 568 bytes in 75 msecs (HTTP/1.1 200) 7 headers in 285 bytes (1 switches on core 0)
Aug 02 10:11:33.076070 dv-cinder-847536-4-smb devstack@c-api.service[111041]: DEBUG cinder.api.middleware.request_id [None req-83e97522-340e-4605-91aa-7507059e2ab1 None None] RequestId filter calling following filter/app {{(pid=111041) _context_setter /opt/stack/cinder/cinder/api/middleware/request_id.py:62}}
Aug 02 10:11:33.082777 dv-cinder-847536-4-smb devstack@c-api.service[111041]: INFO cinder.api.openstack.wsgi [None req-83e97522-340e-4605-91aa-7507059e2ab1 tempest-GroupSnapshotsTest-779490982 tempest-GroupSnapshotsTest-779490982-project] GET http://10.222.0.45/volume/v3/2ccfa688d25f4aef8b27055e408a7c54/group_snapshots/8c70c6d9-3333-4a89-a178-56b8f69fe2ae
Aug 02 10:11:33.084727 dv-cinder-847536-4-smb devstack@c-api.service[111041]: DEBUG cinder.api.openstack.wsgi [None req-83e97522-340e-4605-91aa-7507059e2ab1 tempest-GroupSnapshotsTest-779490982 tempest-GroupSnapshotsTest-779490982-project] Empty body provided in request {{(pid=111041) get_body /opt/stack/cinder/cinder/api/openstack/wsgi.py:715}}
Aug 02 10:11:33.085223 dv-cinder-847536-4-smb devstack@c-api.service[111041]: DEBUG cinder.api.openstack.wsgi [None req-83e97522-340e-4605-91aa-7507059e2ab1 tempest-GroupSnapshotsTest-779490982 tempest-GroupSnapshotsTest-779490982-project] Calling method 'version_select' {{(pid=111041) _process_stack /opt/stack/cinder/cinder/api/openstack/wsgi.py:868}}
Aug 02 10:11:33.085597 dv-cinder-847536-4-smb devstack@c-api.service[111041]: DEBUG cinder.api.v3.group_snapshots [None req-83e97522-340e-4605-91aa-7507059e2ab1 tempest-GroupSnapshotsTest-779490982 tempest-GroupSnapshotsTest-779490982-project] show called for member 8c70c6d9-3333-4a89-a178-56b8f69fe2ae {{(pid=111041) show /opt/stack/cinder/cinder/api/v3/group_snapshots.py:58}}
Aug 02 10:11:33.106398 dv-cinder-847536-4-smb devstack@c-api.service[111041]: /usr/local/lib/python3.8/dist-packages/oslo_context/context.py:100: DeprecationWarning: Policy enforcement is depending on the value of is_admin. This key is deprecated. Please update your policy file to use the standard policy values.
Aug 02 10:11:33.106398 dv-cinder-847536-4-smb devstack@c-api.service[111041]: warnings.warn('Policy enforcement is depending on the value of '
Aug 02 10:11:33.163213 dv-cinder-847536-4-smb devstack@c-api.service[111041]: INFO cinder.api.openstack.wsgi [None req-83e97522-340e-4605-91aa-7507059e2ab1 tempest-GroupSnapshotsTest-779490982 tempest-GroupSnapshotsTest-779490982-project] http://10.222.0.45/volume/v3/2ccfa688d25f4aef8b27055e408a7c54/group_snapshots/8c70c6d9-3333-4a89-a178-56b8f69fe2ae returned with HTTP 200
Aug 02 10:11:33.172543 dv-cinder-847536-4-smb devstack@c-api.service[111041]: [pid: 111041|app: 0|req: 103/203] 10.222.0.45 () {60 vars in 1390 bytes} [Tue Aug 2 10:11:33 2022] GET /volume/v3/2ccfa688d25f4aef8b27055e408a7c54/group_snapshots/8c70c6d9-3333-4a89-a178-56b8f69fe2ae => generated 307 bytes in 98 msecs (HTTP/1.1 200) 7 headers in 286 bytes (1 switches on core 0)
Aug 02 10:11:33.174484 dv-cinder-847536-4-smb devstack@c-api.service[111040]: DEBUG cinder.api.middleware.request_id [None req-a8511bf9-e34e-412f-9b17-2ea11d657c65 None None] RequestId filter calling following filter/app {{(pid=111040) _context_setter /opt/stack/cinder/cinder/api/middleware/request_id.py:62}}
Aug 02 10:11:33.180608 dv-cinder-847536-4-smb devstack@c-api.service[111040]: INFO cinder.api.openstack.wsgi [None req-a8511bf9-e34e-412f-9b17-2ea11d657c65 tempest-GroupSnapshotsTest-779490982 tempest-GroupSnapshotsTest-779490982-project] GET http://10.222.0.45/volume/v3/2ccfa688d25f4aef8b27055e408a7c54/snapshots/detail
Aug 02 10:11:33.181428 dv-cinder-847536-4-smb devstack@c-api.service[111040]: DEBUG cinder.api.openstack.wsgi [None req-a8511bf9-e34e-412f-9b17-2ea11d657c65 tempest-GroupSnapshotsTest-779490982 tempest-GroupSnapshotsTest-779490982-project] Empty body provided in request {{(pid=111040) get_body /opt/stack/cinder/cinder/api/openstack/wsgi.py:715}}
