Aug 02 10:03:18.811273 dv-cinder-847536-4-smb devstack@c-api.service[111041]: INFO cinder.api.openstack.wsgi [req-b817663d-1946-4f27-a95e-36eab9fd9a0d req-85b2dfb6-d2cf-4b3c-bec5-114f9476b2d2 admin admin] POST http://10.222.0.45/volume/v3/6bb8258b866c4761a9118b97aac73439/types/5a1a942f-1e59-40d3-aa9b-c598454a86e5/extra_specs
Aug 02 10:03:18.812485 dv-cinder-847536-4-smb devstack@c-api.service[111041]: DEBUG cinder.api.openstack.wsgi [req-b817663d-1946-4f27-a95e-36eab9fd9a0d req-85b2dfb6-d2cf-4b3c-bec5-114f9476b2d2 admin admin] Action: 'create', calling method: create, body: {"extra_specs": {"volume_backend_name": "lvmdriver-1"}} {{(pid=111041) _process_stack /opt/stack/cinder/cinder/api/openstack/wsgi.py:866}}
Aug 02 10:03:18.816449 dv-cinder-847536-4-smb devstack@c-api.service[111041]: /usr/local/lib/python3.8/dist-packages/oslo_context/context.py:100: DeprecationWarning: Policy enforcement is depending on the value of is_admin. This key is deprecated. Please update your policy file to use the standard policy values.
Aug 02 10:03:18.816449 dv-cinder-847536-4-smb devstack@c-api.service[111041]: warnings.warn('Policy enforcement is depending on the value of '
Aug 02 10:03:18.824297 dv-cinder-847536-4-smb devstack@c-api.service[111041]: DEBUG oslo_db.sqlalchemy.engines [req-b817663d-1946-4f27-a95e-36eab9fd9a0d req-85b2dfb6-d2cf-4b3c-bec5-114f9476b2d2 admin admin] MySQL server mode set to STRICT_TRANS_TABLES,STRICT_ALL_TABLES,NO_ZERO_IN_DATE,NO_ZERO_DATE,ERROR_FOR_DIVISION_BY_ZERO,TRADITIONAL,NO_ENGINE_SUBSTITUTION {{(pid=111041) _check_effective_sql_mode /usr/local/lib/python3.8/dist-packages/oslo_db/sqlalchemy/engines.py:314}}
Aug 02 10:03:18.952841 dv-cinder-847536-4-smb devstack@c-api.service[111041]: INFO cinder.api.openstack.wsgi [req-b817663d-1946-4f27-a95e-36eab9fd9a0d req-85b2dfb6-d2cf-4b3c-bec5-114f9476b2d2 admin admin] http://10.222.0.45/volume/v3/6bb8258b866c4761a9118b97aac73439/types/5a1a942f-1e59-40d3-aa9b-c598454a86e5/extra_specs returned with HTTP 200
Aug 02 10:03:18.953633 dv-cinder-847536-4-smb devstack@c-api.service[111041]: [pid: 111041|app: 0|req: 2/3] 10.222.0.45 () {62 vars in 1454 bytes} [Tue Aug 2 10:03:18 2022] POST /volume/v3/6bb8258b866c4761a9118b97aac73439/types/5a1a942f-1e59-40d3-aa9b-c598454a86e5/extra_specs => generated 55 bytes in 842 msecs (HTTP/1.1 200) 7 headers in 284 bytes (2 switches on core 0)
Aug 02 10:03:28.099081 dv-cinder-847536-4-smb devstack@c-api.service[111040]: DEBUG dbcounter [-] [111040] Writing DB stats cinder:SELECT=18,cinder:INSERT=1 {{(pid=111040) stat_writer /usr/local/lib/python3.8/dist-packages/dbcounter.py:114}}
Aug 02 10:03:28.949895 dv-cinder-847536-4-smb devstack@c-api.service[111041]: DEBUG dbcounter [-] [111041] Writing DB stats cinder:SELECT=25,cinder:INSERT=1 {{(pid=111041) stat_writer /usr/local/lib/python3.8/dist-packages/dbcounter.py:114}}
Aug 02 10:04:00.328718 dv-cinder-847536-4-smb devstack@c-api.service[111040]: DEBUG cinder.api.middleware.request_id [None req-349067d2-6a78-44c1-b19e-c0e95b22f765 None None] RequestId filter calling following filter/app {{(pid=111040) _context_setter /opt/stack/cinder/cinder/api/middleware/request_id.py:62}}
Aug 02 10:04:00.329944 dv-cinder-847536-4-smb devstack@c-api.service[111040]: INFO cinder.api.openstack.wsgi [None req-349067d2-6a78-44c1-b19e-c0e95b22f765 None None] GET http://10.222.0.45/volume//
Aug 02 10:04:00.330343 dv-cinder-847536-4-smb devstack@c-api.service[111040]: DEBUG cinder.api.openstack.wsgi [None req-349067d2-6a78-44c1-b19e-c0e95b22f765 None None] Empty body provided in request {{(pid=111040) get_body /opt/stack/cinder/cinder/api/openstack/wsgi.py:715}}
Aug 02 10:04:00.330795 dv-cinder-847536-4-smb devstack@c-api.service[111040]: DEBUG cinder.api.openstack.wsgi [None req-349067d2-6a78-44c1-b19e-c0e95b22f765 None None] Calling method 'all' {{(pid=111040) _process_stack /opt/stack/cinder/cinder/api/openstack/wsgi.py:868}}
Aug 02 10:04:00.331878 dv-cinder-847536-4-smb devstack@c-api.service[111040]: INFO cinder.api.openstack.wsgi [None req-349067d2-6a78-44c1-b19e-c0e95b22f765 None None] http://10.222.0.45/volume// returned with HTTP 300
Aug 02 10:04:00.332483 dv-cinder-847536-4-smb devstack@c-api.service[111040]: [pid: 111040|app: 0|req: 2/4] 10.222.0.45 () {56 vars in 1098 bytes} [Tue Aug 2 10:04:00 2022] GET /volume/ => generated 386 bytes in 5 msecs (HTTP/1.1 300) 7 headers in 299 bytes (1 switches on core 0)
Aug 02 10:06:50.703634 dv-cinder-847536-4-smb devstack@c-api.service[111041]: DEBUG cinder.api.middleware.request_id [None req-ddfa7393-c5f1-4773-8aab-e0c88aef3125 None None] RequestId filter calling following filter/app {{(pid=111041) _context_setter /opt/stack/cinder/cinder/api/middleware/request_id.py:62}}
Aug 02 10:06:51.195285 dv-cinder-847536-4-smb devstack@c-api.service[111041]: INFO cinder.api.openstack.wsgi [None req-ddfa7393-c5f1-4773-8aab-e0c88aef3125 tempest-verify_tempest_config-790772558 tempest-verify_tempest_config-790772558-project] GET http://10.222.0.45/volume/v3/d8fbb3b13232437a971c7ff6aba85d7d/extensions
Aug 02 10:06:51.195772 dv-cinder-847536-4-smb devstack@c-api.service[111041]: DEBUG cinder.api.openstack.wsgi [None req-ddfa7393-c5f1-4773-8aab-e0c88aef3125 tempest-verify_tempest_config-790772558 tempest-verify_tempest_config-790772558-project] Empty body provided in request {{(pid=111041) get_body /opt/stack/cinder/cinder/api/openstack/wsgi.py:715}}
Aug 02 10:06:51.196224 dv-cinder-847536-4-smb devstack@c-api.service[111041]: DEBUG cinder.api.openstack.wsgi [None req-ddfa7393-c5f1-4773-8aab-e0c88aef3125 tempest-verify_tempest_config-790772558 tempest-verify_tempest_config-790772558-project] Calling method 'index' {{(pid=111041) _process_stack /opt/stack/cinder/cinder/api/openstack/wsgi.py:868}}
Aug 02 10:06:51.196908 dv-cinder-847536-4-smb devstack@c-api.service[111041]: INFO cinder.api.openstack.wsgi [None req-ddfa7393-c5f1-4773-8aab-e0c88aef3125 tempest-verify_tempest_config-790772558 tempest-verify_tempest_config-790772558-project] http://10.222.0.45/volume/v3/d8fbb3b13232437a971c7ff6aba85d7d/extensions returned with HTTP 200
Aug 02 10:06:51.197617 dv-cinder-847536-4-smb devstack@c-api.service[111041]: [pid: 111041|app: 0|req: 3/5] 10.222.0.45 () {58 vars in 1223 bytes} [Tue Aug 2 10:06:50 2022] GET /volume/v3/d8fbb3b13232437a971c7ff6aba85d7d/extensions => generated 5245 bytes in 496 msecs (HTTP/1.1 200) 7 headers in 286 bytes (1 switches on core 0)
Aug 02 10:09:12.053647 dv-cinder-847536-4-smb devstack@c-api.service[111040]: DEBUG cinder.api.middleware.request_id [None req-639095a1-53e1-451a-9a41-6403a6487099 None None] RequestId filter calling following filter/app {{(pid=111040) _context_setter /opt/stack/cinder/cinder/api/middleware/request_id.py:62}}
Aug 02 10:09:12.173713 dv-cinder-847536-4-smb devstack@c-api.service[111040]: INFO cinder.api.openstack.wsgi [None req-639095a1-53e1-451a-9a41-6403a6487099 admin admin] GET http://10.222.0.45/volume/v3/6bb8258b866c4761a9118b97aac73439/os-services
Aug 02 10:09:12.174160 dv-cinder-847536-4-smb devstack@c-api.service[111040]: DEBUG cinder.api.openstack.wsgi [None req-639095a1-53e1-451a-9a41-6403a6487099 admin admin] Empty body provided in request {{(pid=111040) get_body /opt/stack/cinder/cinder/api/openstack/wsgi.py:715}}
Aug 02 10:09:12.174608 dv-cinder-847536-4-smb devstack@c-api.service[111040]: DEBUG cinder.api.openstack.wsgi [None req-639095a1-53e1-451a-9a41-6403a6487099 admin admin] Calling method 'index' {{(pid=111040) _process_stack /opt/stack/cinder/cinder/api/openstack/wsgi.py:868}}
Aug 02 10:09:12.185245 dv-cinder-847536-4-smb devstack@c-api.service[111040]: INFO cinder.api.openstack.wsgi [None req-639095a1-53e1-451a-9a41-6403a6487099 admin admin] http://10.222.0.45/volume/v3/6bb8258b866c4761a9118b97aac73439/os-services returned with HTTP 200
Aug 02 10:09:12.185968 dv-cinder-847536-4-smb devstack@c-api.service[111040]: [pid: 111040|app: 0|req: 3/6] 10.222.0.45 () {56 vars in 1201 bytes} [Tue Aug 2 10:09:12 2022] GET /volume/v3/6bb8258b866c4761a9118b97aac73439/os-services => generated 640 bytes in 133 msecs (HTTP/1.1 200) 7 headers in 285 bytes (1 switches on core 0)
Aug 02 10:09:14.636736 dv-cinder-847536-4-smb devstack@c-api.service[111041]: DEBUG cinder.api.middleware.request_id [None req-4e652d25-4701-4e8b-a669-4bbd8b0ab53b None None] RequestId filter calling following filter/app {{(pid=111041) _context_setter /opt/stack/cinder/cinder/api/middleware/request_id.py:62}}
Aug 02 10:09:14.691364 dv-cinder-847536-4-smb devstack@c-api.service[111041]: INFO cinder.api.openstack.wsgi [None req-4e652d25-4701-4e8b-a669-4bbd8b0ab53b admin admin] GET http://10.222.0.45/volume/v3/6bb8258b866c4761a9118b97aac73439/os-services
Aug 02 10:09:14.691817 dv-cinder-847536-4-smb devstack@c-api.service[111041]: DEBUG cinder.api.openstack.wsgi [None req-4e652d25-4701-4e8b-a669-4bbd8b0ab53b admin admin] Empty body provided in request {{(pid=111041) get_body /opt/stack/cinder/cinder/api/openstack/wsgi.py:715}}
Aug 02 10:09:14.692270 dv-cinder-847536-4-smb devstack@c-api.service[111041]: DEBUG cinder.api.openstack.wsgi [None req-4e652d25-4701-4e8b-a669-4bbd8b0ab53b admin admin] Calling method 'index' {{(pid=111041) _process_stack /opt/stack/cinder/cinder/api/openstack/wsgi.py:868}}
Aug 02 10:09:14.701189 dv-cinder-847536-4-smb devstack@c-api.service[111041]: INFO cinder.api.openstack.wsgi [None req-4e652d25-4701-4e8b-a669-4bbd8b0ab53b admin admin] http://10.222.0.45/volume/v3/6bb8258b866c4761a9118b97aac73439/os-services returned with HTTP 200
Aug 02 10:09:14.701886 dv-cinder-847536-4-smb devstack@c-api.service[111041]: [pid: 111041|app: 0|req: 4/7] 10.222.0.45 () {56 vars in 1201 bytes} [Tue Aug 2 10:09:14 2022] GET /volume/v3/6bb8258b866c4761a9118b97aac73439/os-services => generated 640 bytes in 67 msecs (HTTP/1.1 200) 7 headers in 285 bytes (1 switches on core 0)
Aug 02 10:09:22.180605 dv-cinder-847536-4-smb devstack@c-api.service[111040]: DEBUG dbcounter [-] [111040] Writing DB stats cinder:SELECT=2 {{(pid=111040) stat_writer /usr/local/lib/python3.8/dist-packages/dbcounter.py:114}}
Aug 02 10:09:24.697162 dv-cinder-847536-4-smb devstack@c-api.service[111041]: DEBUG dbcounter [-] [111041] Writing DB stats cinder:SELECT=2 {{(pid=111041) stat_writer /usr/local/lib/python3.8/dist-packages/dbcounter.py:114}}
Aug 02 10:10:55.625674 dv-cinder-847536-4-smb devstack@c-api.service[111040]: DEBUG cinder.api.middleware.request_id [None req-f2777b43-20ce-4750-b2a2-d9c9e846ec4f None None] RequestId filter calling following filter/app {{(pid=111040) _context_setter /opt/stack/cinder/cinder/api/middleware/request_id.py:62}}
Aug 02 10:10:55.944359 dv-cinder-847536-4-smb devstack@c-api.service[111040]: INFO cinder.api.openstack.wsgi [None req-f2777b43-20ce-4750-b2a2-d9c9e846ec4f tempest-BackendsCapabilitiesAdminTestsJSON-171158264 tempest-BackendsCapabilitiesAdminTestsJSON-171158264-project-admin] GET http://10.222.0.45/volume/v3/daf68d0b1f9441b4a360367c9c46b575/scheduler-stats/get_pools
Aug 02 10:10:55.944824 dv-cinder-847536-4-smb devstack@c-api.service[111040]: DEBUG cinder.api.openstack.wsgi [None req-f2777b43-20ce-4750-b2a2-d9c9e846ec4f tempest-BackendsCapabilitiesAdminTestsJSON-171158264 tempest-BackendsCapabilitiesAdminTestsJSON-171158264-project-admin] Empty body provided in request {{(pid=111040) get_body /opt/stack/cinder/cinder/api/openstack/wsgi.py:715}}
Aug 02 10:10:55.945283 dv-cinder-847536-4-smb devstack@c-api.service[111040]: DEBUG cinder.api.openstack.wsgi [None req-f2777b43-20ce-4750-b2a2-d9c9e846ec4f tempest-BackendsCapabilitiesAdminTestsJSON-171158264 tempest-BackendsCapabilitiesAdminTestsJSON-171158264-project-admin] Calling method 'get_pools' {{(pid=111040) _process_stack /opt/stack/cinder/cinder/api/openstack/wsgi.py:868}}
Aug 02 10:10:56.055508 dv-cinder-847536-4-smb devstack@c-api.service[111040]: INFO cinder.api.openstack.wsgi [None req-f2777b43-20ce-4750-b2a2-d9c9e846ec4f tempest-BackendsCapabilitiesAdminTestsJSON-171158264 tempest-BackendsCapabilitiesAdminTestsJSON-171158264-project-admin] http://10.222.0.45/volume/v3/daf68d0b1f9441b4a360367c9c46b575/scheduler-stats/get_pools returned with HTTP 200
Aug 02 10:10:56.057683 dv-cinder-847536-4-smb devstack@c-api.service[111040]: [pid: 111040|app: 0|req: 4/8] 10.222.0.45 () {58 vars in 1268 bytes} [Tue Aug 2 10:10:55 2022] GET /volume/v3/daf68d0b1f9441b4a360367c9c46b575/scheduler-stats/get_pools => generated 56 bytes in 435 msecs (HTTP/1.1 200) 7 headers in 284 bytes (1 switches on core 0)
Aug 02 10:10:56.067347 dv-cinder-847536-4-smb devstack@c-api.service[111041]: DEBUG cinder.api.middleware.request_id [None req-29758686-2d78-424f-a627-e7c5a8540c53 None None] RequestId filter calling following filter/app {{(pid=111041) _context_setter /opt/stack/cinder/cinder/api/middleware/request_id.py:62}}
Aug 02 10:10:56.076859 dv-cinder-847536-4-smb devstack@c-api.service[111041]: INFO cinder.api.openstack.wsgi [None req-29758686-2d78-424f-a627-e7c5a8540c53 tempest-BackendsCapabilitiesAdminTestsJSON-171158264 tempest-BackendsCapabilitiesAdminTestsJSON-171158264-project-admin] GET http://10.222.0.45/volume/v3/daf68d0b1f9441b4a360367c9c46b575/scheduler-stats/get_pools?detail=True
Aug 02 10:10:56.077384 dv-cinder-847536-4-smb devstack@c-api.service[111041]: DEBUG cinder.api.openstack.wsgi [None req-29758686-2d78-424f-a627-e7c5a8540c53 tempest-BackendsCapabilitiesAdminTestsJSON-171158264 tempest-BackendsCapabilitiesAdminTestsJSON-171158264-project-admin] Empty body provided in request {{(pid=111041) get_body /opt/stack/cinder/cinder/api/openstack/wsgi.py:715}}
Aug 02 10:10:56.077845 dv-cinder-847536-4-smb devstack@c-api.service[111041]: DEBUG cinder.api.openstack.wsgi [None req-29758686-2d78-424f-a627-e7c5a8540c53 tempest-BackendsCapabilitiesAdminTestsJSON-171158264 tempest-BackendsCapabilitiesAdminTestsJSON-171158264-project-admin] Calling method 'get_pools' {{(pid=111041) _process_stack /opt/stack/cinder/cinder/api/openstack/wsgi.py:868}}
Aug 02 10:10:56.125672 dv-cinder-847536-4-smb devstack@c-api.service[111040]: DEBUG cinder.api.middleware.request_id [None req-35349c43-6d9e-4cd4-91f5-5f71f1a6ed8f None None] RequestId filter calling following filter/app {{(pid=111040) _context_setter /opt/stack/cinder/cinder/api/middleware/request_id.py:62}}
Aug 02 10:10:56.196321 dv-cinder-847536-4-smb devstack@c-api.service[111041]: INFO cinder.api.openstack.wsgi [None req-29758686-2d78-424f-a627-e7c5a8540c53 tempest-BackendsCapabilitiesAdminTestsJSON-171158264 tempest-BackendsCapabilitiesAdminTestsJSON-171158264-project-admin] http://10.222.0.45/volume/v3/daf68d0b1f9441b4a360367c9c46b575/scheduler-stats/get_pools?detail=True returned with HTTP 200
Aug 02 10:10:56.197159 dv-cinder-847536-4-smb devstack@c-api.service[111041]: [pid: 111041|app: 0|req: 5/9] 10.222.0.45 () {58 vars in 1291 bytes} [Tue Aug 2 10:10:56 2022] GET /volume/v3/daf68d0b1f9441b4a360367c9c46b575/scheduler-stats/get_pools?detail=True => generated 618 bytes in 131 msecs (HTTP/1.1 200) 7 headers in 285 bytes (1 switches on core 0)
Aug 02 10:10:56.206191 dv-cinder-847536-4-smb devstack@c-api.service[111041]: DEBUG cinder.api.middleware.request_id [None req-dbaa206e-08e4-48c8-8a88-e0b059655730 None None] RequestId filter calling following filter/app {{(pid=111041) _context_setter /opt/stack/cinder/cinder/api/middleware/request_id.py:62}}
Aug 02 10:10:56.211766 dv-cinder-847536-4-smb devstack@c-api.service[111041]: INFO cinder.api.openstack.wsgi [None req-dbaa206e-08e4-48c8-8a88-e0b059655730 tempest-BackendsCapabilitiesAdminTestsJSON-171158264 tempest-BackendsCapabilitiesAdminTestsJSON-171158264-project-admin] GET http://10.222.0.45/volume/v3/daf68d0b1f9441b4a360367c9c46b575/capabilities/hv-cinder-84753@wincnd
Aug 02 10:10:56.212216 dv-cinder-847536-4-smb devstack@c-api.service[111041]: DEBUG cinder.api.openstack.wsgi [None req-dbaa206e-08e4-48c8-8a88-e0b059655730 tempest-BackendsCapabilitiesAdminTestsJSON-171158264 tempest-BackendsCapabilitiesAdminTestsJSON-171158264-project-admin] Empty body provided in request {{(pid=111041) get_body /opt/stack/cinder/cinder/api/openstack/wsgi.py:715}}
Aug 02 10:10:56.213087 dv-cinder-847536-4-smb devstack@c-api.service[111041]: DEBUG cinder.api.openstack.wsgi [None req-dbaa206e-08e4-48c8-8a88-e0b059655730 tempest-BackendsCapabilitiesAdminTestsJSON-171158264 tempest-BackendsCapabilitiesAdminTestsJSON-171158264-project-admin] Calling method 'show' {{(pid=111041) _process_stack /opt/stack/cinder/cinder/api/openstack/wsgi.py:868}}
Aug 02 10:10:56.255796 dv-cinder-847536-4-smb devstack@c-api.service[111041]: INFO cinder.api.openstack.wsgi [None req-dbaa206e-08e4-48c8-8a88-e0b059655730 tempest-BackendsCapabilitiesAdminTestsJSON-171158264 tempest-BackendsCapabilitiesAdminTestsJSON-171158264-project-admin] http://10.222.0.45/volume/v3/daf68d0b1f9441b4a360367c9c46b575/capabilities/hv-cinder-84753@wincnd returned with HTTP 200
Aug 02 10:10:56.257392 dv-cinder-847536-4-smb devstack@c-api.service[111041]: [pid: 111041|app: 0|req: 6/10] 10.222.0.45 () {58 vars in 1298 bytes} [Tue Aug 2 10:10:56 2022] GET /volume/v3/daf68d0b1f9441b4a360367c9c46b575/capabilities/hv-cinder-84753@wincnd => generated 712 bytes in 52 msecs (HTTP/1.1 200) 7 headers in 285 bytes (1 switches on core 0)
Aug 02 10:10:56.266907 dv-cinder-847536-4-smb devstack@c-api.service[111041]: DEBUG cinder.api.middleware.request_id [None req-a9961f19-83c0-4567-9e33-cd752a44c4d5 None None] RequestId filter calling following filter/app {{(pid=111041) _context_setter /opt/stack/cinder/cinder/api/middleware/request_id.py:62}}
Aug 02 10:10:56.272600 dv-cinder-847536-4-smb devstack@c-api.service[111041]: INFO cinder.api.openstack.wsgi [None req-a9961f19-83c0-4567-9e33-cd752a44c4d5 tempest-BackendsCapabilitiesAdminTestsJSON-171158264 tempest-BackendsCapabilitiesAdminTestsJSON-171158264-project-admin] GET http://10.222.0.45/volume/v3/daf68d0b1f9441b4a360367c9c46b575/capabilities/hv-cinder-84753@wincnd
Aug 02 10:10:56.273554 dv-cinder-847536-4-smb devstack@c-api.service[111041]: DEBUG cinder.api.openstack.wsgi [None req-a9961f19-83c0-4567-9e33-cd752a44c4d5 tempest-BackendsCapabilitiesAdminTestsJSON-171158264 tempest-BackendsCapabilitiesAdminTestsJSON-171158264-project-admin] Empty body provided in request {{(pid=111041) get_body /opt/stack/cinder/cinder/api/openstack/wsgi.py:715}}
Aug 02 10:10:56.274174 dv-cinder-847536-4-smb devstack@c-api.service[111041]: DEBUG cinder.api.openstack.wsgi [None req-a9961f19-83c0-4567-9e33-cd752a44c4d5 tempest-BackendsCapabilitiesAdminTestsJSON-171158264 tempest-BackendsCapabilitiesAdminTestsJSON-171158264-project-admin] Calling method 'show' {{(pid=111041) _process_stack /opt/stack/cinder/cinder/api/openstack/wsgi.py:868}}
Aug 02 10:10:56.314326 dv-cinder-847536-4-smb devstack@c-api.service[111041]: INFO cinder.api.openstack.wsgi [None req-a9961f19-83c0-4567-9e33-cd752a44c4d5 tempest-BackendsCapabilitiesAdminTestsJSON-171158264 tempest-BackendsCapabilitiesAdminTestsJSON-171158264-project-admin] http://10.222.0.45/volume/v3/daf68d0b1f9441b4a360367c9c46b575/capabilities/hv-cinder-84753@wincnd returned with HTTP 200
Aug 02 10:10:56.316084 dv-cinder-847536-4-smb devstack@c-api.service[111041]: [pid: 111041|app: 0|req: 7/11] 10.222.0.45 () {58 vars in 1298 bytes} [Tue Aug 2 10:10:56 2022] GET /volume/v3/daf68d0b1f9441b4a360367c9c46b575/capabilities/hv-cinder-84753@wincnd => generated 712 bytes in 50 msecs (HTTP/1.1 200) 7 headers in 285 bytes (1 switches on core 0)
Aug 02 10:10:56.353507 dv-cinder-847536-4-smb devstack@c-api.service[111041]: DEBUG cinder.api.middleware.request_id [None req-b8a7cefc-8b7a-49c7-9ba9-dc4248159162 None None] RequestId filter calling following filter/app {{(pid=111041) _context_setter /opt/stack/cinder/cinder/api/middleware/request_id.py:62}}
Aug 02 10:10:56.531450 dv-cinder-847536-4-smb devstack@c-api.service[111040]: INFO cinder.api.openstack.wsgi [None req-35349c43-6d9e-4cd4-91f5-5f71f1a6ed8f tempest-GroupSnapshotsTest-467788278 tempest-GroupSnapshotsTest-467788278-project-admin] POST http://10.222.0.45/volume/v3/d003d9331c1d4cc3b63523a87b43869c/types
Aug 02 10:10:56.532446 dv-cinder-847536-4-smb devstack@c-api.service[111040]: DEBUG cinder.api.openstack.wsgi [None req-35349c43-6d9e-4cd4-91f5-5f71f1a6ed8f tempest-GroupSnapshotsTest-467788278 tempest-GroupSnapshotsTest-467788278-project-admin] Action: 'create', calling method: _create, body: {"volume_type": {"name": "tempest-GroupSnapshotsTest-volume-type-1907298994"}} {{(pid=111040) _process_stack /opt/stack/cinder/cinder/api/openstack/wsgi.py:866}}
Aug 02 10:10:56.582302 dv-cinder-847536-4-smb devstack@c-api.service[111040]: INFO cinder.api.openstack.wsgi [None req-35349c43-6d9e-4cd4-91f5-5f71f1a6ed8f tempest-GroupSnapshotsTest-467788278 tempest-GroupSnapshotsTest-467788278-project-admin] http://10.222.0.45/volume/v3/d003d9331c1d4cc3b63523a87b43869c/types returned with HTTP 200
Aug 02 10:10:56.587821 dv-cinder-847536-4-smb devstack@c-api.service[111040]: [pid: 111040|app: 0|req: 5/12] 10.222.0.45 () {60 vars in 1229 bytes} [Tue Aug 2 10:10:56 2022] POST /volume/v3/d003d9331c1d4cc3b63523a87b43869c/types => generated 224 bytes in 464 msecs (HTTP/1.1 200) 7 headers in 285 bytes (1 switches on core 0)
Aug 02 10:10:56.598596 dv-cinder-847536-4-smb devstack@c-api.service[111040]: DEBUG cinder.api.middleware.request_id [None req-b7b3c285-88d2-4bcf-932e-27a2665dc706 None None] RequestId filter calling following filter/app {{(pid=111040) _context_setter /opt/stack/cinder/cinder/api/middleware/request_id.py:62}}
Aug 02 10:10:56.607615 dv-cinder-847536-4-smb devstack@c-api.service[111040]: INFO cinder.api.openstack.wsgi [None req-b7b3c285-88d2-4bcf-932e-27a2665dc706 tempest-GroupSnapshotsTest-467788278 tempest-GroupSnapshotsTest-467788278-project-admin] POST http://10.222.0.45/volume/v3/d003d9331c1d4cc3b63523a87b43869c/group_types
Aug 02 10:10:56.610337 dv-cinder-847536-4-smb devstack@c-api.service[111040]: DEBUG cinder.api.openstack.wsgi [None req-b7b3c285-88d2-4bcf-932e-27a2665dc706 tempest-GroupSnapshotsTest-467788278 tempest-GroupSnapshotsTest-467788278-project-admin] Action: 'create', calling method: version_select, body: {"group_type": {"name": "tempest-GroupSnapshotsTest-group-type-1150289813"}} {{(pid=111040) _process_stack /opt/stack/cinder/cinder/api/openstack/wsgi.py:866}}
Aug 02 10:10:56.662551 dv-cinder-847536-4-smb devstack@c-api.service[111041]: INFO cinder.api.openstack.wsgi [None req-b8a7cefc-8b7a-49c7-9ba9-dc4248159162 tempest-VolumeQuotaClassesTest-1625059955 tempest-VolumeQuotaClassesTest-1625059955-project-admin] GET http://10.222.0.45/volume/v3/0b0698403e0440abb0f94bd5ce37489c/os-quota-class-sets/default
Aug 02 10:10:56.663009 dv-cinder-847536-4-smb devstack@c-api.service[111041]: DEBUG cinder.api.openstack.wsgi [None req-b8a7cefc-8b7a-49c7-9ba9-dc4248159162 tempest-VolumeQuotaClassesTest-1625059955 tempest-VolumeQuotaClassesTest-1625059955-project-admin] Empty body provided in request {{(pid=111041) get_body /opt/stack/cinder/cinder/api/openstack/wsgi.py:715}}
Aug 02 10:10:56.663492 dv-cinder-847536-4-smb devstack@c-api.service[111041]: DEBUG cinder.api.openstack.wsgi [None req-b8a7cefc-8b7a-49c7-9ba9-dc4248159162 tempest-VolumeQuotaClassesTest-1625059955 tempest-VolumeQuotaClassesTest-1625059955-project-admin] Calling method 'show' {{(pid=111041) _process_stack /opt/stack/cinder/cinder/api/openstack/wsgi.py:868}}
Aug 02 10:10:56.703833 dv-cinder-847536-4-smb devstack@c-api.service[111040]: INFO cinder.api.openstack.wsgi [None req-b7b3c285-88d2-4bcf-932e-27a2665dc706 tempest-GroupSnapshotsTest-467788278 tempest-GroupSnapshotsTest-467788278-project-admin] http://10.222.0.45/volume/v3/d003d9331c1d4cc3b63523a87b43869c/group_types returned with HTTP 202
Aug 02 10:10:56.707424 dv-cinder-847536-4-smb devstack@c-api.service[111040]: [pid: 111040|app: 0|req: 6/13] 10.222.0.45 () {62 vars in 1288 bytes} [Tue Aug 2 10:10:56 2022] POST /volume/v3/d003d9331c1d4cc3b63523a87b43869c/group_types => generated 181 bytes in 111 msecs (HTTP/1.1 202) 7 headers in 292 bytes (1 switches on core 0)
Aug 02 10:10:56.713722 dv-cinder-847536-4-smb devstack@c-api.service[111040]: DEBUG cinder.api.middleware.request_id [None req-3e975581-4b50-43a7-92af-411b484becd6 None None] RequestId filter calling following filter/app {{(pid=111040) _context_setter /opt/stack/cinder/cinder/api/middleware/request_id.py:62}}
Aug 02 10:10:56.746983 dv-cinder-847536-4-smb devstack@c-api.service[111041]: INFO cinder.api.openstack.wsgi [None req-b8a7cefc-8b7a-49c7-9ba9-dc4248159162 tempest-VolumeQuotaClassesTest-1625059955 tempest-VolumeQuotaClassesTest-1625059955-project-admin] http://10.222.0.45/volume/v3/0b0698403e0440abb0f94bd5ce37489c/os-quota-class-sets/default returned with HTTP 200
Aug 02 10:10:56.748362 dv-cinder-847536-4-smb devstack@c-api.service[111041]: [pid: 111041|app: 0|req: 8/14] 10.222.0.45 () {58 vars in 1274 bytes} [Tue Aug 2 10:10:56 2022] GET /volume/v3/0b0698403e0440abb0f94bd5ce37489c/os-quota-class-sets/default => generated 541 bytes in 396 msecs (HTTP/1.1 200) 7 headers in 285 bytes (1 switches on core 0)
Aug 02 10:10:56.763776 dv-cinder-847536-4-smb devstack@c-api.service[111041]: DEBUG cinder.api.middleware.request_id [None req-9e5a78b1-3310-4e4b-8f05-3b22790221ad None None] RequestId filter calling following filter/app {{(pid=111041) _context_setter /opt/stack/cinder/cinder/api/middleware/request_id.py:62}}
Aug 02 10:10:56.769647 dv-cinder-847536-4-smb devstack@c-api.service[111041]: INFO cinder.api.openstack.wsgi [None req-9e5a78b1-3310-4e4b-8f05-3b22790221ad tempest-VolumeQuotaClassesTest-1625059955 tempest-VolumeQuotaClassesTest-1625059955-project-admin] GET http://10.222.0.45/volume/v3/0b0698403e0440abb0f94bd5ce37489c/os-quota-class-sets/default
Aug 02 10:10:56.770189 dv-cinder-847536-4-smb devstack@c-api.service[111041]: DEBUG cinder.api.openstack.wsgi [None req-9e5a78b1-3310-4e4b-8f05-3b22790221ad tempest-VolumeQuotaClassesTest-1625059955 tempest-VolumeQuotaClassesTest-1625059955-project-admin] Empty body provided in request {{(pid=111041) get_body /opt/stack/cinder/cinder/api/openstack/wsgi.py:715}}
Aug 02 10:10:56.770730 dv-cinder-847536-4-smb devstack@c-api.service[111041]: DEBUG cinder.api.openstack.wsgi [None req-9e5a78b1-3310-4e4b-8f05-3b22790221ad tempest-VolumeQuotaClassesTest-1625059955 tempest-VolumeQuotaClassesTest-1625059955-project-admin] Calling method 'show' {{(pid=111041) _process_stack /opt/stack/cinder/cinder/api/openstack/wsgi.py:868}}
Aug 02 10:10:56.833143 dv-cinder-847536-4-smb devstack@c-api.service[111041]: INFO cinder.api.openstack.wsgi [None req-9e5a78b1-3310-4e4b-8f05-3b22790221ad tempest-VolumeQuotaClassesTest-1625059955 tempest-VolumeQuotaClassesTest-1625059955-project-admin] http://10.222.0.45/volume/v3/0b0698403e0440abb0f94bd5ce37489c/os-quota-class-sets/default returned with HTTP 200
Aug 02 10:10:56.835018 dv-cinder-847536-4-smb devstack@c-api.service[111041]: [pid: 111041|app: 0|req: 9/15] 10.222.0.45 () {58 vars in 1274 bytes} [Tue Aug 2 10:10:56 2022] GET /volume/v3/0b0698403e0440abb0f94bd5ce37489c/os-quota-class-sets/default => generated 541 bytes in 73 msecs (HTTP/1.1 200) 7 headers in 285 bytes (2 switches on core 0)
Aug 02 10:10:56.844691 dv-cinder-847536-4-smb devstack@c-api.service[111041]: DEBUG cinder.api.middleware.request_id [None req-a04f0717-8e91-446b-ad08-9655f9c5107c None None] RequestId filter calling following filter/app {{(pid=111041) _context_setter /opt/stack/cinder/cinder/api/middleware/request_id.py:62}}
Aug 02 10:10:56.854994 dv-cinder-847536-4-smb devstack@c-api.service[111041]: INFO cinder.api.openstack.wsgi [None req-a04f0717-8e91-446b-ad08-9655f9c5107c tempest-VolumeQuotaClassesTest-1625059955 tempest-VolumeQuotaClassesTest-1625059955-project-admin] POST http://10.222.0.45/volume/v3/0b0698403e0440abb0f94bd5ce37489c/types
Aug 02 10:10:56.856464 dv-cinder-847536-4-smb devstack@c-api.service[111041]: DEBUG cinder.api.openstack.wsgi [None req-a04f0717-8e91-446b-ad08-9655f9c5107c tempest-VolumeQuotaClassesTest-1625059955 tempest-VolumeQuotaClassesTest-1625059955-project-admin] Action: 'create', calling method: _create, body: {"volume_type": {"name": "tempest-VolumeQuotaClassesTest-volume-type-1925225767"}} {{(pid=111041) _process_stack /opt/stack/cinder/cinder/api/openstack/wsgi.py:866}}
Aug 02 10:10:56.953655 dv-cinder-847536-4-smb devstack@c-api.service[111041]: INFO cinder.api.openstack.wsgi [None req-a04f0717-8e91-446b-ad08-9655f9c5107c tempest-VolumeQuotaClassesTest-1625059955 tempest-VolumeQuotaClassesTest-1625059955-project-admin] http://10.222.0.45/volume/v3/0b0698403e0440abb0f94bd5ce37489c/types returned with HTTP 200
Aug 02 10:10:56.956853 dv-cinder-847536-4-smb devstack@c-api.service[111041]: [pid: 111041|app: 0|req: 10/16] 10.222.0.45 () {60 vars in 1229 bytes} [Tue Aug 2 10:10:56 2022] POST /volume/v3/0b0698403e0440abb0f94bd5ce37489c/types => generated 228 bytes in 116 msecs (HTTP/1.1 200) 7 headers in 285 bytes (2 switches on core 0)
Aug 02 10:10:56.965015 dv-cinder-847536-4-smb devstack@c-api.service[111041]: DEBUG cinder.api.middleware.request_id [None req-fd8bb065-a968-4cd3-b8b7-49a3eb4be853 None None] RequestId filter calling following filter/app {{(pid=111041) _context_setter /opt/stack/cinder/cinder/api/middleware/request_id.py:62}}
Aug 02 10:10:56.976920 dv-cinder-847536-4-smb devstack@c-api.service[111041]: INFO cinder.api.openstack.wsgi [None req-fd8bb065-a968-4cd3-b8b7-49a3eb4be853 tempest-VolumeQuotaClassesTest-1625059955 tempest-VolumeQuotaClassesTest-1625059955-project-admin] PUT http://10.222.0.45/volume/v3/0b0698403e0440abb0f94bd5ce37489c/os-quota-class-sets/default
Aug 02 10:10:56.981895 dv-cinder-847536-4-smb devstack@c-api.service[111041]: DEBUG cinder.api.openstack.wsgi [None req-fd8bb065-a968-4cd3-b8b7-49a3eb4be853 tempest-VolumeQuotaClassesTest-1625059955 tempest-VolumeQuotaClassesTest-1625059955-project-admin] Action: 'update', calling method: update, body: {"quota_class_set": {"volumes": 11, "per_volume_gigabytes": -1, "snapshots": 11, "gigabytes": 1001, "backups": 11, "backup_gigabytes": 1001, "volumes_tempest-VolumeQuotaClassesTest-volume-type-1925225767": 2, "snapshots_tempest-VolumeQuotaClassesTest-volume-type-1925225767": 4, "gigabytes_tempest-VolumeQuotaClassesTest-volume-type-1925225767": 1}} {{(pid=111041) _process_stack /opt/stack/cinder/cinder/api/openstack/wsgi.py:866}}
Aug 02 10:10:56.992792 dv-cinder-847536-4-smb devstack@c-api.service[111040]: INFO cinder.api.openstack.wsgi [None req-3e975581-4b50-43a7-92af-411b484becd6 tempest-GroupSnapshotsTest-779490982 tempest-GroupSnapshotsTest-779490982-project] POST http://10.222.0.45/volume/v3/2ccfa688d25f4aef8b27055e408a7c54/groups
Aug 02 10:10:56.993645 dv-cinder-847536-4-smb devstack@c-api.service[111040]: DEBUG cinder.api.openstack.wsgi [None req-3e975581-4b50-43a7-92af-411b484becd6 tempest-GroupSnapshotsTest-779490982 tempest-GroupSnapshotsTest-779490982-project] Action: 'create', calling method: version_select, body: {"group": {"group_type": "ba38ebbe-ca7e-4b1f-979e-73cad65bc28a", "volume_types": ["288f4469-2a97-411b-9d43-29be4e6265e8"], "name": "tempest-GroupSnapshotsTest-Group-1826149747"}} {{(pid=111040) _process_stack /opt/stack/cinder/cinder/api/openstack/wsgi.py:866}}
Aug 02 10:10:56.996165 dv-cinder-847536-4-smb devstack@c-api.service[111040]: DEBUG cinder.api.v3.groups [None req-3e975581-4b50-43a7-92af-411b484becd6 tempest-GroupSnapshotsTest-779490982 tempest-GroupSnapshotsTest-779490982-project] Creating new group {'group': {'group_type': 'ba38ebbe-ca7e-4b1f-979e-73cad65bc28a', 'volume_types': ['288f4469-2a97-411b-9d43-29be4e6265e8'], 'name': 'tempest-GroupSnapshotsTest-Group-1826149747'}} {{(pid=111040) create /opt/stack/cinder/cinder/api/v3/groups.py:190}}
Aug 02 10:10:57.008206 dv-cinder-847536-4-smb devstack@c-api.service[111040]: INFO cinder.api.v3.groups [None req-3e975581-4b50-43a7-92af-411b484becd6 tempest-GroupSnapshotsTest-779490982 tempest-GroupSnapshotsTest-779490982-project] Creating group tempest-GroupSnapshotsTest-Group-1826149747.
Aug 02 10:10:57.083177 dv-cinder-847536-4-smb devstack@c-api.service[111040]: DEBUG cinder.volume.api [None req-3e975581-4b50-43a7-92af-411b484becd6 tempest-GroupSnapshotsTest-779490982 tempest-GroupSnapshotsTest-779490982-project] Availability zone cache updated, next update will occur around 2022-08-02 11:10:57.082329. {{(pid=111040) list_availability_zones /opt/stack/cinder/cinder/volume/api.py:153}}
Aug 02 10:10:57.086042 dv-cinder-847536-4-smb devstack@c-api.service[111040]: INFO cinder.volume.api [None req-3e975581-4b50-43a7-92af-411b484becd6 tempest-GroupSnapshotsTest-779490982 tempest-GroupSnapshotsTest-779490982-project] Availability Zones retrieved successfully.
Aug 02 10:10:57.182468 dv-cinder-847536-4-smb devstack@c-api.service[111040]: DEBUG cinder.quota [None req-3e975581-4b50-43a7-92af-411b484becd6 tempest-GroupSnapshotsTest-779490982 tempest-GroupSnapshotsTest-779490982-project] Created reservations ['041e1394-d37f-4be3-81cf-43f856379874'] {{(pid=111040) reserve /opt/stack/cinder/cinder/quota.py:755}}
Aug 02 10:10:57.326211 dv-cinder-847536-4-smb devstack@c-api.service[111040]: INFO cinder.api.openstack.wsgi [None req-3e975581-4b50-43a7-92af-411b484becd6 tempest-GroupSnapshotsTest-779490982 tempest-GroupSnapshotsTest-779490982-project] http://10.222.0.45/volume/v3/2ccfa688d25f4aef8b27055e408a7c54/groups returned with HTTP 202
Aug 02 10:10:57.334902 dv-cinder-847536-4-smb devstack@c-api.service[111041]: INFO cinder.api.openstack.wsgi [None req-fd8bb065-a968-4cd3-b8b7-49a3eb4be853 tempest-VolumeQuotaClassesTest-1625059955 tempest-VolumeQuotaClassesTest-1625059955-project-admin] http://10.222.0.45/volume/v3/0b0698403e0440abb0f94bd5ce37489c/os-quota-class-sets/default returned with HTTP 200
Aug 02 10:10:57.336089 dv-cinder-847536-4-smb devstack@c-api.service[111040]: [pid: 111040|app: 0|req: 7/17] 10.222.0.45 () {62 vars in 1274 bytes} [Tue Aug 2 10:10:56 2022] POST /volume/v3/2ccfa688d25f4aef8b27055e408a7c54/groups => generated 112 bytes in 622 msecs (HTTP/1.1 202) 7 headers in 292 bytes (1 switches on core 0)
Aug 02 10:10:57.345398 dv-cinder-847536-4-smb devstack@c-api.service[111041]: [pid: 111041|app: 0|req: 11/18] 10.222.0.45 () {60 vars in 1295 bytes} [Tue Aug 2 10:10:56 2022] PUT /volume/v3/0b0698403e0440abb0f94bd5ce37489c/os-quota-class-sets/default => generated 732 bytes in 373 msecs (HTTP/1.1 200) 7 headers in 285 bytes (1 switches on core 0)
Aug 02 10:10:57.345398 dv-cinder-847536-4-smb devstack@c-api.service[111041]: DEBUG cinder.api.middleware.request_id [None req-133de7dc-c65a-4d40-bf7f-c717d1699b32 None None] RequestId filter calling following filter/app {{(pid=111041) _context_setter /opt/stack/cinder/cinder/api/middleware/request_id.py:62}}
Aug 02 10:10:57.348406 dv-cinder-847536-4-smb devstack@c-api.service[111040]: DEBUG cinder.api.middleware.request_id [None req-fdc4467f-5d3f-4ee0-aeb9-ab5fe7236c42 None None] RequestId filter calling following filter/app {{(pid=111040) _context_setter /opt/stack/cinder/cinder/api/middleware/request_id.py:62}}
Aug 02 10:10:57.352327 dv-cinder-847536-4-smb devstack@c-api.service[111041]: INFO cinder.api.openstack.wsgi [None req-133de7dc-c65a-4d40-bf7f-c717d1699b32 tempest-VolumeQuotaClassesTest-1625059955 tempest-VolumeQuotaClassesTest-1625059955-project-admin] GET http://10.222.0.45/volume/v3/0b0698403e0440abb0f94bd5ce37489c/os-quota-sets/0b0698403e0440abb0f94bd5ce37489c/defaults
Aug 02 10:10:57.353153 dv-cinder-847536-4-smb devstack@c-api.service[111041]: DEBUG cinder.api.openstack.wsgi [None req-133de7dc-c65a-4d40-bf7f-c717d1699b32 tempest-VolumeQuotaClassesTest-1625059955 tempest-VolumeQuotaClassesTest-1625059955-project-admin] Empty body provided in request {{(pid=111041) get_body /opt/stack/cinder/cinder/api/openstack/wsgi.py:715}}
Aug 02 10:10:57.353842 dv-cinder-847536-4-smb devstack@c-api.service[111041]: DEBUG cinder.api.openstack.wsgi [None req-133de7dc-c65a-4d40-bf7f-c717d1699b32 tempest-VolumeQuotaClassesTest-1625059955 tempest-VolumeQuotaClassesTest-1625059955-project-admin] Calling method 'defaults' {{(pid=111041) _process_stack /opt/stack/cinder/cinder/api/openstack/wsgi.py:868}}
Aug 02 10:10:57.358480 dv-cinder-847536-4-smb devstack@c-api.service[111040]: INFO cinder.api.openstack.wsgi [None req-fdc4467f-5d3f-4ee0-aeb9-ab5fe7236c42 tempest-GroupSnapshotsTest-779490982 tempest-GroupSnapshotsTest-779490982-project] GET http://10.222.0.45/volume/v3/2ccfa688d25f4aef8b27055e408a7c54/groups/21430d2f-5456-4d20-b813-bc295e2fd01d
Aug 02 10:10:57.359872 dv-cinder-847536-4-smb devstack@c-api.service[111040]: DEBUG cinder.api.openstack.wsgi [None req-fdc4467f-5d3f-4ee0-aeb9-ab5fe7236c42 tempest-GroupSnapshotsTest-779490982 tempest-GroupSnapshotsTest-779490982-project] Empty body provided in request {{(pid=111040) get_body /opt/stack/cinder/cinder/api/openstack/wsgi.py:715}}
Aug 02 10:10:57.360629 dv-cinder-847536-4-smb devstack@c-api.service[111040]: DEBUG cinder.api.openstack.wsgi [None req-fdc4467f-5d3f-4ee0-aeb9-ab5fe7236c42 tempest-GroupSnapshotsTest-779490982 tempest-GroupSnapshotsTest-779490982-project] Calling method 'version_select' {{(pid=111040) _process_stack /opt/stack/cinder/cinder/api/openstack/wsgi.py:868}}
Aug 02 10:10:57.361156 dv-cinder-847536-4-smb devstack@c-api.service[111040]: DEBUG cinder.api.v3.groups [None req-fdc4467f-5d3f-4ee0-aeb9-ab5fe7236c42 tempest-GroupSnapshotsTest-779490982 tempest-GroupSnapshotsTest-779490982-project] show called for member 21430d2f-5456-4d20-b813-bc295e2fd01d {{(pid=111040) show /opt/stack/cinder/cinder/api/v3/groups.py:58}}
Aug 02 10:10:57.371045 dv-cinder-847536-4-smb devstack@c-api.service[111040]: /usr/local/lib/python3.8/dist-packages/oslo_context/context.py:100: DeprecationWarning: Policy enforcement is depending on the value of is_admin. This key is deprecated. Please update your policy file to use the standard policy values.
Aug 02 10:10:57.371045 dv-cinder-847536-4-smb devstack@c-api.service[111040]: warnings.warn('Policy enforcement is depending on the value of '
Aug 02 10:10:57.383369 dv-cinder-847536-4-smb devstack@c-api.service[111041]: WARNING cinder.quota [None req-133de7dc-c65a-4d40-bf7f-c717d1699b32 tempest-VolumeQuotaClassesTest-1625059955 tempest-VolumeQuotaClassesTest-1625059955-project-admin] Deprecated: Default quota for resource: volumes_tempest-GroupSnapshotsTest-volume-type-1907298994 is set by the default quota flag: quota_volumes_tempest-GroupSnapshotsTest-volume-type-1907298994, it is now deprecated. Please use the default quota class for default quota.
Aug 02 10:10:57.384435 dv-cinder-847536-4-smb devstack@c-api.service[111041]: WARNING cinder.quota [None req-133de7dc-c65a-4d40-bf7f-c717d1699b32 tempest-VolumeQuotaClassesTest-1625059955 tempest-VolumeQuotaClassesTest-1625059955-project-admin] Deprecated: Default quota for resource: gigabytes_tempest-GroupSnapshotsTest-volume-type-1907298994 is set by the default quota flag: quota_gigabytes_tempest-GroupSnapshotsTest-volume-type-1907298994, it is now deprecated. Please use the default quota class for default quota.
Aug 02 10:10:57.388642 dv-cinder-847536-4-smb devstack@c-api.service[111041]: WARNING cinder.quota [None req-133de7dc-c65a-4d40-bf7f-c717d1699b32 tempest-VolumeQuotaClassesTest-1625059955 tempest-VolumeQuotaClassesTest-1625059955-project-admin] Deprecated: Default quota for resource: snapshots_tempest-GroupSnapshotsTest-volume-type-1907298994 is set by the default quota flag: quota_snapshots_tempest-GroupSnapshotsTest-volume-type-1907298994, it is now deprecated. Please use the default quota class for default quota.
Aug 02 10:10:57.390321 dv-cinder-847536-4-smb devstack@c-api.service[111041]: WARNING cinder.quota [None req-133de7dc-c65a-4d40-bf7f-c717d1699b32 tempest-VolumeQuotaClassesTest-1625059955 tempest-VolumeQuotaClassesTest-1625059955-project-admin] Deprecated: Default quota for resource: volumes_lvmdriver-1 is set by the default quota flag: quota_volumes_lvmdriver-1, it is now deprecated. Please use the default quota class for default quota.
Aug 02 10:10:57.393090 dv-cinder-847536-4-smb devstack@c-api.service[111041]: WARNING cinder.quota [None req-133de7dc-c65a-4d40-bf7f-c717d1699b32 tempest-VolumeQuotaClassesTest-1625059955 tempest-VolumeQuotaClassesTest-1625059955-project-admin] Deprecated: Default quota for resource: gigabytes_lvmdriver-1 is set by the default quota flag: quota_gigabytes_lvmdriver-1, it is now deprecated. Please use the default quota class for default quota.
Aug 02 10:10:57.395772 dv-cinder-847536-4-smb devstack@c-api.service[111041]: WARNING cinder.quota [None req-133de7dc-c65a-4d40-bf7f-c717d1699b32 tempest-VolumeQuotaClassesTest-1625059955 tempest-VolumeQuotaClassesTest-1625059955-project-admin] Deprecated: Default quota for resource: snapshots_lvmdriver-1 is set by the default quota flag: quota_snapshots_lvmdriver-1, it is now deprecated. Please use the default quota class for default quota.
Aug 02 10:10:57.396793 dv-cinder-847536-4-smb devstack@c-api.service[111041]: WARNING cinder.quota [None req-133de7dc-c65a-4d40-bf7f-c717d1699b32 tempest-VolumeQuotaClassesTest-1625059955 tempest-VolumeQuotaClassesTest-1625059955-project-admin] Deprecated: Default quota for resource: volumes___DEFAULT__ is set by the default quota flag: quota_volumes___DEFAULT__, it is now deprecated. Please use the default quota class for default quota.
Aug 02 10:10:57.400613 dv-cinder-847536-4-smb devstack@c-api.service[111041]: WARNING cinder.quota [None req-133de7dc-c65a-4d40-bf7f-c717d1699b32 tempest-VolumeQuotaClassesTest-1625059955 tempest-VolumeQuotaClassesTest-1625059955-project-admin] Deprecated: Default quota for resource: gigabytes___DEFAULT__ is set by the default quota flag: quota_gigabytes___DEFAULT__, it is now deprecated. Please use the default quota class for default quota.
Aug 02 10:10:57.401777 dv-cinder-847536-4-smb devstack@c-api.service[111041]: WARNING cinder.quota [None req-133de7dc-c65a-4d40-bf7f-c717d1699b32 tempest-VolumeQuotaClassesTest-1625059955 tempest-VolumeQuotaClassesTest-1625059955-project-admin] Deprecated: Default quota for resource: snapshots___DEFAULT__ is set by the default quota flag: quota_snapshots___DEFAULT__, it is now deprecated. Please use the default quota class for default quota.
Aug 02 10:10:57.427542 dv-cinder-847536-4-smb devstack@c-api.service[111041]: INFO cinder.api.openstack.wsgi [None req-133de7dc-c65a-4d40-bf7f-c717d1699b32 tempest-VolumeQuotaClassesTest-1625059955 tempest-VolumeQuotaClassesTest-1625059955-project-admin] http://10.222.0.45/volume/v3/0b0698403e0440abb0f94bd5ce37489c/os-quota-sets/0b0698403e0440abb0f94bd5ce37489c/defaults returned with HTTP 200
Aug 02 10:10:57.430201 dv-cinder-847536-4-smb devstack@c-api.service[111041]: [pid: 111041|app: 0|req: 12/19] 10.222.0.45 () {58 vars in 1358 bytes} [Tue Aug 2 10:10:57 2022] GET /volume/v3/0b0698403e0440abb0f94bd5ce37489c/os-quota-sets/0b0698403e0440abb0f94bd5ce37489c/defaults => generated 768 bytes in 86 msecs (HTTP/1.1 200) 7 headers in 285 bytes (2 switches on core 0)
Aug 02 10:10:57.445757 dv-cinder-847536-4-smb devstack@c-api.service[111040]: INFO cinder.api.openstack.wsgi [None req-fdc4467f-5d3f-4ee0-aeb9-ab5fe7236c42 tempest-GroupSnapshotsTest-779490982 tempest-GroupSnapshotsTest-779490982-project] http://10.222.0.45/volume/v3/2ccfa688d25f4aef8b27055e408a7c54/groups/21430d2f-5456-4d20-b813-bc295e2fd01d returned with HTTP 200
Aug 02 10:10:57.453970 dv-cinder-847536-4-smb devstack@c-api.service[111040]: [pid: 111040|app: 0|req: 8/20] 10.222.0.45 () {60 vars in 1363 bytes} [Tue Aug 2 10:10:57 2022] GET /volume/v3/2ccfa688d25f4aef8b27055e408a7c54/groups/21430d2f-5456-4d20-b813-bc295e2fd01d => generated 392 bytes in 117 msecs (HTTP/1.1 200) 7 headers in 286 bytes (1 switches on core 0)
Aug 02 10:10:57.871808 dv-cinder-847536-4-smb devstack@c-api.service[111041]: DEBUG cinder.api.middleware.request_id [None req-1c83ad38-3e02-4fe9-a345-ac158f994b4b None None] RequestId filter calling following filter/app {{(pid=111041) _context_setter /opt/stack/cinder/cinder/api/middleware/request_id.py:62}}
Aug 02 10:10:57.879892 dv-cinder-847536-4-smb devstack@c-api.service[111041]: INFO cinder.api.openstack.wsgi [None req-1c83ad38-3e02-4fe9-a345-ac158f994b4b tempest-VolumeQuotaClassesTest-1625059955 tempest-VolumeQuotaClassesTest-1625059955-project-admin] GET http://10.222.0.45/volume/v3/0b0698403e0440abb0f94bd5ce37489c/os-quota-sets/cc2a9c3cf3954575bdb8f1d37a9213af/defaults
Aug 02 10:10:57.881382 dv-cinder-847536-4-smb devstack@c-api.service[111041]: DEBUG cinder.api.openstack.wsgi [None req-1c83ad38-3e02-4fe9-a345-ac158f994b4b tempest-VolumeQuotaClassesTest-1625059955 tempest-VolumeQuotaClassesTest-1625059955-project-admin] Empty body provided in request {{(pid=111041) get_body /opt/stack/cinder/cinder/api/openstack/wsgi.py:715}}
Aug 02 10:10:57.882266 dv-cinder-847536-4-smb devstack@c-api.service[111041]: DEBUG cinder.api.openstack.wsgi [None req-1c83ad38-3e02-4fe9-a345-ac158f994b4b tempest-VolumeQuotaClassesTest-1625059955 tempest-VolumeQuotaClassesTest-1625059955-project-admin] Calling method 'defaults' {{(pid=111041) _process_stack /opt/stack/cinder/cinder/api/openstack/wsgi.py:868}}
Aug 02 10:10:57.905330 dv-cinder-847536-4-smb devstack@c-api.service[111041]: DEBUG dbcounter [-] [111041] Writing DB stats cinder:SELECT=91,cinder:INSERT=6,cinder:UPDATE=3 {{(pid=111041) stat_writer /usr/local/lib/python3.8/dist-packages/dbcounter.py:114}}
Aug 02 10:10:57.911445 dv-cinder-847536-4-smb devstack@c-api.service[111041]: INFO cinder.api.openstack.wsgi [None req-1c83ad38-3e02-4fe9-a345-ac158f994b4b tempest-VolumeQuotaClassesTest-1625059955 tempest-VolumeQuotaClassesTest-1625059955-project-admin] http://10.222.0.45/volume/v3/0b0698403e0440abb0f94bd5ce37489c/os-quota-sets/cc2a9c3cf3954575bdb8f1d37a9213af/defaults returned with HTTP 200
Aug 02 10:10:57.931380 dv-cinder-847536-4-smb devstack@c-api.service[111041]: [pid: 111041|app: 0|req: 13/21] 10.222.0.45 () {58 vars in 1358 bytes} [Tue Aug 2 10:10:57 2022] GET /volume/v3/0b0698403e0440abb0f94bd5ce37489c/os-quota-sets/cc2a9c3cf3954575bdb8f1d37a9213af/defaults => generated 768 bytes in 56 msecs (HTTP/1.1 200) 7 headers in 285 bytes (1 switches on core 0)
Aug 02 10:10:58.146499 dv-cinder-847536-4-smb devstack@c-api.service[111040]: DEBUG cinder.api.middleware.request_id [None req-e06612aa-9a6e-42ac-aa9c-30406158f323 None None] RequestId filter calling following filter/app {{(pid=111040) _context_setter /opt/stack/cinder/cinder/api/middleware/request_id.py:62}}
Aug 02 10:10:58.152465 dv-cinder-847536-4-smb devstack@c-api.service[111040]: INFO cinder.api.openstack.wsgi [None req-e06612aa-9a6e-42ac-aa9c-30406158f323 tempest-VolumeQuotaClassesTest-1625059955 tempest-VolumeQuotaClassesTest-1625059955-project-admin] PUT http://10.222.0.45/volume/v3/0b0698403e0440abb0f94bd5ce37489c/os-quota-class-sets/default
Aug 02 10:10:58.153184 dv-cinder-847536-4-smb devstack@c-api.service[111040]: DEBUG cinder.api.openstack.wsgi [None req-e06612aa-9a6e-42ac-aa9c-30406158f323 tempest-VolumeQuotaClassesTest-1625059955 tempest-VolumeQuotaClassesTest-1625059955-project-admin] Action: 'update', calling method: update, body: {"quota_class_set": {"volumes": 10, "per_volume_gigabytes": -1, "snapshots": 10, "gigabytes": 1000, "backups": 10, "backup_gigabytes": 1000}} {{(pid=111040) _process_stack /opt/stack/cinder/cinder/api/openstack/wsgi.py:866}}
Aug 02 10:10:58.208003 dv-cinder-847536-4-smb devstack@c-api.service[111040]: /usr/local/lib/python3.8/dist-packages/oslo_context/context.py:100: DeprecationWarning: Policy enforcement is depending on the value of is_admin. This key is deprecated. Please update your policy file to use the standard policy values.
Aug 02 10:10:58.208003 dv-cinder-847536-4-smb devstack@c-api.service[111040]: warnings.warn('Policy enforcement is depending on the value of '
Aug 02 10:10:58.315955 dv-cinder-847536-4-smb devstack@c-api.service[111040]: INFO cinder.api.openstack.wsgi [None req-e06612aa-9a6e-42ac-aa9c-30406158f323 tempest-VolumeQuotaClassesTest-1625059955 tempest-VolumeQuotaClassesTest-1625059955-project-admin] http://10.222.0.45/volume/v3/0b0698403e0440abb0f94bd5ce37489c/os-quota-class-sets/default returned with HTTP 200
Aug 02 10:10:58.317670 dv-cinder-847536-4-smb devstack@c-api.service[111040]: [pid: 111040|app: 0|req: 9/22] 10.222.0.45 () {60 vars in 1295 bytes} [Tue Aug 2 10:10:58 2022] PUT /volume/v3/0b0698403e0440abb0f94bd5ce37489c/os-quota-class-sets/default => generated 732 bytes in 172 msecs (HTTP/1.1 200) 7 headers in 285 bytes (1 switches on core 0)
Aug 02 10:10:58.330461 dv-cinder-847536-4-smb devstack@c-api.service[111041]: DEBUG cinder.api.middleware.request_id [None req-a8e3aaee-ca4b-4530-b825-188c027d9111 None None] RequestId filter calling following filter/app {{(pid=111041) _context_setter /opt/stack/cinder/cinder/api/middleware/request_id.py:62}}
Aug 02 10:10:58.335610 dv-cinder-847536-4-smb devstack@c-api.service[111041]: INFO cinder.api.openstack.wsgi [None req-a8e3aaee-ca4b-4530-b825-188c027d9111 tempest-VolumeQuotaClassesTest-1625059955 tempest-VolumeQuotaClassesTest-1625059955-project-admin] DELETE http://10.222.0.45/volume/v3/0b0698403e0440abb0f94bd5ce37489c/types/56d77623-5c20-450a-889e-930dc5a17a84
Aug 02 10:10:58.336916 dv-cinder-847536-4-smb devstack@c-api.service[111041]: DEBUG cinder.api.openstack.wsgi [None req-a8e3aaee-ca4b-4530-b825-188c027d9111 tempest-VolumeQuotaClassesTest-1625059955 tempest-VolumeQuotaClassesTest-1625059955-project-admin] Empty body provided in request {{(pid=111041) get_body /opt/stack/cinder/cinder/api/openstack/wsgi.py:715}}
Aug 02 10:10:58.337639 dv-cinder-847536-4-smb devstack@c-api.service[111041]: DEBUG cinder.api.openstack.wsgi [None req-a8e3aaee-ca4b-4530-b825-188c027d9111 tempest-VolumeQuotaClassesTest-1625059955 tempest-VolumeQuotaClassesTest-1625059955-project-admin] Calling method '_delete' {{(pid=111041) _process_stack /opt/stack/cinder/cinder/api/openstack/wsgi.py:868}}
