Aug 02 10:01:04.629454 dv-cinder-847536-4-iscsi devstack@keystone.service[80466]: DEBUG keystone.server.flask.request_processing.req_logging [None req-d5aec2fe-9fea-4c83-a75e-d3aeee748402 None admin] PATH_INFO: `/v3/auth/tokens` {{(pid=80466) log_request_info /opt/stack/keystone/keystone/server/flask/request_processing/req_logging.py:29}}
Aug 02 10:01:04.640024 dv-cinder-847536-4-iscsi devstack@keystone.service[80467]: DEBUG keystone.server.flask.request_processing.middleware.auth_context [None req-27eaae1d-4c6b-4f99-8707-3f371e5b55a1 None admin] RBAC: auth_context: {'token': , 'domain_id': None, 'trust_id': None, 'trustor_id': None, 'trustee_id': None, 'domain_name': None, 'group_ids': [], 'user_id': 'f7156356453b494e8893e4adc4a9ad81', 'user_domain_id': 'default', 'system_scope': 'all', 'project_id': None, 'project_domain_id': None, 'roles': ['admin', 'member', 'reader'], 'is_admin_project': True, 'service_user_id': None, 'service_user_domain_id': None, 'service_project_id': None, 'service_project_domain_id': None, 'service_roles': []} {{(pid=80467) fill_context /opt/stack/keystone/keystone/server/flask/request_processing/middleware/auth_context.py:478}}
Aug 02 10:01:04.640693 dv-cinder-847536-4-iscsi devstack@keystone.service[80467]: DEBUG keystone.server.flask.request_processing.req_logging [None req-27eaae1d-4c6b-4f99-8707-3f371e5b55a1 None admin] REQUEST_METHOD: `GET` {{(pid=80467) log_request_info /opt/stack/keystone/keystone/server/flask/request_processing/req_logging.py:27}}
Aug 02 10:01:04.641085 dv-cinder-847536-4-iscsi devstack@keystone.service[80467]: DEBUG keystone.server.flask.request_processing.req_logging [None req-27eaae1d-4c6b-4f99-8707-3f371e5b55a1 None admin] SCRIPT_NAME: `/identity` {{(pid=80467) log_request_info /opt/stack/keystone/keystone/server/flask/request_processing/req_logging.py:28}}
Aug 02 10:01:04.641368 dv-cinder-847536-4-iscsi devstack@keystone.service[80467]: DEBUG keystone.server.flask.request_processing.req_logging [None req-27eaae1d-4c6b-4f99-8707-3f371e5b55a1 None admin] PATH_INFO: `/v3/roles/admin` {{(pid=80467) log_request_info /opt/stack/keystone/keystone/server/flask/request_processing/req_logging.py:29}}
Aug 02 10:01:04.654292 dv-cinder-847536-4-iscsi devstack@keystone.service[80467]: DEBUG keystone.common.rbac_enforcer.enforcer [None req-27eaae1d-4c6b-4f99-8707-3f371e5b55a1 None admin] Extracting inferred target data resulted in "NOT FOUND (404)". {{(pid=80467) enforce_call /opt/stack/keystone/keystone/common/rbac_enforcer/enforcer.py:409}}
Aug 02 10:01:04.661038 dv-cinder-847536-4-iscsi devstack@keystone.service[80467]: ERROR keystone.server.flask.application [None req-27eaae1d-4c6b-4f99-8707-3f371e5b55a1 None admin] Could not find role: admin.: keystone.exception.RoleNotFound: Could not find role: admin.
Aug 02 10:01:04.661038 dv-cinder-847536-4-iscsi devstack@keystone.service[80467]: ERROR keystone.server.flask.application
Traceback (most recent call last):
Aug 02 10:01:04.661038 dv-cinder-847536-4-iscsi devstack@keystone.service[80467]: ERROR keystone.server.flask.application
File "/usr/local/lib/python3.8/dist-packages/flask/app.py", line 1517, in full_dispatch_request
Aug 02 10:01:04.661038 dv-cinder-847536-4-iscsi devstack@keystone.service[80467]: ERROR keystone.server.flask.application rv = self.dispatch_request()
Aug 02 10:01:04.661038 dv-cinder-847536-4-iscsi devstack@keystone.service[80467]: ERROR keystone.server.flask.application
File "/usr/local/lib/python3.8/dist-packages/flask/app.py", line 1503, in dispatch_request
Aug 02 10:01:04.661038 dv-cinder-847536-4-iscsi devstack@keystone.service[80467]: ERROR keystone.server.flask.application return self.ensure_sync(self.view_functions[rule.endpoint])(**req.view_args)
Aug 02 10:01:04.661038 dv-cinder-847536-4-iscsi devstack@keystone.service[80467]: ERROR keystone.server.flask.application
File "/usr/local/lib/python3.8/dist-packages/flask_restful/__init__.py", line 467, in wrapper
Aug 02 10:01:04.661038 dv-cinder-847536-4-iscsi devstack@keystone.service[80467]: ERROR keystone.server.flask.application resp = resource(*args, **kwargs)
Aug 02 10:01:04.661038 dv-cinder-847536-4-iscsi devstack@keystone.service[80467]: ERROR keystone.server.flask.application
File "/usr/local/lib/python3.8/dist-packages/flask/views.py", line 84, in view
Aug 02 10:01:04.661038 dv-cinder-847536-4-iscsi devstack@keystone.service[80467]: ERROR keystone.server.flask.application return current_app.ensure_sync(self.dispatch_request)(*args, **kwargs)
Aug 02 10:01:04.661038 dv-cinder-847536-4-iscsi devstack@keystone.service[80467]: ERROR keystone.server.flask.application
File "/usr/local/lib/python3.8/dist-packages/flask_restful/__init__.py", line 582, in dispatch_request
Aug 02 10:01:04.661038 dv-cinder-847536-4-iscsi devstack@keystone.service[80467]: ERROR keystone.server.flask.application resp = meth(*args, **kwargs)
Aug 02 10:01:04.661038 dv-cinder-847536-4-iscsi devstack@keystone.service[80467]: ERROR keystone.server.flask.application
File "/opt/stack/keystone/keystone/api/roles.py", line 50, in get
Aug 02 10:01:04.661038 dv-cinder-847536-4-iscsi devstack@keystone.service[80467]: ERROR keystone.server.flask.application return self._get_role(role_id)
Aug 02 10:01:04.661038 dv-cinder-847536-4-iscsi devstack@keystone.service[80467]: ERROR keystone.server.flask.application
File "/opt/stack/keystone/keystone/api/roles.py", line 70, in _get_role
Aug 02 10:01:04.661038 dv-cinder-847536-4-iscsi devstack@keystone.service[80467]: ERROR keystone.server.flask.application ENFORCER.enforce_call(action='identity:get_role')
Aug 02 10:01:04.662408 dv-cinder-847536-4-iscsi devstack@keystone.service[80467]: ERROR keystone.server.flask.application
File "/opt/stack/keystone/keystone/common/rbac_enforcer/enforcer.py", line 402, in enforce_call
Aug 02 10:01:04.662408 dv-cinder-847536-4-iscsi devstack@keystone.service[80467]: ERROR keystone.server.flask.application policy_dict.update(cls._extract_member_target_data(
Aug 02 10:01:04.662408 dv-cinder-847536-4-iscsi devstack@keystone.service[80467]: ERROR keystone.server.flask.application
File "/opt/stack/keystone/keystone/common/rbac_enforcer/enforcer.py", line 234, in _extract_member_target_data
Aug 02 10:01:04.662408 dv-cinder-847536-4-iscsi devstack@keystone.service[80467]: ERROR keystone.server.flask.application member_name: func(flask.request.view_args[key])
Aug 02 10:01:04.662408 dv-cinder-847536-4-iscsi devstack@keystone.service[80467]: ERROR keystone.server.flask.application
File "/opt/stack/keystone/keystone/common/manager.py", line 115, in wrapped
Aug 02 10:01:04.662408 dv-cinder-847536-4-iscsi devstack@keystone.service[80467]: ERROR keystone.server.flask.application __ret_val = __f(*args, **kwargs)
Aug 02 10:01:04.662408 dv-cinder-847536-4-iscsi devstack@keystone.service[80467]: ERROR keystone.server.flask.application
File "/usr/local/lib/python3.8/dist-packages/decorator.py", line 232, in fun
Aug 02 10:01:04.662408 dv-cinder-847536-4-iscsi devstack@keystone.service[80467]: ERROR keystone.server.flask.application return caller(func, *(extras + args), **kw)
Aug 02 10:01:04.662408 dv-cinder-847536-4-iscsi devstack@keystone.service[80467]: ERROR keystone.server.flask.application
File "/usr/local/lib/python3.8/dist-packages/dogpile/cache/region.py", line 1577, in get_or_create_for_user_func
Aug 02 10:01:04.662408 dv-cinder-847536-4-iscsi devstack@keystone.service[80467]: ERROR keystone.server.flask.application return self.get_or_create(
Aug 02 10:01:04.662408 dv-cinder-847536-4-iscsi devstack@keystone.service[80467]: ERROR keystone.server.flask.application
File "/usr/local/lib/python3.8/dist-packages/dogpile/cache/region.py", line 1042, in get_or_create
Aug 02 10:01:04.662408 dv-cinder-847536-4-iscsi devstack@keystone.service[80467]: ERROR keystone.server.flask.application with Lock(
Aug 02 10:01:04.662408 dv-cinder-847536-4-iscsi devstack@keystone.service[80467]: ERROR keystone.server.flask.application
File "/usr/local/lib/python3.8/dist-packages/dogpile/lock.py", line 185, in __enter__
Aug 02 10:01:04.662408 dv-cinder-847536-4-iscsi devstack@keystone.service[80467]: ERROR keystone.server.flask.application return self._enter()
Aug 02 10:01:04.662408 dv-cinder-847536-4-iscsi devstack@keystone.service[80467]: ERROR keystone.server.flask.application
File "/usr/local/lib/python3.8/dist-packages/dogpile/lock.py", line 94, in _enter
Aug 02 10:01:04.662408 dv-cinder-847536-4-iscsi devstack@keystone.service[80467]: ERROR keystone.server.flask.application generated = self._enter_create(value, createdtime)
Aug 02 10:01:04.665544 dv-cinder-847536-4-iscsi devstack@keystone.service[80467]: ERROR keystone.server.flask.application
File "/usr/local/lib/python3.8/dist-packages/dogpile/lock.py", line 178, in _enter_create
Aug 02 10:01:04.665544 dv-cinder-847536-4-iscsi devstack@keystone.service[80467]: ERROR keystone.server.flask.application return self.creator()
Aug 02 10:01:04.665544 dv-cinder-847536-4-iscsi devstack@keystone.service[80467]: ERROR keystone.server.flask.application
File "/usr/local/lib/python3.8/dist-packages/dogpile/cache/region.py", line 995, in gen_value
Aug 02 10:01:04.665544 dv-cinder-847536-4-iscsi devstack@keystone.service[80467]: ERROR keystone.server.flask.application created_value = creator(
Aug 02 10:01:04.665544 dv-cinder-847536-4-iscsi devstack@keystone.service[80467]: ERROR keystone.server.flask.application
File "/opt/stack/keystone/keystone/assignment/core.py", line 1276, in get_role
Aug 02 10:01:04.665544 dv-cinder-847536-4-iscsi devstack@keystone.service[80467]: ERROR keystone.server.flask.application return self.driver.get_role(role_id)
Aug 02 10:01:04.665544 dv-cinder-847536-4-iscsi devstack@keystone.service[80467]: ERROR keystone.server.flask.application
File "/opt/stack/keystone/keystone/assignment/role_backends/sql.py", line 70, in get_role
Aug 02 10:01:04.665544 dv-cinder-847536-4-iscsi devstack@keystone.service[80467]: ERROR keystone.server.flask.application return self._get_role(session, role_id).to_dict()
Aug 02 10:01:04.665544 dv-cinder-847536-4-iscsi devstack@keystone.service[80467]: ERROR keystone.server.flask.application
File "/opt/stack/keystone/keystone/assignment/role_backends/sql.py", line 65, in _get_role
Aug 02 10:01:04.665544 dv-cinder-847536-4-iscsi devstack@keystone.service[80467]: ERROR keystone.server.flask.application raise exception.RoleNotFound(role_id=role_id)
Aug 02 10:01:04.665544 dv-cinder-847536-4-iscsi devstack@keystone.service[80467]: ERROR keystone.server.flask.application keystone.exception.RoleNotFound: Could not find role: admin.
Aug 02 10:01:04.665544 dv-cinder-847536-4-iscsi devstack@keystone.service[80467]: ERROR keystone.server.flask.application
Aug 02 10:01:04.665544 dv-cinder-847536-4-iscsi devstack@keystone.service[80467]: [pid: 80467|app: 0|req: 180/367] 10.222.0.49 () {56 vars in 1096 bytes} [Tue Aug 2 10:01:04 2022] GET /identity/v3/roles/admin => generated 83 bytes in 258 msecs (HTTP/1.1 404) 5 headers in 183 bytes (1 switches on core 0)
Aug 02 10:01:04.665544 dv-cinder-847536-4-iscsi devstack@keystone.service[80467]: DEBUG keystone.server.flask.request_processing.middleware.auth_context [None req-27eaae1d-4c6b-4f99-8707-3f371e5b55a1 None admin] Authenticating user token {{(pid=80467) process_request /usr/local/lib/python3.8/dist-packages/keystonemiddleware/auth_token/__init__.py:407}}
Aug 02 10:01:04.696599 dv-cinder-847536-4-iscsi devstack@keystone.service[80466]: DEBUG dbcounter [-] [80466] Writing DB stats keystone:SELECT=100 {{(pid=80466) stat_writer /usr/local/lib/python3.8/dist-packages/dbcounter.py:114}}
Aug 02 10:01:04.706154 dv-cinder-847536-4-iscsi devstack@keystone.service[80466]: DEBUG keystone.common.rbac_enforcer.enforcer [None req-d5aec2fe-9fea-4c83-a75e-d3aeee748402 None admin] RBAC: Authorizing `identity:validate_token()` {{(pid=80466) enforce_call /opt/stack/keystone/keystone/common/rbac_enforcer/enforcer.py:449}}
Aug 02 10:01:04.707692 dv-cinder-847536-4-iscsi devstack@keystone.service[80466]: DEBUG keystone.common.rbac_enforcer.enforcer [None req-d5aec2fe-9fea-4c83-a75e-d3aeee748402 None admin] RBAC: Authorization granted {{(pid=80466) enforce_call /opt/stack/keystone/keystone/common/rbac_enforcer/enforcer.py:457}}
Aug 02 10:01:04.804823 dv-cinder-847536-4-iscsi devstack@keystone.service[80467]: DEBUG dbcounter [-] [80467] Writing DB stats keystone:SELECT=100 {{(pid=80467) stat_writer /usr/local/lib/python3.8/dist-packages/dbcounter.py:114}}
Aug 02 10:01:04.813025 dv-cinder-847536-4-iscsi devstack@keystone.service[80467]: DEBUG keystone.server.flask.request_processing.middleware.auth_context [None req-27eaae1d-4c6b-4f99-8707-3f371e5b55a1 None admin] Validating token access rules against request {{(pid=80467) validate_allowed_request /usr/local/lib/python3.8/dist-packages/keystonemiddleware/auth_token/__init__.py:545}}
Aug 02 10:01:04.861908 dv-cinder-847536-4-iscsi devstack@keystone.service[80467]: DEBUG keystone.server.flask.request_processing.middleware.auth_context [None req-c3dee755-ef8c-4a08-9b00-9b4c9ae25480 None admin] RBAC: auth_context: {'token': , 'domain_id': None, 'trust_id': None, 'trustor_id': None, 'trustee_id': None, 'domain_name': None, 'group_ids': [], 'user_id': 'f7156356453b494e8893e4adc4a9ad81', 'user_domain_id': 'default', 'system_scope': 'all', 'project_id': None, 'project_domain_id': None, 'roles': ['admin', 'member', 'reader'], 'is_admin_project': True, 'service_user_id': None, 'service_user_domain_id': None, 'service_project_id': None, 'service_project_domain_id': None, 'service_roles': []} {{(pid=80467) fill_context /opt/stack/keystone/keystone/server/flask/request_processing/middleware/auth_context.py:478}}
Aug 02 10:01:04.862584 dv-cinder-847536-4-iscsi devstack@keystone.service[80467]: DEBUG keystone.server.flask.request_processing.req_logging [None req-c3dee755-ef8c-4a08-9b00-9b4c9ae25480 None admin] REQUEST_METHOD: `GET` {{(pid=80467) log_request_info /opt/stack/keystone/keystone/server/flask/request_processing/req_logging.py:27}}
Aug 02 10:01:04.862915 dv-cinder-847536-4-iscsi devstack@keystone.service[80467]: DEBUG keystone.server.flask.request_processing.req_logging [None req-c3dee755-ef8c-4a08-9b00-9b4c9ae25480 None admin] SCRIPT_NAME: `/identity` {{(pid=80467) log_request_info /opt/stack/keystone/keystone/server/flask/request_processing/req_logging.py:28}}
Aug 02 10:01:04.863155 dv-cinder-847536-4-iscsi devstack@keystone.service[80467]: DEBUG keystone.server.flask.request_processing.req_logging [None req-c3dee755-ef8c-4a08-9b00-9b4c9ae25480 None admin] PATH_INFO: `/v3/projects/37f4bbc3aa894e06971fb36f16623f07` {{(pid=80467) log_request_info /opt/stack/keystone/keystone/server/flask/request_processing/req_logging.py:29}}
Aug 02 10:01:04.864544 dv-cinder-847536-4-iscsi devstack@keystone.service[80467]: DEBUG keystone.common.rbac_enforcer.enforcer [None req-c3dee755-ef8c-4a08-9b00-9b4c9ae25480 None admin] RBAC: Authorizing `identity:get_project(project_id=37f4bbc3aa894e06971fb36f16623f07)` {{(pid=80467) enforce_call /opt/stack/keystone/keystone/common/rbac_enforcer/enforcer.py:449}}
Aug 02 10:01:04.866403 dv-cinder-847536-4-iscsi devstack@keystone.service[80467]: DEBUG keystone.common.rbac_enforcer.enforcer [None req-c3dee755-ef8c-4a08-9b00-9b4c9ae25480 None admin] RBAC: Authorization granted {{(pid=80467) enforce_call /opt/stack/keystone/keystone/common/rbac_enforcer/enforcer.py:457}}
Aug 02 10:01:04.873920 dv-cinder-847536-4-iscsi devstack@keystone.service[80467]: [pid: 80467|app: 0|req: 181/368] 10.222.0.49 () {56 vars in 1186 bytes} [Tue Aug 2 10:01:04 2022] GET /identity/v3/projects/37f4bbc3aa894e06971fb36f16623f07 => generated 298 bytes in 205 msecs (HTTP/1.1 200) 5 headers in 177 bytes (1 switches on core 0)
Aug 02 10:01:04.874078 dv-cinder-847536-4-iscsi devstack@keystone.service[80466]: [pid: 80466|app: 0|req: 188/369] 10.222.0.49 () {58 vars in 1282 bytes} [Tue Aug 2 10:01:04 2022] GET /identity/v3/auth/tokens => generated 799 bytes in 438 msecs (HTTP/1.1 200) 6 headers in 358 bytes (1 switches on core 0)
Aug 02 10:01:04.874078 dv-cinder-847536-4-iscsi devstack@keystone.service[80466]: DEBUG keystone.server.flask.request_processing.middleware.auth_context [None req-d5aec2fe-9fea-4c83-a75e-d3aeee748402 None admin] Authenticating user token {{(pid=80466) process_request /usr/local/lib/python3.8/dist-packages/keystonemiddleware/auth_token/__init__.py:407}}
Aug 02 10:01:04.874486 dv-cinder-847536-4-iscsi devstack@keystone.service[80467]: DEBUG keystone.server.flask.request_processing.middleware.auth_context [None req-c3dee755-ef8c-4a08-9b00-9b4c9ae25480 None admin] Authenticating user token {{(pid=80467) process_request /usr/local/lib/python3.8/dist-packages/keystonemiddleware/auth_token/__init__.py:407}}
Aug 02 10:01:05.016353 dv-cinder-847536-4-iscsi devstack@keystone.service[80466]: DEBUG dbcounter [-] [80466] Writing DB stats keystone:SELECT=100 {{(pid=80466) stat_writer /usr/local/lib/python3.8/dist-packages/dbcounter.py:114}}
Aug 02 10:01:05.020627 dv-cinder-847536-4-iscsi devstack@keystone.service[80467]: DEBUG keystone.server.flask.request_processing.middleware.auth_context [None req-c3dee755-ef8c-4a08-9b00-9b4c9ae25480 None admin] Validating token access rules against request {{(pid=80467) validate_allowed_request /usr/local/lib/python3.8/dist-packages/keystonemiddleware/auth_token/__init__.py:545}}
Aug 02 10:01:05.034132 dv-cinder-847536-4-iscsi devstack@keystone.service[80466]: DEBUG keystone.server.flask.request_processing.middleware.auth_context [None req-d5aec2fe-9fea-4c83-a75e-d3aeee748402 None admin] Validating token access rules against request {{(pid=80466) validate_allowed_request /usr/local/lib/python3.8/dist-packages/keystonemiddleware/auth_token/__init__.py:545}}
Aug 02 10:01:05.071553 dv-cinder-847536-4-iscsi devstack@keystone.service[80467]: DEBUG keystone.server.flask.request_processing.middleware.auth_context [None req-e7282d9b-b262-4189-a489-b30b606fa083 None admin] RBAC: auth_context: {'token': , 'domain_id': None, 'trust_id': None, 'trustor_id': None, 'trustee_id': None, 'domain_name': None, 'group_ids': [], 'user_id': 'f7156356453b494e8893e4adc4a9ad81', 'user_domain_id': 'default', 'system_scope': 'all', 'project_id': None, 'project_domain_id': None, 'roles': ['admin', 'member', 'reader'], 'is_admin_project': True, 'service_user_id': None, 'service_user_domain_id': None, 'service_project_id': None, 'service_project_domain_id': None, 'service_roles': []} {{(pid=80467) fill_context /opt/stack/keystone/keystone/server/flask/request_processing/middleware/auth_context.py:478}}
Aug 02 10:01:05.072298 dv-cinder-847536-4-iscsi devstack@keystone.service[80467]: DEBUG keystone.server.flask.request_processing.req_logging [None req-e7282d9b-b262-4189-a489-b30b606fa083 None admin] REQUEST_METHOD: `GET` {{(pid=80467) log_request_info /opt/stack/keystone/keystone/server/flask/request_processing/req_logging.py:27}}
Aug 02 10:01:05.072589 dv-cinder-847536-4-iscsi devstack@keystone.service[80467]: DEBUG keystone.server.flask.request_processing.req_logging [None req-e7282d9b-b262-4189-a489-b30b606fa083 None admin] SCRIPT_NAME: `/identity` {{(pid=80467) log_request_info /opt/stack/keystone/keystone/server/flask/request_processing/req_logging.py:28}}
Aug 02 10:01:05.072867 dv-cinder-847536-4-iscsi devstack@keystone.service[80467]: DEBUG keystone.server.flask.request_processing.req_logging [None req-e7282d9b-b262-4189-a489-b30b606fa083 None admin] PATH_INFO: `/v3/role_assignments` {{(pid=80467) log_request_info /opt/stack/keystone/keystone/server/flask/request_processing/req_logging.py:29}}
Aug 02 10:01:05.073668 dv-cinder-847536-4-iscsi devstack@keystone.service[80467]: DEBUG keystone.common.rbac_enforcer.enforcer [None req-e7282d9b-b262-4189-a489-b30b606fa083 None admin] RBAC: Adding query filter params (group.id=aba86117c4d145b1ba58eebd182edb82, role.id=3c92f2e9a9cc4210be2f0e54650bab15, scope.project.id=5895b755ae0c4e88a8d97321cf0b4411) {{(pid=80467) _extract_filter_values /opt/stack/keystone/keystone/common/rbac_enforcer/enforcer.py:167}}
Aug 02 10:01:05.073983 dv-cinder-847536-4-iscsi devstack@keystone.service[80467]: DEBUG keystone.common.rbac_enforcer.enforcer [None req-e7282d9b-b262-4189-a489-b30b606fa083 None admin] RBAC: Authorizing `identity:list_role_assignments()` {{(pid=80467) enforce_call /opt/stack/keystone/keystone/common/rbac_enforcer/enforcer.py:449}}
Aug 02 10:01:05.078364 dv-cinder-847536-4-iscsi devstack@keystone.service[80467]: DEBUG keystone.common.rbac_enforcer.enforcer [None req-e7282d9b-b262-4189-a489-b30b606fa083 None admin] RBAC: Authorization granted {{(pid=80467) enforce_call /opt/stack/keystone/keystone/common/rbac_enforcer/enforcer.py:457}}
Aug 02 10:01:05.081935 dv-cinder-847536-4-iscsi devstack@keystone.service[80467]: [pid: 80467|app: 0|req: 182/370] 10.222.0.49 () {56 vars in 1376 bytes} [Tue Aug 2 10:01:04 2022] GET /identity/v3/role_assignments?group.id=aba86117c4d145b1ba58eebd182edb82&scope.project.id=5895b755ae0c4e88a8d97321cf0b4411&role.id=3c92f2e9a9cc4210be2f0e54650bab15 => generated 260 bytes in 213 msecs (HTTP/1.1 200) 5 headers in 177 bytes (1 switches on core 0)
Aug 02 10:01:05.082853 dv-cinder-847536-4-iscsi devstack@keystone.service[80467]: DEBUG keystone.server.flask.request_processing.middleware.auth_context [None req-e7282d9b-b262-4189-a489-b30b606fa083 None admin] Authenticating user token {{(pid=80467) process_request /usr/local/lib/python3.8/dist-packages/keystonemiddleware/auth_token/__init__.py:407}}
Aug 02 10:01:05.088332 dv-cinder-847536-4-iscsi devstack@keystone.service[80466]: DEBUG keystone.server.flask.request_processing.middleware.auth_context [None req-9a70247c-5f08-4fce-b1a5-604e8bc33517 None admin] RBAC: auth_context: {'token': , 'domain_id': None, 'trust_id': None, 'trustor_id': None, 'trustee_id': None, 'domain_name': None, 'group_ids': [], 'user_id': 'f7156356453b494e8893e4adc4a9ad81', 'user_domain_id': 'default', 'system_scope': 'all', 'project_id': None, 'project_domain_id': None, 'roles': ['admin', 'member', 'reader'], 'is_admin_project': True, 'service_user_id': None, 'service_user_domain_id': None, 'service_project_id': None, 'service_project_domain_id': None, 'service_roles': []} {{(pid=80466) fill_context /opt/stack/keystone/keystone/server/flask/request_processing/middleware/auth_context.py:478}}
Aug 02 10:01:05.089406 dv-cinder-847536-4-iscsi devstack@keystone.service[80466]: DEBUG keystone.server.flask.request_processing.req_logging [None req-9a70247c-5f08-4fce-b1a5-604e8bc33517 None admin] REQUEST_METHOD: `GET` {{(pid=80466) log_request_info /opt/stack/keystone/keystone/server/flask/request_processing/req_logging.py:27}}
Aug 02 10:01:05.089833 dv-cinder-847536-4-iscsi devstack@keystone.service[80466]: DEBUG keystone.server.flask.request_processing.req_logging [None req-9a70247c-5f08-4fce-b1a5-604e8bc33517 None admin] SCRIPT_NAME: `/identity` {{(pid=80466) log_request_info /opt/stack/keystone/keystone/server/flask/request_processing/req_logging.py:28}}
Aug 02 10:01:05.090280 dv-cinder-847536-4-iscsi devstack@keystone.service[80466]: DEBUG keystone.server.flask.request_processing.req_logging [None req-9a70247c-5f08-4fce-b1a5-604e8bc33517 None admin] PATH_INFO: `/v3/roles` {{(pid=80466) log_request_info /opt/stack/keystone/keystone/server/flask/request_processing/req_logging.py:29}}
Aug 02 10:01:05.091503 dv-cinder-847536-4-iscsi devstack@keystone.service[80466]: DEBUG keystone.common.rbac_enforcer.enforcer [None req-9a70247c-5f08-4fce-b1a5-604e8bc33517 None admin] RBAC: Adding query filter params (name=admin) {{(pid=80466) _extract_filter_values /opt/stack/keystone/keystone/common/rbac_enforcer/enforcer.py:167}}
Aug 02 10:01:05.091992 dv-cinder-847536-4-iscsi devstack@keystone.service[80466]: DEBUG keystone.common.rbac_enforcer.enforcer [None req-9a70247c-5f08-4fce-b1a5-604e8bc33517 None admin] RBAC: Authorizing `identity:list_roles()` {{(pid=80466) enforce_call /opt/stack/keystone/keystone/common/rbac_enforcer/enforcer.py:449}}
Aug 02 10:01:05.094256 dv-cinder-847536-4-iscsi devstack@keystone.service[80466]: DEBUG keystone.common.rbac_enforcer.enforcer [None req-9a70247c-5f08-4fce-b1a5-604e8bc33517 None admin] RBAC: Authorization granted {{(pid=80466) enforce_call /opt/stack/keystone/keystone/common/rbac_enforcer/enforcer.py:457}}
Aug 02 10:01:05.108457 dv-cinder-847536-4-iscsi devstack@keystone.service[80466]: [pid: 80466|app: 0|req: 189/371] 10.222.0.49 () {56 vars in 1099 bytes} [Tue Aug 2 10:01:04 2022] GET /identity/v3/roles?name=admin => generated 339 bytes in 238 msecs (HTTP/1.1 200) 5 headers in 177 bytes (1 switches on core 0)
Aug 02 10:01:05.109353 dv-cinder-847536-4-iscsi devstack@keystone.service[80466]: DEBUG keystone.server.flask.request_processing.middleware.auth_context [None req-9a70247c-5f08-4fce-b1a5-604e8bc33517 None admin] Authenticating user token {{(pid=80466) process_request /usr/local/lib/python3.8/dist-packages/keystonemiddleware/auth_token/__init__.py:407}}
Aug 02 10:01:05.130792 dv-cinder-847536-4-iscsi devstack@keystone.service[80467]: DEBUG dbcounter [-] [80467] Writing DB stats keystone:SELECT=100 {{(pid=80467) stat_writer /usr/local/lib/python3.8/dist-packages/dbcounter.py:114}}
Aug 02 10:01:05.244334 dv-cinder-847536-4-iscsi devstack@keystone.service[80467]: DEBUG keystone.server.flask.request_processing.middleware.auth_context [None req-e7282d9b-b262-4189-a489-b30b606fa083 None admin] Validating token access rules against request {{(pid=80467) validate_allowed_request /usr/local/lib/python3.8/dist-packages/keystonemiddleware/auth_token/__init__.py:545}}
Aug 02 10:01:05.256679 dv-cinder-847536-4-iscsi devstack@keystone.service[80466]: DEBUG keystone.server.flask.request_processing.middleware.auth_context [None req-9a70247c-5f08-4fce-b1a5-604e8bc33517 None admin] Validating token access rules against request {{(pid=80466) validate_allowed_request /usr/local/lib/python3.8/dist-packages/keystonemiddleware/auth_token/__init__.py:545}}
Aug 02 10:01:05.286005 dv-cinder-847536-4-iscsi devstack@keystone.service[80467]: DEBUG keystone.server.flask.request_processing.middleware.auth_context [None req-5c9efea8-8630-4fc7-85c9-7d238d4455bf None admin] RBAC: auth_context: {'token': , 'domain_id': None, 'trust_id': None, 'trustor_id': None, 'trustee_id': None, 'domain_name': None, 'group_ids': [], 'user_id': 'f7156356453b494e8893e4adc4a9ad81', 'user_domain_id': 'default', 'system_scope': 'all', 'project_id': None, 'project_domain_id': None, 'roles': ['admin', 'member', 'reader'], 'is_admin_project': True, 'service_user_id': None, 'service_user_domain_id': None, 'service_project_id': None, 'service_project_domain_id': None, 'service_roles': []} {{(pid=80467) fill_context /opt/stack/keystone/keystone/server/flask/request_processing/middleware/auth_context.py:478}}
Aug 02 10:01:05.286631 dv-cinder-847536-4-iscsi devstack@keystone.service[80467]: DEBUG keystone.server.flask.request_processing.req_logging [None req-5c9efea8-8630-4fc7-85c9-7d238d4455bf None admin] REQUEST_METHOD: `GET` {{(pid=80467) log_request_info /opt/stack/keystone/keystone/server/flask/request_processing/req_logging.py:27}}
Aug 02 10:01:05.286921 dv-cinder-847536-4-iscsi devstack@keystone.service[80467]: DEBUG keystone.server.flask.request_processing.req_logging [None req-5c9efea8-8630-4fc7-85c9-7d238d4455bf None admin] SCRIPT_NAME: `/identity` {{(pid=80467) log_request_info /opt/stack/keystone/keystone/server/flask/request_processing/req_logging.py:28}}
Aug 02 10:01:05.287281 dv-cinder-847536-4-iscsi devstack@keystone.service[80467]: DEBUG keystone.server.flask.request_processing.req_logging [None req-5c9efea8-8630-4fc7-85c9-7d238d4455bf None admin] PATH_INFO: `/v3/groups/aba86117c4d145b1ba58eebd182edb82` {{(pid=80467) log_request_info /opt/stack/keystone/keystone/server/flask/request_processing/req_logging.py:29}}
Aug 02 10:01:05.288689 dv-cinder-847536-4-iscsi devstack@keystone.service[80467]: DEBUG keystone.common.rbac_enforcer.enforcer [None req-5c9efea8-8630-4fc7-85c9-7d238d4455bf None admin] RBAC: Authorizing `identity:get_group(group_id=aba86117c4d145b1ba58eebd182edb82)` {{(pid=80467) enforce_call /opt/stack/keystone/keystone/common/rbac_enforcer/enforcer.py:449}}
Aug 02 10:01:05.290347 dv-cinder-847536-4-iscsi devstack@keystone.service[80467]: DEBUG keystone.common.rbac_enforcer.enforcer [None req-5c9efea8-8630-4fc7-85c9-7d238d4455bf None admin] RBAC: Authorization granted {{(pid=80467) enforce_call /opt/stack/keystone/keystone/common/rbac_enforcer/enforcer.py:457}}
Aug 02 10:01:05.299373 dv-cinder-847536-4-iscsi devstack@keystone.service[80467]: [pid: 80467|app: 0|req: 183/372] 10.222.0.49 () {56 vars in 1180 bytes} [Tue Aug 2 10:01:05 2022] GET /identity/v3/groups/aba86117c4d145b1ba58eebd182edb82 => generated 226 bytes in 217 msecs (HTTP/1.1 200) 5 headers in 177 bytes (1 switches on core 0)
Aug 02 10:01:05.301243 dv-cinder-847536-4-iscsi devstack@keystone.service[80467]: DEBUG keystone.server.flask.request_processing.middleware.auth_context [None req-5c9efea8-8630-4fc7-85c9-7d238d4455bf None admin] Authenticating user token {{(pid=80467) process_request /usr/local/lib/python3.8/dist-packages/keystonemiddleware/auth_token/__init__.py:407}}
Aug 02 10:01:05.307899 dv-cinder-847536-4-iscsi devstack@keystone.service[80466]: DEBUG keystone.server.flask.request_processing.middleware.auth_context [None req-6e2065e5-342f-4d0e-9759-eb31116d81b8 None admin] RBAC: auth_context: {'token': , 'domain_id': None, 'trust_id': None, 'trustor_id': None, 'trustee_id': None, 'domain_name': None, 'group_ids': [], 'user_id': 'f7156356453b494e8893e4adc4a9ad81', 'user_domain_id': 'default', 'system_scope': 'all', 'project_id': None, 'project_domain_id': None, 'roles': ['admin', 'member', 'reader'], 'is_admin_project': True, 'service_user_id': None, 'service_user_domain_id': None, 'service_project_id': None, 'service_project_domain_id': None, 'service_roles': []} {{(pid=80466) fill_context /opt/stack/keystone/keystone/server/flask/request_processing/middleware/auth_context.py:478}}
Aug 02 10:01:05.308855 dv-cinder-847536-4-iscsi devstack@keystone.service[80466]: DEBUG keystone.server.flask.request_processing.req_logging [None req-6e2065e5-342f-4d0e-9759-eb31116d81b8 None admin] REQUEST_METHOD: `GET` {{(pid=80466) log_request_info /opt/stack/keystone/keystone/server/flask/request_processing/req_logging.py:27}}
Aug 02 10:01:05.309359 dv-cinder-847536-4-iscsi devstack@keystone.service[80466]: DEBUG keystone.server.flask.request_processing.req_logging [None req-6e2065e5-342f-4d0e-9759-eb31116d81b8 None admin] SCRIPT_NAME: `/identity` {{(pid=80466) log_request_info /opt/stack/keystone/keystone/server/flask/request_processing/req_logging.py:28}}
Aug 02 10:01:05.310815 dv-cinder-847536-4-iscsi devstack@keystone.service[80466]: DEBUG keystone.server.flask.request_processing.req_logging [None req-6e2065e5-342f-4d0e-9759-eb31116d81b8 None admin] PATH_INFO: `/v3/projects/5895b755ae0c4e88a8d97321cf0b4411` {{(pid=80466) log_request_info /opt/stack/keystone/keystone/server/flask/request_processing/req_logging.py:29}}
Aug 02 10:01:05.313273 dv-cinder-847536-4-iscsi devstack@keystone.service[80466]: DEBUG keystone.common.rbac_enforcer.enforcer [None req-6e2065e5-342f-4d0e-9759-eb31116d81b8 None admin] RBAC: Authorizing `identity:get_project(project_id=5895b755ae0c4e88a8d97321cf0b4411)` {{(pid=80466) enforce_call /opt/stack/keystone/keystone/common/rbac_enforcer/enforcer.py:449}}
Aug 02 10:01:05.314770 dv-cinder-847536-4-iscsi devstack@keystone.service[80466]: DEBUG keystone.common.rbac_enforcer.enforcer [None req-6e2065e5-342f-4d0e-9759-eb31116d81b8 None admin] RBAC: Authorization granted {{(pid=80466) enforce_call /opt/stack/keystone/keystone/common/rbac_enforcer/enforcer.py:457}}
Aug 02 10:01:05.316544 dv-cinder-847536-4-iscsi devstack@keystone.service[80466]: [pid: 80466|app: 0|req: 190/373] 10.222.0.49 () {56 vars in 1186 bytes} [Tue Aug 2 10:01:05 2022] GET /identity/v3/projects/5895b755ae0c4e88a8d97321cf0b4411 => generated 302 bytes in 208 msecs (HTTP/1.1 200) 5 headers in 177 bytes (1 switches on core 0)
Aug 02 10:01:05.322394 dv-cinder-847536-4-iscsi devstack@keystone.service[80466]: DEBUG keystone.server.flask.request_processing.middleware.auth_context [None req-6e2065e5-342f-4d0e-9759-eb31116d81b8 None admin] Authenticating user token {{(pid=80466) process_request /usr/local/lib/python3.8/dist-packages/keystonemiddleware/auth_token/__init__.py:407}}
Aug 02 10:01:05.351827 dv-cinder-847536-4-iscsi devstack@keystone.service[80466]: DEBUG dbcounter [-] [80466] Writing DB stats keystone:SELECT=100 {{(pid=80466) stat_writer /usr/local/lib/python3.8/dist-packages/dbcounter.py:114}}
Aug 02 10:01:05.417678 dv-cinder-847536-4-iscsi devstack@keystone.service[80467]: DEBUG dbcounter [-] [80467] Writing DB stats keystone:SELECT=100 {{(pid=80467) stat_writer /usr/local/lib/python3.8/dist-packages/dbcounter.py:114}}
Aug 02 10:01:05.423218 dv-cinder-847536-4-iscsi devstack@keystone.service[80467]: DEBUG keystone.server.flask.request_processing.middleware.auth_context [None req-5c9efea8-8630-4fc7-85c9-7d238d4455bf None admin] Validating token access rules against request {{(pid=80467) validate_allowed_request /usr/local/lib/python3.8/dist-packages/keystonemiddleware/auth_token/__init__.py:545}}
Aug 02 10:01:05.436059 dv-cinder-847536-4-iscsi devstack@keystone.service[80466]: DEBUG keystone.server.flask.request_processing.middleware.auth_context [None req-6e2065e5-342f-4d0e-9759-eb31116d81b8 None admin] Validating token access rules against request {{(pid=80466) validate_allowed_request /usr/local/lib/python3.8/dist-packages/keystonemiddleware/auth_token/__init__.py:545}}
Aug 02 10:01:05.470447 dv-cinder-847536-4-iscsi devstack@keystone.service[80467]: DEBUG keystone.server.flask.request_processing.middleware.auth_context [None req-f0aad0d2-893e-4ce2-b09f-a978433347b7 None admin] RBAC: auth_context: {'token': , 'domain_id': None, 'trust_id': None, 'trustor_id': None, 'trustee_id': None, 'domain_name': None, 'group_ids': [], 'user_id': 'f7156356453b494e8893e4adc4a9ad81', 'user_domain_id': 'default', 'system_scope': 'all', 'project_id': None, 'project_domain_id': None, 'roles': ['admin', 'member', 'reader'], 'is_admin_project': True, 'service_user_id': None, 'service_user_domain_id': None, 'service_project_id': None, 'service_project_domain_id': None, 'service_roles': []} {{(pid=80467) fill_context /opt/stack/keystone/keystone/server/flask/request_processing/middleware/auth_context.py:478}}
Aug 02 10:01:05.471095 dv-cinder-847536-4-iscsi devstack@keystone.service[80467]: DEBUG keystone.server.flask.request_processing.req_logging [None req-f0aad0d2-893e-4ce2-b09f-a978433347b7 None admin] REQUEST_METHOD: `GET` {{(pid=80467) log_request_info /opt/stack/keystone/keystone/server/flask/request_processing/req_logging.py:27}}
Aug 02 10:01:05.471525 dv-cinder-847536-4-iscsi devstack@keystone.service[80467]: DEBUG keystone.server.flask.request_processing.req_logging [None req-f0aad0d2-893e-4ce2-b09f-a978433347b7 None admin] SCRIPT_NAME: `/identity` {{(pid=80467) log_request_info /opt/stack/keystone/keystone/server/flask/request_processing/req_logging.py:28}}
Aug 02 10:01:05.471928 dv-cinder-847536-4-iscsi devstack@keystone.service[80467]: DEBUG keystone.server.flask.request_processing.req_logging [None req-f0aad0d2-893e-4ce2-b09f-a978433347b7 None admin] PATH_INFO: `/v3/auth/tokens` {{(pid=80467) log_request_info /opt/stack/keystone/keystone/server/flask/request_processing/req_logging.py:29}}
Aug 02 10:01:05.481895 dv-cinder-847536-4-iscsi devstack@keystone.service[80466]: DEBUG keystone.server.flask.request_processing.middleware.auth_context [None req-f48a3ca8-2242-4845-990f-ca29626bbf3d None admin] RBAC: auth_context: {'token': , 'domain_id': None, 'trust_id': None, 'trustor_id': None, 'trustee_id': None, 'domain_name': None, 'group_ids': [], 'user_id': 'f7156356453b494e8893e4adc4a9ad81', 'user_domain_id': 'default', 'system_scope': 'all', 'project_id': None, 'project_domain_id': None, 'roles': ['admin', 'member', 'reader'], 'is_admin_project': True, 'service_user_id': None, 'service_user_domain_id': None, 'service_project_id': None, 'service_project_domain_id': None, 'service_roles': []} {{(pid=80466) fill_context /opt/stack/keystone/keystone/server/flask/request_processing/middleware/auth_context.py:478}}
Aug 02 10:01:05.482812 dv-cinder-847536-4-iscsi devstack@keystone.service[80466]: DEBUG keystone.server.flask.request_processing.req_logging [None req-f48a3ca8-2242-4845-990f-ca29626bbf3d None admin] REQUEST_METHOD: `GET` {{(pid=80466) log_request_info /opt/stack/keystone/keystone/server/flask/request_processing/req_logging.py:27}}
Aug 02 10:01:05.483654 dv-cinder-847536-4-iscsi devstack@keystone.service[80466]: DEBUG keystone.server.flask.request_processing.req_logging [None req-f48a3ca8-2242-4845-990f-ca29626bbf3d None admin] SCRIPT_NAME: `/identity` {{(pid=80466) log_request_info /opt/stack/keystone/keystone/server/flask/request_processing/req_logging.py:28}}
Aug 02 10:01:05.484108 dv-cinder-847536-4-iscsi devstack@keystone.service[80466]: DEBUG keystone.server.flask.request_processing.req_logging [None req-f48a3ca8-2242-4845-990f-ca29626bbf3d None admin] PATH_INFO: `/v3/role_assignments` {{(pid=80466) log_request_info /opt/stack/keystone/keystone/server/flask/request_processing/req_logging.py:29}}
Aug 02 10:01:05.485378 dv-cinder-847536-4-iscsi devstack@keystone.service[80466]: DEBUG keystone.common.rbac_enforcer.enforcer [None req-f48a3ca8-2242-4845-990f-ca29626bbf3d None admin] RBAC: Adding query filter params (group.id=aba86117c4d145b1ba58eebd182edb82, role.id=9a49213a53964452a411e2dbd74d7c5e, scope.project.id=37f4bbc3aa894e06971fb36f16623f07) {{(pid=80466) _extract_filter_values /opt/stack/keystone/keystone/common/rbac_enforcer/enforcer.py:167}}
Aug 02 10:01:05.485862 dv-cinder-847536-4-iscsi devstack@keystone.service[80466]: DEBUG keystone.common.rbac_enforcer.enforcer [None req-f48a3ca8-2242-4845-990f-ca29626bbf3d None admin] RBAC: Authorizing `identity:list_role_assignments()` {{(pid=80466) enforce_call /opt/stack/keystone/keystone/common/rbac_enforcer/enforcer.py:449}}
Aug 02 10:01:05.487512 dv-cinder-847536-4-iscsi devstack@keystone.service[80466]: DEBUG keystone.common.rbac_enforcer.enforcer [None req-f48a3ca8-2242-4845-990f-ca29626bbf3d None admin] RBAC: Authorization granted {{(pid=80466) enforce_call /opt/stack/keystone/keystone/common/rbac_enforcer/enforcer.py:457}}
Aug 02 10:01:05.494635 dv-cinder-847536-4-iscsi devstack@keystone.service[80466]: [pid: 80466|app: 0|req: 191/374] 10.222.0.49 () {56 vars in 1376 bytes} [Tue Aug 2 10:01:05 2022] GET /identity/v3/role_assignments?group.id=aba86117c4d145b1ba58eebd182edb82&scope.project.id=37f4bbc3aa894e06971fb36f16623f07&role.id=9a49213a53964452a411e2dbd74d7c5e => generated 260 bytes in 178 msecs (HTTP/1.1 200) 5 headers in 177 bytes (1 switches on core 0)
Aug 02 10:01:05.495696 dv-cinder-847536-4-iscsi devstack@keystone.service[80466]: DEBUG keystone.server.flask.request_processing.middleware.auth_context [None req-f48a3ca8-2242-4845-990f-ca29626bbf3d None admin] Authenticating user token {{(pid=80466) process_request /usr/local/lib/python3.8/dist-packages/keystonemiddleware/auth_token/__init__.py:407}}
Aug 02 10:01:05.579490 dv-cinder-847536-4-iscsi devstack@keystone.service[80467]: DEBUG keystone.common.rbac_enforcer.enforcer [None req-f0aad0d2-893e-4ce2-b09f-a978433347b7 None admin] RBAC: Authorizing `identity:validate_token()` {{(pid=80467) enforce_call /opt/stack/keystone/keystone/common/rbac_enforcer/enforcer.py:449}}
Aug 02 10:01:05.582155 dv-cinder-847536-4-iscsi devstack@keystone.service[80467]: DEBUG keystone.common.rbac_enforcer.enforcer [None req-f0aad0d2-893e-4ce2-b09f-a978433347b7 None admin] RBAC: Authorization granted {{(pid=80467) enforce_call /opt/stack/keystone/keystone/common/rbac_enforcer/enforcer.py:457}}
Aug 02 10:01:05.613782 dv-cinder-847536-4-iscsi devstack@keystone.service[80466]: DEBUG dbcounter [-] [80466] Writing DB stats keystone:SELECT=100 {{(pid=80466) stat_writer /usr/local/lib/python3.8/dist-packages/dbcounter.py:114}}
Aug 02 10:01:05.644463 dv-cinder-847536-4-iscsi devstack@keystone.service[80466]: DEBUG keystone.server.flask.request_processing.middleware.auth_context [None req-f48a3ca8-2242-4845-990f-ca29626bbf3d None admin] Validating token access rules against request {{(pid=80466) validate_allowed_request /usr/local/lib/python3.8/dist-packages/keystonemiddleware/auth_token/__init__.py:545}}
Aug 02 10:01:05.692240 dv-cinder-847536-4-iscsi devstack@keystone.service[80466]: DEBUG keystone.server.flask.request_processing.middleware.auth_context [None req-d25701dd-1c43-46cf-bc09-b4651c57238d None admin] RBAC: auth_context: {'token': , 'domain_id': None, 'trust_id': None, 'trustor_id': None, 'trustee_id': None, 'domain_name': None, 'group_ids': [], 'user_id': 'f7156356453b494e8893e4adc4a9ad81', 'user_domain_id': 'default', 'system_scope': 'all', 'project_id': None, 'project_domain_id': None, 'roles': ['admin', 'member', 'reader'], 'is_admin_project': True, 'service_user_id': None, 'service_user_domain_id': None, 'service_project_id': None, 'service_project_domain_id': None, 'service_roles': []} {{(pid=80466) fill_context /opt/stack/keystone/keystone/server/flask/request_processing/middleware/auth_context.py:478}}
Aug 02 10:01:05.692910 dv-cinder-847536-4-iscsi devstack@keystone.service[80466]: DEBUG keystone.server.flask.request_processing.req_logging [None req-d25701dd-1c43-46cf-bc09-b4651c57238d None admin] REQUEST_METHOD: `GET` {{(pid=80466) log_request_info /opt/stack/keystone/keystone/server/flask/request_processing/req_logging.py:27}}
Aug 02 10:01:05.693199 dv-cinder-847536-4-iscsi devstack@keystone.service[80466]: DEBUG keystone.server.flask.request_processing.req_logging [None req-d25701dd-1c43-46cf-bc09-b4651c57238d None admin] SCRIPT_NAME: `/identity` {{(pid=80466) log_request_info /opt/stack/keystone/keystone/server/flask/request_processing/req_logging.py:28}}
Aug 02 10:01:05.693483 dv-cinder-847536-4-iscsi devstack@keystone.service[80466]: DEBUG keystone.server.flask.request_processing.req_logging [None req-d25701dd-1c43-46cf-bc09-b4651c57238d None admin] PATH_INFO: `/v3/groups/aba86117c4d145b1ba58eebd182edb82` {{(pid=80466) log_request_info /opt/stack/keystone/keystone/server/flask/request_processing/req_logging.py:29}}
Aug 02 10:01:05.694681 dv-cinder-847536-4-iscsi devstack@keystone.service[80466]: DEBUG keystone.common.rbac_enforcer.enforcer [None req-d25701dd-1c43-46cf-bc09-b4651c57238d None admin] RBAC: Authorizing `identity:get_group(group_id=aba86117c4d145b1ba58eebd182edb82)` {{(pid=80466) enforce_call /opt/stack/keystone/keystone/common/rbac_enforcer/enforcer.py:449}}
Aug 02 10:01:05.696197 dv-cinder-847536-4-iscsi devstack@keystone.service[80466]: DEBUG keystone.common.rbac_enforcer.enforcer [None req-d25701dd-1c43-46cf-bc09-b4651c57238d None admin] RBAC: Authorization granted {{(pid=80466) enforce_call /opt/stack/keystone/keystone/common/rbac_enforcer/enforcer.py:457}}
Aug 02 10:01:05.701899 dv-cinder-847536-4-iscsi devstack@keystone.service[80466]: [pid: 80466|app: 0|req: 192/375] 10.222.0.49 () {56 vars in 1180 bytes} [Tue Aug 2 10:01:05 2022] GET /identity/v3/groups/aba86117c4d145b1ba58eebd182edb82 => generated 226 bytes in 203 msecs (HTTP/1.1 200) 5 headers in 177 bytes (1 switches on core 0)
Aug 02 10:01:05.701899 dv-cinder-847536-4-iscsi devstack@keystone.service[80466]: DEBUG keystone.server.flask.request_processing.req_logging [None req-c58323aa-979c-4e6f-8ed6-997145a3a515 None None] REQUEST_METHOD: `GET` {{(pid=80466) log_request_info /opt/stack/keystone/keystone/server/flask/request_processing/req_logging.py:27}}
Aug 02 10:01:05.701899 dv-cinder-847536-4-iscsi devstack@keystone.service[80466]: DEBUG keystone.server.flask.request_processing.req_logging [None req-c58323aa-979c-4e6f-8ed6-997145a3a515 None None] SCRIPT_NAME: `/identity` {{(pid=80466) log_request_info /opt/stack/keystone/keystone/server/flask/request_processing/req_logging.py:28}}
Aug 02 10:01:05.701899 dv-cinder-847536-4-iscsi devstack@keystone.service[80466]: DEBUG keystone.server.flask.request_processing.req_logging [None req-c58323aa-979c-4e6f-8ed6-997145a3a515 None None] PATH_INFO: `/` {{(pid=80466) log_request_info /opt/stack/keystone/keystone/server/flask/request_processing/req_logging.py:29}}
Aug 02 10:01:05.701899 dv-cinder-847536-4-iscsi devstack@keystone.service[80466]: [pid: 80466|app: 0|req: 193/376] 10.222.0.49 () {54 vars in 926 bytes} [Tue Aug 2 10:01:05 2022] GET /identity => generated 270 bytes in 3 msecs (HTTP/1.1 300) 6 headers in 234 bytes (1 switches on core 0)
Aug 02 10:01:05.706153 dv-cinder-847536-4-iscsi devstack@keystone.service[80466]: DEBUG keystone.server.flask.request_processing.middleware.auth_context [None req-c58323aa-979c-4e6f-8ed6-997145a3a515 None None] Authenticating user token {{(pid=80466) process_request /usr/local/lib/python3.8/dist-packages/keystonemiddleware/auth_token/__init__.py:407}}
Aug 02 10:01:05.731227 dv-cinder-847536-4-iscsi devstack@keystone.service[80467]: DEBUG dbcounter [-] [80467] Writing DB stats keystone:SELECT=100 {{(pid=80467) stat_writer /usr/local/lib/python3.8/dist-packages/dbcounter.py:114}}
Aug 02 10:01:05.735097 dv-cinder-847536-4-iscsi devstack@keystone.service[80467]: [pid: 80467|app: 0|req: 184/377] 10.222.0.49 () {58 vars in 1282 bytes} [Tue Aug 2 10:01:05 2022] GET /identity/v3/auth/tokens => generated 799 bytes in 434 msecs (HTTP/1.1 200) 6 headers in 358 bytes (1 switches on core 0)
Aug 02 10:01:05.736358 dv-cinder-847536-4-iscsi devstack@keystone.service[80467]: DEBUG keystone.server.flask.request_processing.req_logging [None req-8166b5cc-64d9-41be-a563-24e5b9f84618 None None] REQUEST_METHOD: `POST` {{(pid=80467) log_request_info /opt/stack/keystone/keystone/server/flask/request_processing/req_logging.py:27}}
Aug 02 10:01:05.736719 dv-cinder-847536-4-iscsi devstack@keystone.service[80467]: DEBUG keystone.server.flask.request_processing.req_logging [None req-8166b5cc-64d9-41be-a563-24e5b9f84618 None None] SCRIPT_NAME: `/identity` {{(pid=80467) log_request_info /opt/stack/keystone/keystone/server/flask/request_processing/req_logging.py:28}}
Aug 02 10:01:05.737041 dv-cinder-847536-4-iscsi devstack@keystone.service[80467]: DEBUG keystone.server.flask.request_processing.req_logging [None req-8166b5cc-64d9-41be-a563-24e5b9f84618 None None] PATH_INFO: `/v3/auth/tokens` {{(pid=80467) log_request_info /opt/stack/keystone/keystone/server/flask/request_processing/req_logging.py:29}}
Aug 02 10:01:05.759364 dv-cinder-847536-4-iscsi devstack@keystone.service[80467]: DEBUG keystone.auth.core [None req-8166b5cc-64d9-41be-a563-24e5b9f84618 None None] MFA Rules not processed for user `f7156356453b494e8893e4adc4a9ad81`. Rule list: `[]` (Enabled: `True`). {{(pid=80467) check_auth_methods_against_rules /opt/stack/keystone/keystone/auth/core.py:438}}
Aug 02 10:01:05.761348 dv-cinder-847536-4-iscsi devstack@keystone.service[80467]: DEBUG keystone.common.fernet_utils [None req-8166b5cc-64d9-41be-a563-24e5b9f84618 None None] Loaded 2 Fernet keys from /etc/keystone/fernet-keys/, but `[fernet_tokens] max_active_keys = 3`; perhaps there have not been enough key rotations to reach `max_active_keys` yet? {{(pid=80467) load_keys /opt/stack/keystone/keystone/common/fernet_utils.py:286}}
Aug 02 10:01:05.837439 dv-cinder-847536-4-iscsi devstack@keystone.service[80466]: DEBUG keystone.server.flask.request_processing.middleware.auth_context [None req-c58323aa-979c-4e6f-8ed6-997145a3a515 None None] Validating token access rules against request {{(pid=80466) validate_allowed_request /usr/local/lib/python3.8/dist-packages/keystonemiddleware/auth_token/__init__.py:545}}
Aug 02 10:01:05.850133 dv-cinder-847536-4-iscsi devstack@keystone.service[80467]: [pid: 80467|app: 0|req: 185/378] 10.222.0.49 () {58 vars in 1023 bytes} [Tue Aug 2 10:01:05 2022] POST /identity/v3/auth/tokens => generated 799 bytes in 114 msecs (HTTP/1.1 201) 6 headers in 363 bytes (1 switches on core 0)
Aug 02 10:01:05.851924 dv-cinder-847536-4-iscsi devstack@keystone.service[80467]: DEBUG keystone.server.flask.request_processing.middleware.auth_context [None req-8166b5cc-64d9-41be-a563-24e5b9f84618 None None] Authenticating user token {{(pid=80467) process_request /usr/local/lib/python3.8/dist-packages/keystonemiddleware/auth_token/__init__.py:407}}
Aug 02 10:01:05.898706 dv-cinder-847536-4-iscsi devstack@keystone.service[80466]: DEBUG keystone.server.flask.request_processing.middleware.auth_context [None req-9d0a67d4-d6b1-431a-816c-0c1c7eacbb13 None admin] RBAC: auth_context: {'token': , 'domain_id': None, 'trust_id': None, 'trustor_id': None, 'trustee_id': None, 'domain_name': None, 'group_ids': [], 'user_id': 'f7156356453b494e8893e4adc4a9ad81', 'user_domain_id': 'default', 'system_scope': 'all', 'project_id': None, 'project_domain_id': None, 'roles': ['admin', 'member', 'reader'], 'is_admin_project': True, 'service_user_id': None, 'service_user_domain_id': None, 'service_project_id': None, 'service_project_domain_id': None, 'service_roles': []} {{(pid=80466) fill_context /opt/stack/keystone/keystone/server/flask/request_processing/middleware/auth_context.py:478}}
Aug 02 10:01:05.899878 dv-cinder-847536-4-iscsi devstack@keystone.service[80466]: DEBUG keystone.server.flask.request_processing.req_logging [None req-9d0a67d4-d6b1-431a-816c-0c1c7eacbb13 None admin] REQUEST_METHOD: `GET` {{(pid=80466) log_request_info /opt/stack/keystone/keystone/server/flask/request_processing/req_logging.py:27}}
Aug 02 10:01:05.900390 dv-cinder-847536-4-iscsi devstack@keystone.service[80466]: DEBUG keystone.server.flask.request_processing.req_logging [None req-9d0a67d4-d6b1-431a-816c-0c1c7eacbb13 None admin] SCRIPT_NAME: `/identity` {{(pid=80466) log_request_info /opt/stack/keystone/keystone/server/flask/request_processing/req_logging.py:28}}
