Jun 23 13:12:48.562210 dv-cinder-847335-1-smb devstack@c-api.service[111415]: /usr/local/lib/python3.8/dist-packages/oslo_context/context.py:100: DeprecationWarning: Policy enforcement is depending on the value of is_admin. This key is deprecated. Please update your policy file to use the standard policy values.
Jun 23 13:12:48.562210 dv-cinder-847335-1-smb devstack@c-api.service[111415]: warnings.warn('Policy enforcement is depending on the value of '
Jun 23 13:12:48.569813 dv-cinder-847335-1-smb devstack@c-api.service[111415]: INFO cinder.volume.api [None req-aa3a5507-7544-48f3-89a8-42089cf901ad tempest-VolumesServicesTestJSON-2037683686 tempest-VolumesServicesTestJSON-2037683686-project] Volume info retrieved successfully.
Jun 23 13:12:48.581952 dv-cinder-847335-1-smb devstack@c-api.service[111415]: INFO cinder.api.openstack.wsgi [None req-aa3a5507-7544-48f3-89a8-42089cf901ad tempest-VolumesServicesTestJSON-2037683686 tempest-VolumesServicesTestJSON-2037683686-project] http://10.222.0.16/volume/v3/a928fca22b724ea9927900462a91643c/volumes/10aca503-7357-4df7-8a1c-da3acc16dd26 returned with HTTP 200
Jun 23 13:12:48.583307 dv-cinder-847335-1-smb devstack@c-api.service[111415]: [pid: 111415|app: 0|req: 101/213] 10.222.0.16 () {58 vars in 1324 bytes} [Thu Jun 23 13:12:48 2022] GET /volume/v3/a928fca22b724ea9927900462a91643c/volumes/10aca503-7357-4df7-8a1c-da3acc16dd26 => generated 890 bytes in 51 msecs (HTTP/1.1 200) 7 headers in 285 bytes (2 switches on core 0)
Jun 23 13:12:48.626430 dv-cinder-847335-1-smb devstack@c-api.service[111414]: INFO cinder.volume.api [None req-3d8a3bec-27a7-4e68-a901-940dfdb177ac tempest-SnapshotsActionsTest-2053134161 tempest-SnapshotsActionsTest-2053134161-project-admin] Snapshot delete request issued successfully.
Jun 23 13:12:48.627031 dv-cinder-847335-1-smb devstack@c-api.service[111414]: INFO cinder.api.openstack.wsgi [None req-3d8a3bec-27a7-4e68-a901-940dfdb177ac tempest-SnapshotsActionsTest-2053134161 tempest-SnapshotsActionsTest-2053134161-project-admin] http://10.222.0.16/volume/v3/200d7ef48ae54e82b53db162411e3d05/snapshots/3fbc6aeb-fb2a-4c21-adac-8f7c87d37816/action returned with HTTP 202
Jun 23 13:12:48.628353 dv-cinder-847335-1-smb devstack@c-api.service[111414]: [pid: 111414|app: 0|req: 113/214] 10.222.0.16 () {60 vars in 1372 bytes} [Thu Jun 23 13:12:48 2022] POST /volume/v3/200d7ef48ae54e82b53db162411e3d05/snapshots/3fbc6aeb-fb2a-4c21-adac-8f7c87d37816/action => generated 0 bytes in 188 msecs (HTTP/1.1 202) 7 headers in 289 bytes (1 switches on core 0)
Jun 23 13:12:48.633312 dv-cinder-847335-1-smb devstack@c-api.service[111415]: DEBUG cinder.api.middleware.request_id [None req-d895db5a-d14e-4416-bb85-8fee4dce0846 None None] RequestId filter calling following filter/app {{(pid=111415) _context_setter /opt/stack/cinder/cinder/api/middleware/request_id.py:62}}
Jun 23 13:12:48.639681 dv-cinder-847335-1-smb devstack@c-api.service[111415]: INFO cinder.api.openstack.wsgi [None req-d895db5a-d14e-4416-bb85-8fee4dce0846 tempest-SnapshotsActionsTest-1114163251 tempest-SnapshotsActionsTest-1114163251-project] GET http://10.222.0.16/volume/v3/2d9eb1d9834645a2a2ddcc62d3b4e0fe/snapshots/3fbc6aeb-fb2a-4c21-adac-8f7c87d37816
Jun 23 13:12:48.640364 dv-cinder-847335-1-smb devstack@c-api.service[111415]: DEBUG cinder.api.openstack.wsgi [None req-d895db5a-d14e-4416-bb85-8fee4dce0846 tempest-SnapshotsActionsTest-1114163251 tempest-SnapshotsActionsTest-1114163251-project] Empty body provided in request {{(pid=111415) get_body /opt/stack/cinder/cinder/api/openstack/wsgi.py:715}}
Jun 23 13:12:48.641168 dv-cinder-847335-1-smb devstack@c-api.service[111415]: DEBUG cinder.api.openstack.wsgi [None req-d895db5a-d14e-4416-bb85-8fee4dce0846 tempest-SnapshotsActionsTest-1114163251 tempest-SnapshotsActionsTest-1114163251-project] Calling method 'show' {{(pid=111415) _process_stack /opt/stack/cinder/cinder/api/openstack/wsgi.py:868}}
Jun 23 13:12:48.655685 dv-cinder-847335-1-smb devstack@c-api.service[111415]: /usr/local/lib/python3.8/dist-packages/oslo_context/context.py:100: DeprecationWarning: Policy enforcement is depending on the value of is_admin. This key is deprecated. Please update your policy file to use the standard policy values.
Jun 23 13:12:48.655685 dv-cinder-847335-1-smb devstack@c-api.service[111415]: warnings.warn('Policy enforcement is depending on the value of '
Jun 23 13:12:48.657960 dv-cinder-847335-1-smb devstack@c-api.service[111415]: INFO cinder.volume.api [None req-d895db5a-d14e-4416-bb85-8fee4dce0846 tempest-SnapshotsActionsTest-1114163251 tempest-SnapshotsActionsTest-1114163251-project] Snapshot retrieved successfully.
Jun 23 13:12:48.660977 dv-cinder-847335-1-smb devstack@c-api.service[111415]: INFO cinder.api.openstack.wsgi [None req-d895db5a-d14e-4416-bb85-8fee4dce0846 tempest-SnapshotsActionsTest-1114163251 tempest-SnapshotsActionsTest-1114163251-project] http://10.222.0.16/volume/v3/2d9eb1d9834645a2a2ddcc62d3b4e0fe/snapshots/3fbc6aeb-fb2a-4c21-adac-8f7c87d37816 returned with HTTP 200
Jun 23 13:12:48.660977 dv-cinder-847335-1-smb devstack@c-api.service[111415]: [pid: 111415|app: 0|req: 102/215] 10.222.0.16 () {58 vars in 1330 bytes} [Thu Jun 23 13:12:48 2022] GET /volume/v3/2d9eb1d9834645a2a2ddcc62d3b4e0fe/snapshots/3fbc6aeb-fb2a-4c21-adac-8f7c87d37816 => generated 568 bytes in 29 msecs (HTTP/1.1 200) 7 headers in 285 bytes (1 switches on core 0)
Jun 23 13:12:49.409531 dv-cinder-847335-1-smb devstack@c-api.service[111414]: DEBUG cinder.api.middleware.request_id [None req-4e3c8792-cabd-4992-b17d-5f4d8d4d187c None None] RequestId filter calling following filter/app {{(pid=111414) _context_setter /opt/stack/cinder/cinder/api/middleware/request_id.py:62}}
Jun 23 13:12:49.419595 dv-cinder-847335-1-smb devstack@c-api.service[111414]: INFO cinder.api.openstack.wsgi [None req-4e3c8792-cabd-4992-b17d-5f4d8d4d187c tempest-VolumesImageMetadata-1679410965 tempest-VolumesImageMetadata-1679410965-project] GET http://10.222.0.16/volume/v3/0594805ed08741cb93909af02d5cd657/volumes/be7b8770-e050-4780-b641-1e5fb527878b
Jun 23 13:12:49.420112 dv-cinder-847335-1-smb devstack@c-api.service[111414]: DEBUG cinder.api.openstack.wsgi [None req-4e3c8792-cabd-4992-b17d-5f4d8d4d187c tempest-VolumesImageMetadata-1679410965 tempest-VolumesImageMetadata-1679410965-project] Empty body provided in request {{(pid=111414) get_body /opt/stack/cinder/cinder/api/openstack/wsgi.py:715}}
Jun 23 13:12:49.422103 dv-cinder-847335-1-smb devstack@c-api.service[111414]: DEBUG cinder.api.openstack.wsgi [None req-4e3c8792-cabd-4992-b17d-5f4d8d4d187c tempest-VolumesImageMetadata-1679410965 tempest-VolumesImageMetadata-1679410965-project] Calling method 'show' {{(pid=111414) _process_stack /opt/stack/cinder/cinder/api/openstack/wsgi.py:868}}
Jun 23 13:12:49.464426 dv-cinder-847335-1-smb devstack@c-api.service[111414]: /usr/local/lib/python3.8/dist-packages/oslo_context/context.py:100: DeprecationWarning: Policy enforcement is depending on the value of is_admin. This key is deprecated. Please update your policy file to use the standard policy values.
Jun 23 13:12:49.464426 dv-cinder-847335-1-smb devstack@c-api.service[111414]: warnings.warn('Policy enforcement is depending on the value of '
Jun 23 13:12:49.478625 dv-cinder-847335-1-smb devstack@c-api.service[111414]: INFO cinder.volume.api [None req-4e3c8792-cabd-4992-b17d-5f4d8d4d187c tempest-VolumesImageMetadata-1679410965 tempest-VolumesImageMetadata-1679410965-project] Volume info retrieved successfully.
Jun 23 13:12:49.489527 dv-cinder-847335-1-smb devstack@c-api.service[111414]: INFO cinder.api.openstack.wsgi [None req-4e3c8792-cabd-4992-b17d-5f4d8d4d187c tempest-VolumesImageMetadata-1679410965 tempest-VolumesImageMetadata-1679410965-project] http://10.222.0.16/volume/v3/0594805ed08741cb93909af02d5cd657/volumes/be7b8770-e050-4780-b641-1e5fb527878b returned with HTTP 200
Jun 23 13:12:49.493784 dv-cinder-847335-1-smb devstack@c-api.service[111414]: [pid: 111414|app: 0|req: 114/216] 10.222.0.16 () {58 vars in 1324 bytes} [Thu Jun 23 13:12:49 2022] GET /volume/v3/0594805ed08741cb93909af02d5cd657/volumes/be7b8770-e050-4780-b641-1e5fb527878b => generated 911 bytes in 82 msecs (HTTP/1.1 200) 7 headers in 285 bytes (1 switches on core 0)
Jun 23 13:12:49.538218 dv-cinder-847335-1-smb devstack@c-api.service[111414]: DEBUG dbcounter [-] [111414] Writing DB stats cinder:SELECT=80,cinder:UPDATE=14,cinder:DELETE=1,cinder:INSERT=5 {{(pid=111414) stat_writer /usr/local/lib/python3.8/dist-packages/dbcounter.py:114}}
Jun 23 13:12:49.595707 dv-cinder-847335-1-smb devstack@c-api.service[111415]: DEBUG cinder.api.middleware.request_id [None req-1c7d5613-0a72-42c8-8fb1-9dd6a70cae5b None None] RequestId filter calling following filter/app {{(pid=111415) _context_setter /opt/stack/cinder/cinder/api/middleware/request_id.py:62}}
Jun 23 13:12:49.599811 dv-cinder-847335-1-smb devstack@c-api.service[111415]: INFO cinder.api.openstack.wsgi [None req-1c7d5613-0a72-42c8-8fb1-9dd6a70cae5b tempest-VolumesServicesTestJSON-2037683686 tempest-VolumesServicesTestJSON-2037683686-project] GET http://10.222.0.16/volume/v3/a928fca22b724ea9927900462a91643c/volumes/10aca503-7357-4df7-8a1c-da3acc16dd26
Jun 23 13:12:49.600484 dv-cinder-847335-1-smb devstack@c-api.service[111415]: DEBUG cinder.api.openstack.wsgi [None req-1c7d5613-0a72-42c8-8fb1-9dd6a70cae5b tempest-VolumesServicesTestJSON-2037683686 tempest-VolumesServicesTestJSON-2037683686-project] Empty body provided in request {{(pid=111415) get_body /opt/stack/cinder/cinder/api/openstack/wsgi.py:715}}
Jun 23 13:12:49.601193 dv-cinder-847335-1-smb devstack@c-api.service[111415]: DEBUG cinder.api.openstack.wsgi [None req-1c7d5613-0a72-42c8-8fb1-9dd6a70cae5b tempest-VolumesServicesTestJSON-2037683686 tempest-VolumesServicesTestJSON-2037683686-project] Calling method 'show' {{(pid=111415) _process_stack /opt/stack/cinder/cinder/api/openstack/wsgi.py:868}}
Jun 23 13:12:49.616852 dv-cinder-847335-1-smb devstack@c-api.service[111415]: /usr/local/lib/python3.8/dist-packages/oslo_context/context.py:100: DeprecationWarning: Policy enforcement is depending on the value of is_admin. This key is deprecated. Please update your policy file to use the standard policy values.
Jun 23 13:12:49.616852 dv-cinder-847335-1-smb devstack@c-api.service[111415]: warnings.warn('Policy enforcement is depending on the value of '
Jun 23 13:12:49.625004 dv-cinder-847335-1-smb devstack@c-api.service[111415]: INFO cinder.volume.api [None req-1c7d5613-0a72-42c8-8fb1-9dd6a70cae5b tempest-VolumesServicesTestJSON-2037683686 tempest-VolumesServicesTestJSON-2037683686-project] Volume info retrieved successfully.
Jun 23 13:12:49.634154 dv-cinder-847335-1-smb devstack@c-api.service[111415]: INFO cinder.api.openstack.wsgi [None req-1c7d5613-0a72-42c8-8fb1-9dd6a70cae5b tempest-VolumesServicesTestJSON-2037683686 tempest-VolumesServicesTestJSON-2037683686-project] http://10.222.0.16/volume/v3/a928fca22b724ea9927900462a91643c/volumes/10aca503-7357-4df7-8a1c-da3acc16dd26 returned with HTTP 200
Jun 23 13:12:49.635024 dv-cinder-847335-1-smb devstack@c-api.service[111415]: [pid: 111415|app: 0|req: 103/217] 10.222.0.16 () {58 vars in 1324 bytes} [Thu Jun 23 13:12:49 2022] GET /volume/v3/a928fca22b724ea9927900462a91643c/volumes/10aca503-7357-4df7-8a1c-da3acc16dd26 => generated 915 bytes in 40 msecs (HTTP/1.1 200) 7 headers in 285 bytes (1 switches on core 0)
Jun 23 13:12:49.648229 dv-cinder-847335-1-smb devstack@c-api.service[111414]: DEBUG cinder.api.middleware.request_id [None req-b0f97ec1-61f2-48ff-9f9b-37aeca7dfa8e None None] RequestId filter calling following filter/app {{(pid=111414) _context_setter /opt/stack/cinder/cinder/api/middleware/request_id.py:62}}
Jun 23 13:12:49.654617 dv-cinder-847335-1-smb devstack@c-api.service[111414]: INFO cinder.api.openstack.wsgi [None req-b0f97ec1-61f2-48ff-9f9b-37aeca7dfa8e tempest-VolumesServicesTestJSON-812829256 tempest-VolumesServicesTestJSON-812829256-project-admin] GET http://10.222.0.16/volume/v3/2d48127225b7444cb4fd5fd00d1151ad/volumes/10aca503-7357-4df7-8a1c-da3acc16dd26
Jun 23 13:12:49.655068 dv-cinder-847335-1-smb devstack@c-api.service[111414]: DEBUG cinder.api.openstack.wsgi [None req-b0f97ec1-61f2-48ff-9f9b-37aeca7dfa8e tempest-VolumesServicesTestJSON-812829256 tempest-VolumesServicesTestJSON-812829256-project-admin] Empty body provided in request {{(pid=111414) get_body /opt/stack/cinder/cinder/api/openstack/wsgi.py:715}}
Jun 23 13:12:49.655557 dv-cinder-847335-1-smb devstack@c-api.service[111414]: DEBUG cinder.api.openstack.wsgi [None req-b0f97ec1-61f2-48ff-9f9b-37aeca7dfa8e tempest-VolumesServicesTestJSON-812829256 tempest-VolumesServicesTestJSON-812829256-project-admin] Calling method 'show' {{(pid=111414) _process_stack /opt/stack/cinder/cinder/api/openstack/wsgi.py:868}}
Jun 23 13:12:49.670325 dv-cinder-847335-1-smb devstack@c-api.service[111415]: DEBUG cinder.api.middleware.request_id [None req-6475667c-f376-43af-9ed7-d3c542f0372f None None] RequestId filter calling following filter/app {{(pid=111415) _context_setter /opt/stack/cinder/cinder/api/middleware/request_id.py:62}}
Jun 23 13:12:49.671370 dv-cinder-847335-1-smb devstack@c-api.service[111414]: /usr/local/lib/python3.8/dist-packages/oslo_context/context.py:100: DeprecationWarning: Policy enforcement is depending on the value of is_admin. This key is deprecated. Please update your policy file to use the standard policy values.
Jun 23 13:12:49.671370 dv-cinder-847335-1-smb devstack@c-api.service[111414]: warnings.warn('Policy enforcement is depending on the value of '
Jun 23 13:12:49.678172 dv-cinder-847335-1-smb devstack@c-api.service[111415]: INFO cinder.api.openstack.wsgi [None req-6475667c-f376-43af-9ed7-d3c542f0372f tempest-SnapshotsActionsTest-1114163251 tempest-SnapshotsActionsTest-1114163251-project] GET http://10.222.0.16/volume/v3/2d9eb1d9834645a2a2ddcc62d3b4e0fe/snapshots/3fbc6aeb-fb2a-4c21-adac-8f7c87d37816
Jun 23 13:12:49.678976 dv-cinder-847335-1-smb devstack@c-api.service[111414]: INFO cinder.volume.api [None req-b0f97ec1-61f2-48ff-9f9b-37aeca7dfa8e tempest-VolumesServicesTestJSON-812829256 tempest-VolumesServicesTestJSON-812829256-project-admin] Volume info retrieved successfully.
Jun 23 13:12:49.681122 dv-cinder-847335-1-smb devstack@c-api.service[111415]: DEBUG cinder.api.openstack.wsgi [None req-6475667c-f376-43af-9ed7-d3c542f0372f tempest-SnapshotsActionsTest-1114163251 tempest-SnapshotsActionsTest-1114163251-project] Empty body provided in request {{(pid=111415) get_body /opt/stack/cinder/cinder/api/openstack/wsgi.py:715}}
Jun 23 13:12:49.681708 dv-cinder-847335-1-smb devstack@c-api.service[111415]: DEBUG cinder.api.openstack.wsgi [None req-6475667c-f376-43af-9ed7-d3c542f0372f tempest-SnapshotsActionsTest-1114163251 tempest-SnapshotsActionsTest-1114163251-project] Calling method 'show' {{(pid=111415) _process_stack /opt/stack/cinder/cinder/api/openstack/wsgi.py:868}}
Jun 23 13:12:49.694484 dv-cinder-847335-1-smb devstack@c-api.service[111414]: INFO cinder.api.openstack.wsgi [None req-b0f97ec1-61f2-48ff-9f9b-37aeca7dfa8e tempest-VolumesServicesTestJSON-812829256 tempest-VolumesServicesTestJSON-812829256-project-admin] http://10.222.0.16/volume/v3/2d48127225b7444cb4fd5fd00d1151ad/volumes/10aca503-7357-4df7-8a1c-da3acc16dd26 returned with HTTP 200
Jun 23 13:12:49.695715 dv-cinder-847335-1-smb devstack@c-api.service[111414]: [pid: 111414|app: 0|req: 115/218] 10.222.0.16 () {58 vars in 1324 bytes} [Thu Jun 23 13:12:49 2022] GET /volume/v3/2d48127225b7444cb4fd5fd00d1151ad/volumes/10aca503-7357-4df7-8a1c-da3acc16dd26 => generated 1081 bytes in 48 msecs (HTTP/1.1 200) 7 headers in 286 bytes (1 switches on core 0)
Jun 23 13:12:49.705403 dv-cinder-847335-1-smb devstack@c-api.service[111415]: INFO cinder.api.openstack.wsgi [None req-6475667c-f376-43af-9ed7-d3c542f0372f tempest-SnapshotsActionsTest-1114163251 tempest-SnapshotsActionsTest-1114163251-project] http://10.222.0.16/volume/v3/2d9eb1d9834645a2a2ddcc62d3b4e0fe/snapshots/3fbc6aeb-fb2a-4c21-adac-8f7c87d37816 returned with HTTP 404
Jun 23 13:12:49.712291 dv-cinder-847335-1-smb devstack@c-api.service[111415]: [pid: 111415|app: 0|req: 104/219] 10.222.0.16 () {58 vars in 1330 bytes} [Thu Jun 23 13:12:49 2022] GET /volume/v3/2d9eb1d9834645a2a2ddcc62d3b4e0fe/snapshots/3fbc6aeb-fb2a-4c21-adac-8f7c87d37816 => generated 111 bytes in 41 msecs (HTTP/1.1 404) 7 headers in 292 bytes (1 switches on core 0)
Jun 23 13:12:49.712386 dv-cinder-847335-1-smb devstack@c-api.service[111414]: DEBUG cinder.api.middleware.request_id [None req-6eff0237-88ca-43bf-88f3-73f1d52e59ca None None] RequestId filter calling following filter/app {{(pid=111414) _context_setter /opt/stack/cinder/cinder/api/middleware/request_id.py:62}}
Jun 23 13:12:49.715526 dv-cinder-847335-1-smb devstack@c-api.service[111414]: INFO cinder.api.openstack.wsgi [None req-6eff0237-88ca-43bf-88f3-73f1d52e59ca tempest-VolumesServicesTestJSON-812829256 tempest-VolumesServicesTestJSON-812829256-project-admin] GET http://10.222.0.16/volume/v3/2d48127225b7444cb4fd5fd00d1151ad/os-services?host=hv-cinder-84733&binary=cinder-volume
Jun 23 13:12:49.716160 dv-cinder-847335-1-smb devstack@c-api.service[111414]: DEBUG cinder.api.openstack.wsgi [None req-6eff0237-88ca-43bf-88f3-73f1d52e59ca tempest-VolumesServicesTestJSON-812829256 tempest-VolumesServicesTestJSON-812829256-project-admin] Empty body provided in request {{(pid=111414) get_body /opt/stack/cinder/cinder/api/openstack/wsgi.py:715}}
Jun 23 13:12:49.716777 dv-cinder-847335-1-smb devstack@c-api.service[111414]: DEBUG cinder.api.openstack.wsgi [None req-6eff0237-88ca-43bf-88f3-73f1d52e59ca tempest-VolumesServicesTestJSON-812829256 tempest-VolumesServicesTestJSON-812829256-project-admin] Calling method 'index' {{(pid=111414) _process_stack /opt/stack/cinder/cinder/api/openstack/wsgi.py:868}}
Jun 23 13:12:49.717383 dv-cinder-847335-1-smb devstack@c-api.service[111415]: DEBUG cinder.api.middleware.request_id [None req-7d3369e8-0e62-4d26-bbad-eb9315e2927c None None] RequestId filter calling following filter/app {{(pid=111415) _context_setter /opt/stack/cinder/cinder/api/middleware/request_id.py:62}}
Jun 23 13:12:49.730190 dv-cinder-847335-1-smb devstack@c-api.service[111414]: INFO cinder.api.openstack.wsgi [None req-6eff0237-88ca-43bf-88f3-73f1d52e59ca tempest-VolumesServicesTestJSON-812829256 tempest-VolumesServicesTestJSON-812829256-project-admin] http://10.222.0.16/volume/v3/2d48127225b7444cb4fd5fd00d1151ad/os-services?host=hv-cinder-84733&binary=cinder-volume returned with HTTP 200
Jun 23 13:12:49.731531 dv-cinder-847335-1-smb devstack@c-api.service[111415]: INFO cinder.api.openstack.wsgi [None req-7d3369e8-0e62-4d26-bbad-eb9315e2927c tempest-SnapshotsActionsTest-2053134161 tempest-SnapshotsActionsTest-2053134161-project-admin] POST http://10.222.0.16/volume/v3/200d7ef48ae54e82b53db162411e3d05/snapshots/2ca6176e-70a3-44fc-b979-bb5699469232/action
Jun 23 13:12:49.732793 dv-cinder-847335-1-smb devstack@c-api.service[111415]: DEBUG cinder.api.openstack.wsgi [None req-7d3369e8-0e62-4d26-bbad-eb9315e2927c tempest-SnapshotsActionsTest-2053134161 tempest-SnapshotsActionsTest-2053134161-project-admin] Action body: b'{"os-reset_status": {"status": "available"}}' {{(pid=111415) get_method /opt/stack/cinder/cinder/api/openstack/wsgi.py:983}}
Jun 23 13:12:49.734790 dv-cinder-847335-1-smb devstack@c-api.service[111415]: DEBUG cinder.api.openstack.wsgi [None req-7d3369e8-0e62-4d26-bbad-eb9315e2927c tempest-SnapshotsActionsTest-2053134161 tempest-SnapshotsActionsTest-2053134161-project-admin] Action: 'action', calling method: _reset_status, body: {"os-reset_status": {"status": "available"}} {{(pid=111415) _process_stack /opt/stack/cinder/cinder/api/openstack/wsgi.py:866}}
Jun 23 13:12:49.736746 dv-cinder-847335-1-smb devstack@c-api.service[111414]: [pid: 111414|app: 0|req: 116/220] 10.222.0.16 () {58 vars in 1308 bytes} [Thu Jun 23 13:12:49 2022] GET /volume/v3/2d48127225b7444cb4fd5fd00d1151ad/os-services?host=hv-cinder-84733&binary=cinder-volume => generated 276 bytes in 28 msecs (HTTP/1.1 200) 7 headers in 285 bytes (1 switches on core 0)
Jun 23 13:12:49.738659 dv-cinder-847335-1-smb devstack@c-api.service[111415]: DEBUG cinder.api.contrib.admin_actions [None req-7d3369e8-0e62-4d26-bbad-eb9315e2927c tempest-SnapshotsActionsTest-2053134161 tempest-SnapshotsActionsTest-2053134161-project-admin] Updating snapshot '2ca6176e-70a3-44fc-b979-bb5699469232' with '{'status': 'available'}' {{(pid=111415) _reset_status /opt/stack/cinder/cinder/api/contrib/admin_actions.py:100}}
Jun 23 13:12:49.751050 dv-cinder-847335-1-smb devstack@c-api.service[111414]: DEBUG cinder.api.middleware.request_id [None req-9bf231f9-8ff3-4b21-908e-14165aec9d80 None None] RequestId filter calling following filter/app {{(pid=111414) _context_setter /opt/stack/cinder/cinder/api/middleware/request_id.py:62}}
Jun 23 13:12:49.756777 dv-cinder-847335-1-smb devstack@c-api.service[111414]: INFO cinder.api.openstack.wsgi [None req-9bf231f9-8ff3-4b21-908e-14165aec9d80 tempest-VolumesServicesTestJSON-812829256 tempest-VolumesServicesTestJSON-812829256-project-admin] GET http://10.222.0.16/volume/v3/2d48127225b7444cb4fd5fd00d1151ad/os-services
Jun 23 13:12:49.757475 dv-cinder-847335-1-smb devstack@c-api.service[111414]: DEBUG cinder.api.openstack.wsgi [None req-9bf231f9-8ff3-4b21-908e-14165aec9d80 tempest-VolumesServicesTestJSON-812829256 tempest-VolumesServicesTestJSON-812829256-project-admin] Empty body provided in request {{(pid=111414) get_body /opt/stack/cinder/cinder/api/openstack/wsgi.py:715}}
Jun 23 13:12:49.759963 dv-cinder-847335-1-smb devstack@c-api.service[111414]: DEBUG cinder.api.openstack.wsgi [None req-9bf231f9-8ff3-4b21-908e-14165aec9d80 tempest-VolumesServicesTestJSON-812829256 tempest-VolumesServicesTestJSON-812829256-project-admin] Calling method 'index' {{(pid=111414) _process_stack /opt/stack/cinder/cinder/api/openstack/wsgi.py:868}}
Jun 23 13:12:49.782016 dv-cinder-847335-1-smb devstack@c-api.service[111414]: INFO cinder.api.openstack.wsgi [None req-9bf231f9-8ff3-4b21-908e-14165aec9d80 tempest-VolumesServicesTestJSON-812829256 tempest-VolumesServicesTestJSON-812829256-project-admin] http://10.222.0.16/volume/v3/2d48127225b7444cb4fd5fd00d1151ad/os-services returned with HTTP 200
Jun 23 13:12:49.783125 dv-cinder-847335-1-smb devstack@c-api.service[111414]: [pid: 111414|app: 0|req: 117/221] 10.222.0.16 () {58 vars in 1225 bytes} [Thu Jun 23 13:12:49 2022] GET /volume/v3/2d48127225b7444cb4fd5fd00d1151ad/os-services => generated 640 bytes in 33 msecs (HTTP/1.1 200) 7 headers in 285 bytes (2 switches on core 0)
Jun 23 13:12:49.785525 dv-cinder-847335-1-smb devstack@c-api.service[111415]: /usr/local/lib/python3.8/dist-packages/oslo_context/context.py:100: DeprecationWarning: Policy enforcement is depending on the value of is_admin. This key is deprecated. Please update your policy file to use the standard policy values.
Jun 23 13:12:49.785525 dv-cinder-847335-1-smb devstack@c-api.service[111415]: warnings.warn('Policy enforcement is depending on the value of '
Jun 23 13:12:49.791282 dv-cinder-847335-1-smb devstack@c-api.service[111414]: DEBUG cinder.api.middleware.request_id [None req-4a20d47e-1f5f-4ceb-87d2-91de8cfd00ba None None] RequestId filter calling following filter/app {{(pid=111414) _context_setter /opt/stack/cinder/cinder/api/middleware/request_id.py:62}}
Jun 23 13:12:49.795678 dv-cinder-847335-1-smb devstack@c-api.service[111414]: INFO cinder.api.openstack.wsgi [None req-4a20d47e-1f5f-4ceb-87d2-91de8cfd00ba tempest-VolumesServicesTestJSON-2037683686 tempest-VolumesServicesTestJSON-2037683686-project] DELETE http://10.222.0.16/volume/v3/a928fca22b724ea9927900462a91643c/volumes/10aca503-7357-4df7-8a1c-da3acc16dd26
Jun 23 13:12:49.796402 dv-cinder-847335-1-smb devstack@c-api.service[111414]: DEBUG cinder.api.openstack.wsgi [None req-4a20d47e-1f5f-4ceb-87d2-91de8cfd00ba tempest-VolumesServicesTestJSON-2037683686 tempest-VolumesServicesTestJSON-2037683686-project] Empty body provided in request {{(pid=111414) get_body /opt/stack/cinder/cinder/api/openstack/wsgi.py:715}}
Jun 23 13:12:49.797060 dv-cinder-847335-1-smb devstack@c-api.service[111414]: DEBUG cinder.api.openstack.wsgi [None req-4a20d47e-1f5f-4ceb-87d2-91de8cfd00ba tempest-VolumesServicesTestJSON-2037683686 tempest-VolumesServicesTestJSON-2037683686-project] Calling method 'delete' {{(pid=111414) _process_stack /opt/stack/cinder/cinder/api/openstack/wsgi.py:868}}
Jun 23 13:12:49.797605 dv-cinder-847335-1-smb devstack@c-api.service[111414]: INFO cinder.api.v3.volumes [None req-4a20d47e-1f5f-4ceb-87d2-91de8cfd00ba tempest-VolumesServicesTestJSON-2037683686 tempest-VolumesServicesTestJSON-2037683686-project] Delete volume with id: 10aca503-7357-4df7-8a1c-da3acc16dd26
Jun 23 13:12:49.814360 dv-cinder-847335-1-smb devstack@c-api.service[111414]: /usr/local/lib/python3.8/dist-packages/oslo_context/context.py:100: DeprecationWarning: Policy enforcement is depending on the value of is_admin. This key is deprecated. Please update your policy file to use the standard policy values.
Jun 23 13:12:49.814360 dv-cinder-847335-1-smb devstack@c-api.service[111414]: warnings.warn('Policy enforcement is depending on the value of '
Jun 23 13:12:49.815823 dv-cinder-847335-1-smb devstack@c-api.service[111414]: INFO cinder.volume.api [None req-4a20d47e-1f5f-4ceb-87d2-91de8cfd00ba tempest-VolumesServicesTestJSON-2037683686 tempest-VolumesServicesTestJSON-2037683686-project] Volume info retrieved successfully.
Jun 23 13:12:49.894501 dv-cinder-847335-1-smb devstack@c-api.service[111415]: INFO cinder.api.openstack.wsgi [None req-7d3369e8-0e62-4d26-bbad-eb9315e2927c tempest-SnapshotsActionsTest-2053134161 tempest-SnapshotsActionsTest-2053134161-project-admin] http://10.222.0.16/volume/v3/200d7ef48ae54e82b53db162411e3d05/snapshots/2ca6176e-70a3-44fc-b979-bb5699469232/action returned with HTTP 202
Jun 23 13:12:49.896209 dv-cinder-847335-1-smb devstack@c-api.service[111415]: [pid: 111415|app: 0|req: 105/222] 10.222.0.16 () {60 vars in 1372 bytes} [Thu Jun 23 13:12:49 2022] POST /volume/v3/200d7ef48ae54e82b53db162411e3d05/snapshots/2ca6176e-70a3-44fc-b979-bb5699469232/action => generated 0 bytes in 181 msecs (HTTP/1.1 202) 7 headers in 289 bytes (1 switches on core 0)
Jun 23 13:12:49.901309 dv-cinder-847335-1-smb devstack@c-api.service[111415]: DEBUG cinder.api.middleware.request_id [None req-4980badb-fbde-4c1c-8acf-77f305bb577a None None] RequestId filter calling following filter/app {{(pid=111415) _context_setter /opt/stack/cinder/cinder/api/middleware/request_id.py:62}}
Jun 23 13:12:49.905887 dv-cinder-847335-1-smb devstack@c-api.service[111415]: INFO cinder.api.openstack.wsgi [None req-4980badb-fbde-4c1c-8acf-77f305bb577a tempest-SnapshotsActionsTest-1114163251 tempest-SnapshotsActionsTest-1114163251-project] GET http://10.222.0.16/volume/v3/2d9eb1d9834645a2a2ddcc62d3b4e0fe/snapshots/2ca6176e-70a3-44fc-b979-bb5699469232
Jun 23 13:12:49.906506 dv-cinder-847335-1-smb devstack@c-api.service[111415]: DEBUG cinder.api.openstack.wsgi [None req-4980badb-fbde-4c1c-8acf-77f305bb577a tempest-SnapshotsActionsTest-1114163251 tempest-SnapshotsActionsTest-1114163251-project] Empty body provided in request {{(pid=111415) get_body /opt/stack/cinder/cinder/api/openstack/wsgi.py:715}}
Jun 23 13:12:49.907132 dv-cinder-847335-1-smb devstack@c-api.service[111415]: DEBUG cinder.api.openstack.wsgi [None req-4980badb-fbde-4c1c-8acf-77f305bb577a tempest-SnapshotsActionsTest-1114163251 tempest-SnapshotsActionsTest-1114163251-project] Calling method 'show' {{(pid=111415) _process_stack /opt/stack/cinder/cinder/api/openstack/wsgi.py:868}}
Jun 23 13:12:49.918702 dv-cinder-847335-1-smb devstack@c-api.service[111415]: /usr/local/lib/python3.8/dist-packages/oslo_context/context.py:100: DeprecationWarning: Policy enforcement is depending on the value of is_admin. This key is deprecated. Please update your policy file to use the standard policy values.
Jun 23 13:12:49.918702 dv-cinder-847335-1-smb devstack@c-api.service[111415]: warnings.warn('Policy enforcement is depending on the value of '
Jun 23 13:12:49.923097 dv-cinder-847335-1-smb devstack@c-api.service[111415]: INFO cinder.volume.api [None req-4980badb-fbde-4c1c-8acf-77f305bb577a tempest-SnapshotsActionsTest-1114163251 tempest-SnapshotsActionsTest-1114163251-project] Snapshot retrieved successfully.
Jun 23 13:12:49.928100 dv-cinder-847335-1-smb devstack@c-api.service[111415]: INFO cinder.api.openstack.wsgi [None req-4980badb-fbde-4c1c-8acf-77f305bb577a tempest-SnapshotsActionsTest-1114163251 tempest-SnapshotsActionsTest-1114163251-project] http://10.222.0.16/volume/v3/2d9eb1d9834645a2a2ddcc62d3b4e0fe/snapshots/2ca6176e-70a3-44fc-b979-bb5699469232 returned with HTTP 200
Jun 23 13:12:49.929296 dv-cinder-847335-1-smb devstack@c-api.service[111415]: [pid: 111415|app: 0|req: 106/223] 10.222.0.16 () {58 vars in 1330 bytes} [Thu Jun 23 13:12:49 2022] GET /volume/v3/2d9eb1d9834645a2a2ddcc62d3b4e0fe/snapshots/2ca6176e-70a3-44fc-b979-bb5699469232 => generated 532 bytes in 29 msecs (HTTP/1.1 200) 7 headers in 285 bytes (1 switches on core 0)
Jun 23 13:12:49.942894 dv-cinder-847335-1-smb devstack@c-api.service[111415]: DEBUG cinder.api.middleware.request_id [None req-77c0eca9-1689-4ce5-8caa-770a81e9e3bd None None] RequestId filter calling following filter/app {{(pid=111415) _context_setter /opt/stack/cinder/cinder/api/middleware/request_id.py:62}}
Jun 23 13:12:49.948503 dv-cinder-847335-1-smb devstack@c-api.service[111415]: INFO cinder.api.openstack.wsgi [None req-77c0eca9-1689-4ce5-8caa-770a81e9e3bd tempest-SnapshotsActionsTest-1114163251 tempest-SnapshotsActionsTest-1114163251-project] POST http://10.222.0.16/volume/v3/2d9eb1d9834645a2a2ddcc62d3b4e0fe/snapshots
Jun 23 13:12:49.949568 dv-cinder-847335-1-smb devstack@c-api.service[111415]: DEBUG cinder.api.openstack.wsgi [None req-77c0eca9-1689-4ce5-8caa-770a81e9e3bd tempest-SnapshotsActionsTest-1114163251 tempest-SnapshotsActionsTest-1114163251-project] Action: 'create', calling method: create, body: {"snapshot": {"volume_id": "61555a71-fa1e-451d-8092-12bf3a8e3340", "name": "tempest-SnapshotsActionsTest-Snapshot-793051954"}} {{(pid=111415) _process_stack /opt/stack/cinder/cinder/api/openstack/wsgi.py:866}}
Jun 23 13:12:49.975226 dv-cinder-847335-1-smb devstack@c-api.service[111415]: /usr/local/lib/python3.8/dist-packages/oslo_context/context.py:100: DeprecationWarning: Policy enforcement is depending on the value of is_admin. This key is deprecated. Please update your policy file to use the standard policy values.
Jun 23 13:12:49.975226 dv-cinder-847335-1-smb devstack@c-api.service[111415]: warnings.warn('Policy enforcement is depending on the value of '
Jun 23 13:12:49.976637 dv-cinder-847335-1-smb devstack@c-api.service[111415]: INFO cinder.volume.api [None req-77c0eca9-1689-4ce5-8caa-770a81e9e3bd tempest-SnapshotsActionsTest-1114163251 tempest-SnapshotsActionsTest-1114163251-project] Volume info retrieved successfully.
Jun 23 13:12:49.977084 dv-cinder-847335-1-smb devstack@c-api.service[111415]: INFO cinder.api.v3.snapshots [None req-77c0eca9-1689-4ce5-8caa-770a81e9e3bd tempest-SnapshotsActionsTest-1114163251 tempest-SnapshotsActionsTest-1114163251-project] Create snapshot from volume 61555a71-fa1e-451d-8092-12bf3a8e3340
Jun 23 13:12:50.033616 dv-cinder-847335-1-smb devstack@c-api.service[111414]: INFO cinder.volume.api [None req-4a20d47e-1f5f-4ceb-87d2-91de8cfd00ba tempest-VolumesServicesTestJSON-2037683686 tempest-VolumesServicesTestJSON-2037683686-project] Delete volume request issued successfully.
Jun 23 13:12:50.034563 dv-cinder-847335-1-smb devstack@c-api.service[111414]: INFO cinder.api.openstack.wsgi [None req-4a20d47e-1f5f-4ceb-87d2-91de8cfd00ba tempest-VolumesServicesTestJSON-2037683686 tempest-VolumesServicesTestJSON-2037683686-project] http://10.222.0.16/volume/v3/a928fca22b724ea9927900462a91643c/volumes/10aca503-7357-4df7-8a1c-da3acc16dd26 returned with HTTP 202
Jun 23 13:12:50.042738 dv-cinder-847335-1-smb devstack@c-api.service[111414]: [pid: 111414|app: 0|req: 118/224] 10.222.0.16 () {58 vars in 1327 bytes} [Thu Jun 23 13:12:49 2022] DELETE /volume/v3/a928fca22b724ea9927900462a91643c/volumes/10aca503-7357-4df7-8a1c-da3acc16dd26 => generated 0 bytes in 248 msecs (HTTP/1.1 202) 6 headers in 233 bytes (2 switches on core 0)
Jun 23 13:12:50.043040 dv-cinder-847335-1-smb devstack@c-api.service[111414]: DEBUG cinder.api.middleware.request_id [None req-9704123c-9199-4401-9726-aa53ff847a29 None None] RequestId filter calling following filter/app {{(pid=111414) _context_setter /opt/stack/cinder/cinder/api/middleware/request_id.py:62}}
Jun 23 13:12:50.047329 dv-cinder-847335-1-smb devstack@c-api.service[111414]: INFO cinder.api.openstack.wsgi [None req-9704123c-9199-4401-9726-aa53ff847a29 tempest-VolumesServicesTestJSON-2037683686 tempest-VolumesServicesTestJSON-2037683686-project] GET http://10.222.0.16/volume/v3/a928fca22b724ea9927900462a91643c/volumes/10aca503-7357-4df7-8a1c-da3acc16dd26
Jun 23 13:12:50.048045 dv-cinder-847335-1-smb devstack@c-api.service[111414]: DEBUG cinder.api.openstack.wsgi [None req-9704123c-9199-4401-9726-aa53ff847a29 tempest-VolumesServicesTestJSON-2037683686 tempest-VolumesServicesTestJSON-2037683686-project] Empty body provided in request {{(pid=111414) get_body /opt/stack/cinder/cinder/api/openstack/wsgi.py:715}}
Jun 23 13:12:50.048662 dv-cinder-847335-1-smb devstack@c-api.service[111414]: DEBUG cinder.api.openstack.wsgi [None req-9704123c-9199-4401-9726-aa53ff847a29 tempest-VolumesServicesTestJSON-2037683686 tempest-VolumesServicesTestJSON-2037683686-project] Calling method 'show' {{(pid=111414) _process_stack /opt/stack/cinder/cinder/api/openstack/wsgi.py:868}}
Jun 23 13:12:50.087755 dv-cinder-847335-1-smb devstack@c-api.service[111414]: /usr/local/lib/python3.8/dist-packages/oslo_context/context.py:100: DeprecationWarning: Policy enforcement is depending on the value of is_admin. This key is deprecated. Please update your policy file to use the standard policy values.
Jun 23 13:12:50.087755 dv-cinder-847335-1-smb devstack@c-api.service[111414]: warnings.warn('Policy enforcement is depending on the value of '
Jun 23 13:12:50.107364 dv-cinder-847335-1-smb devstack@c-api.service[111414]: INFO cinder.volume.api [None req-9704123c-9199-4401-9726-aa53ff847a29 tempest-VolumesServicesTestJSON-2037683686 tempest-VolumesServicesTestJSON-2037683686-project] Volume info retrieved successfully.
Jun 23 13:12:50.127989 dv-cinder-847335-1-smb devstack@c-api.service[111414]: INFO cinder.api.openstack.wsgi [None req-9704123c-9199-4401-9726-aa53ff847a29 tempest-VolumesServicesTestJSON-2037683686 tempest-VolumesServicesTestJSON-2037683686-project] http://10.222.0.16/volume/v3/a928fca22b724ea9927900462a91643c/volumes/10aca503-7357-4df7-8a1c-da3acc16dd26 returned with HTTP 200
Jun 23 13:12:50.129904 dv-cinder-847335-1-smb devstack@c-api.service[111414]: [pid: 111414|app: 0|req: 119/225] 10.222.0.16 () {58 vars in 1324 bytes} [Thu Jun 23 13:12:50 2022] GET /volume/v3/a928fca22b724ea9927900462a91643c/volumes/10aca503-7357-4df7-8a1c-da3acc16dd26 => generated 914 bytes in 89 msecs (HTTP/1.1 200) 7 headers in 285 bytes (2 switches on core 0)
Jun 23 13:12:50.171809 dv-cinder-847335-1-smb devstack@c-api.service[111415]: DEBUG dbcounter [-] [111415] Writing DB stats cinder:SELECT=64,cinder:INSERT=10,cinder:UPDATE=25,cinder:DELETE=1 {{(pid=111415) stat_writer /usr/local/lib/python3.8/dist-packages/dbcounter.py:114}}
Jun 23 13:12:50.195724 dv-cinder-847335-1-smb devstack@c-api.service[111415]: DEBUG cinder.quota [None req-77c0eca9-1689-4ce5-8caa-770a81e9e3bd tempest-SnapshotsActionsTest-1114163251 tempest-SnapshotsActionsTest-1114163251-project] Created reservations ['da4fa1c9-a8d4-4427-ac23-c857706366b2', '3de41188-2a39-4b68-a6d2-f335efdd0883', '88e44704-72c6-410d-82f7-deec67bbfd7d', '280e6e8c-312f-4ba6-a03c-22a668d2a469'] {{(pid=111415) reserve /opt/stack/cinder/cinder/quota.py:755}}
Jun 23 13:12:50.515181 dv-cinder-847335-1-smb devstack@c-api.service[111414]: DEBUG cinder.api.middleware.request_id [None req-e2bfa695-a58e-4a61-9b59-4765693f7f5a None None] RequestId filter calling following filter/app {{(pid=111414) _context_setter /opt/stack/cinder/cinder/api/middleware/request_id.py:62}}
Jun 23 13:12:50.522755 dv-cinder-847335-1-smb devstack@c-api.service[111415]: INFO cinder.volume.api [None req-77c0eca9-1689-4ce5-8caa-770a81e9e3bd tempest-SnapshotsActionsTest-1114163251 tempest-SnapshotsActionsTest-1114163251-project] Snapshot create request issued successfully.
Jun 23 13:12:50.528038 dv-cinder-847335-1-smb devstack@c-api.service[111415]: INFO cinder.api.openstack.wsgi [None req-77c0eca9-1689-4ce5-8caa-770a81e9e3bd tempest-SnapshotsActionsTest-1114163251 tempest-SnapshotsActionsTest-1114163251-project] http://10.222.0.16/volume/v3/2d9eb1d9834645a2a2ddcc62d3b4e0fe/snapshots returned with HTTP 202
Jun 23 13:12:50.528038 dv-cinder-847335-1-smb devstack@c-api.service[111415]: [pid: 111415|app: 0|req: 107/226] 10.222.0.16 () {60 vars in 1241 bytes} [Thu Jun 23 13:12:49 2022] POST /volume/v3/2d9eb1d9834645a2a2ddcc62d3b4e0fe/snapshots => generated 306 bytes in 583 msecs (HTTP/1.1 202) 7 headers in 291 bytes (2 switches on core 0)
Jun 23 13:12:50.533007 dv-cinder-847335-1-smb devstack@c-api.service[111415]: DEBUG cinder.api.middleware.request_id [None req-d2d13499-f477-4168-a765-a457e36dca36 None None] RequestId filter calling following filter/app {{(pid=111415) _context_setter /opt/stack/cinder/cinder/api/middleware/request_id.py:62}}
Jun 23 13:12:50.533485 dv-cinder-847335-1-smb devstack@c-api.service[111414]: INFO cinder.api.openstack.wsgi [None req-e2bfa695-a58e-4a61-9b59-4765693f7f5a tempest-VolumesImageMetadata-1679410965 tempest-VolumesImageMetadata-1679410965-project] GET http://10.222.0.16/volume/v3/0594805ed08741cb93909af02d5cd657/volumes/be7b8770-e050-4780-b641-1e5fb527878b
Jun 23 13:12:50.534282 dv-cinder-847335-1-smb devstack@c-api.service[111414]: DEBUG cinder.api.openstack.wsgi [None req-e2bfa695-a58e-4a61-9b59-4765693f7f5a tempest-VolumesImageMetadata-1679410965 tempest-VolumesImageMetadata-1679410965-project] Empty body provided in request {{(pid=111414) get_body /opt/stack/cinder/cinder/api/openstack/wsgi.py:715}}
Jun 23 13:12:50.534953 dv-cinder-847335-1-smb devstack@c-api.service[111414]: DEBUG cinder.api.openstack.wsgi [None req-e2bfa695-a58e-4a61-9b59-4765693f7f5a tempest-VolumesImageMetadata-1679410965 tempest-VolumesImageMetadata-1679410965-project] Calling method 'show' {{(pid=111414) _process_stack /opt/stack/cinder/cinder/api/openstack/wsgi.py:868}}
Jun 23 13:12:50.537610 dv-cinder-847335-1-smb devstack@c-api.service[111415]: INFO cinder.api.openstack.wsgi [None req-d2d13499-f477-4168-a765-a457e36dca36 tempest-SnapshotsActionsTest-1114163251 tempest-SnapshotsActionsTest-1114163251-project] GET http://10.222.0.16/volume/v3/2d9eb1d9834645a2a2ddcc62d3b4e0fe/snapshots/b6ff7e00-f794-420d-9de0-c7323a9e8862
Jun 23 13:12:50.538052 dv-cinder-847335-1-smb devstack@c-api.service[111415]: DEBUG cinder.api.openstack.wsgi [None req-d2d13499-f477-4168-a765-a457e36dca36 tempest-SnapshotsActionsTest-1114163251 tempest-SnapshotsActionsTest-1114163251-project] Empty body provided in request {{(pid=111415) get_body /opt/stack/cinder/cinder/api/openstack/wsgi.py:715}}
Jun 23 13:12:50.538759 dv-cinder-847335-1-smb devstack@c-api.service[111415]: DEBUG cinder.api.openstack.wsgi [None req-d2d13499-f477-4168-a765-a457e36dca36 tempest-SnapshotsActionsTest-1114163251 tempest-SnapshotsActionsTest-1114163251-project] Calling method 'show' {{(pid=111415) _process_stack /opt/stack/cinder/cinder/api/openstack/wsgi.py:868}}
Jun 23 13:12:50.557408 dv-cinder-847335-1-smb devstack@c-api.service[111415]: /usr/local/lib/python3.8/dist-packages/oslo_context/context.py:100: DeprecationWarning: Policy enforcement is depending on the value of is_admin. This key is deprecated. Please update your policy file to use the standard policy values.
Jun 23 13:12:50.557408 dv-cinder-847335-1-smb devstack@c-api.service[111415]: warnings.warn('Policy enforcement is depending on the value of '
Jun 23 13:12:50.562656 dv-cinder-847335-1-smb devstack@c-api.service[111414]: /usr/local/lib/python3.8/dist-packages/oslo_context/context.py:100: DeprecationWarning: Policy enforcement is depending on the value of is_admin. This key is deprecated. Please update your policy file to use the standard policy values.
Jun 23 13:12:50.562656 dv-cinder-847335-1-smb devstack@c-api.service[111414]: warnings.warn('Policy enforcement is depending on the value of '
Jun 23 13:12:50.562815 dv-cinder-847335-1-smb devstack@c-api.service[111415]: INFO cinder.volume.api [None req-d2d13499-f477-4168-a765-a457e36dca36 tempest-SnapshotsActionsTest-1114163251 tempest-SnapshotsActionsTest-1114163251-project] Snapshot retrieved successfully.
Jun 23 13:12:50.568406 dv-cinder-847335-1-smb devstack@c-api.service[111415]: INFO cinder.api.openstack.wsgi [None req-d2d13499-f477-4168-a765-a457e36dca36 tempest-SnapshotsActionsTest-1114163251 tempest-SnapshotsActionsTest-1114163251-project] http://10.222.0.16/volume/v3/2d9eb1d9834645a2a2ddcc62d3b4e0fe/snapshots/b6ff7e00-f794-420d-9de0-c7323a9e8862 returned with HTTP 200
Jun 23 13:12:50.569510 dv-cinder-847335-1-smb devstack@c-api.service[111415]: [pid: 111415|app: 0|req: 108/227] 10.222.0.16 () {58 vars in 1330 bytes} [Thu Jun 23 13:12:50 2022] GET /volume/v3/2d9eb1d9834645a2a2ddcc62d3b4e0fe/snapshots/b6ff7e00-f794-420d-9de0-c7323a9e8862 => generated 438 bytes in 38 msecs (HTTP/1.1 200) 7 headers in 285 bytes (2 switches on core 0)
Jun 23 13:12:50.571952 dv-cinder-847335-1-smb devstack@c-api.service[111414]: INFO cinder.volume.api [None req-e2bfa695-a58e-4a61-9b59-4765693f7f5a tempest-VolumesImageMetadata-1679410965 tempest-VolumesImageMetadata-1679410965-project] Volume info retrieved successfully.
Jun 23 13:12:50.584034 dv-cinder-847335-1-smb devstack@c-api.service[111414]: INFO cinder.api.openstack.wsgi [None req-e2bfa695-a58e-4a61-9b59-4765693f7f5a tempest-VolumesImageMetadata-1679410965 tempest-VolumesImageMetadata-1679410965-project] http://10.222.0.16/volume/v3/0594805ed08741cb93909af02d5cd657/volumes/be7b8770-e050-4780-b641-1e5fb527878b returned with HTTP 200
Jun 23 13:12:50.586061 dv-cinder-847335-1-smb devstack@c-api.service[111414]: [pid: 111414|app: 0|req: 120/228] 10.222.0.16 () {58 vars in 1324 bytes} [Thu Jun 23 13:12:50 2022] GET /volume/v3/0594805ed08741cb93909af02d5cd657/volumes/be7b8770-e050-4780-b641-1e5fb527878b => generated 911 bytes in 83 msecs (HTTP/1.1 200) 7 headers in 285 bytes (1 switches on core 0)
Jun 23 13:12:51.143896 dv-cinder-847335-1-smb devstack@c-api.service[111415]: DEBUG cinder.api.middleware.request_id [None req-dcacb3f0-8434-4e84-ad8c-acf0f6edba01 None None] RequestId filter calling following filter/app {{(pid=111415) _context_setter /opt/stack/cinder/cinder/api/middleware/request_id.py:62}}
Jun 23 13:12:51.145971 dv-cinder-847335-1-smb devstack@c-api.service[111415]: INFO cinder.api.openstack.wsgi [None req-dcacb3f0-8434-4e84-ad8c-acf0f6edba01 tempest-VolumesServicesTestJSON-2037683686 tempest-VolumesServicesTestJSON-2037683686-project] GET http://10.222.0.16/volume/v3/a928fca22b724ea9927900462a91643c/volumes/10aca503-7357-4df7-8a1c-da3acc16dd26
Jun 23 13:12:51.146421 dv-cinder-847335-1-smb devstack@c-api.service[111415]: DEBUG cinder.api.openstack.wsgi [None req-dcacb3f0-8434-4e84-ad8c-acf0f6edba01 tempest-VolumesServicesTestJSON-2037683686 tempest-VolumesServicesTestJSON-2037683686-project] Empty body provided in request {{(pid=111415) get_body /opt/stack/cinder/cinder/api/openstack/wsgi.py:715}}
Jun 23 13:12:51.146883 dv-cinder-847335-1-smb devstack@c-api.service[111415]: DEBUG cinder.api.openstack.wsgi [None req-dcacb3f0-8434-4e84-ad8c-acf0f6edba01 tempest-VolumesServicesTestJSON-2037683686 tempest-VolumesServicesTestJSON-2037683686-project] Calling method 'show' {{(pid=111415) _process_stack /opt/stack/cinder/cinder/api/openstack/wsgi.py:868}}
Jun 23 13:12:51.158608 dv-cinder-847335-1-smb devstack@c-api.service[111415]: INFO cinder.api.openstack.wsgi [None req-dcacb3f0-8434-4e84-ad8c-acf0f6edba01 tempest-VolumesServicesTestJSON-2037683686 tempest-VolumesServicesTestJSON-2037683686-project] http://10.222.0.16/volume/v3/a928fca22b724ea9927900462a91643c/volumes/10aca503-7357-4df7-8a1c-da3acc16dd26 returned with HTTP 404
Jun 23 13:12:51.159546 dv-cinder-847335-1-smb devstack@c-api.service[111415]: [pid: 111415|app: 0|req: 109/229] 10.222.0.16 () {58 vars in 1324 bytes} [Thu Jun 23 13:12:51 2022] GET /volume/v3/a928fca22b724ea9927900462a91643c/volumes/10aca503-7357-4df7-8a1c-da3acc16dd26 => generated 109 bytes in 19 msecs (HTTP/1.1 404) 7 headers in 292 bytes (1 switches on core 0)
Jun 23 13:12:51.579905 dv-cinder-847335-1-smb devstack@c-api.service[111414]: DEBUG cinder.api.middleware.request_id [None req-a9721198-0f3b-4a6c-b53f-2beb444b336b None None] RequestId filter calling following filter/app {{(pid=111414) _context_setter /opt/stack/cinder/cinder/api/middleware/request_id.py:62}}
Jun 23 13:12:51.584555 dv-cinder-847335-1-smb devstack@c-api.service[111414]: INFO cinder.api.openstack.wsgi [None req-a9721198-0f3b-4a6c-b53f-2beb444b336b tempest-SnapshotsActionsTest-1114163251 tempest-SnapshotsActionsTest-1114163251-project] GET http://10.222.0.16/volume/v3/2d9eb1d9834645a2a2ddcc62d3b4e0fe/snapshots/b6ff7e00-f794-420d-9de0-c7323a9e8862
Jun 23 13:12:51.585264 dv-cinder-847335-1-smb devstack@c-api.service[111414]: DEBUG cinder.api.openstack.wsgi [None req-a9721198-0f3b-4a6c-b53f-2beb444b336b tempest-SnapshotsActionsTest-1114163251 tempest-SnapshotsActionsTest-1114163251-project] Empty body provided in request {{(pid=111414) get_body /opt/stack/cinder/cinder/api/openstack/wsgi.py:715}}
Jun 23 13:12:51.585907 dv-cinder-847335-1-smb devstack@c-api.service[111414]: DEBUG cinder.api.openstack.wsgi [None req-a9721198-0f3b-4a6c-b53f-2beb444b336b tempest-SnapshotsActionsTest-1114163251 tempest-SnapshotsActionsTest-1114163251-project] Calling method 'show' {{(pid=111414) _process_stack /opt/stack/cinder/cinder/api/openstack/wsgi.py:868}}
Jun 23 13:12:51.602258 dv-cinder-847335-1-smb devstack@c-api.service[111415]: DEBUG cinder.api.middleware.request_id [None req-bdaf1d3f-0ee3-4e43-9c82-0920275a93bf None None] RequestId filter calling following filter/app {{(pid=111415) _context_setter /opt/stack/cinder/cinder/api/middleware/request_id.py:62}}
Jun 23 13:12:51.602344 dv-cinder-847335-1-smb devstack@c-api.service[111414]: /usr/local/lib/python3.8/dist-packages/oslo_context/context.py:100: DeprecationWarning: Policy enforcement is depending on the value of is_admin. This key is deprecated. Please update your policy file to use the standard policy values.
Jun 23 13:12:51.602344 dv-cinder-847335-1-smb devstack@c-api.service[111414]: warnings.warn('Policy enforcement is depending on the value of '
Jun 23 13:12:51.602344 dv-cinder-847335-1-smb devstack@c-api.service[111414]: INFO cinder.volume.api [None req-a9721198-0f3b-4a6c-b53f-2beb444b336b tempest-SnapshotsActionsTest-1114163251 tempest-SnapshotsActionsTest-1114163251-project] Snapshot retrieved successfully.
Jun 23 13:12:51.602758 dv-cinder-847335-1-smb devstack@c-api.service[111415]: INFO cinder.api.openstack.wsgi [None req-bdaf1d3f-0ee3-4e43-9c82-0920275a93bf tempest-VolumesImageMetadata-1679410965 tempest-VolumesImageMetadata-1679410965-project] GET http://10.222.0.16/volume/v3/0594805ed08741cb93909af02d5cd657/volumes/be7b8770-e050-4780-b641-1e5fb527878b
Jun 23 13:12:51.602984 dv-cinder-847335-1-smb devstack@c-api.service[111414]: INFO cinder.api.openstack.wsgi [None req-a9721198-0f3b-4a6c-b53f-2beb444b336b tempest-SnapshotsActionsTest-1114163251 tempest-SnapshotsActionsTest-1114163251-project] http://10.222.0.16/volume/v3/2d9eb1d9834645a2a2ddcc62d3b4e0fe/snapshots/b6ff7e00-f794-420d-9de0-c7323a9e8862 returned with HTTP 200
Jun 23 13:12:51.603420 dv-cinder-847335-1-smb devstack@c-api.service[111415]: DEBUG cinder.api.openstack.wsgi [None req-bdaf1d3f-0ee3-4e43-9c82-0920275a93bf tempest-VolumesImageMetadata-1679410965 tempest-VolumesImageMetadata-1679410965-project] Empty body provided in request {{(pid=111415) get_body /opt/stack/cinder/cinder/api/openstack/wsgi.py:715}}
Jun 23 13:12:51.604858 dv-cinder-847335-1-smb devstack@c-api.service[111415]: DEBUG cinder.api.openstack.wsgi [None req-bdaf1d3f-0ee3-4e43-9c82-0920275a93bf tempest-VolumesImageMetadata-1679410965 tempest-VolumesImageMetadata-1679410965-project] Calling method 'show' {{(pid=111415) _process_stack /opt/stack/cinder/cinder/api/openstack/wsgi.py:868}}
Jun 23 13:12:51.605031 dv-cinder-847335-1-smb devstack@c-api.service[111414]: [pid: 111414|app: 0|req: 121/230] 10.222.0.16 () {58 vars in 1330 bytes} [Thu Jun 23 13:12:51 2022] GET /volume/v3/2d9eb1d9834645a2a2ddcc62d3b4e0fe/snapshots/b6ff7e00-f794-420d-9de0-c7323a9e8862 => generated 568 bytes in 27 msecs (HTTP/1.1 200) 7 headers in 285 bytes (1 switches on core 0)
Jun 23 13:12:51.611750 dv-cinder-847335-1-smb devstack@c-api.service[111414]: DEBUG cinder.api.middleware.request_id [None req-a617961b-98e9-4066-92e0-03bb081e31b0 None None] RequestId filter calling following filter/app {{(pid=111414) _context_setter /opt/stack/cinder/cinder/api/middleware/request_id.py:62}}
Jun 23 13:12:51.616110 dv-cinder-847335-1-smb devstack@c-api.service[111414]: INFO cinder.api.openstack.wsgi [None req-a617961b-98e9-4066-92e0-03bb081e31b0 tempest-SnapshotsActionsTest-2053134161 tempest-SnapshotsActionsTest-2053134161-project-admin] POST http://10.222.0.16/volume/v3/200d7ef48ae54e82b53db162411e3d05/snapshots/b6ff7e00-f794-420d-9de0-c7323a9e8862/action
