Jun 23 13:13:43.119274 dv-cinder-847335-1-iscsi neutron-server[104545]: DEBUG neutron.plugins.ml2.rpc [None req-9ecd43a5-c170-4c61-87ca-6f5a6c8e801f None None] Returning: {'device': '465a730f-528e-4f9e-b284-5e0546ebb06a', 'network_id': '6b8f7ca2-a39b-4b5c-b191-c3e761aa601f', 'port_id': '465a730f-528e-4f9e-b284-5e0546ebb06a', 'mac_address': 'fa:16:3e:41:0d:8e', 'admin_state_up': True, 'network_type': 'vlan', 'segmentation_id': 185, 'physical_network': 'physnet1', 'mtu': 1500, 'fixed_ips': [{'subnet_id': '43a4c2eb-4917-4e26-b293-881f5c9ec4c4', 'ip_address': '172.20.0.6'}], 'device_owner': 'compute:nova', 'allowed_address_pairs': [], 'port_security_enabled': True, 'qos_policy_id': None, 'qos_network_policy_id': None, 'profile': {}, 'propagate_uplink_status': False} {{(pid=104545) _get_device_details /opt/stack/neutron/neutron/plugins/ml2/rpc.py:184}}
Jun 23 13:13:43.133114 dv-cinder-847335-1-iscsi neutron-server[104543]: DEBUG neutron_lib.callbacks.manager [None req-59e07fd8-ff96-44de-a4cd-cdcf1f3f1590 admin admin] Publish callbacks ['neutron.plugins.ml2.ovo_rpc._ObjectChangeHandler.handle_event-274640'] for security_group (9e9ab226-df2f-4588-b3f7-106c7a989e65), after_create {{(pid=104543) _notify_loop /usr/local/lib/python3.8/dist-packages/neutron_lib/callbacks/manager.py:176}}
Jun 23 13:13:43.167879 dv-cinder-847335-1-iscsi neutron-server[104545]: DEBUG neutron.plugins.ml2.plugin [None req-9ecd43a5-c170-4c61-87ca-6f5a6c8e801f None None] Current status of the port 465a730f-528e-4f9e-b284-5e0546ebb06a is: DOWN; New status is: BUILD {{(pid=104545) _update_individual_port_db_status /opt/stack/neutron/neutron/plugins/ml2/plugin.py:2292}}
Jun 23 13:13:43.168342 dv-cinder-847335-1-iscsi neutron-server[104545]: DEBUG neutron_lib.callbacks.manager [None req-9ecd43a5-c170-4c61-87ca-6f5a6c8e801f None None] Publish callbacks ['neutron.plugins.ml2.plugin.SecurityGroupDbMixin._ensure_default_security_group_handler-678102'] for port (465a730f-528e-4f9e-b284-5e0546ebb06a), before_update {{(pid=104545) _notify_loop /usr/local/lib/python3.8/dist-packages/neutron_lib/callbacks/manager.py:176}}
Jun 23 13:13:43.185708 dv-cinder-847335-1-iscsi neutron-server[104545]: DEBUG neutron.notifiers.nova [None req-9ecd43a5-c170-4c61-87ca-6f5a6c8e801f None None] Ignoring state change previous_port_status: DOWN current_port_status: BUILD port_id 465a730f-528e-4f9e-b284-5e0546ebb06a {{(pid=104545) record_port_status_changed /opt/stack/neutron/neutron/notifiers/nova.py:233}}
Jun 23 13:13:43.197543 dv-cinder-847335-1-iscsi neutron-server[104543]: INFO neutron.wsgi [None req-59e07fd8-ff96-44de-a4cd-cdcf1f3f1590 admin admin] 10.222.0.33 "GET /v2.0/security-groups?tenant_id=3bd389c4576d4a2a80517646b2004114&name=default HTTP/1.1" status: 200 len: 2996 time: 0.2978272
Jun 23 13:13:43.199409 dv-cinder-847335-1-iscsi neutron-server[104544]: DEBUG neutron.pecan_wsgi.hooks.policy_enforcement [req-52d6b69b-6a8e-49c5-988b-33c0bbd41de3 req-d6470392-9521-4ca8-a9ec-10af7c3b8e7d tempest-DeleteServersTestJSON-1929216059 tempest-DeleteServersTestJSON-1929216059-project] Attributes excluded by policy engine: ['standard_attr_id', 'binding:profile', 'binding:host_id', 'binding:vif_type', 'binding:vif_details'] {{(pid=104544) _exclude_attributes_by_policy /opt/stack/neutron/neutron/pecan_wsgi/hooks/policy_enforcement.py:259}}
Jun 23 13:13:43.199542 dv-cinder-847335-1-iscsi neutron-server[104543]: DEBUG neutron.wsgi [-] (104543) accepted ('10.222.0.33', 39766) {{(pid=104543) server /usr/local/lib/python3.8/dist-packages/eventlet/wsgi.py:1004}}
Jun 23 13:13:43.205651 dv-cinder-847335-1-iscsi neutron-server[104544]: INFO neutron.wsgi [req-52d6b69b-6a8e-49c5-988b-33c0bbd41de3 req-d6470392-9521-4ca8-a9ec-10af7c3b8e7d tempest-DeleteServersTestJSON-1929216059 tempest-DeleteServersTestJSON-1929216059-project] 10.222.0.33 "GET /v2.0/ports?device_id=f2eb16d3-32d8-4a57-a7fa-063062bb2937 HTTP/1.1" status: 200 len: 945 time: 0.0924821
Jun 23 13:13:43.206841 dv-cinder-847335-1-iscsi neutron-server[104545]: DEBUG neutron.plugins.ml2.db [None req-9ecd43a5-c170-4c61-87ca-6f5a6c8e801f None None] For port 465a730f-528e-4f9e-b284-5e0546ebb06a, host hv-cinder-84733, got binding levels [PortBindingLevel(driver='hyperv',host='hv-cinder-84733',level=0,port_id=465a730f-528e-4f9e-b284-5e0546ebb06a,segment=NetworkSegment(8cfa06ba-71c3-4e31-9add-79bf23f25842),segment_id=8cfa06ba-71c3-4e31-9add-79bf23f25842)] {{(pid=104545) get_binding_level_objs /opt/stack/neutron/neutron/plugins/ml2/db.py:74}}
Jun 23 13:13:43.213924 dv-cinder-847335-1-iscsi neutron-server[104543]: DEBUG neutron.api.rpc.handlers.resources_rpc [None req-59e07fd8-ff96-44de-a4cd-cdcf1f3f1590 admin admin] Pushing event updated for resources: {'SecurityGroup': ['ID=9e9ab226-df2f-4588-b3f7-106c7a989e65,revision_number=1']} {{(pid=104543) push /opt/stack/neutron/neutron/api/rpc/handlers/resources_rpc.py:237}}
Jun 23 13:13:43.249079 dv-cinder-847335-1-iscsi neutron-server[104544]: DEBUG dbcounter [-] [104544] Writing DB stats neutron:SELECT=84,neutron:INSERT=11,neutron:UPDATE=1,neutron:DELETE=4 {{(pid=104544) stat_writer /usr/local/lib/python3.8/dist-packages/dbcounter.py:114}}
Jun 23 13:13:43.255960 dv-cinder-847335-1-iscsi neutron-server[104543]: DEBUG neutron_lib.callbacks.manager [None req-245ce47e-66c4-416a-9bdc-689d1026acad admin admin] Publish callbacks [] for security_group (9e9ab226-df2f-4588-b3f7-106c7a989e65), before_delete {{(pid=104543) _notify_loop /usr/local/lib/python3.8/dist-packages/neutron_lib/callbacks/manager.py:176}}
Jun 23 13:13:43.276627 dv-cinder-847335-1-iscsi neutron-server[104544]: INFO neutron.wsgi [req-52d6b69b-6a8e-49c5-988b-33c0bbd41de3 req-a4cf8dfb-dbb6-4e90-b696-10e0dddc8cc5 tempest-DeleteServersTestJSON-1929216059 tempest-DeleteServersTestJSON-1929216059-project] 10.222.0.33 "GET /v2.0/security-groups?id=01ba9f81-00e9-4f18-ae6e-c140366d40a0&fields=id&fields=name HTTP/1.1" status: 200 len: 286 time: 0.0620251
Jun 23 13:13:43.288330 dv-cinder-847335-1-iscsi neutron-server[104543]: DEBUG neutron_lib.callbacks.manager [None req-245ce47e-66c4-416a-9bdc-689d1026acad admin admin] Publish callbacks [] for security_group (9e9ab226-df2f-4588-b3f7-106c7a989e65), precommit_delete {{(pid=104543) _notify_loop /usr/local/lib/python3.8/dist-packages/neutron_lib/callbacks/manager.py:176}}
Jun 23 13:13:43.308613 dv-cinder-847335-1-iscsi neutron-server[104545]: DEBUG neutron_lib.callbacks.manager [None req-9ecd43a5-c170-4c61-87ca-6f5a6c8e801f None None] Publish callbacks ['neutron.plugins.ml2.plugin.SecurityGroupServerNotifierRpcMixin._notify_sg_on_port_change-678039', 'neutron.plugins.ml2.ovo_rpc._ObjectChangeHandler.handle_event-2090324', 'neutron.api.rpc.agentnotifiers.dhcp_rpc_agent_api.DhcpAgentNotifyAPI._native_event_send_dhcp_notification-1586417', 'neutron.db.l3_db.L3RpcNotifierMixin._notify_gateway_port_ip_changed-8766050297182', 'neutron.db.l3_dvrscheduler_db._notify_l3_agent_port_update-8766049925030', 'neutron.db.l3_hascheduler_db._notify_l3_agent_ha_port_update-8766049925048'] for port (465a730f-528e-4f9e-b284-5e0546ebb06a), after_update {{(pid=104545) _notify_loop /usr/local/lib/python3.8/dist-packages/neutron_lib/callbacks/manager.py:176}}
Jun 23 13:13:43.346732 dv-cinder-847335-1-iscsi neutron-server[104544]: DEBUG dbcounter [-] [104544] Writing DB stats neutron:SELECT=88,neutron:INSERT=11,neutron:UPDATE=1 {{(pid=104544) stat_writer /usr/local/lib/python3.8/dist-packages/dbcounter.py:114}}
Jun 23 13:13:43.375205 dv-cinder-847335-1-iscsi neutron-server[104545]: DEBUG neutron.api.rpc.handlers.resources_rpc [None req-9ecd43a5-c170-4c61-87ca-6f5a6c8e801f None None] Pushing event updated for resources: {'Port': ['ID=465a730f-528e-4f9e-b284-5e0546ebb06a,revision_number=4']} {{(pid=104545) push /opt/stack/neutron/neutron/api/rpc/handlers/resources_rpc.py:237}}
Jun 23 13:13:43.453463 dv-cinder-847335-1-iscsi neutron-server[104543]: DEBUG neutron_lib.callbacks.manager [None req-245ce47e-66c4-416a-9bdc-689d1026acad admin admin] Publish callbacks ['neutron.plugins.ml2.ovo_rpc._ObjectChangeHandler.handle_event-274640'] for security_group (9e9ab226-df2f-4588-b3f7-106c7a989e65), after_delete {{(pid=104543) _notify_loop /usr/local/lib/python3.8/dist-packages/neutron_lib/callbacks/manager.py:176}}
Jun 23 13:13:43.457540 dv-cinder-847335-1-iscsi neutron-server[104543]: DEBUG neutron_lib.callbacks.manager [None req-245ce47e-66c4-416a-9bdc-689d1026acad admin admin] Publish callbacks [] for security_group (None), before_response {{(pid=104543) _notify_loop /usr/local/lib/python3.8/dist-packages/neutron_lib/callbacks/manager.py:176}}
Jun 23 13:13:43.460056 dv-cinder-847335-1-iscsi neutron-server[104543]: INFO neutron.wsgi [None req-245ce47e-66c4-416a-9bdc-689d1026acad admin admin] 10.222.0.33 "DELETE /v2.0/security-groups/9e9ab226-df2f-4588-b3f7-106c7a989e65 HTTP/1.1" status: 204 len: 168 time: 0.2593946
Jun 23 13:13:43.469986 dv-cinder-847335-1-iscsi neutron-server[104543]: DEBUG neutron.api.rpc.handlers.resources_rpc [None req-245ce47e-66c4-416a-9bdc-689d1026acad admin admin] Pushing event deleted for resources: {'SecurityGroup': ['ID=9e9ab226-df2f-4588-b3f7-106c7a989e65,revision_number=None']} {{(pid=104543) push /opt/stack/neutron/neutron/api/rpc/handlers/resources_rpc.py:237}}
Jun 23 13:13:43.705411 dv-cinder-847335-1-iscsi neutron-server[104545]: DEBUG neutron.plugins.ml2.rpc [None req-9ecd43a5-c170-4c61-87ca-6f5a6c8e801f None None] Device 09cc4816-96fc-444e-965a-f0d2856169d3 up at agent hyperv_hv-cinder-84733 {{(pid=104545) update_device_up /opt/stack/neutron/neutron/plugins/ml2/rpc.py:296}}
Jun 23 13:13:43.725288 dv-cinder-847335-1-iscsi neutron-server[104543]: DEBUG dbcounter [-] [104543] Writing DB stats neutron:SELECT=88,neutron:INSERT=11,neutron:UPDATE=1 {{(pid=104543) stat_writer /usr/local/lib/python3.8/dist-packages/dbcounter.py:114}}
Jun 23 13:13:43.752291 dv-cinder-847335-1-iscsi neutron-server[104545]: DEBUG neutron.db.provisioning_blocks [None req-9ecd43a5-c170-4c61-87ca-6f5a6c8e801f None None] Provisioning for port 09cc4816-96fc-444e-965a-f0d2856169d3 completed by entity L2. {{(pid=104545) provisioning_complete /opt/stack/neutron/neutron/db/provisioning_blocks.py:137}}
Jun 23 13:13:43.816960 dv-cinder-847335-1-iscsi neutron-server[104543]: DEBUG neutron.pecan_wsgi.hooks.policy_enforcement [req-b3f0d41d-b40f-4e84-a2c4-88f26636d053 req-62c24151-1e52-47b9-80dd-1656438a940d tempest-ServerRescueNegativeTestJSON-761797658 tempest-ServerRescueNegativeTestJSON-761797658-project] Attributes excluded by policy engine: ['standard_attr_id', 'binding:profile', 'binding:host_id', 'binding:vif_type', 'binding:vif_details'] {{(pid=104543) _exclude_attributes_by_policy /opt/stack/neutron/neutron/pecan_wsgi/hooks/policy_enforcement.py:259}}
Jun 23 13:13:43.819209 dv-cinder-847335-1-iscsi neutron-server[104543]: INFO neutron.wsgi [req-b3f0d41d-b40f-4e84-a2c4-88f26636d053 req-62c24151-1e52-47b9-80dd-1656438a940d tempest-ServerRescueNegativeTestJSON-761797658 tempest-ServerRescueNegativeTestJSON-761797658-project] 10.222.0.33 "GET /v2.0/ports?device_id=a7ee41d2-949b-4264-b263-ceb800722505 HTTP/1.1" status: 200 len: 944 time: 0.0527382
Jun 23 13:13:43.835993 dv-cinder-847335-1-iscsi neutron-server[104545]: DEBUG neutron.db.provisioning_blocks [None req-9ecd43a5-c170-4c61-87ca-6f5a6c8e801f None None] Provisioning complete for port 09cc4816-96fc-444e-965a-f0d2856169d3 triggered by entity L2. {{(pid=104545) provisioning_complete /opt/stack/neutron/neutron/db/provisioning_blocks.py:145}}
Jun 23 13:13:43.836393 dv-cinder-847335-1-iscsi neutron-server[104545]: DEBUG neutron_lib.callbacks.manager [None req-9ecd43a5-c170-4c61-87ca-6f5a6c8e801f None None] Publish callbacks ['neutron.plugins.ml2.plugin.Ml2Plugin._port_provisioned-717014'] for port (09cc4816-96fc-444e-965a-f0d2856169d3), provisioning_complete {{(pid=104545) _notify_loop /usr/local/lib/python3.8/dist-packages/neutron_lib/callbacks/manager.py:176}}
Jun 23 13:13:43.910055 dv-cinder-847335-1-iscsi neutron-server[104543]: INFO neutron.wsgi [req-b3f0d41d-b40f-4e84-a2c4-88f26636d053 req-ad43ea47-48ab-419b-856f-4f5b50ccfbbd tempest-ServerRescueNegativeTestJSON-761797658 tempest-ServerRescueNegativeTestJSON-761797658-project] 10.222.0.33 "GET /v2.0/security-groups?id=c3ce1ce4-db02-4957-aa54-d293aaf18bdb&fields=id&fields=name HTTP/1.1" status: 200 len: 286 time: 0.0851490
Jun 23 13:13:43.967803 dv-cinder-847335-1-iscsi neutron-server[104545]: DEBUG neutron.plugins.ml2.plugin [None req-9ecd43a5-c170-4c61-87ca-6f5a6c8e801f None None] Current status of the port 09cc4816-96fc-444e-965a-f0d2856169d3 is: BUILD; New status is: ACTIVE {{(pid=104545) _update_individual_port_db_status /opt/stack/neutron/neutron/plugins/ml2/plugin.py:2292}}
Jun 23 13:13:43.968189 dv-cinder-847335-1-iscsi neutron-server[104545]: DEBUG neutron_lib.callbacks.manager [None req-9ecd43a5-c170-4c61-87ca-6f5a6c8e801f None None] Publish callbacks ['neutron.plugins.ml2.plugin.SecurityGroupDbMixin._ensure_default_security_group_handler-678102'] for port (09cc4816-96fc-444e-965a-f0d2856169d3), before_update {{(pid=104545) _notify_loop /usr/local/lib/python3.8/dist-packages/neutron_lib/callbacks/manager.py:176}}
Jun 23 13:13:43.994253 dv-cinder-847335-1-iscsi neutron-server[104545]: DEBUG neutron.notifiers.nova [-] Sending events: [{'server_uuid': 'a7ee41d2-949b-4264-b263-ceb800722505', 'name': 'network-vif-plugged', 'status': 'completed', 'tag': '09cc4816-96fc-444e-965a-f0d2856169d3'}] {{(pid=104545) send_events /opt/stack/neutron/neutron/notifiers/nova.py:271}}
Jun 23 13:13:44.003432 dv-cinder-847335-1-iscsi neutron-server[104545]: DEBUG novaclient.v2.client [-] REQ: curl -g -i --cacert "/opt/stack/data/ca-bundle.pem" -X POST http://10.222.0.33/compute/v2.1/os-server-external-events -H "Accept: application/json" -H "Content-Type: application/json" -H "User-Agent: python-novaclient" -H "X-Auth-Token: {SHA256}f47904e676499d7c6e7cbf8cf5d74363acd416783b7cb890f0587ac542bf7144" -H "X-OpenStack-Nova-API-Version: 2.1" -H "X-OpenStack-Request-ID: req-62b006cd-5f23-49b1-b6ae-bc4a11fda1eb" -d '{"events": [{"server_uuid": "a7ee41d2-949b-4264-b263-ceb800722505", "name": "network-vif-plugged", "status": "completed", "tag": "09cc4816-96fc-444e-965a-f0d2856169d3"}]}' {{(pid=104545) _http_log_request /usr/local/lib/python3.8/dist-packages/keystoneauth1/session.py:519}}
Jun 23 13:13:44.016108 dv-cinder-847335-1-iscsi neutron-server[104545]: DEBUG neutron.plugins.ml2.db [None req-9ecd43a5-c170-4c61-87ca-6f5a6c8e801f None None] For port 09cc4816-96fc-444e-965a-f0d2856169d3, host hv-cinder-84733, got binding levels [PortBindingLevel(driver='hyperv',host='hv-cinder-84733',level=0,port_id=09cc4816-96fc-444e-965a-f0d2856169d3,segment=NetworkSegment(087218cf-a222-4ec2-b719-9ecad84b78e7),segment_id=087218cf-a222-4ec2-b719-9ecad84b78e7)] {{(pid=104545) get_binding_level_objs /opt/stack/neutron/neutron/plugins/ml2/db.py:74}}
Jun 23 13:13:44.037390 dv-cinder-847335-1-iscsi neutron-server[104545]: DEBUG novaclient.v2.client [-] RESP: [200] Connection: close Content-Length: 183 Content-Type: application/json Date: Thu, 23 Jun 2022 13:13:43 GMT OpenStack-API-Version: compute 2.1 Server: Apache/2.4.41 (Ubuntu) Vary: OpenStack-API-Version,X-OpenStack-Nova-API-Version X-OpenStack-Nova-API-Version: 2.1 x-compute-request-id: req-016ea211-9fd5-46bc-b31f-70b2c51c438e x-openstack-request-id: req-016ea211-9fd5-46bc-b31f-70b2c51c438e {{(pid=104545) _http_log_response /usr/local/lib/python3.8/dist-packages/keystoneauth1/session.py:550}}
Jun 23 13:13:44.037704 dv-cinder-847335-1-iscsi neutron-server[104545]: DEBUG novaclient.v2.client [-] RESP BODY: {"events": [{"server_uuid": "a7ee41d2-949b-4264-b263-ceb800722505", "name": "network-vif-plugged", "status": "completed", "tag": "09cc4816-96fc-444e-965a-f0d2856169d3", "code": 200}]} {{(pid=104545) _http_log_response /usr/local/lib/python3.8/dist-packages/keystoneauth1/session.py:582}}
Jun 23 13:13:44.037957 dv-cinder-847335-1-iscsi neutron-server[104545]: DEBUG novaclient.v2.client [-] POST call to compute for http://10.222.0.33/compute/v2.1/os-server-external-events used request id req-016ea211-9fd5-46bc-b31f-70b2c51c438e {{(pid=104545) request /usr/local/lib/python3.8/dist-packages/keystoneauth1/session.py:954}}
Jun 23 13:13:44.038376 dv-cinder-847335-1-iscsi neutron-server[104545]: INFO neutron.notifiers.nova [-] Nova event matching ['req-016ea211-9fd5-46bc-b31f-70b2c51c438e'] response: {'server_uuid': 'a7ee41d2-949b-4264-b263-ceb800722505', 'name': 'network-vif-plugged', 'status': 'completed', 'tag': '09cc4816-96fc-444e-965a-f0d2856169d3', 'code': 200}
Jun 23 13:13:44.131385 dv-cinder-847335-1-iscsi neutron-server[104545]: DEBUG neutron_lib.callbacks.manager [None req-9ecd43a5-c170-4c61-87ca-6f5a6c8e801f None None] Publish callbacks ['neutron.plugins.ml2.plugin.SecurityGroupServerNotifierRpcMixin._notify_sg_on_port_change-678039', 'neutron.plugins.ml2.ovo_rpc._ObjectChangeHandler.handle_event-2090324', 'neutron.api.rpc.agentnotifiers.dhcp_rpc_agent_api.DhcpAgentNotifyAPI._native_event_send_dhcp_notification-1586417', 'neutron.db.l3_db.L3RpcNotifierMixin._notify_gateway_port_ip_changed-8766050297182', 'neutron.db.l3_dvrscheduler_db._notify_l3_agent_port_update-8766049925030', 'neutron.db.l3_hascheduler_db._notify_l3_agent_ha_port_update-8766049925048'] for port (09cc4816-96fc-444e-965a-f0d2856169d3), after_update {{(pid=104545) _notify_loop /usr/local/lib/python3.8/dist-packages/neutron_lib/callbacks/manager.py:176}}
Jun 23 13:13:44.132874 dv-cinder-847335-1-iscsi neutron-server[104545]: DEBUG neutron.plugins.ml2.rpc [None req-9ecd43a5-c170-4c61-87ca-6f5a6c8e801f None None] Device 9af4381e-d2c7-4ac5-94dd-d736e8f96301 up at agent hyperv_hv-cinder-84733 {{(pid=104545) update_device_up /opt/stack/neutron/neutron/plugins/ml2/rpc.py:296}}
Jun 23 13:13:44.167213 dv-cinder-847335-1-iscsi neutron-server[104545]: DEBUG dbcounter [-] [104545] Writing DB stats neutron:SELECT=96,neutron:UPDATE=3,neutron:DELETE=1 {{(pid=104545) stat_writer /usr/local/lib/python3.8/dist-packages/dbcounter.py:114}}
Jun 23 13:13:44.168850 dv-cinder-847335-1-iscsi neutron-server[104545]: DEBUG neutron.plugins.ml2.db [None req-9ecd43a5-c170-4c61-87ca-6f5a6c8e801f None None] get_ports_and_sgs() called for port_ids ['465a730f-528e-4f9e-b284-5e0546ebb06a'] {{(pid=104545) get_ports_and_sgs /opt/stack/neutron/neutron/plugins/ml2/db.py:156}}
Jun 23 13:13:44.240966 dv-cinder-847335-1-iscsi neutron-server[104543]: DEBUG neutron.pecan_wsgi.hooks.policy_enforcement [req-a0a55edc-1010-44fe-b225-77344c535260 req-8e8f08c7-3401-4bd6-80ab-c4c1b478b25c tempest-AttachVolumeShelveTestJSON-1146141305 tempest-AttachVolumeShelveTestJSON-1146141305-project] Attributes excluded by policy engine: ['standard_attr_id', 'binding:profile', 'binding:host_id', 'binding:vif_type', 'binding:vif_details'] {{(pid=104543) _exclude_attributes_by_policy /opt/stack/neutron/neutron/pecan_wsgi/hooks/policy_enforcement.py:259}}
Jun 23 13:13:44.242897 dv-cinder-847335-1-iscsi neutron-server[104543]: INFO neutron.wsgi [req-a0a55edc-1010-44fe-b225-77344c535260 req-8e8f08c7-3401-4bd6-80ab-c4c1b478b25c tempest-AttachVolumeShelveTestJSON-1146141305 tempest-AttachVolumeShelveTestJSON-1146141305-project] 10.222.0.33 "GET /v2.0/ports?device_id=5c4bf049-b652-4279-8ec6-e612d1873a77 HTTP/1.1" status: 200 len: 944 time: 0.0597649
Jun 23 13:13:44.257966 dv-cinder-847335-1-iscsi neutron-server[104545]: DEBUG neutron.db.provisioning_blocks [None req-9ecd43a5-c170-4c61-87ca-6f5a6c8e801f None None] Provisioning for port 9af4381e-d2c7-4ac5-94dd-d736e8f96301 completed by entity L2. {{(pid=104545) provisioning_complete /opt/stack/neutron/neutron/db/provisioning_blocks.py:137}}
Jun 23 13:13:44.291123 dv-cinder-847335-1-iscsi neutron-server[104545]: DEBUG neutron.api.rpc.handlers.resources_rpc [None req-9ecd43a5-c170-4c61-87ca-6f5a6c8e801f None None] Pushing event updated for resources: {'Port': ['ID=09cc4816-96fc-444e-965a-f0d2856169d3,revision_number=5']} {{(pid=104545) push /opt/stack/neutron/neutron/api/rpc/handlers/resources_rpc.py:237}}
Jun 23 13:13:44.337574 dv-cinder-847335-1-iscsi neutron-server[104543]: INFO neutron.wsgi [req-a0a55edc-1010-44fe-b225-77344c535260 req-9b12a332-ec19-4cfd-8f5c-eeee8d954ae5 tempest-AttachVolumeShelveTestJSON-1146141305 tempest-AttachVolumeShelveTestJSON-1146141305-project] 10.222.0.33 "GET /v2.0/security-groups?id=57daab9f-f3e7-4e8f-9c76-e7d528d43b9e&fields=id&fields=name HTTP/1.1" status: 200 len: 312 time: 0.0885370
Jun 23 13:13:44.379061 dv-cinder-847335-1-iscsi neutron-server[104545]: DEBUG neutron.db.provisioning_blocks [None req-9ecd43a5-c170-4c61-87ca-6f5a6c8e801f None None] Provisioning complete for port 9af4381e-d2c7-4ac5-94dd-d736e8f96301 triggered by entity L2. {{(pid=104545) provisioning_complete /opt/stack/neutron/neutron/db/provisioning_blocks.py:145}}
Jun 23 13:13:44.379061 dv-cinder-847335-1-iscsi neutron-server[104545]: DEBUG neutron_lib.callbacks.manager [None req-9ecd43a5-c170-4c61-87ca-6f5a6c8e801f None None] Publish callbacks ['neutron.plugins.ml2.plugin.Ml2Plugin._port_provisioned-717014'] for port (9af4381e-d2c7-4ac5-94dd-d736e8f96301), provisioning_complete {{(pid=104545) _notify_loop /usr/local/lib/python3.8/dist-packages/neutron_lib/callbacks/manager.py:176}}
Jun 23 13:13:44.458762 dv-cinder-847335-1-iscsi neutron-server[104544]: DEBUG neutron.pecan_wsgi.hooks.policy_enforcement [req-7c643435-14cc-40f3-8c41-e3bd77d92e51 req-4f641152-a055-45dc-b390-7ac5ea7d1cc4 tempest-DeleteServersTestJSON-1929216059 tempest-DeleteServersTestJSON-1929216059-project] Attributes excluded by policy engine: ['standard_attr_id', 'binding:profile', 'binding:host_id', 'binding:vif_type', 'binding:vif_details'] {{(pid=104544) _exclude_attributes_by_policy /opt/stack/neutron/neutron/pecan_wsgi/hooks/policy_enforcement.py:259}}
Jun 23 13:13:44.466230 dv-cinder-847335-1-iscsi neutron-server[104544]: INFO neutron.wsgi [req-7c643435-14cc-40f3-8c41-e3bd77d92e51 req-4f641152-a055-45dc-b390-7ac5ea7d1cc4 tempest-DeleteServersTestJSON-1929216059 tempest-DeleteServersTestJSON-1929216059-project] 10.222.0.33 "GET /v2.0/ports?device_id=f2eb16d3-32d8-4a57-a7fa-063062bb2937 HTTP/1.1" status: 200 len: 945 time: 0.0894411
Jun 23 13:13:44.515550 dv-cinder-847335-1-iscsi neutron-server[104545]: DEBUG neutron.plugins.ml2.plugin [None req-9ecd43a5-c170-4c61-87ca-6f5a6c8e801f None None] Current status of the port 9af4381e-d2c7-4ac5-94dd-d736e8f96301 is: BUILD; New status is: ACTIVE {{(pid=104545) _update_individual_port_db_status /opt/stack/neutron/neutron/plugins/ml2/plugin.py:2292}}
Jun 23 13:13:44.515949 dv-cinder-847335-1-iscsi neutron-server[104545]: DEBUG neutron_lib.callbacks.manager [None req-9ecd43a5-c170-4c61-87ca-6f5a6c8e801f None None] Publish callbacks ['neutron.plugins.ml2.plugin.SecurityGroupDbMixin._ensure_default_security_group_handler-678102'] for port (9af4381e-d2c7-4ac5-94dd-d736e8f96301), before_update {{(pid=104545) _notify_loop /usr/local/lib/python3.8/dist-packages/neutron_lib/callbacks/manager.py:176}}
Jun 23 13:13:44.518559 dv-cinder-847335-1-iscsi neutron-server[104544]: DEBUG neutron.pecan_wsgi.hooks.policy_enforcement [req-741add07-d2c0-46b3-ba5f-10f07105e5b6 req-7cbe6e59-f8ef-4f09-98a4-c13c7c68180b service neutron] Attributes excluded by policy engine: ['standard_attr_id'] {{(pid=104544) _exclude_attributes_by_policy /opt/stack/neutron/neutron/pecan_wsgi/hooks/policy_enforcement.py:259}}
Jun 23 13:13:44.519015 dv-cinder-847335-1-iscsi neutron-server[104545]: DEBUG dbcounter [-] [104545] Writing DB stats neutron:SELECT=98,neutron:UPDATE=1,neutron:DELETE=1 {{(pid=104545) stat_writer /usr/local/lib/python3.8/dist-packages/dbcounter.py:114}}
Jun 23 13:13:44.528727 dv-cinder-847335-1-iscsi neutron-server[104544]: INFO neutron.wsgi [req-741add07-d2c0-46b3-ba5f-10f07105e5b6 req-7cbe6e59-f8ef-4f09-98a4-c13c7c68180b service neutron] 10.222.0.39 "GET /v2.0/ports?device_id=a7ee41d2-949b-4264-b263-ceb800722505 HTTP/1.1" status: 200 len: 1129 time: 0.0850458
Jun 23 13:13:44.557936 dv-cinder-847335-1-iscsi neutron-server[104545]: DEBUG neutron.plugins.ml2.db [None req-9ecd43a5-c170-4c61-87ca-6f5a6c8e801f None None] For port 9af4381e-d2c7-4ac5-94dd-d736e8f96301, host hv-cinder-84733, got binding levels [PortBindingLevel(driver='hyperv',host='hv-cinder-84733',level=0,port_id=9af4381e-d2c7-4ac5-94dd-d736e8f96301,segment=NetworkSegment(263cf9bb-20c5-4b0a-9d31-446ded29bad3),segment_id=263cf9bb-20c5-4b0a-9d31-446ded29bad3)] {{(pid=104545) get_binding_level_objs /opt/stack/neutron/neutron/plugins/ml2/db.py:74}}
Jun 23 13:13:44.593028 dv-cinder-847335-1-iscsi neutron-server[104544]: INFO neutron.wsgi [req-7c643435-14cc-40f3-8c41-e3bd77d92e51 req-6da6ff74-3692-423d-bc65-70a0bc291f02 tempest-DeleteServersTestJSON-1929216059 tempest-DeleteServersTestJSON-1929216059-project] 10.222.0.33 "GET /v2.0/security-groups?id=01ba9f81-00e9-4f18-ae6e-c140366d40a0&fields=id&fields=name HTTP/1.1" status: 200 len: 286 time: 0.1258621
Jun 23 13:13:44.600004 dv-cinder-847335-1-iscsi neutron-server[104544]: INFO neutron.wsgi [req-741add07-d2c0-46b3-ba5f-10f07105e5b6 req-7038275a-2e7e-4500-9f64-915f8c2c659a service neutron] 10.222.0.39 "GET /v2.0/security-groups?id=c3ce1ce4-db02-4957-aa54-d293aaf18bdb&fields=id&fields=name HTTP/1.1" status: 200 len: 286 time: 0.0654972
Jun 23 13:13:44.668952 dv-cinder-847335-1-iscsi neutron-server[104545]: DEBUG neutron_lib.callbacks.manager [None req-9ecd43a5-c170-4c61-87ca-6f5a6c8e801f None None] Publish callbacks ['neutron.plugins.ml2.plugin.SecurityGroupServerNotifierRpcMixin._notify_sg_on_port_change-678039', 'neutron.plugins.ml2.ovo_rpc._ObjectChangeHandler.handle_event-2090324', 'neutron.api.rpc.agentnotifiers.dhcp_rpc_agent_api.DhcpAgentNotifyAPI._native_event_send_dhcp_notification-1586417', 'neutron.db.l3_db.L3RpcNotifierMixin._notify_gateway_port_ip_changed-8766050297182', 'neutron.db.l3_dvrscheduler_db._notify_l3_agent_port_update-8766049925030', 'neutron.db.l3_hascheduler_db._notify_l3_agent_ha_port_update-8766049925048'] for port (9af4381e-d2c7-4ac5-94dd-d736e8f96301), after_update {{(pid=104545) _notify_loop /usr/local/lib/python3.8/dist-packages/neutron_lib/callbacks/manager.py:176}}
Jun 23 13:13:44.718979 dv-cinder-847335-1-iscsi neutron-server[104545]: DEBUG neutron.api.rpc.handlers.resources_rpc [None req-9ecd43a5-c170-4c61-87ca-6f5a6c8e801f None None] Pushing event updated for resources: {'Port': ['ID=9af4381e-d2c7-4ac5-94dd-d736e8f96301,revision_number=5']} {{(pid=104545) push /opt/stack/neutron/neutron/api/rpc/handlers/resources_rpc.py:237}}
Jun 23 13:13:44.727476 dv-cinder-847335-1-iscsi neutron-server[104545]: DEBUG neutron_lib.callbacks.manager [None req-b081936d-5126-4522-ae8d-4155f7b2a7b1 None None] Publish callbacks ['neutron.services.segments.db._update_segment_host_mapping_for_agent-8766050447993', 'neutron.plugins.ml2.plugin.Ml2Plugin._retry_binding_revived_agents-720500'] for agent (d07db13b-88b9-44ee-851c-3c209433c01f), after_update {{(pid=104545) _notify_loop /usr/local/lib/python3.8/dist-packages/neutron_lib/callbacks/manager.py:176}}
Jun 23 13:13:45.046019 dv-cinder-847335-1-iscsi neutron-server[104543]: DEBUG neutron.pecan_wsgi.hooks.policy_enforcement [req-0600ea96-6f6d-41a6-ac24-66270d398299 req-9e99f109-f7a3-4165-b218-165ed405db97 tempest-ServerRescueNegativeTestJSON-761797658 tempest-ServerRescueNegativeTestJSON-761797658-project] Attributes excluded by policy engine: ['standard_attr_id', 'binding:profile', 'binding:host_id', 'binding:vif_type', 'binding:vif_details'] {{(pid=104543) _exclude_attributes_by_policy /opt/stack/neutron/neutron/pecan_wsgi/hooks/policy_enforcement.py:259}}
Jun 23 13:13:45.050634 dv-cinder-847335-1-iscsi neutron-server[104543]: INFO neutron.wsgi [req-0600ea96-6f6d-41a6-ac24-66270d398299 req-9e99f109-f7a3-4165-b218-165ed405db97 tempest-ServerRescueNegativeTestJSON-761797658 tempest-ServerRescueNegativeTestJSON-761797658-project] 10.222.0.33 "GET /v2.0/ports?device_id=a7ee41d2-949b-4264-b263-ceb800722505 HTTP/1.1" status: 200 len: 945 time: 0.0632722
Jun 23 13:13:45.095455 dv-cinder-847335-1-iscsi neutron-server[104543]: INFO neutron.wsgi [req-0600ea96-6f6d-41a6-ac24-66270d398299 req-7ac213ff-d268-4643-9a5b-469147e38f1c tempest-ServerRescueNegativeTestJSON-761797658 tempest-ServerRescueNegativeTestJSON-761797658-project] 10.222.0.33 "GET /v2.0/security-groups?id=c3ce1ce4-db02-4957-aa54-d293aaf18bdb&fields=id&fields=name HTTP/1.1" status: 200 len: 286 time: 0.0415671
Jun 23 13:13:45.365781 dv-cinder-847335-1-iscsi neutron-server[104545]: DEBUG neutron.plugins.ml2.rpc [None req-9ecd43a5-c170-4c61-87ca-6f5a6c8e801f None None] Device 465a730f-528e-4f9e-b284-5e0546ebb06a up at agent hyperv_hv-cinder-84733 {{(pid=104545) update_device_up /opt/stack/neutron/neutron/plugins/ml2/rpc.py:296}}
Jun 23 13:13:45.387795 dv-cinder-847335-1-iscsi neutron-server[104543]: DEBUG dbcounter [-] [104543] Writing DB stats neutron:SELECT=96,neutron:DELETE=4 {{(pid=104543) stat_writer /usr/local/lib/python3.8/dist-packages/dbcounter.py:114}}
Jun 23 13:13:45.413026 dv-cinder-847335-1-iscsi neutron-server[104545]: DEBUG neutron.db.provisioning_blocks [None req-9ecd43a5-c170-4c61-87ca-6f5a6c8e801f None None] Provisioning for port 465a730f-528e-4f9e-b284-5e0546ebb06a completed by entity L2. {{(pid=104545) provisioning_complete /opt/stack/neutron/neutron/db/provisioning_blocks.py:137}}
Jun 23 13:13:45.482529 dv-cinder-847335-1-iscsi neutron-server[104544]: DEBUG neutron.pecan_wsgi.hooks.policy_enforcement [req-f3e11aff-55e8-4f33-8657-ff60f17ce757 req-2ae67143-2206-4474-8708-3eefa773af1d tempest-AttachVolumeShelveTestJSON-1146141305 tempest-AttachVolumeShelveTestJSON-1146141305-project] Attributes excluded by policy engine: ['standard_attr_id', 'binding:profile', 'binding:host_id', 'binding:vif_type', 'binding:vif_details'] {{(pid=104544) _exclude_attributes_by_policy /opt/stack/neutron/neutron/pecan_wsgi/hooks/policy_enforcement.py:259}}
Jun 23 13:13:45.484235 dv-cinder-847335-1-iscsi neutron-server[104544]: INFO neutron.wsgi [req-f3e11aff-55e8-4f33-8657-ff60f17ce757 req-2ae67143-2206-4474-8708-3eefa773af1d tempest-AttachVolumeShelveTestJSON-1146141305 tempest-AttachVolumeShelveTestJSON-1146141305-project] 10.222.0.33 "GET /v2.0/ports?device_id=5c4bf049-b652-4279-8ec6-e612d1873a77 HTTP/1.1" status: 200 len: 944 time: 0.0548162
Jun 23 13:13:45.512133 dv-cinder-847335-1-iscsi neutron-server[104545]: DEBUG neutron.db.provisioning_blocks [None req-9ecd43a5-c170-4c61-87ca-6f5a6c8e801f None None] Provisioning complete for port 465a730f-528e-4f9e-b284-5e0546ebb06a triggered by entity L2. {{(pid=104545) provisioning_complete /opt/stack/neutron/neutron/db/provisioning_blocks.py:145}}
Jun 23 13:13:45.515087 dv-cinder-847335-1-iscsi neutron-server[104545]: DEBUG neutron_lib.callbacks.manager [None req-9ecd43a5-c170-4c61-87ca-6f5a6c8e801f None None] Publish callbacks ['neutron.plugins.ml2.plugin.Ml2Plugin._port_provisioned-717014'] for port (465a730f-528e-4f9e-b284-5e0546ebb06a), provisioning_complete {{(pid=104545) _notify_loop /usr/local/lib/python3.8/dist-packages/neutron_lib/callbacks/manager.py:176}}
Jun 23 13:13:45.538665 dv-cinder-847335-1-iscsi neutron-server[104544]: INFO neutron.wsgi [req-f3e11aff-55e8-4f33-8657-ff60f17ce757 req-fd7df9a7-5784-4e68-9936-e64be679559a tempest-AttachVolumeShelveTestJSON-1146141305 tempest-AttachVolumeShelveTestJSON-1146141305-project] 10.222.0.33 "GET /v2.0/security-groups?id=57daab9f-f3e7-4e8f-9c76-e7d528d43b9e&fields=id&fields=name HTTP/1.1" status: 200 len: 312 time: 0.0486400
Jun 23 13:13:45.591001 dv-cinder-847335-1-iscsi neutron-server[104545]: DEBUG neutron.plugins.ml2.plugin [None req-9ecd43a5-c170-4c61-87ca-6f5a6c8e801f None None] Current status of the port 465a730f-528e-4f9e-b284-5e0546ebb06a is: BUILD; New status is: ACTIVE {{(pid=104545) _update_individual_port_db_status /opt/stack/neutron/neutron/plugins/ml2/plugin.py:2292}}
Jun 23 13:13:45.591391 dv-cinder-847335-1-iscsi neutron-server[104545]: DEBUG neutron_lib.callbacks.manager [None req-9ecd43a5-c170-4c61-87ca-6f5a6c8e801f None None] Publish callbacks ['neutron.plugins.ml2.plugin.SecurityGroupDbMixin._ensure_default_security_group_handler-678102'] for port (465a730f-528e-4f9e-b284-5e0546ebb06a), before_update {{(pid=104545) _notify_loop /usr/local/lib/python3.8/dist-packages/neutron_lib/callbacks/manager.py:176}}
Jun 23 13:13:45.624394 dv-cinder-847335-1-iscsi neutron-server[104545]: DEBUG neutron.plugins.ml2.db [None req-9ecd43a5-c170-4c61-87ca-6f5a6c8e801f None None] For port 465a730f-528e-4f9e-b284-5e0546ebb06a, host hv-cinder-84733, got binding levels [PortBindingLevel(driver='hyperv',host='hv-cinder-84733',level=0,port_id=465a730f-528e-4f9e-b284-5e0546ebb06a,segment=NetworkSegment(8cfa06ba-71c3-4e31-9add-79bf23f25842),segment_id=8cfa06ba-71c3-4e31-9add-79bf23f25842)] {{(pid=104545) get_binding_level_objs /opt/stack/neutron/neutron/plugins/ml2/db.py:74}}
Jun 23 13:13:45.710710 dv-cinder-847335-1-iscsi neutron-server[104543]: DEBUG neutron.pecan_wsgi.hooks.policy_enforcement [req-00ada3b7-4781-456b-b77a-ba065b98e6a9 req-261e9ad7-7907-4523-807f-59d9489b6ec8 tempest-DeleteServersTestJSON-1929216059 tempest-DeleteServersTestJSON-1929216059-project] Attributes excluded by policy engine: ['standard_attr_id', 'binding:profile', 'binding:host_id', 'binding:vif_type', 'binding:vif_details'] {{(pid=104543) _exclude_attributes_by_policy /opt/stack/neutron/neutron/pecan_wsgi/hooks/policy_enforcement.py:259}}
Jun 23 13:13:45.717784 dv-cinder-847335-1-iscsi neutron-server[104543]: INFO neutron.wsgi [req-00ada3b7-4781-456b-b77a-ba065b98e6a9 req-261e9ad7-7907-4523-807f-59d9489b6ec8 tempest-DeleteServersTestJSON-1929216059 tempest-DeleteServersTestJSON-1929216059-project] 10.222.0.33 "GET /v2.0/ports?device_id=f2eb16d3-32d8-4a57-a7fa-063062bb2937 HTTP/1.1" status: 200 len: 946 time: 0.0568545
Jun 23 13:13:45.760587 dv-cinder-847335-1-iscsi neutron-server[104543]: INFO neutron.wsgi [req-00ada3b7-4781-456b-b77a-ba065b98e6a9 req-ba393eab-df9d-4751-96f9-4c1c16649ddf tempest-DeleteServersTestJSON-1929216059 tempest-DeleteServersTestJSON-1929216059-project] 10.222.0.33 "GET /v2.0/security-groups?id=01ba9f81-00e9-4f18-ae6e-c140366d40a0&fields=id&fields=name HTTP/1.1" status: 200 len: 286 time: 0.0418711
Jun 23 13:13:45.783202 dv-cinder-847335-1-iscsi neutron-server[104545]: DEBUG neutron_lib.callbacks.manager [None req-9ecd43a5-c170-4c61-87ca-6f5a6c8e801f None None] Publish callbacks ['neutron.plugins.ml2.plugin.SecurityGroupServerNotifierRpcMixin._notify_sg_on_port_change-678039', 'neutron.plugins.ml2.ovo_rpc._ObjectChangeHandler.handle_event-2090324', 'neutron.api.rpc.agentnotifiers.dhcp_rpc_agent_api.DhcpAgentNotifyAPI._native_event_send_dhcp_notification-1586417', 'neutron.db.l3_db.L3RpcNotifierMixin._notify_gateway_port_ip_changed-8766050297182', 'neutron.db.l3_dvrscheduler_db._notify_l3_agent_port_update-8766049925030', 'neutron.db.l3_hascheduler_db._notify_l3_agent_ha_port_update-8766049925048'] for port (465a730f-528e-4f9e-b284-5e0546ebb06a), after_update {{(pid=104545) _notify_loop /usr/local/lib/python3.8/dist-packages/neutron_lib/callbacks/manager.py:176}}
Jun 23 13:13:45.804567 dv-cinder-847335-1-iscsi neutron-server[104543]: DEBUG neutron.wsgi [-] (104543) accepted ('10.222.0.33', 39896) {{(pid=104543) server /usr/local/lib/python3.8/dist-packages/eventlet/wsgi.py:1004}}
Jun 23 13:13:45.842250 dv-cinder-847335-1-iscsi neutron-server[104544]: DEBUG neutron.wsgi [-] (104544) accepted ('10.222.0.33', 39902) {{(pid=104544) server /usr/local/lib/python3.8/dist-packages/eventlet/wsgi.py:1004}}
Jun 23 13:13:45.850583 dv-cinder-847335-1-iscsi neutron-server[104545]: DEBUG neutron.api.rpc.handlers.resources_rpc [None req-9ecd43a5-c170-4c61-87ca-6f5a6c8e801f None None] Pushing event updated for resources: {'Port': ['ID=465a730f-528e-4f9e-b284-5e0546ebb06a,revision_number=5']} {{(pid=104545) push /opt/stack/neutron/neutron/api/rpc/handlers/resources_rpc.py:237}}
Jun 23 13:13:45.997067 dv-cinder-847335-1-iscsi neutron-server[104543]: DEBUG neutron.api.v2.base [None req-28a2ab59-2b81-45da-94d3-e2b123d58c1a admin admin] Request body: {'network': {'name': 'tempest-VolumesActionsTest-1413744909-network', 'tenant_id': '7327e570565941d59c9d630aab4db384'}} {{(pid=104543) prepare_request_body /opt/stack/neutron/neutron/api/v2/base.py:730}}
Jun 23 13:13:46.025110 dv-cinder-847335-1-iscsi neutron-server[104543]: DEBUG neutron.wsgi [-] (104543) accepted ('10.222.0.33', 39908) {{(pid=104543) server /usr/local/lib/python3.8/dist-packages/eventlet/wsgi.py:1004}}
Jun 23 13:13:46.029987 dv-cinder-847335-1-iscsi neutron-server[104544]: DEBUG dbcounter [-] [104544] Writing DB stats neutron:SELECT=85,neutron:DELETE=4,neutron:INSERT=10,neutron:UPDATE=1 {{(pid=104544) stat_writer /usr/local/lib/python3.8/dist-packages/dbcounter.py:114}}
Jun 23 13:13:46.039149 dv-cinder-847335-1-iscsi neutron-server[104545]: DEBUG neutron.notifiers.nova [-] Sending events: [{'server_uuid': 'f2eb16d3-32d8-4a57-a7fa-063062bb2937', 'name': 'network-vif-plugged', 'status': 'completed', 'tag': '9af4381e-d2c7-4ac5-94dd-d736e8f96301'}, {'server_uuid': '5c4bf049-b652-4279-8ec6-e612d1873a77', 'name': 'network-vif-plugged', 'status': 'completed', 'tag': '465a730f-528e-4f9e-b284-5e0546ebb06a'}] {{(pid=104545) send_events /opt/stack/neutron/neutron/notifiers/nova.py:271}}
Jun 23 13:13:46.041523 dv-cinder-847335-1-iscsi neutron-server[104545]: DEBUG novaclient.v2.client [-] REQ: curl -g -i --cacert "/opt/stack/data/ca-bundle.pem" -X POST http://10.222.0.33/compute/v2.1/os-server-external-events -H "Accept: application/json" -H "Content-Type: application/json" -H "User-Agent: python-novaclient" -H "X-Auth-Token: {SHA256}f47904e676499d7c6e7cbf8cf5d74363acd416783b7cb890f0587ac542bf7144" -H "X-OpenStack-Nova-API-Version: 2.1" -H "X-OpenStack-Request-ID: req-77d60a02-5861-4bd9-84a4-1a7134e42b3d" -d '{"events": [{"server_uuid": "f2eb16d3-32d8-4a57-a7fa-063062bb2937", "name": "network-vif-plugged", "status": "completed", "tag": "9af4381e-d2c7-4ac5-94dd-d736e8f96301"}, {"server_uuid": "5c4bf049-b652-4279-8ec6-e612d1873a77", "name": "network-vif-plugged", "status": "completed", "tag": "465a730f-528e-4f9e-b284-5e0546ebb06a"}]}' {{(pid=104545) _http_log_request /usr/local/lib/python3.8/dist-packages/keystoneauth1/session.py:519}}
Jun 23 13:13:46.084054 dv-cinder-847335-1-iscsi neutron-server[104545]: DEBUG novaclient.v2.client [-] RESP: [200] Connection: close Content-Length: 354 Content-Type: application/json Date: Thu, 23 Jun 2022 13:13:46 GMT OpenStack-API-Version: compute 2.1 Server: Apache/2.4.41 (Ubuntu) Vary: OpenStack-API-Version,X-OpenStack-Nova-API-Version X-OpenStack-Nova-API-Version: 2.1 x-compute-request-id: req-998ab8ef-813b-4efe-8774-76cc29b886ec x-openstack-request-id: req-998ab8ef-813b-4efe-8774-76cc29b886ec {{(pid=104545) _http_log_response /usr/local/lib/python3.8/dist-packages/keystoneauth1/session.py:550}}
Jun 23 13:13:46.084255 dv-cinder-847335-1-iscsi neutron-server[104545]: DEBUG novaclient.v2.client [-] RESP BODY: {"events": [{"server_uuid": "f2eb16d3-32d8-4a57-a7fa-063062bb2937", "name": "network-vif-plugged", "status": "completed", "tag": "9af4381e-d2c7-4ac5-94dd-d736e8f96301", "code": 200}, {"server_uuid": "5c4bf049-b652-4279-8ec6-e612d1873a77", "name": "network-vif-plugged", "status": "completed", "tag": "465a730f-528e-4f9e-b284-5e0546ebb06a", "code": 200}]} {{(pid=104545) _http_log_response /usr/local/lib/python3.8/dist-packages/keystoneauth1/session.py:582}}
Jun 23 13:13:46.084497 dv-cinder-847335-1-iscsi neutron-server[104545]: DEBUG novaclient.v2.client [-] POST call to compute for http://10.222.0.33/compute/v2.1/os-server-external-events used request id req-998ab8ef-813b-4efe-8774-76cc29b886ec {{(pid=104545) request /usr/local/lib/python3.8/dist-packages/keystoneauth1/session.py:954}}
Jun 23 13:13:46.084913 dv-cinder-847335-1-iscsi neutron-server[104545]: INFO neutron.notifiers.nova [-] Nova event matching ['req-998ab8ef-813b-4efe-8774-76cc29b886ec'] response: {'server_uuid': 'f2eb16d3-32d8-4a57-a7fa-063062bb2937', 'name': 'network-vif-plugged', 'status': 'completed', 'tag': '9af4381e-d2c7-4ac5-94dd-d736e8f96301', 'code': 200}
Jun 23 13:13:46.085384 dv-cinder-847335-1-iscsi neutron-server[104545]: INFO neutron.notifiers.nova [-] Nova event matching ['req-998ab8ef-813b-4efe-8774-76cc29b886ec'] response: {'server_uuid': '5c4bf049-b652-4279-8ec6-e612d1873a77', 'name': 'network-vif-plugged', 'status': 'completed', 'tag': '465a730f-528e-4f9e-b284-5e0546ebb06a', 'code': 200}
Jun 23 13:13:46.116696 dv-cinder-847335-1-iscsi neutron-server[104543]: DEBUG neutron.pecan_wsgi.hooks.quota_enforcement [None req-28a2ab59-2b81-45da-94d3-e2b123d58c1a admin admin] Made reservation on behalf of 7327e570565941d59c9d630aab4db384 for: {'network': 1} {{(pid=104543) before /opt/stack/neutron/neutron/pecan_wsgi/hooks/quota_enforcement.py:53}}
Jun 23 13:13:46.120278 dv-cinder-847335-1-iscsi neutron-server[104543]: DEBUG neutron_lib.callbacks.manager [None req-28a2ab59-2b81-45da-94d3-e2b123d58c1a admin admin] Publish callbacks ['neutron.plugins.ml2.plugin.SecurityGroupDbMixin._ensure_default_security_group_handler-678102'] for network (None), before_create {{(pid=104543) _notify_loop /usr/local/lib/python3.8/dist-packages/neutron_lib/callbacks/manager.py:176}}
Jun 23 13:13:46.129637 dv-cinder-847335-1-iscsi neutron-server[104543]: DEBUG neutron_lib.callbacks.manager [None req-28a2ab59-2b81-45da-94d3-e2b123d58c1a admin admin] Publish callbacks [] for security_group (None), before_create {{(pid=104543) _notify_loop /usr/local/lib/python3.8/dist-packages/neutron_lib/callbacks/manager.py:176}}
Jun 23 13:13:46.193416 dv-cinder-847335-1-iscsi neutron-server[104544]: DEBUG neutron_lib.callbacks.manager [None req-93013a26-160a-44cf-8aa3-6c0098e23eff admin admin] Publish callbacks [] for security_group (None), before_create {{(pid=104544) _notify_loop /usr/local/lib/python3.8/dist-packages/neutron_lib/callbacks/manager.py:176}}
Jun 23 13:13:46.272113 dv-cinder-847335-1-iscsi neutron-server[104543]: DEBUG neutron_lib.callbacks.manager [None req-28a2ab59-2b81-45da-94d3-e2b123d58c1a admin admin] Publish callbacks [] for security_group (7dadb91a-0dba-42f7-b1e4-e2ab374a5e6b), precommit_create {{(pid=104543) _notify_loop /usr/local/lib/python3.8/dist-packages/neutron_lib/callbacks/manager.py:176}}
Jun 23 13:13:46.273393 dv-cinder-847335-1-iscsi neutron-server[104543]: DEBUG neutron_lib.callbacks.manager [None req-360ad71a-3316-457f-8915-621fa02c31d8 admin admin] Publish callbacks [] for security_group (None), before_create {{(pid=104543) _notify_loop /usr/local/lib/python3.8/dist-packages/neutron_lib/callbacks/manager.py:176}}
Jun 23 13:13:46.304056 dv-cinder-847335-1-iscsi neutron-server[104543]: DEBUG neutron.pecan_wsgi.hooks.policy_enforcement [req-aeb987af-7634-415a-b5fd-79fc8ab7b24d req-beac4bc5-bc65-4700-9101-dc9f61acd524 tempest-ServerRescueNegativeTestJSON-761797658 tempest-ServerRescueNegativeTestJSON-761797658-project] Attributes excluded by policy engine: ['standard_attr_id', 'binding:profile', 'binding:host_id', 'binding:vif_type', 'binding:vif_details'] {{(pid=104543) _exclude_attributes_by_policy /opt/stack/neutron/neutron/pecan_wsgi/hooks/policy_enforcement.py:259}}
Jun 23 13:13:46.311050 dv-cinder-847335-1-iscsi neutron-server[104543]: INFO neutron.wsgi [req-aeb987af-7634-415a-b5fd-79fc8ab7b24d req-beac4bc5-bc65-4700-9101-dc9f61acd524 tempest-ServerRescueNegativeTestJSON-761797658 tempest-ServerRescueNegativeTestJSON-761797658-project] 10.222.0.33 "GET /v2.0/ports?device_id=a7ee41d2-949b-4264-b263-ceb800722505 HTTP/1.1" status: 200 len: 945 time: 0.1163485
Jun 23 13:13:46.347225 dv-cinder-847335-1-iscsi neutron-server[104544]: DEBUG neutron_lib.callbacks.manager [None req-93013a26-160a-44cf-8aa3-6c0098e23eff admin admin] Publish callbacks [] for security_group (494ee5ea-bac6-41b4-8b79-693b2cf1ee49), precommit_create {{(pid=104544) _notify_loop /usr/local/lib/python3.8/dist-packages/neutron_lib/callbacks/manager.py:176}}
Jun 23 13:13:46.390526 dv-cinder-847335-1-iscsi neutron-server[104543]: DEBUG neutron_lib.callbacks.manager [None req-28a2ab59-2b81-45da-94d3-e2b123d58c1a admin admin] Publish callbacks ['neutron.plugins.ml2.ovo_rpc._ObjectChangeHandler.handle_event-274640'] for security_group (7dadb91a-0dba-42f7-b1e4-e2ab374a5e6b), after_create {{(pid=104543) _notify_loop /usr/local/lib/python3.8/dist-packages/neutron_lib/callbacks/manager.py:176}}
Jun 23 13:13:46.411235 dv-cinder-847335-1-iscsi neutron-server[104543]: INFO neutron.wsgi [req-aeb987af-7634-415a-b5fd-79fc8ab7b24d req-c50242a9-4650-4597-9bb2-5c94095e01cc tempest-ServerRescueNegativeTestJSON-761797658 tempest-ServerRescueNegativeTestJSON-761797658-project] 10.222.0.33 "GET /v2.0/security-groups?id=c3ce1ce4-db02-4957-aa54-d293aaf18bdb&fields=id&fields=name HTTP/1.1" status: 200 len: 286 time: 0.0993185
Jun 23 13:13:46.445823 dv-cinder-847335-1-iscsi neutron-server[104543]: DEBUG neutron.api.rpc.handlers.resources_rpc [None req-28a2ab59-2b81-45da-94d3-e2b123d58c1a admin admin] Pushing event updated for resources: {'SecurityGroup': ['ID=7dadb91a-0dba-42f7-b1e4-e2ab374a5e6b,revision_number=1']} {{(pid=104543) push /opt/stack/neutron/neutron/api/rpc/handlers/resources_rpc.py:237}}
Jun 23 13:13:46.450124 dv-cinder-847335-1-iscsi neutron-server[104543]: DEBUG neutron.plugins.ml2.drivers.helpers [None req-28a2ab59-2b81-45da-94d3-e2b123d58c1a admin admin] vlan segment allocate from pool success with {'physical_network': 'physnet1', 'vlan_id': 181} {{(pid=104543) allocate_partially_specified_segment /opt/stack/neutron/neutron/plugins/ml2/drivers/helpers.py:153}}
Jun 23 13:13:46.466373 dv-cinder-847335-1-iscsi neutron-server[104546]: DEBUG neutron.db.agents_db [None req-9a80d37c-c006-4946-81af-4d5587db669d None None] Agent healthcheck: found 6 active agents {{(pid=104546) agent_health_check /opt/stack/neutron/neutron/db/agents_db.py:317}}
Jun 23 13:13:46.471748 dv-cinder-847335-1-iscsi neutron-server[104543]: DEBUG neutron_lib.callbacks.manager [None req-360ad71a-3316-457f-8915-621fa02c31d8 admin admin] Publish callbacks [] for security_group (4b7379b2-dd38-478c-923d-97d2168223e2), precommit_create {{(pid=104543) _notify_loop /usr/local/lib/python3.8/dist-packages/neutron_lib/callbacks/manager.py:176}}
Jun 23 13:13:46.474940 dv-cinder-847335-1-iscsi neutron-server[104543]: DEBUG neutron_lib.callbacks.manager [None req-28a2ab59-2b81-45da-94d3-e2b123d58c1a admin admin] Publish callbacks ['neutron.plugins.ml2.plugin.Ml2Plugin._handle_segment_change-740792'] for segment (3ef3b9da-79d2-461b-be1b-c931dd323d0b), precommit_create {{(pid=104543) _notify_loop /usr/local/lib/python3.8/dist-packages/neutron_lib/callbacks/manager.py:176}}
Jun 23 13:13:46.475394 dv-cinder-847335-1-iscsi neutron-server[104543]: INFO neutron.db.segments_db [None req-28a2ab59-2b81-45da-94d3-e2b123d58c1a admin admin] Added segment 3ef3b9da-79d2-461b-be1b-c931dd323d0b of type vlan for network bf3a0046-ece8-4d4a-a2ad-c7dc82eed7d9
Jun 23 13:13:46.479520 dv-cinder-847335-1-iscsi neutron-server[104544]: DEBUG neutron_lib.callbacks.manager [None req-93013a26-160a-44cf-8aa3-6c0098e23eff admin admin] Publish callbacks ['neutron.plugins.ml2.ovo_rpc._ObjectChangeHandler.handle_event-274640'] for security_group (494ee5ea-bac6-41b4-8b79-693b2cf1ee49), after_create {{(pid=104544) _notify_loop /usr/local/lib/python3.8/dist-packages/neutron_lib/callbacks/manager.py:176}}
Jun 23 13:13:46.527306 dv-cinder-847335-1-iscsi neutron-server[104544]: INFO neutron.wsgi [None req-93013a26-160a-44cf-8aa3-6c0098e23eff admin admin] 10.222.0.33 "GET /v2.0/security-groups?tenant_id=ea03f37f4e7248a8a02820ce008fa74b&name=default HTTP/1.1" status: 200 len: 2996 time: 0.6837494
Jun 23 13:13:46.529322 dv-cinder-847335-1-iscsi neutron-server[104544]: DEBUG neutron.api.rpc.handlers.resources_rpc [None req-93013a26-160a-44cf-8aa3-6c0098e23eff admin admin] Pushing event updated for resources: {'SecurityGroup': ['ID=494ee5ea-bac6-41b4-8b79-693b2cf1ee49,revision_number=1']} {{(pid=104544) push /opt/stack/neutron/neutron/api/rpc/handlers/resources_rpc.py:237}}
Jun 23 13:13:46.531862 dv-cinder-847335-1-iscsi neutron-server[104544]: DEBUG neutron.wsgi [-] (104544) accepted ('10.222.0.33', 39926) {{(pid=104544) server /usr/local/lib/python3.8/dist-packages/eventlet/wsgi.py:1004}}
Jun 23 13:13:46.545796 dv-cinder-847335-1-iscsi neutron-server[104543]: DEBUG neutron_lib.callbacks.manager [None req-28a2ab59-2b81-45da-94d3-e2b123d58c1a admin admin] Publish callbacks ['neutron.services.auto_allocate.db._ensure_external_network_default_value_callback-8766049877706'] for network (bf3a0046-ece8-4d4a-a2ad-c7dc82eed7d9), precommit_create {{(pid=104543) _notify_loop /usr/local/lib/python3.8/dist-packages/neutron_lib/callbacks/manager.py:176}}
Jun 23 13:13:46.588098 dv-cinder-847335-1-iscsi neutron-server[104544]: DEBUG neutron_lib.callbacks.manager [None req-1b1908e1-1bd9-4745-ab53-4d829d31fc07 admin admin] Publish callbacks [] for security_group (494ee5ea-bac6-41b4-8b79-693b2cf1ee49), before_delete {{(pid=104544) _notify_loop /usr/local/lib/python3.8/dist-packages/neutron_lib/callbacks/manager.py:176}}
Jun 23 13:13:46.601583 dv-cinder-847335-1-iscsi neutron-server[104543]: DEBUG neutron_lib.callbacks.manager [None req-360ad71a-3316-457f-8915-621fa02c31d8 admin admin] Publish callbacks ['neutron.plugins.ml2.ovo_rpc._ObjectChangeHandler.handle_event-274640'] for security_group (4b7379b2-dd38-478c-923d-97d2168223e2), after_create {{(pid=104543) _notify_loop /usr/local/lib/python3.8/dist-packages/neutron_lib/callbacks/manager.py:176}}
Jun 23 13:13:46.618022 dv-cinder-847335-1-iscsi neutron-server[104544]: DEBUG neutron_lib.callbacks.manager [None req-1b1908e1-1bd9-4745-ab53-4d829d31fc07 admin admin] Publish callbacks [] for security_group (494ee5ea-bac6-41b4-8b79-693b2cf1ee49), precommit_delete {{(pid=104544) _notify_loop /usr/local/lib/python3.8/dist-packages/neutron_lib/callbacks/manager.py:176}}
