Jun 23 19:58:00.855003 dv-cinder-847274-2-smb devstack@c-api.service[122854]: DEBUG cinder.db.sqlalchemy.api [None req-91415efd-84bb-4c17-8d44-3e325a60cbb9 tempest-QosSpecsTestJSON-83557476 tempest-QosSpecsTestJSON-83557476-project-admin] qos_specs_update() value: {'id': '0aa040e2-7bbb-4c41-92f4-9d6cdbfca2a2', 'key': 'iops_bytes', 'value': '500', 'specs_id': '9dc8acb5-762d-477b-bc6e-b8ef26fc49fb', 'deleted': False} {{(pid=122854) qos_specs_update /opt/stack/cinder/cinder/db/sqlalchemy/api.py:5941}}
Jun 23 19:58:00.913790 dv-cinder-847274-2-smb devstack@c-api.service[122855]: DEBUG cinder.quota [None req-e3656acc-ea8c-4a18-88bf-1748c0fa3513 tempest-GroupSnapshotsTest-1848057024 tempest-GroupSnapshotsTest-1848057024-project] Created reservations ['886555d6-89fb-4daf-846f-7ae9cb8d82d2'] {{(pid=122855) reserve /opt/stack/cinder/cinder/quota.py:755}}
Jun 23 19:58:00.959818 dv-cinder-847274-2-smb devstack@c-api.service[122854]: INFO cinder.api.openstack.wsgi [None req-91415efd-84bb-4c17-8d44-3e325a60cbb9 tempest-QosSpecsTestJSON-83557476 tempest-QosSpecsTestJSON-83557476-project-admin] http://10.222.0.13/volume/v3/b960d2b8d1b24269bfb99cb6f486f7dc/qos-specs/9dc8acb5-762d-477b-bc6e-b8ef26fc49fb returned with HTTP 200
Jun 23 19:58:00.961029 dv-cinder-847274-2-smb devstack@c-api.service[122854]: [pid: 122854|app: 0|req: 128/222] 10.222.0.13 () {60 vars in 1350 bytes} [Thu Jun 23 19:58:00 2022] PUT /volume/v3/b960d2b8d1b24269bfb99cb6f486f7dc/qos-specs/9dc8acb5-762d-477b-bc6e-b8ef26fc49fb => generated 36 bytes in 134 msecs (HTTP/1.1 200) 7 headers in 284 bytes (2 switches on core 0)
Jun 23 19:58:00.966510 dv-cinder-847274-2-smb devstack@c-api.service[122854]: DEBUG cinder.api.middleware.request_id [None req-05da85bf-dd1f-4b54-b785-c0eb4d6350c4 None None] RequestId filter calling following filter/app {{(pid=122854) _context_setter /opt/stack/cinder/cinder/api/middleware/request_id.py:62}}
Jun 23 19:58:00.971809 dv-cinder-847274-2-smb devstack@c-api.service[122854]: INFO cinder.api.openstack.wsgi [None req-05da85bf-dd1f-4b54-b785-c0eb4d6350c4 tempest-QosSpecsTestJSON-83557476 tempest-QosSpecsTestJSON-83557476-project-admin] GET http://10.222.0.13/volume/v3/b960d2b8d1b24269bfb99cb6f486f7dc/qos-specs/9dc8acb5-762d-477b-bc6e-b8ef26fc49fb
Jun 23 19:58:00.973057 dv-cinder-847274-2-smb devstack@c-api.service[122854]: DEBUG cinder.api.openstack.wsgi [None req-05da85bf-dd1f-4b54-b785-c0eb4d6350c4 tempest-QosSpecsTestJSON-83557476 tempest-QosSpecsTestJSON-83557476-project-admin] Empty body provided in request {{(pid=122854) get_body /opt/stack/cinder/cinder/api/openstack/wsgi.py:715}}
Jun 23 19:58:00.973656 dv-cinder-847274-2-smb devstack@c-api.service[122854]: DEBUG cinder.api.openstack.wsgi [None req-05da85bf-dd1f-4b54-b785-c0eb4d6350c4 tempest-QosSpecsTestJSON-83557476 tempest-QosSpecsTestJSON-83557476-project-admin] Calling method 'show' {{(pid=122854) _process_stack /opt/stack/cinder/cinder/api/openstack/wsgi.py:868}}
Jun 23 19:58:00.974275 dv-cinder-847274-2-smb devstack@c-api.service[122854]: /usr/local/lib/python3.8/dist-packages/oslo_context/context.py:100: DeprecationWarning: Policy enforcement is depending on the value of is_admin. This key is deprecated. Please update your policy file to use the standard policy values.
Jun 23 19:58:00.974275 dv-cinder-847274-2-smb devstack@c-api.service[122854]: warnings.warn('Policy enforcement is depending on the value of '
Jun 23 19:58:00.981079 dv-cinder-847274-2-smb devstack@c-api.service[122854]: INFO cinder.api.openstack.wsgi [None req-05da85bf-dd1f-4b54-b785-c0eb4d6350c4 tempest-QosSpecsTestJSON-83557476 tempest-QosSpecsTestJSON-83557476-project-admin] http://10.222.0.13/volume/v3/b960d2b8d1b24269bfb99cb6f486f7dc/qos-specs/9dc8acb5-762d-477b-bc6e-b8ef26fc49fb returned with HTTP 200
Jun 23 19:58:00.982048 dv-cinder-847274-2-smb devstack@c-api.service[122854]: [pid: 122854|app: 0|req: 129/223] 10.222.0.13 () {58 vars in 1330 bytes} [Thu Jun 23 19:58:00 2022] GET /volume/v3/b960d2b8d1b24269bfb99cb6f486f7dc/qos-specs/9dc8acb5-762d-477b-bc6e-b8ef26fc49fb => generated 480 bytes in 17 msecs (HTTP/1.1 200) 7 headers in 285 bytes (1 switches on core 0)
Jun 23 19:58:00.988220 dv-cinder-847274-2-smb devstack@c-api.service[122854]: DEBUG cinder.api.middleware.request_id [None req-2d09e3f7-cc7c-4a56-b13f-a317fbc0dc61 None None] RequestId filter calling following filter/app {{(pid=122854) _context_setter /opt/stack/cinder/cinder/api/middleware/request_id.py:62}}
Jun 23 19:58:00.993215 dv-cinder-847274-2-smb devstack@c-api.service[122854]: INFO cinder.api.openstack.wsgi [None req-2d09e3f7-cc7c-4a56-b13f-a317fbc0dc61 tempest-QosSpecsTestJSON-83557476 tempest-QosSpecsTestJSON-83557476-project-admin] PUT http://10.222.0.13/volume/v3/b960d2b8d1b24269bfb99cb6f486f7dc/qos-specs/9dc8acb5-762d-477b-bc6e-b8ef26fc49fb/delete_keys
Jun 23 19:58:00.993902 dv-cinder-847274-2-smb devstack@c-api.service[122854]: DEBUG cinder.api.openstack.wsgi [None req-2d09e3f7-cc7c-4a56-b13f-a317fbc0dc61 tempest-QosSpecsTestJSON-83557476 tempest-QosSpecsTestJSON-83557476-project-admin] Action: 'delete_keys', calling method: delete_keys, body: {"keys": ["iops_bytes"]} {{(pid=122854) _process_stack /opt/stack/cinder/cinder/api/openstack/wsgi.py:866}}
Jun 23 19:58:00.994981 dv-cinder-847274-2-smb devstack@c-api.service[122854]: /usr/local/lib/python3.8/dist-packages/oslo_context/context.py:100: DeprecationWarning: Policy enforcement is depending on the value of is_admin. This key is deprecated. Please update your policy file to use the standard policy values.
Jun 23 19:58:00.994981 dv-cinder-847274-2-smb devstack@c-api.service[122854]: warnings.warn('Policy enforcement is depending on the value of '
Jun 23 19:58:00.995633 dv-cinder-847274-2-smb devstack@c-api.service[122854]: DEBUG cinder.api.contrib.qos_specs_manage [None req-2d09e3f7-cc7c-4a56-b13f-a317fbc0dc61 tempest-QosSpecsTestJSON-83557476 tempest-QosSpecsTestJSON-83557476-project-admin] Delete_key spec: 9dc8acb5-762d-477b-bc6e-b8ef26fc49fb, keys: ['iops_bytes'] {{(pid=122854) delete_keys /opt/stack/cinder/cinder/api/contrib/qos_specs_manage.py:207}}
Jun 23 19:58:01.140006 dv-cinder-847274-2-smb devstack@c-api.service[122854]: INFO cinder.api.openstack.wsgi [None req-2d09e3f7-cc7c-4a56-b13f-a317fbc0dc61 tempest-QosSpecsTestJSON-83557476 tempest-QosSpecsTestJSON-83557476-project-admin] http://10.222.0.13/volume/v3/b960d2b8d1b24269bfb99cb6f486f7dc/qos-specs/9dc8acb5-762d-477b-bc6e-b8ef26fc49fb/delete_keys returned with HTTP 202
Jun 23 19:58:01.141148 dv-cinder-847274-2-smb devstack@c-api.service[122854]: [pid: 122854|app: 0|req: 130/224] 10.222.0.13 () {60 vars in 1386 bytes} [Thu Jun 23 19:58:00 2022] PUT /volume/v3/b960d2b8d1b24269bfb99cb6f486f7dc/qos-specs/9dc8acb5-762d-477b-bc6e-b8ef26fc49fb/delete_keys => generated 0 bytes in 154 msecs (HTTP/1.1 202) 6 headers in 233 bytes (2 switches on core 0)
Jun 23 19:58:01.142137 dv-cinder-847274-2-smb devstack@c-api.service[122855]: INFO cinder.api.openstack.wsgi [None req-e3656acc-ea8c-4a18-88bf-1748c0fa3513 tempest-GroupSnapshotsTest-1848057024 tempest-GroupSnapshotsTest-1848057024-project] http://10.222.0.13/volume/v3/cdfc3fdcc33a46ec99fd82a900a7f796/groups returned with HTTP 202
Jun 23 19:58:01.143102 dv-cinder-847274-2-smb devstack@c-api.service[122855]: [pid: 122855|app: 0|req: 95/225] 10.222.0.13 () {62 vars in 1273 bytes} [Thu Jun 23 19:58:00 2022] POST /volume/v3/cdfc3fdcc33a46ec99fd82a900a7f796/groups => generated 112 bytes in 1007 msecs (HTTP/1.1 202) 7 headers in 292 bytes (2 switches on core 0)
Jun 23 19:58:01.146190 dv-cinder-847274-2-smb devstack@c-api.service[122854]: DEBUG cinder.api.middleware.request_id [None req-b8393e06-5b2c-4bd7-81d0-4aee0fa498d1 None None] RequestId filter calling following filter/app {{(pid=122854) _context_setter /opt/stack/cinder/cinder/api/middleware/request_id.py:62}}
Jun 23 19:58:01.151018 dv-cinder-847274-2-smb devstack@c-api.service[122855]: DEBUG cinder.api.middleware.request_id [None req-a26e2a61-c3cc-4c18-9951-d542f826b582 None None] RequestId filter calling following filter/app {{(pid=122855) _context_setter /opt/stack/cinder/cinder/api/middleware/request_id.py:62}}
Jun 23 19:58:01.153732 dv-cinder-847274-2-smb devstack@c-api.service[122854]: INFO cinder.api.openstack.wsgi [None req-b8393e06-5b2c-4bd7-81d0-4aee0fa498d1 tempest-QosSpecsTestJSON-83557476 tempest-QosSpecsTestJSON-83557476-project-admin] GET http://10.222.0.13/volume/v3/b960d2b8d1b24269bfb99cb6f486f7dc/qos-specs/9dc8acb5-762d-477b-bc6e-b8ef26fc49fb
Jun 23 19:58:01.154453 dv-cinder-847274-2-smb devstack@c-api.service[122854]: DEBUG cinder.api.openstack.wsgi [None req-b8393e06-5b2c-4bd7-81d0-4aee0fa498d1 tempest-QosSpecsTestJSON-83557476 tempest-QosSpecsTestJSON-83557476-project-admin] Empty body provided in request {{(pid=122854) get_body /opt/stack/cinder/cinder/api/openstack/wsgi.py:715}}
Jun 23 19:58:01.155333 dv-cinder-847274-2-smb devstack@c-api.service[122854]: DEBUG cinder.api.openstack.wsgi [None req-b8393e06-5b2c-4bd7-81d0-4aee0fa498d1 tempest-QosSpecsTestJSON-83557476 tempest-QosSpecsTestJSON-83557476-project-admin] Calling method 'show' {{(pid=122854) _process_stack /opt/stack/cinder/cinder/api/openstack/wsgi.py:868}}
Jun 23 19:58:01.155768 dv-cinder-847274-2-smb devstack@c-api.service[122855]: INFO cinder.api.openstack.wsgi [None req-a26e2a61-c3cc-4c18-9951-d542f826b582 tempest-GroupSnapshotsTest-1848057024 tempest-GroupSnapshotsTest-1848057024-project] GET http://10.222.0.13/volume/v3/cdfc3fdcc33a46ec99fd82a900a7f796/groups/b9e64c63-712f-4575-be95-4f5059a0660a
Jun 23 19:58:01.156400 dv-cinder-847274-2-smb devstack@c-api.service[122855]: DEBUG cinder.api.openstack.wsgi [None req-a26e2a61-c3cc-4c18-9951-d542f826b582 tempest-GroupSnapshotsTest-1848057024 tempest-GroupSnapshotsTest-1848057024-project] Empty body provided in request {{(pid=122855) get_body /opt/stack/cinder/cinder/api/openstack/wsgi.py:715}}
Jun 23 19:58:01.156846 dv-cinder-847274-2-smb devstack@c-api.service[122855]: DEBUG cinder.api.openstack.wsgi [None req-a26e2a61-c3cc-4c18-9951-d542f826b582 tempest-GroupSnapshotsTest-1848057024 tempest-GroupSnapshotsTest-1848057024-project] Calling method 'version_select' {{(pid=122855) _process_stack /opt/stack/cinder/cinder/api/openstack/wsgi.py:868}}
Jun 23 19:58:01.157283 dv-cinder-847274-2-smb devstack@c-api.service[122855]: DEBUG cinder.api.v3.groups [None req-a26e2a61-c3cc-4c18-9951-d542f826b582 tempest-GroupSnapshotsTest-1848057024 tempest-GroupSnapshotsTest-1848057024-project] show called for member b9e64c63-712f-4575-be95-4f5059a0660a {{(pid=122855) show /opt/stack/cinder/cinder/api/v3/groups.py:58}}
Jun 23 19:58:01.157486 dv-cinder-847274-2-smb devstack@c-api.service[122854]: /usr/local/lib/python3.8/dist-packages/oslo_context/context.py:100: DeprecationWarning: Policy enforcement is depending on the value of is_admin. This key is deprecated. Please update your policy file to use the standard policy values.
Jun 23 19:58:01.157486 dv-cinder-847274-2-smb devstack@c-api.service[122854]: warnings.warn('Policy enforcement is depending on the value of '
Jun 23 19:58:01.167208 dv-cinder-847274-2-smb devstack@c-api.service[122855]: /usr/local/lib/python3.8/dist-packages/oslo_context/context.py:100: DeprecationWarning: Policy enforcement is depending on the value of is_admin. This key is deprecated. Please update your policy file to use the standard policy values.
Jun 23 19:58:01.167208 dv-cinder-847274-2-smb devstack@c-api.service[122855]: warnings.warn('Policy enforcement is depending on the value of '
Jun 23 19:58:01.167391 dv-cinder-847274-2-smb devstack@c-api.service[122854]: INFO cinder.api.openstack.wsgi [None req-b8393e06-5b2c-4bd7-81d0-4aee0fa498d1 tempest-QosSpecsTestJSON-83557476 tempest-QosSpecsTestJSON-83557476-project-admin] http://10.222.0.13/volume/v3/b960d2b8d1b24269bfb99cb6f486f7dc/qos-specs/9dc8acb5-762d-477b-bc6e-b8ef26fc49fb returned with HTTP 200
Jun 23 19:58:01.168041 dv-cinder-847274-2-smb devstack@c-api.service[122854]: [pid: 122854|app: 0|req: 131/226] 10.222.0.13 () {58 vars in 1330 bytes} [Thu Jun 23 19:58:01 2022] GET /volume/v3/b960d2b8d1b24269bfb99cb6f486f7dc/qos-specs/9dc8acb5-762d-477b-bc6e-b8ef26fc49fb => generated 459 bytes in 23 msecs (HTTP/1.1 200) 7 headers in 285 bytes (2 switches on core 0)
Jun 23 19:58:01.176653 dv-cinder-847274-2-smb devstack@c-api.service[122854]: DEBUG cinder.api.middleware.request_id [None req-55c2b82f-f85e-4e06-b635-f428f417df3f None None] RequestId filter calling following filter/app {{(pid=122854) _context_setter /opt/stack/cinder/cinder/api/middleware/request_id.py:62}}
Jun 23 19:58:01.182278 dv-cinder-847274-2-smb devstack@c-api.service[122854]: INFO cinder.api.openstack.wsgi [None req-55c2b82f-f85e-4e06-b635-f428f417df3f tempest-QosSpecsTestJSON-83557476 tempest-QosSpecsTestJSON-83557476-project-admin] GET http://10.222.0.13/volume/v3/b960d2b8d1b24269bfb99cb6f486f7dc/qos-specs/9dc8acb5-762d-477b-bc6e-b8ef26fc49fb
Jun 23 19:58:01.182762 dv-cinder-847274-2-smb devstack@c-api.service[122854]: DEBUG cinder.api.openstack.wsgi [None req-55c2b82f-f85e-4e06-b635-f428f417df3f tempest-QosSpecsTestJSON-83557476 tempest-QosSpecsTestJSON-83557476-project-admin] Empty body provided in request {{(pid=122854) get_body /opt/stack/cinder/cinder/api/openstack/wsgi.py:715}}
Jun 23 19:58:01.183315 dv-cinder-847274-2-smb devstack@c-api.service[122854]: DEBUG cinder.api.openstack.wsgi [None req-55c2b82f-f85e-4e06-b635-f428f417df3f tempest-QosSpecsTestJSON-83557476 tempest-QosSpecsTestJSON-83557476-project-admin] Calling method 'show' {{(pid=122854) _process_stack /opt/stack/cinder/cinder/api/openstack/wsgi.py:868}}
Jun 23 19:58:01.184114 dv-cinder-847274-2-smb devstack@c-api.service[122854]: /usr/local/lib/python3.8/dist-packages/oslo_context/context.py:100: DeprecationWarning: Policy enforcement is depending on the value of is_admin. This key is deprecated. Please update your policy file to use the standard policy values.
Jun 23 19:58:01.184114 dv-cinder-847274-2-smb devstack@c-api.service[122854]: warnings.warn('Policy enforcement is depending on the value of '
Jun 23 19:58:01.188969 dv-cinder-847274-2-smb devstack@c-api.service[122855]: INFO cinder.api.openstack.wsgi [None req-a26e2a61-c3cc-4c18-9951-d542f826b582 tempest-GroupSnapshotsTest-1848057024 tempest-GroupSnapshotsTest-1848057024-project] http://10.222.0.13/volume/v3/cdfc3fdcc33a46ec99fd82a900a7f796/groups/b9e64c63-712f-4575-be95-4f5059a0660a returned with HTTP 200
Jun 23 19:58:01.192483 dv-cinder-847274-2-smb devstack@c-api.service[122854]: INFO cinder.api.openstack.wsgi [None req-55c2b82f-f85e-4e06-b635-f428f417df3f tempest-QosSpecsTestJSON-83557476 tempest-QosSpecsTestJSON-83557476-project-admin] http://10.222.0.13/volume/v3/b960d2b8d1b24269bfb99cb6f486f7dc/qos-specs/9dc8acb5-762d-477b-bc6e-b8ef26fc49fb returned with HTTP 200
Jun 23 19:58:01.195079 dv-cinder-847274-2-smb devstack@c-api.service[122855]: [pid: 122855|app: 0|req: 96/227] 10.222.0.13 () {60 vars in 1362 bytes} [Thu Jun 23 19:58:01 2022] GET /volume/v3/cdfc3fdcc33a46ec99fd82a900a7f796/groups/b9e64c63-712f-4575-be95-4f5059a0660a => generated 392 bytes in 46 msecs (HTTP/1.1 200) 7 headers in 286 bytes (2 switches on core 0)
Jun 23 19:58:01.199082 dv-cinder-847274-2-smb devstack@c-api.service[122854]: [pid: 122854|app: 0|req: 132/228] 10.222.0.13 () {58 vars in 1330 bytes} [Thu Jun 23 19:58:01 2022] GET /volume/v3/b960d2b8d1b24269bfb99cb6f486f7dc/qos-specs/9dc8acb5-762d-477b-bc6e-b8ef26fc49fb => generated 459 bytes in 24 msecs (HTTP/1.1 200) 7 headers in 285 bytes (1 switches on core 0)
Jun 23 19:58:01.200479 dv-cinder-847274-2-smb devstack@c-api.service[122855]: DEBUG cinder.api.middleware.request_id [None req-2a2e3033-2251-411d-8c81-9488a33c7628 None None] RequestId filter calling following filter/app {{(pid=122855) _context_setter /opt/stack/cinder/cinder/api/middleware/request_id.py:62}}
Jun 23 19:58:01.206411 dv-cinder-847274-2-smb devstack@c-api.service[122855]: INFO cinder.api.openstack.wsgi [None req-2a2e3033-2251-411d-8c81-9488a33c7628 tempest-QosSpecsTestJSON-83557476 tempest-QosSpecsTestJSON-83557476-project-admin] DELETE http://10.222.0.13/volume/v3/b960d2b8d1b24269bfb99cb6f486f7dc/qos-specs/244ac425-b392-4354-bda6-c71722b4ce3e?force=False
Jun 23 19:58:01.207372 dv-cinder-847274-2-smb devstack@c-api.service[122855]: DEBUG cinder.api.openstack.wsgi [None req-2a2e3033-2251-411d-8c81-9488a33c7628 tempest-QosSpecsTestJSON-83557476 tempest-QosSpecsTestJSON-83557476-project-admin] Empty body provided in request {{(pid=122855) get_body /opt/stack/cinder/cinder/api/openstack/wsgi.py:715}}
Jun 23 19:58:01.207874 dv-cinder-847274-2-smb devstack@c-api.service[122855]: DEBUG cinder.api.openstack.wsgi [None req-2a2e3033-2251-411d-8c81-9488a33c7628 tempest-QosSpecsTestJSON-83557476 tempest-QosSpecsTestJSON-83557476-project-admin] Calling method 'delete' {{(pid=122855) _process_stack /opt/stack/cinder/cinder/api/openstack/wsgi.py:868}}
Jun 23 19:58:01.209707 dv-cinder-847274-2-smb devstack@c-api.service[122855]: /usr/local/lib/python3.8/dist-packages/oslo_context/context.py:100: DeprecationWarning: Policy enforcement is depending on the value of is_admin. This key is deprecated. Please update your policy file to use the standard policy values.
Jun 23 19:58:01.209707 dv-cinder-847274-2-smb devstack@c-api.service[122855]: warnings.warn('Policy enforcement is depending on the value of '
Jun 23 19:58:01.209707 dv-cinder-847274-2-smb devstack@c-api.service[122855]: DEBUG cinder.api.contrib.qos_specs_manage [None req-2a2e3033-2251-411d-8c81-9488a33c7628 tempest-QosSpecsTestJSON-83557476 tempest-QosSpecsTestJSON-83557476-project-admin] Delete qos_spec: 244ac425-b392-4354-bda6-c71722b4ce3e, force: False {{(pid=122855) delete /opt/stack/cinder/cinder/api/contrib/qos_specs_manage.py:168}}
Jun 23 19:58:01.214460 dv-cinder-847274-2-smb devstack@c-api.service[122855]: INFO cinder.api.openstack.wsgi [None req-2a2e3033-2251-411d-8c81-9488a33c7628 tempest-QosSpecsTestJSON-83557476 tempest-QosSpecsTestJSON-83557476-project-admin] http://10.222.0.13/volume/v3/b960d2b8d1b24269bfb99cb6f486f7dc/qos-specs/244ac425-b392-4354-bda6-c71722b4ce3e?force=False returned with HTTP 404
Jun 23 19:58:01.215664 dv-cinder-847274-2-smb devstack@c-api.service[122855]: [pid: 122855|app: 0|req: 97/229] 10.222.0.13 () {58 vars in 1356 bytes} [Thu Jun 23 19:58:01 2022] DELETE /volume/v3/b960d2b8d1b24269bfb99cb6f486f7dc/qos-specs/244ac425-b392-4354-bda6-c71722b4ce3e?force=False => generated 100 bytes in 16 msecs (HTTP/1.1 404) 7 headers in 292 bytes (2 switches on core 0)
Jun 23 19:58:01.220388 dv-cinder-847274-2-smb devstack@c-api.service[122854]: DEBUG cinder.api.middleware.request_id [None req-57de2b4b-88b1-4a8a-a3f1-df9691bb8b67 None None] RequestId filter calling following filter/app {{(pid=122854) _context_setter /opt/stack/cinder/cinder/api/middleware/request_id.py:62}}
Jun 23 19:58:01.226212 dv-cinder-847274-2-smb devstack@c-api.service[122854]: INFO cinder.api.openstack.wsgi [None req-57de2b4b-88b1-4a8a-a3f1-df9691bb8b67 tempest-QosSpecsTestJSON-83557476 tempest-QosSpecsTestJSON-83557476-project-admin] GET http://10.222.0.13/volume/v3/b960d2b8d1b24269bfb99cb6f486f7dc/qos-specs/244ac425-b392-4354-bda6-c71722b4ce3e
Jun 23 19:58:01.226612 dv-cinder-847274-2-smb devstack@c-api.service[122854]: DEBUG cinder.api.openstack.wsgi [None req-57de2b4b-88b1-4a8a-a3f1-df9691bb8b67 tempest-QosSpecsTestJSON-83557476 tempest-QosSpecsTestJSON-83557476-project-admin] Empty body provided in request {{(pid=122854) get_body /opt/stack/cinder/cinder/api/openstack/wsgi.py:715}}
Jun 23 19:58:01.227624 dv-cinder-847274-2-smb devstack@c-api.service[122854]: DEBUG cinder.api.openstack.wsgi [None req-57de2b4b-88b1-4a8a-a3f1-df9691bb8b67 tempest-QosSpecsTestJSON-83557476 tempest-QosSpecsTestJSON-83557476-project-admin] Calling method 'show' {{(pid=122854) _process_stack /opt/stack/cinder/cinder/api/openstack/wsgi.py:868}}
Jun 23 19:58:01.227734 dv-cinder-847274-2-smb devstack@c-api.service[122854]: /usr/local/lib/python3.8/dist-packages/oslo_context/context.py:100: DeprecationWarning: Policy enforcement is depending on the value of is_admin. This key is deprecated. Please update your policy file to use the standard policy values.
Jun 23 19:58:01.227734 dv-cinder-847274-2-smb devstack@c-api.service[122854]: warnings.warn('Policy enforcement is depending on the value of '
Jun 23 19:58:01.233559 dv-cinder-847274-2-smb devstack@c-api.service[122854]: INFO cinder.api.openstack.wsgi [None req-57de2b4b-88b1-4a8a-a3f1-df9691bb8b67 tempest-QosSpecsTestJSON-83557476 tempest-QosSpecsTestJSON-83557476-project-admin] http://10.222.0.13/volume/v3/b960d2b8d1b24269bfb99cb6f486f7dc/qos-specs/244ac425-b392-4354-bda6-c71722b4ce3e returned with HTTP 404
Jun 23 19:58:01.234483 dv-cinder-847274-2-smb devstack@c-api.service[122854]: [pid: 122854|app: 0|req: 133/230] 10.222.0.13 () {58 vars in 1330 bytes} [Thu Jun 23 19:58:01 2022] GET /volume/v3/b960d2b8d1b24269bfb99cb6f486f7dc/qos-specs/244ac425-b392-4354-bda6-c71722b4ce3e => generated 100 bytes in 15 msecs (HTTP/1.1 404) 7 headers in 292 bytes (2 switches on core 0)
Jun 23 19:58:01.240632 dv-cinder-847274-2-smb devstack@c-api.service[122855]: DEBUG cinder.api.middleware.request_id [None req-6eff7ee0-a485-4821-860a-4c87270ed905 None None] RequestId filter calling following filter/app {{(pid=122855) _context_setter /opt/stack/cinder/cinder/api/middleware/request_id.py:62}}
Jun 23 19:58:01.244867 dv-cinder-847274-2-smb devstack@c-api.service[122855]: INFO cinder.api.openstack.wsgi [None req-6eff7ee0-a485-4821-860a-4c87270ed905 tempest-QosSpecsTestJSON-83557476 tempest-QosSpecsTestJSON-83557476-project-admin] DELETE http://10.222.0.13/volume/v3/b960d2b8d1b24269bfb99cb6f486f7dc/qos-specs/80acca7d-c7b5-4589-a867-78ae74c99fae?force=False
Jun 23 19:58:01.245403 dv-cinder-847274-2-smb devstack@c-api.service[122855]: DEBUG cinder.api.openstack.wsgi [None req-6eff7ee0-a485-4821-860a-4c87270ed905 tempest-QosSpecsTestJSON-83557476 tempest-QosSpecsTestJSON-83557476-project-admin] Empty body provided in request {{(pid=122855) get_body /opt/stack/cinder/cinder/api/openstack/wsgi.py:715}}
Jun 23 19:58:01.245947 dv-cinder-847274-2-smb devstack@c-api.service[122855]: DEBUG cinder.api.openstack.wsgi [None req-6eff7ee0-a485-4821-860a-4c87270ed905 tempest-QosSpecsTestJSON-83557476 tempest-QosSpecsTestJSON-83557476-project-admin] Calling method 'delete' {{(pid=122855) _process_stack /opt/stack/cinder/cinder/api/openstack/wsgi.py:868}}
Jun 23 19:58:01.247283 dv-cinder-847274-2-smb devstack@c-api.service[122855]: DEBUG cinder.api.contrib.qos_specs_manage [None req-6eff7ee0-a485-4821-860a-4c87270ed905 tempest-QosSpecsTestJSON-83557476 tempest-QosSpecsTestJSON-83557476-project-admin] Delete qos_spec: 80acca7d-c7b5-4589-a867-78ae74c99fae, force: False {{(pid=122855) delete /opt/stack/cinder/cinder/api/contrib/qos_specs_manage.py:168}}
Jun 23 19:58:01.262569 dv-cinder-847274-2-smb devstack@c-api.service[122855]: INFO cinder.api.openstack.wsgi [None req-6eff7ee0-a485-4821-860a-4c87270ed905 tempest-QosSpecsTestJSON-83557476 tempest-QosSpecsTestJSON-83557476-project-admin] http://10.222.0.13/volume/v3/b960d2b8d1b24269bfb99cb6f486f7dc/qos-specs/80acca7d-c7b5-4589-a867-78ae74c99fae?force=False returned with HTTP 404
Jun 23 19:58:01.263783 dv-cinder-847274-2-smb devstack@c-api.service[122855]: [pid: 122855|app: 0|req: 98/231] 10.222.0.13 () {58 vars in 1356 bytes} [Thu Jun 23 19:58:01 2022] DELETE /volume/v3/b960d2b8d1b24269bfb99cb6f486f7dc/qos-specs/80acca7d-c7b5-4589-a867-78ae74c99fae?force=False => generated 100 bytes in 25 msecs (HTTP/1.1 404) 7 headers in 292 bytes (1 switches on core 0)
Jun 23 19:58:01.271925 dv-cinder-847274-2-smb devstack@c-api.service[122854]: DEBUG cinder.api.middleware.request_id [None req-f69d6be6-26b2-485a-9647-ec85364c410c None None] RequestId filter calling following filter/app {{(pid=122854) _context_setter /opt/stack/cinder/cinder/api/middleware/request_id.py:62}}
Jun 23 19:58:01.277963 dv-cinder-847274-2-smb devstack@c-api.service[122854]: INFO cinder.api.openstack.wsgi [None req-f69d6be6-26b2-485a-9647-ec85364c410c tempest-QosSpecsTestJSON-83557476 tempest-QosSpecsTestJSON-83557476-project-admin] GET http://10.222.0.13/volume/v3/b960d2b8d1b24269bfb99cb6f486f7dc/qos-specs/80acca7d-c7b5-4589-a867-78ae74c99fae
Jun 23 19:58:01.278486 dv-cinder-847274-2-smb devstack@c-api.service[122854]: DEBUG cinder.api.openstack.wsgi [None req-f69d6be6-26b2-485a-9647-ec85364c410c tempest-QosSpecsTestJSON-83557476 tempest-QosSpecsTestJSON-83557476-project-admin] Empty body provided in request {{(pid=122854) get_body /opt/stack/cinder/cinder/api/openstack/wsgi.py:715}}
Jun 23 19:58:01.279424 dv-cinder-847274-2-smb devstack@c-api.service[122854]: DEBUG cinder.api.openstack.wsgi [None req-f69d6be6-26b2-485a-9647-ec85364c410c tempest-QosSpecsTestJSON-83557476 tempest-QosSpecsTestJSON-83557476-project-admin] Calling method 'show' {{(pid=122854) _process_stack /opt/stack/cinder/cinder/api/openstack/wsgi.py:868}}
Jun 23 19:58:01.286881 dv-cinder-847274-2-smb devstack@c-api.service[122854]: INFO cinder.api.openstack.wsgi [None req-f69d6be6-26b2-485a-9647-ec85364c410c tempest-QosSpecsTestJSON-83557476 tempest-QosSpecsTestJSON-83557476-project-admin] http://10.222.0.13/volume/v3/b960d2b8d1b24269bfb99cb6f486f7dc/qos-specs/80acca7d-c7b5-4589-a867-78ae74c99fae returned with HTTP 404
Jun 23 19:58:01.288103 dv-cinder-847274-2-smb devstack@c-api.service[122854]: [pid: 122854|app: 0|req: 134/232] 10.222.0.13 () {58 vars in 1330 bytes} [Thu Jun 23 19:58:01 2022] GET /volume/v3/b960d2b8d1b24269bfb99cb6f486f7dc/qos-specs/80acca7d-c7b5-4589-a867-78ae74c99fae => generated 100 bytes in 17 msecs (HTTP/1.1 404) 7 headers in 292 bytes (1 switches on core 0)
Jun 23 19:58:01.293427 dv-cinder-847274-2-smb devstack@c-api.service[122855]: DEBUG cinder.api.middleware.request_id [None req-313b4407-ee65-4762-987e-39838fd78c58 None None] RequestId filter calling following filter/app {{(pid=122855) _context_setter /opt/stack/cinder/cinder/api/middleware/request_id.py:62}}
Jun 23 19:58:01.299853 dv-cinder-847274-2-smb devstack@c-api.service[122855]: INFO cinder.api.openstack.wsgi [None req-313b4407-ee65-4762-987e-39838fd78c58 tempest-QosSpecsTestJSON-83557476 tempest-QosSpecsTestJSON-83557476-project-admin] DELETE http://10.222.0.13/volume/v3/b960d2b8d1b24269bfb99cb6f486f7dc/qos-specs/8edf8831-f75d-44d7-92a5-687fe2644b0f?force=False
Jun 23 19:58:01.300809 dv-cinder-847274-2-smb devstack@c-api.service[122855]: DEBUG cinder.api.openstack.wsgi [None req-313b4407-ee65-4762-987e-39838fd78c58 tempest-QosSpecsTestJSON-83557476 tempest-QosSpecsTestJSON-83557476-project-admin] Empty body provided in request {{(pid=122855) get_body /opt/stack/cinder/cinder/api/openstack/wsgi.py:715}}
Jun 23 19:58:01.301497 dv-cinder-847274-2-smb devstack@c-api.service[122855]: DEBUG cinder.api.openstack.wsgi [None req-313b4407-ee65-4762-987e-39838fd78c58 tempest-QosSpecsTestJSON-83557476 tempest-QosSpecsTestJSON-83557476-project-admin] Calling method 'delete' {{(pid=122855) _process_stack /opt/stack/cinder/cinder/api/openstack/wsgi.py:868}}
Jun 23 19:58:01.304102 dv-cinder-847274-2-smb devstack@c-api.service[122855]: DEBUG cinder.api.contrib.qos_specs_manage [None req-313b4407-ee65-4762-987e-39838fd78c58 tempest-QosSpecsTestJSON-83557476 tempest-QosSpecsTestJSON-83557476-project-admin] Delete qos_spec: 8edf8831-f75d-44d7-92a5-687fe2644b0f, force: False {{(pid=122855) delete /opt/stack/cinder/cinder/api/contrib/qos_specs_manage.py:168}}
Jun 23 19:58:01.310638 dv-cinder-847274-2-smb devstack@c-api.service[122855]: INFO cinder.api.openstack.wsgi [None req-313b4407-ee65-4762-987e-39838fd78c58 tempest-QosSpecsTestJSON-83557476 tempest-QosSpecsTestJSON-83557476-project-admin] http://10.222.0.13/volume/v3/b960d2b8d1b24269bfb99cb6f486f7dc/qos-specs/8edf8831-f75d-44d7-92a5-687fe2644b0f?force=False returned with HTTP 404
Jun 23 19:58:01.311599 dv-cinder-847274-2-smb devstack@c-api.service[122855]: [pid: 122855|app: 0|req: 99/233] 10.222.0.13 () {58 vars in 1356 bytes} [Thu Jun 23 19:58:01 2022] DELETE /volume/v3/b960d2b8d1b24269bfb99cb6f486f7dc/qos-specs/8edf8831-f75d-44d7-92a5-687fe2644b0f?force=False => generated 100 bytes in 19 msecs (HTTP/1.1 404) 7 headers in 292 bytes (1 switches on core 0)
Jun 23 19:58:01.316882 dv-cinder-847274-2-smb devstack@c-api.service[122854]: DEBUG cinder.api.middleware.request_id [None req-7e99153a-0215-4d92-97b9-b473137640e7 None None] RequestId filter calling following filter/app {{(pid=122854) _context_setter /opt/stack/cinder/cinder/api/middleware/request_id.py:62}}
Jun 23 19:58:01.322722 dv-cinder-847274-2-smb devstack@c-api.service[122854]: INFO cinder.api.openstack.wsgi [None req-7e99153a-0215-4d92-97b9-b473137640e7 tempest-QosSpecsTestJSON-83557476 tempest-QosSpecsTestJSON-83557476-project-admin] GET http://10.222.0.13/volume/v3/b960d2b8d1b24269bfb99cb6f486f7dc/qos-specs/8edf8831-f75d-44d7-92a5-687fe2644b0f
Jun 23 19:58:01.323176 dv-cinder-847274-2-smb devstack@c-api.service[122854]: DEBUG cinder.api.openstack.wsgi [None req-7e99153a-0215-4d92-97b9-b473137640e7 tempest-QosSpecsTestJSON-83557476 tempest-QosSpecsTestJSON-83557476-project-admin] Empty body provided in request {{(pid=122854) get_body /opt/stack/cinder/cinder/api/openstack/wsgi.py:715}}
Jun 23 19:58:01.323621 dv-cinder-847274-2-smb devstack@c-api.service[122854]: DEBUG cinder.api.openstack.wsgi [None req-7e99153a-0215-4d92-97b9-b473137640e7 tempest-QosSpecsTestJSON-83557476 tempest-QosSpecsTestJSON-83557476-project-admin] Calling method 'show' {{(pid=122854) _process_stack /opt/stack/cinder/cinder/api/openstack/wsgi.py:868}}
Jun 23 19:58:01.337923 dv-cinder-847274-2-smb devstack@c-api.service[122854]: INFO cinder.api.openstack.wsgi [None req-7e99153a-0215-4d92-97b9-b473137640e7 tempest-QosSpecsTestJSON-83557476 tempest-QosSpecsTestJSON-83557476-project-admin] http://10.222.0.13/volume/v3/b960d2b8d1b24269bfb99cb6f486f7dc/qos-specs/8edf8831-f75d-44d7-92a5-687fe2644b0f returned with HTTP 404
Jun 23 19:58:01.339112 dv-cinder-847274-2-smb devstack@c-api.service[122854]: [pid: 122854|app: 0|req: 135/234] 10.222.0.13 () {58 vars in 1330 bytes} [Thu Jun 23 19:58:01 2022] GET /volume/v3/b960d2b8d1b24269bfb99cb6f486f7dc/qos-specs/8edf8831-f75d-44d7-92a5-687fe2644b0f => generated 100 bytes in 23 msecs (HTTP/1.1 404) 7 headers in 292 bytes (1 switches on core 0)
Jun 23 19:58:01.347425 dv-cinder-847274-2-smb devstack@c-api.service[122855]: DEBUG cinder.api.middleware.request_id [None req-96e71b83-f4e6-43f0-a19a-982aafe8af40 None None] RequestId filter calling following filter/app {{(pid=122855) _context_setter /opt/stack/cinder/cinder/api/middleware/request_id.py:62}}
Jun 23 19:58:01.351293 dv-cinder-847274-2-smb devstack@c-api.service[122855]: INFO cinder.api.openstack.wsgi [None req-96e71b83-f4e6-43f0-a19a-982aafe8af40 tempest-QosSpecsTestJSON-83557476 tempest-QosSpecsTestJSON-83557476-project-admin] DELETE http://10.222.0.13/volume/v3/b960d2b8d1b24269bfb99cb6f486f7dc/types/190f4754-36f1-486e-9a5e-f390ec53019e
Jun 23 19:58:01.351812 dv-cinder-847274-2-smb devstack@c-api.service[122855]: DEBUG cinder.api.openstack.wsgi [None req-96e71b83-f4e6-43f0-a19a-982aafe8af40 tempest-QosSpecsTestJSON-83557476 tempest-QosSpecsTestJSON-83557476-project-admin] Empty body provided in request {{(pid=122855) get_body /opt/stack/cinder/cinder/api/openstack/wsgi.py:715}}
Jun 23 19:58:01.352363 dv-cinder-847274-2-smb devstack@c-api.service[122855]: DEBUG cinder.api.openstack.wsgi [None req-96e71b83-f4e6-43f0-a19a-982aafe8af40 tempest-QosSpecsTestJSON-83557476 tempest-QosSpecsTestJSON-83557476-project-admin] Calling method '_delete' {{(pid=122855) _process_stack /opt/stack/cinder/cinder/api/openstack/wsgi.py:868}}
Jun 23 19:58:01.404334 dv-cinder-847274-2-smb devstack@c-api.service[122854]: DEBUG cinder.api.middleware.request_id [None req-9d6cf006-d0e7-42a7-a7a8-4b064cf7b49c None None] RequestId filter calling following filter/app {{(pid=122854) _context_setter /opt/stack/cinder/cinder/api/middleware/request_id.py:62}}
Jun 23 19:58:01.500810 dv-cinder-847274-2-smb devstack@c-api.service[122854]: INFO cinder.api.openstack.wsgi [None req-9d6cf006-d0e7-42a7-a7a8-4b064cf7b49c tempest-GroupsV320Test-64948417 tempest-GroupsV320Test-64948417-project-admin] POST http://10.222.0.13/volume/v3/3d5387b90c1e43adaf67d7f59603ec46/types
Jun 23 19:58:01.501573 dv-cinder-847274-2-smb devstack@c-api.service[122854]: DEBUG cinder.api.openstack.wsgi [None req-9d6cf006-d0e7-42a7-a7a8-4b064cf7b49c tempest-GroupsV320Test-64948417 tempest-GroupsV320Test-64948417-project-admin] Action: 'create', calling method: _create, body: {"volume_type": {"name": "tempest-GroupsV320Test-volume-type-968271345"}} {{(pid=122854) _process_stack /opt/stack/cinder/cinder/api/openstack/wsgi.py:866}}
Jun 23 19:58:01.566518 dv-cinder-847274-2-smb devstack@c-api.service[122855]: INFO cinder.api.openstack.wsgi [None req-96e71b83-f4e6-43f0-a19a-982aafe8af40 tempest-QosSpecsTestJSON-83557476 tempest-QosSpecsTestJSON-83557476-project-admin] http://10.222.0.13/volume/v3/b960d2b8d1b24269bfb99cb6f486f7dc/types/190f4754-36f1-486e-9a5e-f390ec53019e returned with HTTP 202
Jun 23 19:58:01.567378 dv-cinder-847274-2-smb devstack@c-api.service[122855]: [pid: 122855|app: 0|req: 100/235] 10.222.0.13 () {58 vars in 1321 bytes} [Thu Jun 23 19:58:01 2022] DELETE /volume/v3/b960d2b8d1b24269bfb99cb6f486f7dc/types/190f4754-36f1-486e-9a5e-f390ec53019e => generated 0 bytes in 221 msecs (HTTP/1.1 202) 6 headers in 233 bytes (1 switches on core 0)
Jun 23 19:58:01.576361 dv-cinder-847274-2-smb devstack@c-api.service[122855]: DEBUG cinder.api.middleware.request_id [None req-b171a482-a174-4bfb-91d9-3c4c3885d492 None None] RequestId filter calling following filter/app {{(pid=122855) _context_setter /opt/stack/cinder/cinder/api/middleware/request_id.py:62}}
Jun 23 19:58:01.580200 dv-cinder-847274-2-smb devstack@c-api.service[122855]: INFO cinder.api.openstack.wsgi [None req-b171a482-a174-4bfb-91d9-3c4c3885d492 tempest-QosSpecsTestJSON-83557476 tempest-QosSpecsTestJSON-83557476-project-admin] GET http://10.222.0.13/volume/v3/b960d2b8d1b24269bfb99cb6f486f7dc/types/190f4754-36f1-486e-9a5e-f390ec53019e
Jun 23 19:58:01.580649 dv-cinder-847274-2-smb devstack@c-api.service[122855]: DEBUG cinder.api.openstack.wsgi [None req-b171a482-a174-4bfb-91d9-3c4c3885d492 tempest-QosSpecsTestJSON-83557476 tempest-QosSpecsTestJSON-83557476-project-admin] Empty body provided in request {{(pid=122855) get_body /opt/stack/cinder/cinder/api/openstack/wsgi.py:715}}
Jun 23 19:58:01.581100 dv-cinder-847274-2-smb devstack@c-api.service[122855]: DEBUG cinder.api.openstack.wsgi [None req-b171a482-a174-4bfb-91d9-3c4c3885d492 tempest-QosSpecsTestJSON-83557476 tempest-QosSpecsTestJSON-83557476-project-admin] Calling method 'show' {{(pid=122855) _process_stack /opt/stack/cinder/cinder/api/openstack/wsgi.py:868}}
Jun 23 19:58:01.587536 dv-cinder-847274-2-smb devstack@c-api.service[122855]: INFO cinder.api.openstack.wsgi [None req-b171a482-a174-4bfb-91d9-3c4c3885d492 tempest-QosSpecsTestJSON-83557476 tempest-QosSpecsTestJSON-83557476-project-admin] http://10.222.0.13/volume/v3/b960d2b8d1b24269bfb99cb6f486f7dc/types/190f4754-36f1-486e-9a5e-f390ec53019e returned with HTTP 404
Jun 23 19:58:01.588955 dv-cinder-847274-2-smb devstack@c-api.service[122855]: [pid: 122855|app: 0|req: 101/236] 10.222.0.13 () {58 vars in 1318 bytes} [Thu Jun 23 19:58:01 2022] GET /volume/v3/b960d2b8d1b24269bfb99cb6f486f7dc/types/190f4754-36f1-486e-9a5e-f390ec53019e => generated 114 bytes in 14 msecs (HTTP/1.1 404) 7 headers in 292 bytes (1 switches on core 0)
Jun 23 19:58:01.593674 dv-cinder-847274-2-smb devstack@c-api.service[122855]: DEBUG cinder.api.middleware.request_id [None req-ef33738f-ec40-4303-89a2-20b9fa49b80b None None] RequestId filter calling following filter/app {{(pid=122855) _context_setter /opt/stack/cinder/cinder/api/middleware/request_id.py:62}}
Jun 23 19:58:01.598256 dv-cinder-847274-2-smb devstack@c-api.service[122855]: INFO cinder.api.openstack.wsgi [None req-ef33738f-ec40-4303-89a2-20b9fa49b80b tempest-QosSpecsTestJSON-83557476 tempest-QosSpecsTestJSON-83557476-project-admin] DELETE http://10.222.0.13/volume/v3/b960d2b8d1b24269bfb99cb6f486f7dc/types/0ae5e0fb-95b3-4fb6-bf25-564f5a65c656
Jun 23 19:58:01.599069 dv-cinder-847274-2-smb devstack@c-api.service[122855]: DEBUG cinder.api.openstack.wsgi [None req-ef33738f-ec40-4303-89a2-20b9fa49b80b tempest-QosSpecsTestJSON-83557476 tempest-QosSpecsTestJSON-83557476-project-admin] Empty body provided in request {{(pid=122855) get_body /opt/stack/cinder/cinder/api/openstack/wsgi.py:715}}
Jun 23 19:58:01.599754 dv-cinder-847274-2-smb devstack@c-api.service[122855]: DEBUG cinder.api.openstack.wsgi [None req-ef33738f-ec40-4303-89a2-20b9fa49b80b tempest-QosSpecsTestJSON-83557476 tempest-QosSpecsTestJSON-83557476-project-admin] Calling method '_delete' {{(pid=122855) _process_stack /opt/stack/cinder/cinder/api/openstack/wsgi.py:868}}
Jun 23 19:58:01.647778 dv-cinder-847274-2-smb devstack@c-api.service[122854]: INFO cinder.api.openstack.wsgi [None req-9d6cf006-d0e7-42a7-a7a8-4b064cf7b49c tempest-GroupsV320Test-64948417 tempest-GroupsV320Test-64948417-project-admin] http://10.222.0.13/volume/v3/3d5387b90c1e43adaf67d7f59603ec46/types returned with HTTP 200
Jun 23 19:58:01.649300 dv-cinder-847274-2-smb devstack@c-api.service[122854]: [pid: 122854|app: 0|req: 136/237] 10.222.0.13 () {60 vars in 1228 bytes} [Thu Jun 23 19:58:01 2022] POST /volume/v3/3d5387b90c1e43adaf67d7f59603ec46/types => generated 219 bytes in 245 msecs (HTTP/1.1 200) 7 headers in 285 bytes (2 switches on core 0)
Jun 23 19:58:01.655353 dv-cinder-847274-2-smb devstack@c-api.service[122854]: DEBUG cinder.api.middleware.request_id [None req-ce4ac6f6-18ff-4d10-b900-33d63b9e5af5 None None] RequestId filter calling following filter/app {{(pid=122854) _context_setter /opt/stack/cinder/cinder/api/middleware/request_id.py:62}}
Jun 23 19:58:01.660251 dv-cinder-847274-2-smb devstack@c-api.service[122854]: INFO cinder.api.openstack.wsgi [None req-ce4ac6f6-18ff-4d10-b900-33d63b9e5af5 tempest-GroupsV320Test-64948417 tempest-GroupsV320Test-64948417-project-admin] POST http://10.222.0.13/volume/v3/3d5387b90c1e43adaf67d7f59603ec46/group_types
Jun 23 19:58:01.661273 dv-cinder-847274-2-smb devstack@c-api.service[122854]: DEBUG cinder.api.openstack.wsgi [None req-ce4ac6f6-18ff-4d10-b900-33d63b9e5af5 tempest-GroupsV320Test-64948417 tempest-GroupsV320Test-64948417-project-admin] Action: 'create', calling method: version_select, body: {"group_type": {"name": "tempest-GroupsV320Test-group-type-1691068172"}} {{(pid=122854) _process_stack /opt/stack/cinder/cinder/api/openstack/wsgi.py:866}}
Jun 23 19:58:01.806651 dv-cinder-847274-2-smb devstack@c-api.service[122855]: INFO cinder.api.openstack.wsgi [None req-ef33738f-ec40-4303-89a2-20b9fa49b80b tempest-QosSpecsTestJSON-83557476 tempest-QosSpecsTestJSON-83557476-project-admin] http://10.222.0.13/volume/v3/b960d2b8d1b24269bfb99cb6f486f7dc/types/0ae5e0fb-95b3-4fb6-bf25-564f5a65c656 returned with HTTP 202
Jun 23 19:58:01.807527 dv-cinder-847274-2-smb devstack@c-api.service[122855]: [pid: 122855|app: 0|req: 102/238] 10.222.0.13 () {58 vars in 1321 bytes} [Thu Jun 23 19:58:01 2022] DELETE /volume/v3/b960d2b8d1b24269bfb99cb6f486f7dc/types/0ae5e0fb-95b3-4fb6-bf25-564f5a65c656 => generated 0 bytes in 215 msecs (HTTP/1.1 202) 6 headers in 233 bytes (1 switches on core 0)
Jun 23 19:58:01.812878 dv-cinder-847274-2-smb devstack@c-api.service[122855]: DEBUG cinder.api.middleware.request_id [None req-e26854fd-0820-41d9-b9d5-377e3a943d7b None None] RequestId filter calling following filter/app {{(pid=122855) _context_setter /opt/stack/cinder/cinder/api/middleware/request_id.py:62}}
Jun 23 19:58:01.813633 dv-cinder-847274-2-smb devstack@c-api.service[122854]: INFO cinder.api.openstack.wsgi [None req-ce4ac6f6-18ff-4d10-b900-33d63b9e5af5 tempest-GroupsV320Test-64948417 tempest-GroupsV320Test-64948417-project-admin] http://10.222.0.13/volume/v3/3d5387b90c1e43adaf67d7f59603ec46/group_types returned with HTTP 202
Jun 23 19:58:01.814648 dv-cinder-847274-2-smb devstack@c-api.service[122854]: [pid: 122854|app: 0|req: 137/239] 10.222.0.13 () {62 vars in 1287 bytes} [Thu Jun 23 19:58:01 2022] POST /volume/v3/3d5387b90c1e43adaf67d7f59603ec46/group_types => generated 177 bytes in 160 msecs (HTTP/1.1 202) 7 headers in 292 bytes (2 switches on core 0)
Jun 23 19:58:01.819290 dv-cinder-847274-2-smb devstack@c-api.service[122855]: INFO cinder.api.openstack.wsgi [None req-e26854fd-0820-41d9-b9d5-377e3a943d7b tempest-QosSpecsTestJSON-83557476 tempest-QosSpecsTestJSON-83557476-project-admin] GET http://10.222.0.13/volume/v3/b960d2b8d1b24269bfb99cb6f486f7dc/types/0ae5e0fb-95b3-4fb6-bf25-564f5a65c656
Jun 23 19:58:01.819290 dv-cinder-847274-2-smb devstack@c-api.service[122855]: DEBUG cinder.api.openstack.wsgi [None req-e26854fd-0820-41d9-b9d5-377e3a943d7b tempest-QosSpecsTestJSON-83557476 tempest-QosSpecsTestJSON-83557476-project-admin] Empty body provided in request {{(pid=122855) get_body /opt/stack/cinder/cinder/api/openstack/wsgi.py:715}}
Jun 23 19:58:01.819290 dv-cinder-847274-2-smb devstack@c-api.service[122855]: DEBUG cinder.api.openstack.wsgi [None req-e26854fd-0820-41d9-b9d5-377e3a943d7b tempest-QosSpecsTestJSON-83557476 tempest-QosSpecsTestJSON-83557476-project-admin] Calling method 'show' {{(pid=122855) _process_stack /opt/stack/cinder/cinder/api/openstack/wsgi.py:868}}
Jun 23 19:58:01.824613 dv-cinder-847274-2-smb devstack@c-api.service[122854]: DEBUG cinder.api.middleware.request_id [None req-d31390e5-0f7b-417c-ae5c-9df398f21628 None None] RequestId filter calling following filter/app {{(pid=122854) _context_setter /opt/stack/cinder/cinder/api/middleware/request_id.py:62}}
Jun 23 19:58:01.831180 dv-cinder-847274-2-smb devstack@c-api.service[122855]: INFO cinder.api.openstack.wsgi [None req-e26854fd-0820-41d9-b9d5-377e3a943d7b tempest-QosSpecsTestJSON-83557476 tempest-QosSpecsTestJSON-83557476-project-admin] http://10.222.0.13/volume/v3/b960d2b8d1b24269bfb99cb6f486f7dc/types/0ae5e0fb-95b3-4fb6-bf25-564f5a65c656 returned with HTTP 404
Jun 23 19:58:01.840388 dv-cinder-847274-2-smb devstack@c-api.service[122855]: [pid: 122855|app: 0|req: 103/240] 10.222.0.13 () {58 vars in 1318 bytes} [Thu Jun 23 19:58:01 2022] GET /volume/v3/b960d2b8d1b24269bfb99cb6f486f7dc/types/0ae5e0fb-95b3-4fb6-bf25-564f5a65c656 => generated 114 bytes in 29 msecs (HTTP/1.1 404) 7 headers in 292 bytes (1 switches on core 0)
Jun 23 19:58:01.842426 dv-cinder-847274-2-smb devstack@c-api.service[122855]: DEBUG cinder.api.middleware.request_id [None req-3073fe29-1cf6-4770-a9f2-e2fa77c4914b None None] RequestId filter calling following filter/app {{(pid=122855) _context_setter /opt/stack/cinder/cinder/api/middleware/request_id.py:62}}
Jun 23 19:58:01.847816 dv-cinder-847274-2-smb devstack@c-api.service[122855]: INFO cinder.api.openstack.wsgi [None req-3073fe29-1cf6-4770-a9f2-e2fa77c4914b tempest-QosSpecsTestJSON-83557476 tempest-QosSpecsTestJSON-83557476-project-admin] DELETE http://10.222.0.13/volume/v3/b960d2b8d1b24269bfb99cb6f486f7dc/types/a9545ddf-7c03-4b73-92ba-fa7d4d543877
Jun 23 19:58:01.850514 dv-cinder-847274-2-smb devstack@c-api.service[122855]: DEBUG cinder.api.openstack.wsgi [None req-3073fe29-1cf6-4770-a9f2-e2fa77c4914b tempest-QosSpecsTestJSON-83557476 tempest-QosSpecsTestJSON-83557476-project-admin] Empty body provided in request {{(pid=122855) get_body /opt/stack/cinder/cinder/api/openstack/wsgi.py:715}}
Jun 23 19:58:01.851183 dv-cinder-847274-2-smb devstack@c-api.service[122855]: DEBUG cinder.api.openstack.wsgi [None req-3073fe29-1cf6-4770-a9f2-e2fa77c4914b tempest-QosSpecsTestJSON-83557476 tempest-QosSpecsTestJSON-83557476-project-admin] Calling method '_delete' {{(pid=122855) _process_stack /opt/stack/cinder/cinder/api/openstack/wsgi.py:868}}
Jun 23 19:58:02.043762 dv-cinder-847274-2-smb devstack@c-api.service[122855]: INFO cinder.api.openstack.wsgi [None req-3073fe29-1cf6-4770-a9f2-e2fa77c4914b tempest-QosSpecsTestJSON-83557476 tempest-QosSpecsTestJSON-83557476-project-admin] http://10.222.0.13/volume/v3/b960d2b8d1b24269bfb99cb6f486f7dc/types/a9545ddf-7c03-4b73-92ba-fa7d4d543877 returned with HTTP 202
Jun 23 19:58:02.048941 dv-cinder-847274-2-smb devstack@c-api.service[122855]: [pid: 122855|app: 0|req: 104/241] 10.222.0.13 () {58 vars in 1321 bytes} [Thu Jun 23 19:58:01 2022] DELETE /volume/v3/b960d2b8d1b24269bfb99cb6f486f7dc/types/a9545ddf-7c03-4b73-92ba-fa7d4d543877 => generated 0 bytes in 208 msecs (HTTP/1.1 202) 6 headers in 233 bytes (1 switches on core 0)
Jun 23 19:58:02.058263 dv-cinder-847274-2-smb devstack@c-api.service[122855]: DEBUG cinder.api.middleware.request_id [None req-f1d21381-17ba-4640-92db-5a98d5189f81 None None] RequestId filter calling following filter/app {{(pid=122855) _context_setter /opt/stack/cinder/cinder/api/middleware/request_id.py:62}}
Jun 23 19:58:02.058263 dv-cinder-847274-2-smb devstack@c-api.service[122855]: INFO cinder.api.openstack.wsgi [None req-f1d21381-17ba-4640-92db-5a98d5189f81 tempest-QosSpecsTestJSON-83557476 tempest-QosSpecsTestJSON-83557476-project-admin] GET http://10.222.0.13/volume/v3/b960d2b8d1b24269bfb99cb6f486f7dc/types/a9545ddf-7c03-4b73-92ba-fa7d4d543877
Jun 23 19:58:02.058263 dv-cinder-847274-2-smb devstack@c-api.service[122855]: DEBUG cinder.api.openstack.wsgi [None req-f1d21381-17ba-4640-92db-5a98d5189f81 tempest-QosSpecsTestJSON-83557476 tempest-QosSpecsTestJSON-83557476-project-admin] Empty body provided in request {{(pid=122855) get_body /opt/stack/cinder/cinder/api/openstack/wsgi.py:715}}
Jun 23 19:58:02.058263 dv-cinder-847274-2-smb devstack@c-api.service[122855]: DEBUG cinder.api.openstack.wsgi [None req-f1d21381-17ba-4640-92db-5a98d5189f81 tempest-QosSpecsTestJSON-83557476 tempest-QosSpecsTestJSON-83557476-project-admin] Calling method 'show' {{(pid=122855) _process_stack /opt/stack/cinder/cinder/api/openstack/wsgi.py:868}}
Jun 23 19:58:02.064662 dv-cinder-847274-2-smb devstack@c-api.service[122855]: INFO cinder.api.openstack.wsgi [None req-f1d21381-17ba-4640-92db-5a98d5189f81 tempest-QosSpecsTestJSON-83557476 tempest-QosSpecsTestJSON-83557476-project-admin] http://10.222.0.13/volume/v3/b960d2b8d1b24269bfb99cb6f486f7dc/types/a9545ddf-7c03-4b73-92ba-fa7d4d543877 returned with HTTP 404
Jun 23 19:58:02.066132 dv-cinder-847274-2-smb devstack@c-api.service[122855]: [pid: 122855|app: 0|req: 105/242] 10.222.0.13 () {58 vars in 1318 bytes} [Thu Jun 23 19:58:02 2022] GET /volume/v3/b960d2b8d1b24269bfb99cb6f486f7dc/types/a9545ddf-7c03-4b73-92ba-fa7d4d543877 => generated 114 bytes in 16 msecs (HTTP/1.1 404) 7 headers in 292 bytes (1 switches on core 0)
Jun 23 19:58:02.070376 dv-cinder-847274-2-smb devstack@c-api.service[122855]: DEBUG cinder.api.middleware.request_id [None req-41ea1807-4111-4eb6-aa59-8d60535ef1a7 None None] RequestId filter calling following filter/app {{(pid=122855) _context_setter /opt/stack/cinder/cinder/api/middleware/request_id.py:62}}
Jun 23 19:58:02.075406 dv-cinder-847274-2-smb devstack@c-api.service[122855]: INFO cinder.api.openstack.wsgi [None req-41ea1807-4111-4eb6-aa59-8d60535ef1a7 tempest-QosSpecsTestJSON-83557476 tempest-QosSpecsTestJSON-83557476-project-admin] DELETE http://10.222.0.13/volume/v3/b960d2b8d1b24269bfb99cb6f486f7dc/qos-specs/9dc8acb5-762d-477b-bc6e-b8ef26fc49fb?force=False
Jun 23 19:58:02.075842 dv-cinder-847274-2-smb devstack@c-api.service[122855]: DEBUG cinder.api.openstack.wsgi [None req-41ea1807-4111-4eb6-aa59-8d60535ef1a7 tempest-QosSpecsTestJSON-83557476 tempest-QosSpecsTestJSON-83557476-project-admin] Empty body provided in request {{(pid=122855) get_body /opt/stack/cinder/cinder/api/openstack/wsgi.py:715}}
Jun 23 19:58:02.076287 dv-cinder-847274-2-smb devstack@c-api.service[122855]: DEBUG cinder.api.openstack.wsgi [None req-41ea1807-4111-4eb6-aa59-8d60535ef1a7 tempest-QosSpecsTestJSON-83557476 tempest-QosSpecsTestJSON-83557476-project-admin] Calling method 'delete' {{(pid=122855) _process_stack /opt/stack/cinder/cinder/api/openstack/wsgi.py:868}}
Jun 23 19:58:02.077575 dv-cinder-847274-2-smb devstack@c-api.service[122855]: DEBUG cinder.api.contrib.qos_specs_manage [None req-41ea1807-4111-4eb6-aa59-8d60535ef1a7 tempest-QosSpecsTestJSON-83557476 tempest-QosSpecsTestJSON-83557476-project-admin] Delete qos_spec: 9dc8acb5-762d-477b-bc6e-b8ef26fc49fb, force: False {{(pid=122855) delete /opt/stack/cinder/cinder/api/contrib/qos_specs_manage.py:168}}
Jun 23 19:58:02.099179 dv-cinder-847274-2-smb devstack@c-api.service[122854]: DEBUG dbcounter [-] [122854] Writing DB stats cinder:UPDATE=7,cinder:SELECT=93 {{(pid=122854) stat_writer /usr/local/lib/python3.8/dist-packages/dbcounter.py:114}}
Jun 23 19:58:02.155838 dv-cinder-847274-2-smb devstack@c-api.service[122854]: INFO cinder.api.openstack.wsgi [None req-d31390e5-0f7b-417c-ae5c-9df398f21628 tempest-GroupsV320Test-1190056477 tempest-GroupsV320Test-1190056477-project] POST http://10.222.0.13/volume/v3/81a6569b3e4c425a80e8987b02b8a304/groups
Jun 23 19:58:02.158353 dv-cinder-847274-2-smb devstack@c-api.service[122854]: DEBUG cinder.api.openstack.wsgi [None req-d31390e5-0f7b-417c-ae5c-9df398f21628 tempest-GroupsV320Test-1190056477 tempest-GroupsV320Test-1190056477-project] Action: 'create', calling method: version_select, body: {"group": {"group_type": "1f747cd6-45cb-4947-9413-a59bc59314a5", "volume_types": ["e15a7c77-3b10-4807-b56f-5355859bcc86"], "name": "tempest-GroupsV320Test-Group-1652860373"}} {{(pid=122854) _process_stack /opt/stack/cinder/cinder/api/openstack/wsgi.py:866}}
