Jun 24 23:41:31.095162 dv-cinder-847189-5-smb devstack@n-api.service[102148]: INFO nova.api.openstack.requestlog [None req-bb4be76e-9cf2-414b-b325-b8c936fb2347 tempest-VolumesSnapshotsTestJSON-332029055 tempest-VolumesSnapshotsTestJSON-332029055-project] 10.222.0.42 "GET /compute/v2.1/os-snapshots" status: 200 len: 288 microversion: 2.1 time: 0.111778
Jun 24 23:41:31.096042 dv-cinder-847189-5-smb devstack@n-api.service[102148]: [pid: 102148|app: 0|req: 11/22] 10.222.0.42 () {58 vars in 1139 bytes} [Fri Jun 24 23:41:30 2022] GET /compute/v2.1/os-snapshots => generated 288 bytes in 113 msecs (HTTP/1.1 200) 9 headers in 357 bytes (1 switches on core 0)
Jun 24 23:41:31.110911 dv-cinder-847189-5-smb devstack@n-api.service[102147]: DEBUG nova.api.openstack.wsgi [None req-3002f3c3-12ce-4ccc-9dd4-16e58947e0ce tempest-VolumesSnapshotsTestJSON-332029055 tempest-VolumesSnapshotsTestJSON-332029055-project] Calling method '.version_select at 0x7f5788277b80>' {{(pid=102147) _process_stack /opt/stack/nova/nova/api/openstack/wsgi.py:513}}
Jun 24 23:41:31.195242 dv-cinder-847189-5-smb devstack@n-api.service[102147]: INFO nova.api.openstack.requestlog [None req-3002f3c3-12ce-4ccc-9dd4-16e58947e0ce tempest-VolumesSnapshotsTestJSON-332029055 tempest-VolumesSnapshotsTestJSON-332029055-project] 10.222.0.42 "GET /compute/v2.1/os-snapshots/f75b8bd8-7dad-416a-8aa5-adb90f681654" status: 200 len: 285 microversion: 2.1 time: 0.092855
Jun 24 23:41:31.196033 dv-cinder-847189-5-smb devstack@n-api.service[102147]: [pid: 102147|app: 0|req: 12/23] 10.222.0.42 () {58 vars in 1250 bytes} [Fri Jun 24 23:41:31 2022] GET /compute/v2.1/os-snapshots/f75b8bd8-7dad-416a-8aa5-adb90f681654 => generated 285 bytes in 94 msecs (HTTP/1.1 200) 9 headers in 357 bytes (1 switches on core 0)
Jun 24 23:41:31.688543 dv-cinder-847189-5-smb devstack@n-api.service[102148]: DEBUG nova.api.openstack.wsgi [None req-5501b204-2125-4988-83bd-9fe5a2dddd3d tempest-VolumesGetTestJSON-594601652 tempest-VolumesGetTestJSON-594601652-project] Calling method '.version_select at 0x7f578840e820>' {{(pid=102148) _process_stack /opt/stack/nova/nova/api/openstack/wsgi.py:513}}
Jun 24 23:41:31.887190 dv-cinder-847189-5-smb devstack@n-api.service[102148]: INFO nova.api.openstack.wsgi [None req-5501b204-2125-4988-83bd-9fe5a2dddd3d tempest-VolumesGetTestJSON-594601652 tempest-VolumesGetTestJSON-594601652-project] HTTP exception thrown: Volume dd1e9280-bd5d-4975-b56a-c71fa4c29a7b could not be found.
Jun 24 23:41:31.888033 dv-cinder-847189-5-smb devstack@n-api.service[102148]: DEBUG nova.api.openstack.wsgi [None req-5501b204-2125-4988-83bd-9fe5a2dddd3d tempest-VolumesGetTestJSON-594601652 tempest-VolumesGetTestJSON-594601652-project] Returning 404 to user: Volume dd1e9280-bd5d-4975-b56a-c71fa4c29a7b could not be found. {{(pid=102148) __call__ /opt/stack/nova/nova/api/openstack/wsgi.py:927}}
Jun 24 23:41:31.889126 dv-cinder-847189-5-smb devstack@n-api.service[102148]: INFO nova.api.openstack.requestlog [None req-5501b204-2125-4988-83bd-9fe5a2dddd3d tempest-VolumesGetTestJSON-594601652 tempest-VolumesGetTestJSON-594601652-project] 10.222.0.42 "GET /compute/v2.1/os-volumes/dd1e9280-bd5d-4975-b56a-c71fa4c29a7b" status: 404 len: 109 microversion: 2.1 time: 0.205196
Jun 24 23:41:31.889853 dv-cinder-847189-5-smb devstack@n-api.service[102148]: [pid: 102148|app: 0|req: 12/24] 10.222.0.42 () {58 vars in 1244 bytes} [Fri Jun 24 23:41:31 2022] GET /compute/v2.1/os-volumes/dd1e9280-bd5d-4975-b56a-c71fa4c29a7b => generated 109 bytes in 207 msecs (HTTP/1.1 404) 9 headers in 379 bytes (1 switches on core 0)
Jun 24 23:41:32.208922 dv-cinder-847189-5-smb devstack@n-api.service[102147]: DEBUG nova.api.openstack.wsgi [None req-6741cd23-9047-4858-b857-ea8d4b60da1e tempest-VolumesSnapshotsTestJSON-332029055 tempest-VolumesSnapshotsTestJSON-332029055-project] Calling method '.version_select at 0x7f57882779d0>' {{(pid=102147) _process_stack /opt/stack/nova/nova/api/openstack/wsgi.py:513}}
Jun 24 23:41:32.365430 dv-cinder-847189-5-smb devstack@n-api.service[102147]: INFO nova.api.openstack.requestlog [None req-6741cd23-9047-4858-b857-ea8d4b60da1e tempest-VolumesSnapshotsTestJSON-332029055 tempest-VolumesSnapshotsTestJSON-332029055-project] 10.222.0.42 "GET /compute/v2.1/os-snapshots/f75b8bd8-7dad-416a-8aa5-adb90f681654" status: 200 len: 286 microversion: 2.1 time: 0.162202
Jun 24 23:41:32.365994 dv-cinder-847189-5-smb devstack@n-api.service[102147]: [pid: 102147|app: 0|req: 13/25] 10.222.0.42 () {58 vars in 1250 bytes} [Fri Jun 24 23:41:32 2022] GET /compute/v2.1/os-snapshots/f75b8bd8-7dad-416a-8aa5-adb90f681654 => generated 286 bytes in 164 msecs (HTTP/1.1 200) 9 headers in 357 bytes (1 switches on core 0)
Jun 24 23:41:32.376680 dv-cinder-847189-5-smb devstack@n-api.service[102148]: DEBUG nova.api.openstack.wsgi [None req-340f7a76-b32a-4740-823b-1a2f8cd063de tempest-VolumesSnapshotsTestJSON-332029055 tempest-VolumesSnapshotsTestJSON-332029055-project] Calling method '.version_select at 0x7f57882e4d30>' {{(pid=102148) _process_stack /opt/stack/nova/nova/api/openstack/wsgi.py:513}}
Jun 24 23:41:32.737876 dv-cinder-847189-5-smb devstack@n-api.service[102148]: INFO nova.api.openstack.requestlog [None req-340f7a76-b32a-4740-823b-1a2f8cd063de tempest-VolumesSnapshotsTestJSON-332029055 tempest-VolumesSnapshotsTestJSON-332029055-project] 10.222.0.42 "DELETE /compute/v2.1/os-snapshots/f75b8bd8-7dad-416a-8aa5-adb90f681654" status: 202 len: 0 microversion: 2.1 time: 0.365245
Jun 24 23:41:32.739373 dv-cinder-847189-5-smb devstack@n-api.service[102148]: [pid: 102148|app: 0|req: 13/26] 10.222.0.42 () {58 vars in 1253 bytes} [Fri Jun 24 23:41:32 2022] DELETE /compute/v2.1/os-snapshots/f75b8bd8-7dad-416a-8aa5-adb90f681654 => generated 0 bytes in 367 msecs (HTTP/1.1 202) 9 headers in 361 bytes (1 switches on core 0)
Jun 24 23:41:32.746748 dv-cinder-847189-5-smb devstack@n-api.service[102147]: DEBUG nova.api.openstack.wsgi [None req-7579677f-1f94-49c4-b63a-87eb410aed2d tempest-VolumesSnapshotsTestJSON-332029055 tempest-VolumesSnapshotsTestJSON-332029055-project] Calling method '.version_select at 0x7f57882daee0>' {{(pid=102147) _process_stack /opt/stack/nova/nova/api/openstack/wsgi.py:513}}
Jun 24 23:41:32.892566 dv-cinder-847189-5-smb devstack@n-api.service[102147]: INFO nova.api.openstack.requestlog [None req-7579677f-1f94-49c4-b63a-87eb410aed2d tempest-VolumesSnapshotsTestJSON-332029055 tempest-VolumesSnapshotsTestJSON-332029055-project] 10.222.0.42 "GET /compute/v2.1/os-snapshots/f75b8bd8-7dad-416a-8aa5-adb90f681654" status: 200 len: 285 microversion: 2.1 time: 0.149569
Jun 24 23:41:32.893432 dv-cinder-847189-5-smb devstack@n-api.service[102147]: [pid: 102147|app: 0|req: 14/27] 10.222.0.42 () {58 vars in 1250 bytes} [Fri Jun 24 23:41:32 2022] GET /compute/v2.1/os-snapshots/f75b8bd8-7dad-416a-8aa5-adb90f681654 => generated 285 bytes in 151 msecs (HTTP/1.1 200) 9 headers in 357 bytes (1 switches on core 0)
Jun 24 23:41:33.008594 dv-cinder-847189-5-smb devstack@n-api.service[102148]: DEBUG nova.api.openstack.wsgi [None req-1f4cb9d3-b263-4017-9b2a-cc5e2dce07f2 tempest-VolumesTestJSON-169005540 tempest-VolumesTestJSON-169005540-project] Calling method '.version_select at 0x7f578826eca0>' {{(pid=102148) _process_stack /opt/stack/nova/nova/api/openstack/wsgi.py:513}}
Jun 24 23:41:33.116250 dv-cinder-847189-5-smb devstack@n-api.service[102148]: INFO nova.api.openstack.requestlog [None req-1f4cb9d3-b263-4017-9b2a-cc5e2dce07f2 tempest-VolumesTestJSON-169005540 tempest-VolumesTestJSON-169005540-project] 10.222.0.42 "GET /compute/v2.1/os-volumes/01c3429a-e0dd-41f9-a1e9-3781adfc009b" status: 200 len: 351 microversion: 2.1 time: 0.111353
Jun 24 23:41:33.117041 dv-cinder-847189-5-smb devstack@n-api.service[102148]: [pid: 102148|app: 0|req: 14/28] 10.222.0.42 () {58 vars in 1244 bytes} [Fri Jun 24 23:41:33 2022] GET /compute/v2.1/os-volumes/01c3429a-e0dd-41f9-a1e9-3781adfc009b => generated 351 bytes in 113 msecs (HTTP/1.1 200) 9 headers in 357 bytes (1 switches on core 0)
Jun 24 23:41:33.129771 dv-cinder-847189-5-smb devstack@n-api.service[102147]: DEBUG nova.api.openstack.wsgi [None req-30bafd4b-26d4-4bf1-b8b2-8022dde70a44 tempest-VolumesTestJSON-169005540 tempest-VolumesTestJSON-169005540-project] Calling method '.version_select at 0x7f57882da5e0>' {{(pid=102147) _process_stack /opt/stack/nova/nova/api/openstack/wsgi.py:513}}
Jun 24 23:41:33.307899 dv-cinder-847189-5-smb devstack@n-api.service[102147]: INFO nova.api.openstack.requestlog [None req-30bafd4b-26d4-4bf1-b8b2-8022dde70a44 tempest-VolumesTestJSON-169005540 tempest-VolumesTestJSON-169005540-project] 10.222.0.42 "GET /compute/v2.1/os-volumes" status: 200 len: 1035 microversion: 2.1 time: 0.182431
Jun 24 23:41:33.321431 dv-cinder-847189-5-smb devstack@n-api.service[102148]: DEBUG nova.api.openstack.wsgi [None req-5c89e7b4-7895-46c0-a2ad-cd857a65d16a tempest-VolumesTestJSON-169005540 tempest-VolumesTestJSON-169005540-project] Calling method '.version_select at 0x7f578840eca0>' {{(pid=102148) _process_stack /opt/stack/nova/nova/api/openstack/wsgi.py:513}}
Jun 24 23:41:33.324073 dv-cinder-847189-5-smb devstack@n-api.service[102147]: [pid: 102147|app: 0|req: 15/29] 10.222.0.42 () {58 vars in 1133 bytes} [Fri Jun 24 23:41:33 2022] GET /compute/v2.1/os-volumes => generated 1035 bytes in 199 msecs (HTTP/1.1 200) 9 headers in 358 bytes (1 switches on core 0)
Jun 24 23:41:33.437952 dv-cinder-847189-5-smb devstack@n-api.service[102148]: INFO nova.api.openstack.requestlog [None req-5c89e7b4-7895-46c0-a2ad-cd857a65d16a tempest-VolumesTestJSON-169005540 tempest-VolumesTestJSON-169005540-project] 10.222.0.42 "GET /compute/v2.1/os-volumes?limit=2" status: 200 len: 695 microversion: 2.1 time: 0.119941
Jun 24 23:41:33.455148 dv-cinder-847189-5-smb devstack@n-api.service[102147]: DEBUG nova.api.openstack.wsgi [None req-3acc9531-5e40-4aef-8cbb-ac30cdf372ab tempest-VolumesTestJSON-169005540 tempest-VolumesTestJSON-169005540-project] Calling method '.version_select at 0x7f57882779d0>' {{(pid=102147) _process_stack /opt/stack/nova/nova/api/openstack/wsgi.py:513}}
Jun 24 23:41:33.455894 dv-cinder-847189-5-smb devstack@n-api.service[102148]: [pid: 102148|app: 0|req: 15/30] 10.222.0.42 () {58 vars in 1148 bytes} [Fri Jun 24 23:41:33 2022] GET /compute/v2.1/os-volumes?limit=2 => generated 695 bytes in 138 msecs (HTTP/1.1 200) 9 headers in 357 bytes (1 switches on core 0)
Jun 24 23:41:33.765452 dv-cinder-847189-5-smb devstack@n-api.service[102147]: INFO nova.api.openstack.requestlog [None req-3acc9531-5e40-4aef-8cbb-ac30cdf372ab tempest-VolumesTestJSON-169005540 tempest-VolumesTestJSON-169005540-project] 10.222.0.42 "GET /compute/v2.1/os-volumes" status: 200 len: 1035 microversion: 2.1 time: 0.318793
Jun 24 23:41:33.776824 dv-cinder-847189-5-smb devstack@n-api.service[102148]: DEBUG nova.api.openstack.wsgi [None req-0cc06dc7-08bc-4382-9c2f-d848d4fbcee1 tempest-VolumesTestJSON-169005540 tempest-VolumesTestJSON-169005540-project] Calling method '.version_select at 0x7f5788280280>' {{(pid=102148) _process_stack /opt/stack/nova/nova/api/openstack/wsgi.py:513}}
Jun 24 23:41:33.777639 dv-cinder-847189-5-smb devstack@n-api.service[102147]: [pid: 102147|app: 0|req: 16/31] 10.222.0.42 () {58 vars in 1133 bytes} [Fri Jun 24 23:41:33 2022] GET /compute/v2.1/os-volumes => generated 1035 bytes in 331 msecs (HTTP/1.1 200) 9 headers in 358 bytes (1 switches on core 0)
Jun 24 23:41:33.904364 dv-cinder-847189-5-smb devstack@n-api.service[102147]: DEBUG nova.api.openstack.wsgi [None req-e1725518-dd18-42d0-8b32-2725463666d3 tempest-VolumesSnapshotsTestJSON-332029055 tempest-VolumesSnapshotsTestJSON-332029055-project] Calling method '.version_select at 0x7f5788288550>' {{(pid=102147) _process_stack /opt/stack/nova/nova/api/openstack/wsgi.py:513}}
Jun 24 23:41:33.981484 dv-cinder-847189-5-smb devstack@n-api.service[102148]: INFO nova.api.openstack.requestlog [None req-0cc06dc7-08bc-4382-9c2f-d848d4fbcee1 tempest-VolumesTestJSON-169005540 tempest-VolumesTestJSON-169005540-project] 10.222.0.42 "GET /compute/v2.1/os-volumes?offset=1&limit=1" status: 200 len: 354 microversion: 2.1 time: 0.207855
Jun 24 23:41:33.985307 dv-cinder-847189-5-smb devstack@n-api.service[102147]: INFO nova.api.openstack.wsgi [None req-e1725518-dd18-42d0-8b32-2725463666d3 tempest-VolumesSnapshotsTestJSON-332029055 tempest-VolumesSnapshotsTestJSON-332029055-project] HTTP exception thrown: Snapshot f75b8bd8-7dad-416a-8aa5-adb90f681654 could not be found.
Jun 24 23:41:33.986301 dv-cinder-847189-5-smb devstack@n-api.service[102147]: DEBUG nova.api.openstack.wsgi [None req-e1725518-dd18-42d0-8b32-2725463666d3 tempest-VolumesSnapshotsTestJSON-332029055 tempest-VolumesSnapshotsTestJSON-332029055-project] Returning 404 to user: Snapshot f75b8bd8-7dad-416a-8aa5-adb90f681654 could not be found. {{(pid=102147) __call__ /opt/stack/nova/nova/api/openstack/wsgi.py:927}}
Jun 24 23:41:33.989637 dv-cinder-847189-5-smb devstack@n-api.service[102148]: [pid: 102148|app: 0|req: 16/32] 10.222.0.42 () {58 vars in 1166 bytes} [Fri Jun 24 23:41:33 2022] GET /compute/v2.1/os-volumes?offset=1&limit=1 => generated 354 bytes in 216 msecs (HTTP/1.1 200) 9 headers in 357 bytes (1 switches on core 0)
Jun 24 23:41:33.991330 dv-cinder-847189-5-smb devstack@n-api.service[102147]: INFO nova.api.openstack.requestlog [None req-e1725518-dd18-42d0-8b32-2725463666d3 tempest-VolumesSnapshotsTestJSON-332029055 tempest-VolumesSnapshotsTestJSON-332029055-project] 10.222.0.42 "GET /compute/v2.1/os-snapshots/f75b8bd8-7dad-416a-8aa5-adb90f681654" status: 404 len: 111 microversion: 2.1 time: 0.089714
Jun 24 23:41:33.997102 dv-cinder-847189-5-smb devstack@n-api.service[102147]: [pid: 102147|app: 0|req: 17/33] 10.222.0.42 () {58 vars in 1250 bytes} [Fri Jun 24 23:41:33 2022] GET /compute/v2.1/os-snapshots/f75b8bd8-7dad-416a-8aa5-adb90f681654 => generated 111 bytes in 97 msecs (HTTP/1.1 404) 9 headers in 379 bytes (1 switches on core 0)
Jun 24 23:41:34.002187 dv-cinder-847189-5-smb devstack@n-api.service[102148]: DEBUG nova.api.openstack.wsgi [None req-fafedf4f-9a9d-41ae-88cc-4d761199f572 tempest-VolumesTestJSON-169005540 tempest-VolumesTestJSON-169005540-project] Calling method '.version_select at 0x7f5788280430>' {{(pid=102148) _process_stack /opt/stack/nova/nova/api/openstack/wsgi.py:513}}
Jun 24 23:41:34.013689 dv-cinder-847189-5-smb devstack@n-api.service[102147]: DEBUG nova.api.openstack.wsgi [None req-4d33f49e-73b5-4e04-b215-3c2bda3506be tempest-VolumesSnapshotsTestJSON-332029055 tempest-VolumesSnapshotsTestJSON-332029055-project] Calling method '.version_select at 0x7f57882775e0>' {{(pid=102147) _process_stack /opt/stack/nova/nova/api/openstack/wsgi.py:513}}
Jun 24 23:41:34.197030 dv-cinder-847189-5-smb devstack@n-api.service[102148]: INFO nova.api.openstack.requestlog [None req-fafedf4f-9a9d-41ae-88cc-4d761199f572 tempest-VolumesTestJSON-169005540 tempest-VolumesTestJSON-169005540-project] 10.222.0.42 "GET /compute/v2.1/os-volumes/detail?limit=2" status: 200 len: 695 microversion: 2.1 time: 0.206064
Jun 24 23:41:34.204293 dv-cinder-847189-5-smb devstack@n-api.service[102148]: [pid: 102148|app: 0|req: 17/34] 10.222.0.42 () {58 vars in 1169 bytes} [Fri Jun 24 23:41:33 2022] GET /compute/v2.1/os-volumes/detail?limit=2 => generated 695 bytes in 207 msecs (HTTP/1.1 200) 9 headers in 357 bytes (1 switches on core 0)
Jun 24 23:41:34.209582 dv-cinder-847189-5-smb devstack@n-api.service[102148]: DEBUG nova.api.openstack.wsgi [None req-45805fcd-1fd7-47d6-a4d9-48af21ddfc31 tempest-VolumesTestJSON-169005540 tempest-VolumesTestJSON-169005540-project] Calling method '.version_select at 0x7f578826eb80>' {{(pid=102148) _process_stack /opt/stack/nova/nova/api/openstack/wsgi.py:513}}
Jun 24 23:41:34.235407 dv-cinder-847189-5-smb devstack@n-api.service[102147]: INFO nova.api.openstack.requestlog [None req-4d33f49e-73b5-4e04-b215-3c2bda3506be tempest-VolumesSnapshotsTestJSON-332029055 tempest-VolumesSnapshotsTestJSON-332029055-project] 10.222.0.42 "DELETE /compute/v2.1/os-volumes/46d1154c-e33c-42c0-9ec3-8219791a8477" status: 202 len: 0 microversion: 2.1 time: 0.235438
Jun 24 23:41:34.236067 dv-cinder-847189-5-smb devstack@n-api.service[102147]: [pid: 102147|app: 0|req: 18/35] 10.222.0.42 () {58 vars in 1247 bytes} [Fri Jun 24 23:41:33 2022] DELETE /compute/v2.1/os-volumes/46d1154c-e33c-42c0-9ec3-8219791a8477 => generated 0 bytes in 238 msecs (HTTP/1.1 202) 9 headers in 361 bytes (1 switches on core 0)
Jun 24 23:41:34.244570 dv-cinder-847189-5-smb devstack@n-api.service[102147]: DEBUG nova.api.openstack.wsgi [None req-f457ae92-b4bf-43c9-9ec1-d736bddc89d0 tempest-VolumesSnapshotsTestJSON-332029055 tempest-VolumesSnapshotsTestJSON-332029055-project] Calling method '.version_select at 0x7f5788913550>' {{(pid=102147) _process_stack /opt/stack/nova/nova/api/openstack/wsgi.py:513}}
Jun 24 23:41:34.468730 dv-cinder-847189-5-smb devstack@n-api.service[102148]: INFO nova.api.openstack.requestlog [None req-45805fcd-1fd7-47d6-a4d9-48af21ddfc31 tempest-VolumesTestJSON-169005540 tempest-VolumesTestJSON-169005540-project] 10.222.0.42 "GET /compute/v2.1/os-volumes/detail" status: 200 len: 1035 microversion: 2.1 time: 0.262708
Jun 24 23:41:34.469566 dv-cinder-847189-5-smb devstack@n-api.service[102148]: [pid: 102148|app: 0|req: 18/36] 10.222.0.42 () {58 vars in 1154 bytes} [Fri Jun 24 23:41:34 2022] GET /compute/v2.1/os-volumes/detail => generated 1035 bytes in 264 msecs (HTTP/1.1 200) 9 headers in 358 bytes (2 switches on core 0)
Jun 24 23:41:34.481228 dv-cinder-847189-5-smb devstack@n-api.service[102148]: DEBUG nova.api.openstack.wsgi [None req-b325479c-fb3d-4703-88ee-95c7eac41c5e tempest-VolumesTestJSON-169005540 tempest-VolumesTestJSON-169005540-project] Calling method '.version_select at 0x7f57882e4c10>' {{(pid=102148) _process_stack /opt/stack/nova/nova/api/openstack/wsgi.py:513}}
Jun 24 23:41:34.492553 dv-cinder-847189-5-smb devstack@n-api.service[102147]: INFO nova.api.openstack.requestlog [None req-f457ae92-b4bf-43c9-9ec1-d736bddc89d0 tempest-VolumesSnapshotsTestJSON-332029055 tempest-VolumesSnapshotsTestJSON-332029055-project] 10.222.0.42 "GET /compute/v2.1/os-volumes/46d1154c-e33c-42c0-9ec3-8219791a8477" status: 200 len: 345 microversion: 2.1 time: 0.251652
Jun 24 23:41:34.493739 dv-cinder-847189-5-smb devstack@n-api.service[102147]: [pid: 102147|app: 0|req: 19/37] 10.222.0.42 () {58 vars in 1244 bytes} [Fri Jun 24 23:41:34 2022] GET /compute/v2.1/os-volumes/46d1154c-e33c-42c0-9ec3-8219791a8477 => generated 345 bytes in 254 msecs (HTTP/1.1 200) 9 headers in 357 bytes (2 switches on core 0)
Jun 24 23:41:34.664833 dv-cinder-847189-5-smb devstack@n-api.service[102148]: INFO nova.api.openstack.requestlog [None req-b325479c-fb3d-4703-88ee-95c7eac41c5e tempest-VolumesTestJSON-169005540 tempest-VolumesTestJSON-169005540-project] 10.222.0.42 "GET /compute/v2.1/os-volumes/detail?offset=1&limit=1" status: 200 len: 354 microversion: 2.1 time: 0.187791
Jun 24 23:41:34.665576 dv-cinder-847189-5-smb devstack@n-api.service[102148]: [pid: 102148|app: 0|req: 19/38] 10.222.0.42 () {58 vars in 1187 bytes} [Fri Jun 24 23:41:34 2022] GET /compute/v2.1/os-volumes/detail?offset=1&limit=1 => generated 354 bytes in 189 msecs (HTTP/1.1 200) 9 headers in 357 bytes (2 switches on core 0)
Jun 24 23:41:34.683630 dv-cinder-847189-5-smb devstack@n-api.service[102147]: DEBUG nova.api.openstack.wsgi [None req-9ae1a0e7-e2d5-42cd-bc0c-e013e7155f17 tempest-VolumesTestJSON-169005540 tempest-VolumesTestJSON-169005540-project] Calling method '.version_select at 0x7f578840ef70>' {{(pid=102147) _process_stack /opt/stack/nova/nova/api/openstack/wsgi.py:513}}
Jun 24 23:41:34.913559 dv-cinder-847189-5-smb devstack@n-api.service[102147]: INFO nova.api.openstack.requestlog [None req-9ae1a0e7-e2d5-42cd-bc0c-e013e7155f17 tempest-VolumesTestJSON-169005540 tempest-VolumesTestJSON-169005540-project] 10.222.0.42 "GET /compute/v2.1/os-volumes/detail" status: 200 len: 1035 microversion: 2.1 time: 0.240331
Jun 24 23:41:34.914372 dv-cinder-847189-5-smb devstack@n-api.service[102147]: [pid: 102147|app: 0|req: 20/39] 10.222.0.42 () {58 vars in 1154 bytes} [Fri Jun 24 23:41:34 2022] GET /compute/v2.1/os-volumes/detail => generated 1035 bytes in 242 msecs (HTTP/1.1 200) 9 headers in 358 bytes (1 switches on core 0)
Jun 24 23:41:35.505937 dv-cinder-847189-5-smb devstack@n-api.service[102148]: DEBUG nova.api.openstack.wsgi [None req-794a7756-a59e-40da-ab86-b24ca1f2e142 tempest-VolumesSnapshotsTestJSON-332029055 tempest-VolumesSnapshotsTestJSON-332029055-project] Calling method '.version_select at 0x7f578826ef70>' {{(pid=102148) _process_stack /opt/stack/nova/nova/api/openstack/wsgi.py:513}}
Jun 24 23:41:35.665471 dv-cinder-847189-5-smb devstack@n-api.service[102148]: INFO nova.api.openstack.wsgi [None req-794a7756-a59e-40da-ab86-b24ca1f2e142 tempest-VolumesSnapshotsTestJSON-332029055 tempest-VolumesSnapshotsTestJSON-332029055-project] HTTP exception thrown: Volume 46d1154c-e33c-42c0-9ec3-8219791a8477 could not be found.
Jun 24 23:41:35.666068 dv-cinder-847189-5-smb devstack@n-api.service[102148]: DEBUG nova.api.openstack.wsgi [None req-794a7756-a59e-40da-ab86-b24ca1f2e142 tempest-VolumesSnapshotsTestJSON-332029055 tempest-VolumesSnapshotsTestJSON-332029055-project] Returning 404 to user: Volume 46d1154c-e33c-42c0-9ec3-8219791a8477 could not be found. {{(pid=102148) __call__ /opt/stack/nova/nova/api/openstack/wsgi.py:927}}
Jun 24 23:41:35.666880 dv-cinder-847189-5-smb devstack@n-api.service[102148]: INFO nova.api.openstack.requestlog [None req-794a7756-a59e-40da-ab86-b24ca1f2e142 tempest-VolumesSnapshotsTestJSON-332029055 tempest-VolumesSnapshotsTestJSON-332029055-project] 10.222.0.42 "GET /compute/v2.1/os-volumes/46d1154c-e33c-42c0-9ec3-8219791a8477" status: 404 len: 109 microversion: 2.1 time: 0.164697
Jun 24 23:41:35.667418 dv-cinder-847189-5-smb devstack@n-api.service[102148]: [pid: 102148|app: 0|req: 20/40] 10.222.0.42 () {58 vars in 1244 bytes} [Fri Jun 24 23:41:35 2022] GET /compute/v2.1/os-volumes/46d1154c-e33c-42c0-9ec3-8219791a8477 => generated 109 bytes in 166 msecs (HTTP/1.1 404) 9 headers in 379 bytes (1 switches on core 0)
Jun 24 23:41:35.681160 dv-cinder-847189-5-smb devstack@n-api.service[102147]: DEBUG nova.api.openstack.wsgi [None req-69d4e58c-7baf-4225-b614-7d98dd4b59db tempest-VolumesSnapshotsTestJSON-332029055 tempest-VolumesSnapshotsTestJSON-332029055-project] Calling method '.version_select at 0x7f57882daca0>' {{(pid=102147) _process_stack /opt/stack/nova/nova/api/openstack/wsgi.py:513}}
Jun 24 23:41:35.845406 dv-cinder-847189-5-smb devstack@n-api.service[102147]: INFO nova.api.openstack.wsgi [None req-69d4e58c-7baf-4225-b614-7d98dd4b59db tempest-VolumesSnapshotsTestJSON-332029055 tempest-VolumesSnapshotsTestJSON-332029055-project] HTTP exception thrown: Volume 46d1154c-e33c-42c0-9ec3-8219791a8477 could not be found.
Jun 24 23:41:35.846476 dv-cinder-847189-5-smb devstack@n-api.service[102147]: DEBUG nova.api.openstack.wsgi [None req-69d4e58c-7baf-4225-b614-7d98dd4b59db tempest-VolumesSnapshotsTestJSON-332029055 tempest-VolumesSnapshotsTestJSON-332029055-project] Returning 404 to user: Volume 46d1154c-e33c-42c0-9ec3-8219791a8477 could not be found. {{(pid=102147) __call__ /opt/stack/nova/nova/api/openstack/wsgi.py:927}}
Jun 24 23:41:35.847293 dv-cinder-847189-5-smb devstack@n-api.service[102147]: INFO nova.api.openstack.requestlog [None req-69d4e58c-7baf-4225-b614-7d98dd4b59db tempest-VolumesSnapshotsTestJSON-332029055 tempest-VolumesSnapshotsTestJSON-332029055-project] 10.222.0.42 "DELETE /compute/v2.1/os-volumes/46d1154c-e33c-42c0-9ec3-8219791a8477" status: 404 len: 109 microversion: 2.1 time: 0.169763
Jun 24 23:41:35.848103 dv-cinder-847189-5-smb devstack@n-api.service[102147]: [pid: 102147|app: 0|req: 21/41] 10.222.0.42 () {58 vars in 1247 bytes} [Fri Jun 24 23:41:35 2022] DELETE /compute/v2.1/os-volumes/46d1154c-e33c-42c0-9ec3-8219791a8477 => generated 109 bytes in 171 msecs (HTTP/1.1 404) 9 headers in 379 bytes (1 switches on core 0)
Jun 24 23:41:35.856082 dv-cinder-847189-5-smb devstack@n-api.service[102148]: DEBUG nova.api.openstack.wsgi [None req-ff298c94-54b3-4829-8dd5-2f9a29e58f56 tempest-VolumesSnapshotsTestJSON-332029055 tempest-VolumesSnapshotsTestJSON-332029055-project] Calling method '.version_select at 0x7f578840e9d0>' {{(pid=102148) _process_stack /opt/stack/nova/nova/api/openstack/wsgi.py:513}}
Jun 24 23:41:36.039610 dv-cinder-847189-5-smb devstack@n-api.service[102148]: INFO nova.api.openstack.wsgi [None req-ff298c94-54b3-4829-8dd5-2f9a29e58f56 tempest-VolumesSnapshotsTestJSON-332029055 tempest-VolumesSnapshotsTestJSON-332029055-project] HTTP exception thrown: Volume 46d1154c-e33c-42c0-9ec3-8219791a8477 could not be found.
Jun 24 23:41:36.041240 dv-cinder-847189-5-smb devstack@n-api.service[102148]: DEBUG nova.api.openstack.wsgi [None req-ff298c94-54b3-4829-8dd5-2f9a29e58f56 tempest-VolumesSnapshotsTestJSON-332029055 tempest-VolumesSnapshotsTestJSON-332029055-project] Returning 404 to user: Volume 46d1154c-e33c-42c0-9ec3-8219791a8477 could not be found. {{(pid=102148) __call__ /opt/stack/nova/nova/api/openstack/wsgi.py:927}}
Jun 24 23:41:36.041240 dv-cinder-847189-5-smb devstack@n-api.service[102148]: INFO nova.api.openstack.requestlog [None req-ff298c94-54b3-4829-8dd5-2f9a29e58f56 tempest-VolumesSnapshotsTestJSON-332029055 tempest-VolumesSnapshotsTestJSON-332029055-project] 10.222.0.42 "GET /compute/v2.1/os-volumes/46d1154c-e33c-42c0-9ec3-8219791a8477" status: 404 len: 109 microversion: 2.1 time: 0.188646
Jun 24 23:41:36.045533 dv-cinder-847189-5-smb devstack@n-api.service[102148]: [pid: 102148|app: 0|req: 21/42] 10.222.0.42 () {58 vars in 1244 bytes} [Fri Jun 24 23:41:35 2022] GET /compute/v2.1/os-volumes/46d1154c-e33c-42c0-9ec3-8219791a8477 => generated 109 bytes in 193 msecs (HTTP/1.1 404) 9 headers in 379 bytes (1 switches on core 0)
Jun 24 23:41:43.560930 dv-cinder-847189-5-smb devstack@n-api.service[102147]: DEBUG nova.api.openstack.wsgi [None req-11d0e73b-49d0-4b2c-9fa3-1ff1d9af47af tempest-ServerRescueNegativeTestJSON-1095940723 tempest-ServerRescueNegativeTestJSON-1095940723-project] Action: 'create', calling method: >, body: {"server": {"name": "tempest-ServerRescueNegativeTestJSON-server-1981890780", "imageRef": "2f14964a-a454-4782-8f35-eeb81ce60205", "flavorRef": "452", "adminPass": "***", "networks": [{"uuid": "}]}} {{(pid=102147) _process_stack /opt/stack/nova/nova/api/openstack/wsgi.py:511}}
Jun 24 23:41:43.906611 dv-cinder-847189-5-smb devstack@n-api.service[102147]: DEBUG nova.network.neutron [None req-11d0e73b-49d0-4b2c-9fa3-1ff1d9af47af tempest-ServerRescueNegativeTestJSON-1095940723 tempest-ServerRescueNegativeTestJSON-1095940723-project] validate_networks() for [('878eeed2-1705-4528-82e7-be9e0c60139b', None, None, None)] {{(pid=102147) validate_networks /opt/stack/nova/nova/network/neutron.py:2367}}
Jun 24 23:41:44.850007 dv-cinder-847189-5-smb devstack@n-api.service[102148]: DEBUG nova.api.openstack.wsgi [None req-15c66ee9-0350-4318-8ee4-53b8acd10b5b tempest-AttachVolumeTestJSON-1757573565 tempest-AttachVolumeTestJSON-1757573565-project] Action: 'create', calling method: .version_select at 0x7f578826e670>, body: {"keypair": {"name": "tempest-keypair-847635304", "public_key": "ecdsa-sha2-nistp384 AAAAE2VjZHNhLXNoYTItbmlzdHAzODQAAAAIbmlzdHAzODQAAABhBPKhmvbLfNMBNfx8qu3nAfBWIgK+9Lanfv0Di2OsHQGtv6XO1TyFoqUd//xcB1EgyZc+kFBDb+yptqOyVJu1LpVPYpBUjotgXbRTZkIDa5yQ+lH+9Yu9bw2uhQ3c+dmNgQ=="}} {{(pid=102148) _process_stack /opt/stack/nova/nova/api/openstack/wsgi.py:511}}
Jun 24 23:41:44.957497 dv-cinder-847189-5-smb devstack@n-api.service[102148]: DEBUG nova.quota [None req-15c66ee9-0350-4318-8ee4-53b8acd10b5b tempest-AttachVolumeTestJSON-1757573565 tempest-AttachVolumeTestJSON-1757573565-project] Getting quotas for project 6562c7a98a7c427eaa1620396993ad5c. Resources: {'key_pairs'} {{(pid=102148) _get_quotas /opt/stack/nova/nova/quota.py:387}}
Jun 24 23:41:44.968319 dv-cinder-847189-5-smb devstack@n-api.service[102148]: DEBUG nova.quota [None req-15c66ee9-0350-4318-8ee4-53b8acd10b5b tempest-AttachVolumeTestJSON-1757573565 tempest-AttachVolumeTestJSON-1757573565-project] Getting quotas for user b43731c6472e4845bf8e6dd576323543 and project 6562c7a98a7c427eaa1620396993ad5c. Resources: {'key_pairs'} {{(pid=102148) _get_quotas /opt/stack/nova/nova/quota.py:377}}
Jun 24 23:41:45.079079 dv-cinder-847189-5-smb devstack@n-api.service[102148]: INFO nova.api.openstack.requestlog [None req-15c66ee9-0350-4318-8ee4-53b8acd10b5b tempest-AttachVolumeTestJSON-1757573565 tempest-AttachVolumeTestJSON-1757573565-project] 10.222.0.42 "POST /compute/v2.1/os-keypairs" status: 200 len: 385 microversion: 2.1 time: 0.873259
Jun 24 23:41:45.082376 dv-cinder-847189-5-smb devstack@n-api.service[102148]: [pid: 102148|app: 0|req: 22/43] 10.222.0.42 () {60 vars in 1158 bytes} [Fri Jun 24 23:41:44 2022] POST /compute/v2.1/os-keypairs => generated 385 bytes in 877 msecs (HTTP/1.1 200) 9 headers in 357 bytes (2 switches on core 0)
Jun 24 23:41:46.126385 dv-cinder-847189-5-smb devstack@n-api.service[102148]: DEBUG nova.api.openstack.wsgi [None req-83cddea5-eb6d-4c69-8518-2f5c30cb48b2 tempest-DeleteServersTestJSON-733994 tempest-DeleteServersTestJSON-733994-project] Action: 'create', calling method: >, body: {"server": {"name": "tempest-DeleteServersTestJSON-server-1103328626", "imageRef": "2f14964a-a454-4782-8f35-eeb81ce60205", "flavorRef": "452", "networks": [{"uuid": "9031eba8-f6be-4b6d-9c35-66859d64d8f8"}]}} {{(pid=102148) _process_stack /opt/stack/nova/nova/api/openstack/wsgi.py:511}}
Jun 24 23:41:46.292545 dv-cinder-847189-5-smb devstack@n-api.service[102148]: DEBUG nova.network.neutron [None req-83cddea5-eb6d-4c69-8518-2f5c30cb48b2 tempest-DeleteServersTestJSON-733994 tempest-DeleteServersTestJSON-733994-project] validate_networks() for [('9031eba8-f6be-4b6d-9c35-66859d64d8f8', None, None, None)] {{(pid=102148) validate_networks /opt/stack/nova/nova/network/neutron.py:2367}}
Jun 24 23:41:46.870279 dv-cinder-847189-5-smb devstack@n-api.service[102147]: DEBUG nova.virt.hardware [None req-11d0e73b-49d0-4b2c-9fa3-1ff1d9af47af tempest-ServerRescueNegativeTestJSON-1095940723 tempest-ServerRescueNegativeTestJSON-1095940723-project] Flavor limits 0:0:0 {{(pid=102147) get_cpu_topology_constraints /opt/stack/nova/nova/virt/hardware.py:343}}
Jun 24 23:41:46.870724 dv-cinder-847189-5-smb devstack@n-api.service[102147]: DEBUG nova.virt.hardware [None req-11d0e73b-49d0-4b2c-9fa3-1ff1d9af47af tempest-ServerRescueNegativeTestJSON-1095940723 tempest-ServerRescueNegativeTestJSON-1095940723-project] Image limits 0:0:0 {{(pid=102147) get_cpu_topology_constraints /opt/stack/nova/nova/virt/hardware.py:347}}
Jun 24 23:41:46.871205 dv-cinder-847189-5-smb devstack@n-api.service[102147]: DEBUG nova.virt.hardware [None req-11d0e73b-49d0-4b2c-9fa3-1ff1d9af47af tempest-ServerRescueNegativeTestJSON-1095940723 tempest-ServerRescueNegativeTestJSON-1095940723-project] Flavor pref 0:0:0 {{(pid=102147) get_cpu_topology_constraints /opt/stack/nova/nova/virt/hardware.py:383}}
Jun 24 23:41:46.871633 dv-cinder-847189-5-smb devstack@n-api.service[102147]: DEBUG nova.virt.hardware [None req-11d0e73b-49d0-4b2c-9fa3-1ff1d9af47af tempest-ServerRescueNegativeTestJSON-1095940723 tempest-ServerRescueNegativeTestJSON-1095940723-project] Image pref 0:0:0 {{(pid=102147) get_cpu_topology_constraints /opt/stack/nova/nova/virt/hardware.py:387}}
Jun 24 23:41:46.872643 dv-cinder-847189-5-smb devstack@n-api.service[102147]: DEBUG nova.virt.hardware [None req-11d0e73b-49d0-4b2c-9fa3-1ff1d9af47af tempest-ServerRescueNegativeTestJSON-1095940723 tempest-ServerRescueNegativeTestJSON-1095940723-project] Chose sockets=0, cores=0, threads=0; limits were sockets=65536, cores=65536, threads=65536 {{(pid=102147) get_cpu_topology_constraints /opt/stack/nova/nova/virt/hardware.py:425}}
Jun 24 23:41:46.901530 dv-cinder-847189-5-smb devstack@n-api.service[102147]: DEBUG oslo_concurrency.lockutils [None req-11d0e73b-49d0-4b2c-9fa3-1ff1d9af47af tempest-ServerRescueNegativeTestJSON-1095940723 tempest-ServerRescueNegativeTestJSON-1095940723-project] Lock "00000000-0000-0000-0000-000000000000" acquired by "nova.context.set_target_cell..get_or_set_cached_cell_and_set_connections" :: waited 0.000s {{(pid=102147) inner /usr/local/lib/python3.8/dist-packages/oslo_concurrency/lockutils.py:355}}
Jun 24 23:41:46.901977 dv-cinder-847189-5-smb devstack@n-api.service[102147]: DEBUG oslo_concurrency.lockutils [None req-11d0e73b-49d0-4b2c-9fa3-1ff1d9af47af tempest-ServerRescueNegativeTestJSON-1095940723 tempest-ServerRescueNegativeTestJSON-1095940723-project] Lock "00000000-0000-0000-0000-000000000000" released by "nova.context.set_target_cell..get_or_set_cached_cell_and_set_connections" :: held 0.001s {{(pid=102147) inner /usr/local/lib/python3.8/dist-packages/oslo_concurrency/lockutils.py:367}}
Jun 24 23:41:46.902762 dv-cinder-847189-5-smb devstack@n-api.service[102147]: DEBUG oslo_concurrency.lockutils [None req-11d0e73b-49d0-4b2c-9fa3-1ff1d9af47af tempest-ServerRescueNegativeTestJSON-1095940723 tempest-ServerRescueNegativeTestJSON-1095940723-project] Lock "5a7efc80-6010-4986-8854-43180198ad01" acquired by "nova.context.set_target_cell..get_or_set_cached_cell_and_set_connections" :: waited 0.000s {{(pid=102147) inner /usr/local/lib/python3.8/dist-packages/oslo_concurrency/lockutils.py:355}}
Jun 24 23:41:46.903182 dv-cinder-847189-5-smb devstack@n-api.service[102147]: DEBUG oslo_concurrency.lockutils [None req-11d0e73b-49d0-4b2c-9fa3-1ff1d9af47af tempest-ServerRescueNegativeTestJSON-1095940723 tempest-ServerRescueNegativeTestJSON-1095940723-project] Lock "5a7efc80-6010-4986-8854-43180198ad01" released by "nova.context.set_target_cell..get_or_set_cached_cell_and_set_connections" :: held 0.000s {{(pid=102147) inner /usr/local/lib/python3.8/dist-packages/oslo_concurrency/lockutils.py:367}}
Jun 24 23:41:47.009266 dv-cinder-847189-5-smb devstack@n-api.service[102147]: DEBUG nova.quota [None req-11d0e73b-49d0-4b2c-9fa3-1ff1d9af47af tempest-ServerRescueNegativeTestJSON-1095940723 tempest-ServerRescueNegativeTestJSON-1095940723-project] Getting quotas for project b0685d2348744b39b8eb315433f69ef4. Resources: {'cores', 'instances', 'ram'} {{(pid=102147) _get_quotas /opt/stack/nova/nova/quota.py:387}}
Jun 24 23:41:47.031874 dv-cinder-847189-5-smb devstack@n-api.service[102147]: DEBUG nova.quota [None req-11d0e73b-49d0-4b2c-9fa3-1ff1d9af47af tempest-ServerRescueNegativeTestJSON-1095940723 tempest-ServerRescueNegativeTestJSON-1095940723-project] Getting quotas for user 7d2d4b21f8b4480e84008550f7e1fc49 and project b0685d2348744b39b8eb315433f69ef4. Resources: {'cores', 'instances', 'ram'} {{(pid=102147) _get_quotas /opt/stack/nova/nova/quota.py:377}}
Jun 24 23:41:47.080802 dv-cinder-847189-5-smb devstack@n-api.service[102147]: DEBUG nova.compute.api [None req-11d0e73b-49d0-4b2c-9fa3-1ff1d9af47af tempest-ServerRescueNegativeTestJSON-1095940723 tempest-ServerRescueNegativeTestJSON-1095940723-project] Going to run 1 instances... {{(pid=102147) _provision_instances /opt/stack/nova/nova/compute/api.py:1283}}
Jun 24 23:41:47.095358 dv-cinder-847189-5-smb devstack@n-api.service[102147]: DEBUG nova.compute.api [None req-11d0e73b-49d0-4b2c-9fa3-1ff1d9af47af tempest-ServerRescueNegativeTestJSON-1095940723 tempest-ServerRescueNegativeTestJSON-1095940723-project] [instance: ff4d6822-c2c9-484c-85b2-e9b5ea13ad06] block_device_mapping [BlockDeviceMapping(attachment_id=,boot_index=0,connection_info=None,created_at=,delete_on_termination=True,deleted=,deleted_at=,destination_type='local',device_name=None,device_type='disk',disk_bus=None,guest_format=None,id=,image_id='2f14964a-a454-4782-8f35-eeb81ce60205',instance=,instance_uuid=,no_device=False,snapshot_id=None,source_type='image',tag=None,updated_at=,uuid=,volume_id=None,volume_size=None,volume_type=None)] {{(pid=102147) _bdm_validate_set_size_and_instance /opt/stack/nova/nova/compute/api.py:1684}}
Jun 24 23:41:47.337841 dv-cinder-847189-5-smb devstack@n-api.service[102147]: INFO nova.api.openstack.requestlog [None req-11d0e73b-49d0-4b2c-9fa3-1ff1d9af47af tempest-ServerRescueNegativeTestJSON-1095940723 tempest-ServerRescueNegativeTestJSON-1095940723-project] 10.222.0.42 "POST /compute/v2.1/servers" status: 202 len: 383 microversion: 2.1 time: 4.685561
Jun 24 23:41:47.339153 dv-cinder-847189-5-smb devstack@n-api.service[102147]: [pid: 102147|app: 0|req: 22/44] 10.222.0.42 () {60 vars in 1146 bytes} [Fri Jun 24 23:41:42 2022] POST /compute/v2.1/servers => generated 383 bytes in 4688 msecs (HTTP/1.1 202) 10 headers in 451 bytes (1 switches on core 0)
Jun 24 23:41:47.354596 dv-cinder-847189-5-smb devstack@n-api.service[102147]: DEBUG nova.api.openstack.wsgi [None req-43e586c9-140c-4606-990d-51be7ffa1be8 tempest-ServerRescueNegativeTestJSON-1095940723 tempest-ServerRescueNegativeTestJSON-1095940723-project] Calling method '>' {{(pid=102147) _process_stack /opt/stack/nova/nova/api/openstack/wsgi.py:513}}
Jun 24 23:41:47.356356 dv-cinder-847189-5-smb devstack@n-api.service[102147]: DEBUG nova.compute.api [None req-43e586c9-140c-4606-990d-51be7ffa1be8 tempest-ServerRescueNegativeTestJSON-1095940723 tempest-ServerRescueNegativeTestJSON-1095940723-project] [instance: ff4d6822-c2c9-484c-85b2-e9b5ea13ad06] Fetching instance by UUID {{(pid=102147) get /opt/stack/nova/nova/compute/api.py:2813}}
Jun 24 23:41:47.659523 dv-cinder-847189-5-smb devstack@n-api.service[102147]: DEBUG nova.policy [None req-43e586c9-140c-4606-990d-51be7ffa1be8 tempest-ServerRescueNegativeTestJSON-1095940723 tempest-ServerRescueNegativeTestJSON-1095940723-project] Policy check for os_compute_api:os-extended-server-attributes failed with credentials {'is_admin': False, 'user_id': '7d2d4b21f8b4480e84008550f7e1fc49', 'user_domain_id': 'default', 'system_scope': None, 'domain_id': None, 'project_id': 'b0685d2348744b39b8eb315433f69ef4', 'project_domain_id': 'default', 'roles': ['member', 'reader'], 'is_admin_project': True, 'service_user_id': None, 'service_user_domain_id': None, 'service_project_id': None, 'service_project_domain_id': None, 'service_roles': []} {{(pid=102147) authorize /opt/stack/nova/nova/policy.py:199}}
Jun 24 23:41:47.674707 dv-cinder-847189-5-smb devstack@n-api.service[102147]: INFO nova.api.openstack.requestlog [None req-43e586c9-140c-4606-990d-51be7ffa1be8 tempest-ServerRescueNegativeTestJSON-1095940723 tempest-ServerRescueNegativeTestJSON-1095940723-project] 10.222.0.42 "GET /compute/v2.1/servers/ff4d6822-c2c9-484c-85b2-e9b5ea13ad06" status: 200 len: 1222 microversion: 2.1 time: 0.328554
Jun 24 23:41:47.682275 dv-cinder-847189-5-smb devstack@n-api.service[102147]: [pid: 102147|app: 0|req: 23/45] 10.222.0.42 () {58 vars in 1235 bytes} [Fri Jun 24 23:41:47 2022] GET /compute/v2.1/servers/ff4d6822-c2c9-484c-85b2-e9b5ea13ad06 => generated 1222 bytes in 337 msecs (HTTP/1.1 200) 9 headers in 358 bytes (2 switches on core 0)
Jun 24 23:41:48.164120 dv-cinder-847189-5-smb devstack@n-api.service[102147]: DEBUG nova.api.openstack.wsgi [None req-309ea70c-804f-4784-8ad1-d4c40596f02c tempest-ServerRescueNegativeTestJSON-1095940723 tempest-ServerRescueNegativeTestJSON-1095940723-project] Action: 'create', calling method: >, body: {"server": {"name": "tempest-ServerRescueNegativeTestJSON-server-610759024", "imageRef": "2f14964a-a454-4782-8f35-eeb81ce60205", "flavorRef": "452", "adminPass": "***", "networks": [{"uuid": "}]}} {{(pid=102147) _process_stack /opt/stack/nova/nova/api/openstack/wsgi.py:511}}
Jun 24 23:41:48.338866 dv-cinder-847189-5-smb devstack@n-api.service[102147]: DEBUG nova.network.neutron [None req-309ea70c-804f-4784-8ad1-d4c40596f02c tempest-ServerRescueNegativeTestJSON-1095940723 tempest-ServerRescueNegativeTestJSON-1095940723-project] validate_networks() for [('878eeed2-1705-4528-82e7-be9e0c60139b', None, None, None)] {{(pid=102147) validate_networks /opt/stack/nova/nova/network/neutron.py:2367}}
Jun 24 23:41:50.397037 dv-cinder-847189-5-smb devstack@n-api.service[102148]: DEBUG nova.virt.hardware [None req-83cddea5-eb6d-4c69-8518-2f5c30cb48b2 tempest-DeleteServersTestJSON-733994 tempest-DeleteServersTestJSON-733994-project] Flavor limits 0:0:0 {{(pid=102148) get_cpu_topology_constraints /opt/stack/nova/nova/virt/hardware.py:343}}
Jun 24 23:41:50.397651 dv-cinder-847189-5-smb devstack@n-api.service[102148]: DEBUG nova.virt.hardware [None req-83cddea5-eb6d-4c69-8518-2f5c30cb48b2 tempest-DeleteServersTestJSON-733994 tempest-DeleteServersTestJSON-733994-project] Image limits 0:0:0 {{(pid=102148) get_cpu_topology_constraints /opt/stack/nova/nova/virt/hardware.py:347}}
Jun 24 23:41:50.398117 dv-cinder-847189-5-smb devstack@n-api.service[102148]: DEBUG nova.virt.hardware [None req-83cddea5-eb6d-4c69-8518-2f5c30cb48b2 tempest-DeleteServersTestJSON-733994 tempest-DeleteServersTestJSON-733994-project] Flavor pref 0:0:0 {{(pid=102148) get_cpu_topology_constraints /opt/stack/nova/nova/virt/hardware.py:383}}
Jun 24 23:41:50.398522 dv-cinder-847189-5-smb devstack@n-api.service[102148]: DEBUG nova.virt.hardware [None req-83cddea5-eb6d-4c69-8518-2f5c30cb48b2 tempest-DeleteServersTestJSON-733994 tempest-DeleteServersTestJSON-733994-project] Image pref 0:0:0 {{(pid=102148) get_cpu_topology_constraints /opt/stack/nova/nova/virt/hardware.py:387}}
Jun 24 23:41:50.398989 dv-cinder-847189-5-smb devstack@n-api.service[102148]: DEBUG nova.virt.hardware [None req-83cddea5-eb6d-4c69-8518-2f5c30cb48b2 tempest-DeleteServersTestJSON-733994 tempest-DeleteServersTestJSON-733994-project] Chose sockets=0, cores=0, threads=0; limits were sockets=65536, cores=65536, threads=65536 {{(pid=102148) get_cpu_topology_constraints /opt/stack/nova/nova/virt/hardware.py:425}}
Jun 24 23:41:50.432786 dv-cinder-847189-5-smb devstack@n-api.service[102148]: DEBUG oslo_concurrency.lockutils [None req-83cddea5-eb6d-4c69-8518-2f5c30cb48b2 tempest-DeleteServersTestJSON-733994 tempest-DeleteServersTestJSON-733994-project] Lock "00000000-0000-0000-0000-000000000000" acquired by "nova.context.set_target_cell..get_or_set_cached_cell_and_set_connections" :: waited 0.000s {{(pid=102148) inner /usr/local/lib/python3.8/dist-packages/oslo_concurrency/lockutils.py:355}}
Jun 24 23:41:50.433233 dv-cinder-847189-5-smb devstack@n-api.service[102148]: DEBUG oslo_concurrency.lockutils [None req-83cddea5-eb6d-4c69-8518-2f5c30cb48b2 tempest-DeleteServersTestJSON-733994 tempest-DeleteServersTestJSON-733994-project] Lock "00000000-0000-0000-0000-000000000000" released by "nova.context.set_target_cell..get_or_set_cached_cell_and_set_connections" :: held 0.001s {{(pid=102148) inner /usr/local/lib/python3.8/dist-packages/oslo_concurrency/lockutils.py:367}}
Jun 24 23:41:50.434033 dv-cinder-847189-5-smb devstack@n-api.service[102148]: DEBUG oslo_concurrency.lockutils [None req-83cddea5-eb6d-4c69-8518-2f5c30cb48b2 tempest-DeleteServersTestJSON-733994 tempest-DeleteServersTestJSON-733994-project] Lock "5a7efc80-6010-4986-8854-43180198ad01" acquired by "nova.context.set_target_cell..get_or_set_cached_cell_and_set_connections" :: waited 0.000s {{(pid=102148) inner /usr/local/lib/python3.8/dist-packages/oslo_concurrency/lockutils.py:355}}
Jun 24 23:41:50.434460 dv-cinder-847189-5-smb devstack@n-api.service[102148]: DEBUG oslo_concurrency.lockutils [None req-83cddea5-eb6d-4c69-8518-2f5c30cb48b2 tempest-DeleteServersTestJSON-733994 tempest-DeleteServersTestJSON-733994-project] Lock "5a7efc80-6010-4986-8854-43180198ad01" released by "nova.context.set_target_cell..get_or_set_cached_cell_and_set_connections" :: held 0.000s {{(pid=102148) inner /usr/local/lib/python3.8/dist-packages/oslo_concurrency/lockutils.py:367}}
Jun 24 23:41:50.525580 dv-cinder-847189-5-smb devstack@n-api.service[102148]: DEBUG nova.quota [None req-83cddea5-eb6d-4c69-8518-2f5c30cb48b2 tempest-DeleteServersTestJSON-733994 tempest-DeleteServersTestJSON-733994-project] Getting quotas for project c17cd5cad713481a9353d21c7d016351. Resources: {'cores', 'instances', 'ram'} {{(pid=102148) _get_quotas /opt/stack/nova/nova/quota.py:387}}
Jun 24 23:41:50.542301 dv-cinder-847189-5-smb devstack@n-api.service[102148]: DEBUG nova.quota [None req-83cddea5-eb6d-4c69-8518-2f5c30cb48b2 tempest-DeleteServersTestJSON-733994 tempest-DeleteServersTestJSON-733994-project] Getting quotas for user bd7d7d9b4e6041c9844664e35d077353 and project c17cd5cad713481a9353d21c7d016351. Resources: {'cores', 'instances', 'ram'} {{(pid=102148) _get_quotas /opt/stack/nova/nova/quota.py:377}}
Jun 24 23:41:50.556188 dv-cinder-847189-5-smb devstack@n-api.service[102148]: DEBUG nova.compute.api [None req-83cddea5-eb6d-4c69-8518-2f5c30cb48b2 tempest-DeleteServersTestJSON-733994 tempest-DeleteServersTestJSON-733994-project] Going to run 1 instances... {{(pid=102148) _provision_instances /opt/stack/nova/nova/compute/api.py:1283}}
Jun 24 23:41:50.559375 dv-cinder-847189-5-smb devstack@n-api.service[102148]: DEBUG nova.compute.api [None req-83cddea5-eb6d-4c69-8518-2f5c30cb48b2 tempest-DeleteServersTestJSON-733994 tempest-DeleteServersTestJSON-733994-project] [instance: 3e116b65-c215-4a97-9780-deab6e789455] block_device_mapping [BlockDeviceMapping(attachment_id=,boot_index=0,connection_info=None,created_at=,delete_on_termination=True,deleted=,deleted_at=,destination_type='local',device_name=None,device_type='disk',disk_bus=None,guest_format=None,id=,image_id='2f14964a-a454-4782-8f35-eeb81ce60205',instance=,instance_uuid=,no_device=False,snapshot_id=None,source_type='image',tag=None,updated_at=,uuid=,volume_id=None,volume_size=None,volume_type=None)] {{(pid=102148) _bdm_validate_set_size_and_instance /opt/stack/nova/nova/compute/api.py:1684}}
Jun 24 23:41:50.783685 dv-cinder-847189-5-smb devstack@n-api.service[102148]: INFO nova.api.openstack.requestlog [None req-83cddea5-eb6d-4c69-8518-2f5c30cb48b2 tempest-DeleteServersTestJSON-733994 tempest-DeleteServersTestJSON-733994-project] 10.222.0.42 "POST /compute/v2.1/servers" status: 202 len: 380 microversion: 2.1 time: 5.694033
Jun 24 23:41:50.785680 dv-cinder-847189-5-smb devstack@n-api.service[102148]: [pid: 102148|app: 0|req: 23/46] 10.222.0.42 () {60 vars in 1146 bytes} [Fri Jun 24 23:41:45 2022] POST /compute/v2.1/servers => generated 380 bytes in 5702 msecs (HTTP/1.1 202) 10 headers in 451 bytes (1 switches on core 0)
Jun 24 23:41:50.806045 dv-cinder-847189-5-smb devstack@n-api.service[102148]: DEBUG nova.api.openstack.wsgi [None req-2522a0a9-2e80-4837-9f6d-a78f3e7d584e tempest-DeleteServersTestJSON-733994 tempest-DeleteServersTestJSON-733994-project] Calling method '>' {{(pid=102148) _process_stack /opt/stack/nova/nova/api/openstack/wsgi.py:513}}
Jun 24 23:41:50.810487 dv-cinder-847189-5-smb devstack@n-api.service[102148]: DEBUG nova.compute.api [None req-2522a0a9-2e80-4837-9f6d-a78f3e7d584e tempest-DeleteServersTestJSON-733994 tempest-DeleteServersTestJSON-733994-project] [instance: 3e116b65-c215-4a97-9780-deab6e789455] Fetching instance by UUID {{(pid=102148) get /opt/stack/nova/nova/compute/api.py:2813}}
Jun 24 23:41:50.833649 dv-cinder-847189-5-smb devstack@n-api.service[102147]: DEBUG nova.virt.hardware [None req-309ea70c-804f-4784-8ad1-d4c40596f02c tempest-ServerRescueNegativeTestJSON-1095940723 tempest-ServerRescueNegativeTestJSON-1095940723-project] Flavor limits 0:0:0 {{(pid=102147) get_cpu_topology_constraints /opt/stack/nova/nova/virt/hardware.py:343}}
Jun 24 23:41:50.834131 dv-cinder-847189-5-smb devstack@n-api.service[102147]: DEBUG nova.virt.hardware [None req-309ea70c-804f-4784-8ad1-d4c40596f02c tempest-ServerRescueNegativeTestJSON-1095940723 tempest-ServerRescueNegativeTestJSON-1095940723-project] Image limits 0:0:0 {{(pid=102147) get_cpu_topology_constraints /opt/stack/nova/nova/virt/hardware.py:347}}
Jun 24 23:41:50.834649 dv-cinder-847189-5-smb devstack@n-api.service[102147]: DEBUG nova.virt.hardware [None req-309ea70c-804f-4784-8ad1-d4c40596f02c tempest-ServerRescueNegativeTestJSON-1095940723 tempest-ServerRescueNegativeTestJSON-1095940723-project] Flavor pref 0:0:0 {{(pid=102147) get_cpu_topology_constraints /opt/stack/nova/nova/virt/hardware.py:383}}
Jun 24 23:41:50.835345 dv-cinder-847189-5-smb devstack@n-api.service[102147]: DEBUG nova.virt.hardware [None req-309ea70c-804f-4784-8ad1-d4c40596f02c tempest-ServerRescueNegativeTestJSON-1095940723 tempest-ServerRescueNegativeTestJSON-1095940723-project] Image pref 0:0:0 {{(pid=102147) get_cpu_topology_constraints /opt/stack/nova/nova/virt/hardware.py:387}}
Jun 24 23:41:50.836222 dv-cinder-847189-5-smb devstack@n-api.service[102147]: DEBUG nova.virt.hardware [None req-309ea70c-804f-4784-8ad1-d4c40596f02c tempest-ServerRescueNegativeTestJSON-1095940723 tempest-ServerRescueNegativeTestJSON-1095940723-project] Chose sockets=0, cores=0, threads=0; limits were sockets=65536, cores=65536, threads=65536 {{(pid=102147) get_cpu_topology_constraints /opt/stack/nova/nova/virt/hardware.py:425}}
Jun 24 23:41:50.862132 dv-cinder-847189-5-smb devstack@n-api.service[102147]: DEBUG oslo_concurrency.lockutils [None req-309ea70c-804f-4784-8ad1-d4c40596f02c tempest-ServerRescueNegativeTestJSON-1095940723 tempest-ServerRescueNegativeTestJSON-1095940723-project] Lock "00000000-0000-0000-0000-000000000000" acquired by "nova.context.set_target_cell..get_or_set_cached_cell_and_set_connections" :: waited 0.000s {{(pid=102147) inner /usr/local/lib/python3.8/dist-packages/oslo_concurrency/lockutils.py:355}}
Jun 24 23:41:50.868735 dv-cinder-847189-5-smb devstack@n-api.service[102147]: DEBUG oslo_concurrency.lockutils [None req-309ea70c-804f-4784-8ad1-d4c40596f02c tempest-ServerRescueNegativeTestJSON-1095940723 tempest-ServerRescueNegativeTestJSON-1095940723-project] Lock "00000000-0000-0000-0000-000000000000" released by "nova.context.set_target_cell..get_or_set_cached_cell_and_set_connections" :: held 0.001s {{(pid=102147) inner /usr/local/lib/python3.8/dist-packages/oslo_concurrency/lockutils.py:367}}
