Aug 01 15:24:33.702900 dv-cinder-847132-3-iscsi devstack@c-api.service[110939]: WARNING castellan.key_manager [None req-8ac34054-e4f8-444e-a462-7fce7790c765 tempest-GroupSnapshotsTest-1310070834 tempest-GroupSnapshotsTest-1310070834-project] Deprecation Warning : cinder.keymgr.conf_key_mgr.ConfKeyManager is not a stevedore based driver, trying to load it as a class: stevedore.exception.NoMatches: No 'castellan.drivers' driver found, looking for 'cinder.keymgr.conf_key_mgr.ConfKeyManager'
Aug 01 15:24:33.710879 dv-cinder-847132-3-iscsi devstack@c-api.service[110939]: DEBUG oslo_db.sqlalchemy.engines [None req-8ac34054-e4f8-444e-a462-7fce7790c765 tempest-GroupSnapshotsTest-1310070834 tempest-GroupSnapshotsTest-1310070834-project] MySQL server mode set to STRICT_TRANS_TABLES,STRICT_ALL_TABLES,NO_ZERO_IN_DATE,NO_ZERO_DATE,ERROR_FOR_DIVISION_BY_ZERO,TRADITIONAL,NO_ENGINE_SUBSTITUTION {{(pid=110939) _check_effective_sql_mode /usr/local/lib/python3.8/dist-packages/oslo_db/sqlalchemy/engines.py:314}}
Aug 01 15:24:33.717449 dv-cinder-847132-3-iscsi devstack@c-api.service[110939]: /usr/local/lib/python3.8/dist-packages/oslo_context/context.py:100: DeprecationWarning: Policy enforcement is depending on the value of is_admin. This key is deprecated. Please update your policy file to use the standard policy values.
Aug 01 15:24:33.717449 dv-cinder-847132-3-iscsi devstack@c-api.service[110939]: warnings.warn('Policy enforcement is depending on the value of '
Aug 01 15:24:33.725940 dv-cinder-847132-3-iscsi devstack@c-api.service[110939]: WARNING stevedore.named [None req-8ac34054-e4f8-444e-a462-7fce7790c765 tempest-GroupSnapshotsTest-1310070834 tempest-GroupSnapshotsTest-1310070834-project] Could not load cinder.keymgr.conf_key_mgr.ConfKeyManager
Aug 01 15:24:33.726417 dv-cinder-847132-3-iscsi devstack@c-api.service[110939]: WARNING castellan.key_manager [None req-8ac34054-e4f8-444e-a462-7fce7790c765 tempest-GroupSnapshotsTest-1310070834 tempest-GroupSnapshotsTest-1310070834-project] Deprecation Warning : cinder.keymgr.conf_key_mgr.ConfKeyManager is not a stevedore based driver, trying to load it as a class: stevedore.exception.NoMatches: No 'castellan.drivers' driver found, looking for 'cinder.keymgr.conf_key_mgr.ConfKeyManager'
Aug 01 15:24:33.735055 dv-cinder-847132-3-iscsi devstack@c-api.service[110939]: DEBUG oslo_db.sqlalchemy.engines [None req-8ac34054-e4f8-444e-a462-7fce7790c765 tempest-GroupSnapshotsTest-1310070834 tempest-GroupSnapshotsTest-1310070834-project] MySQL server mode set to STRICT_TRANS_TABLES,STRICT_ALL_TABLES,NO_ZERO_IN_DATE,NO_ZERO_DATE,ERROR_FOR_DIVISION_BY_ZERO,TRADITIONAL,NO_ENGINE_SUBSTITUTION {{(pid=110939) _check_effective_sql_mode /usr/local/lib/python3.8/dist-packages/oslo_db/sqlalchemy/engines.py:314}}
Aug 01 15:24:33.741632 dv-cinder-847132-3-iscsi devstack@c-api.service[110939]: /usr/local/lib/python3.8/dist-packages/oslo_context/context.py:100: DeprecationWarning: Policy enforcement is depending on the value of is_admin. This key is deprecated. Please update your policy file to use the standard policy values.
Aug 01 15:24:33.741632 dv-cinder-847132-3-iscsi devstack@c-api.service[110939]: warnings.warn('Policy enforcement is depending on the value of '
Aug 01 15:24:33.763483 dv-cinder-847132-3-iscsi devstack@c-api.service[110939]: INFO cinder.api.openstack.wsgi [None req-8ac34054-e4f8-444e-a462-7fce7790c765 tempest-GroupSnapshotsTest-1310070834 tempest-GroupSnapshotsTest-1310070834-project] http://10.222.0.48/volume/v3/087f9994cf454b1aad27728873b37a8f/volumes/detail returned with HTTP 200
Aug 01 15:24:33.763959 dv-cinder-847132-3-iscsi devstack@c-api.service[110939]: [pid: 110939|app: 0|req: 119/227] 10.222.0.48 () {60 vars in 1276 bytes} [Mon Aug 1 15:24:33 2022] GET /volume/v3/087f9994cf454b1aad27728873b37a8f/volumes/detail => generated 1994 bytes in 121 msecs (HTTP/1.1 200) 7 headers in 287 bytes (1 switches on core 0)
Aug 01 15:24:33.780763 dv-cinder-847132-3-iscsi devstack@c-api.service[110938]: DEBUG cinder.api.middleware.request_id [None req-0ffcf3a1-64e9-4267-b395-61f92cde943b None None] RequestId filter calling following filter/app {{(pid=110938) _context_setter /opt/stack/cinder/cinder/api/middleware/request_id.py:62}}
Aug 01 15:24:33.785252 dv-cinder-847132-3-iscsi devstack@c-api.service[110938]: INFO cinder.api.openstack.wsgi [None req-0ffcf3a1-64e9-4267-b395-61f92cde943b tempest-GroupSnapshotsTest-1310070834 tempest-GroupSnapshotsTest-1310070834-project] POST http://10.222.0.48/volume/v3/087f9994cf454b1aad27728873b37a8f/group_snapshots
Aug 01 15:24:33.786150 dv-cinder-847132-3-iscsi devstack@c-api.service[110938]: DEBUG cinder.api.openstack.wsgi [None req-0ffcf3a1-64e9-4267-b395-61f92cde943b tempest-GroupSnapshotsTest-1310070834 tempest-GroupSnapshotsTest-1310070834-project] Action: 'create', calling method: version_select, body: {"group_snapshot": {"group_id": "51e210f7-84fc-4a14-b6f8-c50257263c54", "name": "tempest-GroupSnapshotsTest-Group_Snapshot-448298648"}} {{(pid=110938) _process_stack /opt/stack/cinder/cinder/api/openstack/wsgi.py:866}}
Aug 01 15:24:33.788456 dv-cinder-847132-3-iscsi devstack@c-api.service[110938]: DEBUG cinder.api.v3.group_snapshots [None req-0ffcf3a1-64e9-4267-b395-61f92cde943b tempest-GroupSnapshotsTest-1310070834 tempest-GroupSnapshotsTest-1310070834-project] Creating new group_snapshot {'group_snapshot': {'group_id': '51e210f7-84fc-4a14-b6f8-c50257263c54', 'name': 'tempest-GroupSnapshotsTest-Group_Snapshot-448298648'}} {{(pid=110938) create /opt/stack/cinder/cinder/api/v3/group_snapshots.py:154}}
Aug 01 15:24:33.795060 dv-cinder-847132-3-iscsi devstack@c-api.service[110938]: /usr/local/lib/python3.8/dist-packages/oslo_context/context.py:100: DeprecationWarning: Policy enforcement is depending on the value of is_admin. This key is deprecated. Please update your policy file to use the standard policy values.
Aug 01 15:24:33.795060 dv-cinder-847132-3-iscsi devstack@c-api.service[110938]: warnings.warn('Policy enforcement is depending on the value of '
Aug 01 15:24:33.803645 dv-cinder-847132-3-iscsi devstack@c-api.service[110938]: INFO cinder.api.v3.group_snapshots [None req-0ffcf3a1-64e9-4267-b395-61f92cde943b tempest-GroupSnapshotsTest-1310070834 tempest-GroupSnapshotsTest-1310070834-project] Creating group_snapshot tempest-GroupSnapshotsTest-Group_Snapshot-448298648.
Aug 01 15:24:33.818646 dv-cinder-847132-3-iscsi devstack@c-api.service[110938]: DEBUG dbcounter [-] [110938] Writing DB stats cinder:INSERT=9,cinder:SELECT=64,cinder:UPDATE=27 {{(pid=110938) stat_writer /usr/local/lib/python3.8/dist-packages/dbcounter.py:114}}
Aug 01 15:24:33.843542 dv-cinder-847132-3-iscsi devstack@c-api.service[110938]: /usr/local/lib/python3.8/dist-packages/oslo_context/context.py:100: DeprecationWarning: Policy enforcement is depending on the value of is_admin. This key is deprecated. Please update your policy file to use the standard policy values.
Aug 01 15:24:33.843542 dv-cinder-847132-3-iscsi devstack@c-api.service[110938]: warnings.warn('Policy enforcement is depending on the value of '
Aug 01 15:24:33.874030 dv-cinder-847132-3-iscsi devstack@c-api.service[110938]: WARNING cinder.quota [None req-0ffcf3a1-64e9-4267-b395-61f92cde943b tempest-GroupSnapshotsTest-1310070834 tempest-GroupSnapshotsTest-1310070834-project] Deprecated: Default quota for resource: snapshots_tempest-GroupSnapshotsTest-volume-type-1355412597 is set by the default quota flag: quota_snapshots_tempest-GroupSnapshotsTest-volume-type-1355412597, it is now deprecated. Please use the default quota class for default quota.
Aug 01 15:24:33.919642 dv-cinder-847132-3-iscsi devstack@c-api.service[110938]: DEBUG cinder.quota [None req-0ffcf3a1-64e9-4267-b395-61f92cde943b tempest-GroupSnapshotsTest-1310070834 tempest-GroupSnapshotsTest-1310070834-project] Created reservations ['61ec24ba-41ef-4cfa-8d6f-c38d26605e54', '74d5b8e7-2f06-4f45-b92a-c8811c633baa', '9b7c4d07-b1b8-425b-8c02-b9abf3b1a185', '2a08accc-a33a-43ae-aea2-274e2f083d99'] {{(pid=110938) reserve /opt/stack/cinder/cinder/quota.py:755}}
Aug 01 15:24:33.991019 dv-cinder-847132-3-iscsi devstack@c-api.service[110938]: INFO cinder.api.openstack.wsgi [None req-0ffcf3a1-64e9-4267-b395-61f92cde943b tempest-GroupSnapshotsTest-1310070834 tempest-GroupSnapshotsTest-1310070834-project] http://10.222.0.48/volume/v3/087f9994cf454b1aad27728873b37a8f/group_snapshots returned with HTTP 202
Aug 01 15:24:33.992190 dv-cinder-847132-3-iscsi devstack@c-api.service[110938]: [pid: 110938|app: 0|req: 109/228] 10.222.0.48 () {62 vars in 1301 bytes} [Mon Aug 1 15:24:33 2022] POST /volume/v3/087f9994cf454b1aad27728873b37a8f/group_snapshots => generated 186 bytes in 212 msecs (HTTP/1.1 202) 7 headers in 292 bytes (1 switches on core 0)
Aug 01 15:24:33.999349 dv-cinder-847132-3-iscsi devstack@c-api.service[110939]: DEBUG cinder.api.middleware.request_id [None req-c25f40b1-5169-498f-ab61-1279f5d2d287 None None] RequestId filter calling following filter/app {{(pid=110939) _context_setter /opt/stack/cinder/cinder/api/middleware/request_id.py:62}}
Aug 01 15:24:34.003646 dv-cinder-847132-3-iscsi devstack@c-api.service[110939]: INFO cinder.api.openstack.wsgi [None req-c25f40b1-5169-498f-ab61-1279f5d2d287 tempest-GroupSnapshotsTest-1310070834 tempest-GroupSnapshotsTest-1310070834-project] GET http://10.222.0.48/volume/v3/087f9994cf454b1aad27728873b37a8f/group_snapshots/4629c6eb-b8eb-4ee0-9df8-d5d09f177695
Aug 01 15:24:34.004117 dv-cinder-847132-3-iscsi devstack@c-api.service[110939]: DEBUG cinder.api.openstack.wsgi [None req-c25f40b1-5169-498f-ab61-1279f5d2d287 tempest-GroupSnapshotsTest-1310070834 tempest-GroupSnapshotsTest-1310070834-project] Empty body provided in request {{(pid=110939) get_body /opt/stack/cinder/cinder/api/openstack/wsgi.py:715}}
Aug 01 15:24:34.004575 dv-cinder-847132-3-iscsi devstack@c-api.service[110939]: DEBUG cinder.api.openstack.wsgi [None req-c25f40b1-5169-498f-ab61-1279f5d2d287 tempest-GroupSnapshotsTest-1310070834 tempest-GroupSnapshotsTest-1310070834-project] Calling method 'version_select' {{(pid=110939) _process_stack /opt/stack/cinder/cinder/api/openstack/wsgi.py:868}}
Aug 01 15:24:34.004917 dv-cinder-847132-3-iscsi devstack@c-api.service[110939]: DEBUG cinder.api.v3.group_snapshots [None req-c25f40b1-5169-498f-ab61-1279f5d2d287 tempest-GroupSnapshotsTest-1310070834 tempest-GroupSnapshotsTest-1310070834-project] show called for member 4629c6eb-b8eb-4ee0-9df8-d5d09f177695 {{(pid=110939) show /opt/stack/cinder/cinder/api/v3/group_snapshots.py:58}}
Aug 01 15:24:34.012503 dv-cinder-847132-3-iscsi devstack@c-api.service[110939]: /usr/local/lib/python3.8/dist-packages/oslo_context/context.py:100: DeprecationWarning: Policy enforcement is depending on the value of is_admin. This key is deprecated. Please update your policy file to use the standard policy values.
Aug 01 15:24:34.012503 dv-cinder-847132-3-iscsi devstack@c-api.service[110939]: warnings.warn('Policy enforcement is depending on the value of '
Aug 01 15:24:34.020892 dv-cinder-847132-3-iscsi devstack@c-api.service[110939]: INFO cinder.api.openstack.wsgi [None req-c25f40b1-5169-498f-ab61-1279f5d2d287 tempest-GroupSnapshotsTest-1310070834 tempest-GroupSnapshotsTest-1310070834-project] http://10.222.0.48/volume/v3/087f9994cf454b1aad27728873b37a8f/group_snapshots/4629c6eb-b8eb-4ee0-9df8-d5d09f177695 returned with HTTP 200
Aug 01 15:24:34.021993 dv-cinder-847132-3-iscsi devstack@c-api.service[110939]: [pid: 110939|app: 0|req: 120/229] 10.222.0.48 () {60 vars in 1390 bytes} [Mon Aug 1 15:24:33 2022] GET /volume/v3/087f9994cf454b1aad27728873b37a8f/group_snapshots/4629c6eb-b8eb-4ee0-9df8-d5d09f177695 => generated 325 bytes in 24 msecs (HTTP/1.1 200) 7 headers in 286 bytes (1 switches on core 0)
Aug 01 15:24:34.135220 dv-cinder-847132-3-iscsi devstack@c-api.service[110938]: DEBUG cinder.api.middleware.request_id [None req-c828c644-c36a-4139-b1f0-9081cb532d9a None None] RequestId filter calling following filter/app {{(pid=110938) _context_setter /opt/stack/cinder/cinder/api/middleware/request_id.py:62}}
Aug 01 15:24:34.139370 dv-cinder-847132-3-iscsi devstack@c-api.service[110938]: INFO cinder.api.openstack.wsgi [None req-c828c644-c36a-4139-b1f0-9081cb532d9a tempest-UserMessagesTest-1907352732 tempest-UserMessagesTest-1907352732-project] GET http://10.222.0.48/volume/v3/dcd67bf7b46945e0abc7ba3544a41978/volumes/0afd8da3-7a2c-4e34-af29-81450903991d
Aug 01 15:24:34.139880 dv-cinder-847132-3-iscsi devstack@c-api.service[110938]: DEBUG cinder.api.openstack.wsgi [None req-c828c644-c36a-4139-b1f0-9081cb532d9a tempest-UserMessagesTest-1907352732 tempest-UserMessagesTest-1907352732-project] Empty body provided in request {{(pid=110938) get_body /opt/stack/cinder/cinder/api/openstack/wsgi.py:715}}
Aug 01 15:24:34.140326 dv-cinder-847132-3-iscsi devstack@c-api.service[110938]: DEBUG cinder.api.openstack.wsgi [None req-c828c644-c36a-4139-b1f0-9081cb532d9a tempest-UserMessagesTest-1907352732 tempest-UserMessagesTest-1907352732-project] Calling method 'show' {{(pid=110938) _process_stack /opt/stack/cinder/cinder/api/openstack/wsgi.py:868}}
Aug 01 15:24:34.156654 dv-cinder-847132-3-iscsi devstack@c-api.service[110938]: /usr/local/lib/python3.8/dist-packages/oslo_context/context.py:100: DeprecationWarning: Policy enforcement is depending on the value of is_admin. This key is deprecated. Please update your policy file to use the standard policy values.
Aug 01 15:24:34.156654 dv-cinder-847132-3-iscsi devstack@c-api.service[110938]: warnings.warn('Policy enforcement is depending on the value of '
Aug 01 15:24:34.164315 dv-cinder-847132-3-iscsi devstack@c-api.service[110938]: INFO cinder.volume.api [None req-c828c644-c36a-4139-b1f0-9081cb532d9a tempest-UserMessagesTest-1907352732 tempest-UserMessagesTest-1907352732-project] Volume info retrieved successfully.
Aug 01 15:24:34.174594 dv-cinder-847132-3-iscsi devstack@c-api.service[110938]: INFO cinder.api.openstack.wsgi [None req-c828c644-c36a-4139-b1f0-9081cb532d9a tempest-UserMessagesTest-1907352732 tempest-UserMessagesTest-1907352732-project] http://10.222.0.48/volume/v3/dcd67bf7b46945e0abc7ba3544a41978/volumes/0afd8da3-7a2c-4e34-af29-81450903991d returned with HTTP 200
Aug 01 15:24:34.175553 dv-cinder-847132-3-iscsi devstack@c-api.service[110938]: [pid: 110938|app: 0|req: 110/230] 10.222.0.48 () {60 vars in 1365 bytes} [Mon Aug 1 15:24:34 2022] GET /volume/v3/dcd67bf7b46945e0abc7ba3544a41978/volumes/0afd8da3-7a2c-4e34-af29-81450903991d => generated 941 bytes in 42 msecs (HTTP/1.1 200) 7 headers in 285 bytes (1 switches on core 0)
Aug 01 15:24:34.190444 dv-cinder-847132-3-iscsi devstack@c-api.service[110939]: DEBUG cinder.api.middleware.request_id [None req-9fcc2d94-a443-491f-9631-98fce073b85b None None] RequestId filter calling following filter/app {{(pid=110939) _context_setter /opt/stack/cinder/cinder/api/middleware/request_id.py:62}}
Aug 01 15:24:34.194783 dv-cinder-847132-3-iscsi devstack@c-api.service[110939]: INFO cinder.api.openstack.wsgi [None req-9fcc2d94-a443-491f-9631-98fce073b85b tempest-UserMessagesTest-1907352732 tempest-UserMessagesTest-1907352732-project] GET http://10.222.0.48/volume/v3/dcd67bf7b46945e0abc7ba3544a41978/messages
Aug 01 15:24:34.195276 dv-cinder-847132-3-iscsi devstack@c-api.service[110939]: DEBUG cinder.api.openstack.wsgi [None req-9fcc2d94-a443-491f-9631-98fce073b85b tempest-UserMessagesTest-1907352732 tempest-UserMessagesTest-1907352732-project] Empty body provided in request {{(pid=110939) get_body /opt/stack/cinder/cinder/api/openstack/wsgi.py:715}}
Aug 01 15:24:34.195734 dv-cinder-847132-3-iscsi devstack@c-api.service[110939]: DEBUG cinder.api.openstack.wsgi [None req-9fcc2d94-a443-491f-9631-98fce073b85b tempest-UserMessagesTest-1907352732 tempest-UserMessagesTest-1907352732-project] Calling method 'version_select' {{(pid=110939) _process_stack /opt/stack/cinder/cinder/api/openstack/wsgi.py:868}}
Aug 01 15:24:34.205392 dv-cinder-847132-3-iscsi devstack@c-api.service[110939]: INFO cinder.api.openstack.wsgi [None req-9fcc2d94-a443-491f-9631-98fce073b85b tempest-UserMessagesTest-1907352732 tempest-UserMessagesTest-1907352732-project] http://10.222.0.48/volume/v3/dcd67bf7b46945e0abc7ba3544a41978/messages returned with HTTP 200
Aug 01 15:24:34.206173 dv-cinder-847132-3-iscsi devstack@c-api.service[110939]: [pid: 110939|app: 0|req: 121/231] 10.222.0.48 () {60 vars in 1257 bytes} [Mon Aug 1 15:24:34 2022] GET /volume/v3/dcd67bf7b46945e0abc7ba3544a41978/messages => generated 736 bytes in 17 msecs (HTTP/1.1 200) 7 headers in 285 bytes (1 switches on core 0)
Aug 01 15:24:34.214932 dv-cinder-847132-3-iscsi devstack@c-api.service[110938]: DEBUG cinder.api.middleware.request_id [None req-b51bea5c-7286-473e-b87d-399bd5a80bce None None] RequestId filter calling following filter/app {{(pid=110938) _context_setter /opt/stack/cinder/cinder/api/middleware/request_id.py:62}}
Aug 01 15:24:34.218780 dv-cinder-847132-3-iscsi devstack@c-api.service[110938]: INFO cinder.api.openstack.wsgi [None req-b51bea5c-7286-473e-b87d-399bd5a80bce tempest-UserMessagesTest-1907352732 tempest-UserMessagesTest-1907352732-project] GET http://10.222.0.48/volume/v3/dcd67bf7b46945e0abc7ba3544a41978/messages/1cbf88a9-da0d-483c-bf83-a6c7d4c5df46
Aug 01 15:24:34.219284 dv-cinder-847132-3-iscsi devstack@c-api.service[110938]: DEBUG cinder.api.openstack.wsgi [None req-b51bea5c-7286-473e-b87d-399bd5a80bce tempest-UserMessagesTest-1907352732 tempest-UserMessagesTest-1907352732-project] Empty body provided in request {{(pid=110938) get_body /opt/stack/cinder/cinder/api/openstack/wsgi.py:715}}
Aug 01 15:24:34.219737 dv-cinder-847132-3-iscsi devstack@c-api.service[110938]: DEBUG cinder.api.openstack.wsgi [None req-b51bea5c-7286-473e-b87d-399bd5a80bce tempest-UserMessagesTest-1907352732 tempest-UserMessagesTest-1907352732-project] Calling method 'version_select' {{(pid=110938) _process_stack /opt/stack/cinder/cinder/api/openstack/wsgi.py:868}}
Aug 01 15:24:34.228698 dv-cinder-847132-3-iscsi devstack@c-api.service[110938]: INFO cinder.api.openstack.wsgi [None req-b51bea5c-7286-473e-b87d-399bd5a80bce tempest-UserMessagesTest-1907352732 tempest-UserMessagesTest-1907352732-project] http://10.222.0.48/volume/v3/dcd67bf7b46945e0abc7ba3544a41978/messages/1cbf88a9-da0d-483c-bf83-a6c7d4c5df46 returned with HTTP 200
Aug 01 15:24:34.229430 dv-cinder-847132-3-iscsi devstack@c-api.service[110938]: [pid: 110938|app: 0|req: 111/232] 10.222.0.48 () {60 vars in 1368 bytes} [Mon Aug 1 15:24:34 2022] GET /volume/v3/dcd67bf7b46945e0abc7ba3544a41978/messages/1cbf88a9-da0d-483c-bf83-a6c7d4c5df46 => generated 733 bytes in 16 msecs (HTTP/1.1 200) 7 headers in 285 bytes (2 switches on core 0)
Aug 01 15:24:34.237887 dv-cinder-847132-3-iscsi devstack@c-api.service[110939]: DEBUG cinder.api.middleware.request_id [None req-f22270ae-3fd6-49e1-8e58-4fba05d53101 None None] RequestId filter calling following filter/app {{(pid=110939) _context_setter /opt/stack/cinder/cinder/api/middleware/request_id.py:62}}
Aug 01 15:24:34.242089 dv-cinder-847132-3-iscsi devstack@c-api.service[110939]: INFO cinder.api.openstack.wsgi [None req-f22270ae-3fd6-49e1-8e58-4fba05d53101 tempest-UserMessagesTest-1907352732 tempest-UserMessagesTest-1907352732-project] GET http://10.222.0.48/volume/v3/dcd67bf7b46945e0abc7ba3544a41978/messages
Aug 01 15:24:34.243219 dv-cinder-847132-3-iscsi devstack@c-api.service[110939]: DEBUG cinder.api.openstack.wsgi [None req-f22270ae-3fd6-49e1-8e58-4fba05d53101 tempest-UserMessagesTest-1907352732 tempest-UserMessagesTest-1907352732-project] Empty body provided in request {{(pid=110939) get_body /opt/stack/cinder/cinder/api/openstack/wsgi.py:715}}
Aug 01 15:24:34.243662 dv-cinder-847132-3-iscsi devstack@c-api.service[110939]: DEBUG cinder.api.openstack.wsgi [None req-f22270ae-3fd6-49e1-8e58-4fba05d53101 tempest-UserMessagesTest-1907352732 tempest-UserMessagesTest-1907352732-project] Calling method 'version_select' {{(pid=110939) _process_stack /opt/stack/cinder/cinder/api/openstack/wsgi.py:868}}
Aug 01 15:24:34.250442 dv-cinder-847132-3-iscsi devstack@c-api.service[110939]: INFO cinder.api.openstack.wsgi [None req-f22270ae-3fd6-49e1-8e58-4fba05d53101 tempest-UserMessagesTest-1907352732 tempest-UserMessagesTest-1907352732-project] http://10.222.0.48/volume/v3/dcd67bf7b46945e0abc7ba3544a41978/messages returned with HTTP 200
Aug 01 15:24:34.251243 dv-cinder-847132-3-iscsi devstack@c-api.service[110939]: [pid: 110939|app: 0|req: 122/233] 10.222.0.48 () {60 vars in 1257 bytes} [Mon Aug 1 15:24:34 2022] GET /volume/v3/dcd67bf7b46945e0abc7ba3544a41978/messages => generated 736 bytes in 14 msecs (HTTP/1.1 200) 7 headers in 285 bytes (1 switches on core 0)
Aug 01 15:24:34.259540 dv-cinder-847132-3-iscsi devstack@c-api.service[110938]: DEBUG cinder.api.middleware.request_id [None req-c5551a29-2484-4c4f-983f-5caccc5fd09a None None] RequestId filter calling following filter/app {{(pid=110938) _context_setter /opt/stack/cinder/cinder/api/middleware/request_id.py:62}}
Aug 01 15:24:34.263301 dv-cinder-847132-3-iscsi devstack@c-api.service[110938]: INFO cinder.api.openstack.wsgi [None req-c5551a29-2484-4c4f-983f-5caccc5fd09a tempest-UserMessagesTest-1907352732 tempest-UserMessagesTest-1907352732-project] DELETE http://10.222.0.48/volume/v3/dcd67bf7b46945e0abc7ba3544a41978/messages/1cbf88a9-da0d-483c-bf83-a6c7d4c5df46
Aug 01 15:24:34.263799 dv-cinder-847132-3-iscsi devstack@c-api.service[110938]: DEBUG cinder.api.openstack.wsgi [None req-c5551a29-2484-4c4f-983f-5caccc5fd09a tempest-UserMessagesTest-1907352732 tempest-UserMessagesTest-1907352732-project] Empty body provided in request {{(pid=110938) get_body /opt/stack/cinder/cinder/api/openstack/wsgi.py:715}}
Aug 01 15:24:34.264249 dv-cinder-847132-3-iscsi devstack@c-api.service[110938]: DEBUG cinder.api.openstack.wsgi [None req-c5551a29-2484-4c4f-983f-5caccc5fd09a tempest-UserMessagesTest-1907352732 tempest-UserMessagesTest-1907352732-project] Calling method 'version_select' {{(pid=110938) _process_stack /opt/stack/cinder/cinder/api/openstack/wsgi.py:868}}
Aug 01 15:24:34.280240 dv-cinder-847132-3-iscsi devstack@c-api.service[110938]: INFO cinder.api.openstack.wsgi [None req-c5551a29-2484-4c4f-983f-5caccc5fd09a tempest-UserMessagesTest-1907352732 tempest-UserMessagesTest-1907352732-project] http://10.222.0.48/volume/v3/dcd67bf7b46945e0abc7ba3544a41978/messages/1cbf88a9-da0d-483c-bf83-a6c7d4c5df46 returned with HTTP 204
Aug 01 15:24:34.281230 dv-cinder-847132-3-iscsi devstack@c-api.service[110938]: [pid: 110938|app: 0|req: 112/234] 10.222.0.48 () {60 vars in 1371 bytes} [Mon Aug 1 15:24:34 2022] DELETE /volume/v3/dcd67bf7b46945e0abc7ba3544a41978/messages/1cbf88a9-da0d-483c-bf83-a6c7d4c5df46 => generated 0 bytes in 23 msecs (HTTP/1.1 204) 6 headers in 235 bytes (2 switches on core 0)
Aug 01 15:24:34.286943 dv-cinder-847132-3-iscsi devstack@c-api.service[110939]: DEBUG cinder.api.middleware.request_id [None req-bde50031-f477-4c09-b135-d17906271642 None None] RequestId filter calling following filter/app {{(pid=110939) _context_setter /opt/stack/cinder/cinder/api/middleware/request_id.py:62}}
Aug 01 15:24:34.291020 dv-cinder-847132-3-iscsi devstack@c-api.service[110939]: INFO cinder.api.openstack.wsgi [None req-bde50031-f477-4c09-b135-d17906271642 tempest-UserMessagesTest-1907352732 tempest-UserMessagesTest-1907352732-project] DELETE http://10.222.0.48/volume/v3/dcd67bf7b46945e0abc7ba3544a41978/volumes/0afd8da3-7a2c-4e34-af29-81450903991d
Aug 01 15:24:34.291632 dv-cinder-847132-3-iscsi devstack@c-api.service[110939]: DEBUG cinder.api.openstack.wsgi [None req-bde50031-f477-4c09-b135-d17906271642 tempest-UserMessagesTest-1907352732 tempest-UserMessagesTest-1907352732-project] Empty body provided in request {{(pid=110939) get_body /opt/stack/cinder/cinder/api/openstack/wsgi.py:715}}
Aug 01 15:24:34.292104 dv-cinder-847132-3-iscsi devstack@c-api.service[110939]: DEBUG cinder.api.openstack.wsgi [None req-bde50031-f477-4c09-b135-d17906271642 tempest-UserMessagesTest-1907352732 tempest-UserMessagesTest-1907352732-project] Calling method 'delete' {{(pid=110939) _process_stack /opt/stack/cinder/cinder/api/openstack/wsgi.py:868}}
Aug 01 15:24:34.292522 dv-cinder-847132-3-iscsi devstack@c-api.service[110939]: INFO cinder.api.v3.volumes [None req-bde50031-f477-4c09-b135-d17906271642 tempest-UserMessagesTest-1907352732 tempest-UserMessagesTest-1907352732-project] Delete volume with id: 0afd8da3-7a2c-4e34-af29-81450903991d
Aug 01 15:24:34.309400 dv-cinder-847132-3-iscsi devstack@c-api.service[110939]: /usr/local/lib/python3.8/dist-packages/oslo_context/context.py:100: DeprecationWarning: Policy enforcement is depending on the value of is_admin. This key is deprecated. Please update your policy file to use the standard policy values.
Aug 01 15:24:34.309400 dv-cinder-847132-3-iscsi devstack@c-api.service[110939]: warnings.warn('Policy enforcement is depending on the value of '
Aug 01 15:24:34.310727 dv-cinder-847132-3-iscsi devstack@c-api.service[110939]: INFO cinder.volume.api [None req-bde50031-f477-4c09-b135-d17906271642 tempest-UserMessagesTest-1907352732 tempest-UserMessagesTest-1907352732-project] Volume info retrieved successfully.
Aug 01 15:24:34.314804 dv-cinder-847132-3-iscsi devstack@c-api.service[110939]: DEBUG cinder.volume.api [None req-bde50031-f477-4c09-b135-d17906271642 tempest-UserMessagesTest-1907352732 tempest-UserMessagesTest-1907352732-project] Decrease volume quotas for non temporary volume in non error_managing status. {{(pid=110939) delete /opt/stack/cinder/cinder/volume/api.py:434}}
Aug 01 15:24:34.353203 dv-cinder-847132-3-iscsi devstack@c-api.service[110939]: DEBUG dbcounter [-] [110939] Writing DB stats cinder:SELECT=77,cinder:INSERT=11,cinder:UPDATE=12 {{(pid=110939) stat_writer /usr/local/lib/python3.8/dist-packages/dbcounter.py:114}}
Aug 01 15:24:34.360213 dv-cinder-847132-3-iscsi devstack@c-api.service[110939]: DEBUG cinder.quota [None req-bde50031-f477-4c09-b135-d17906271642 tempest-UserMessagesTest-1907352732 tempest-UserMessagesTest-1907352732-project] Created reservations ['5e45ae1d-e769-4e58-90e1-2f9e8c1e5aa2', '1c8f5d0b-c88c-4a01-bf1a-23b87a708663', '22fc76ec-de5d-4d02-8429-b59021e600cd', '817fa1d5-2b61-4916-854b-08c131e9c8e3'] {{(pid=110939) reserve /opt/stack/cinder/cinder/quota.py:755}}
Aug 01 15:24:34.417609 dv-cinder-847132-3-iscsi devstack@c-api.service[110939]: INFO cinder.volume.api [None req-bde50031-f477-4c09-b135-d17906271642 tempest-UserMessagesTest-1907352732 tempest-UserMessagesTest-1907352732-project] Delete volume request issued successfully.
Aug 01 15:24:34.418298 dv-cinder-847132-3-iscsi devstack@c-api.service[110939]: INFO cinder.api.openstack.wsgi [None req-bde50031-f477-4c09-b135-d17906271642 tempest-UserMessagesTest-1907352732 tempest-UserMessagesTest-1907352732-project] http://10.222.0.48/volume/v3/dcd67bf7b46945e0abc7ba3544a41978/volumes/0afd8da3-7a2c-4e34-af29-81450903991d returned with HTTP 202
Aug 01 15:24:34.422350 dv-cinder-847132-3-iscsi devstack@c-api.service[110939]: [pid: 110939|app: 0|req: 123/235] 10.222.0.48 () {60 vars in 1368 bytes} [Mon Aug 1 15:24:34 2022] DELETE /volume/v3/dcd67bf7b46945e0abc7ba3544a41978/volumes/0afd8da3-7a2c-4e34-af29-81450903991d => generated 0 bytes in 133 msecs (HTTP/1.1 202) 6 headers in 233 bytes (1 switches on core 0)
Aug 01 15:24:34.424855 dv-cinder-847132-3-iscsi devstack@c-api.service[110938]: DEBUG cinder.api.middleware.request_id [None req-ed3505e9-1c76-49d0-b770-9ead856ac793 None None] RequestId filter calling following filter/app {{(pid=110938) _context_setter /opt/stack/cinder/cinder/api/middleware/request_id.py:62}}
Aug 01 15:24:34.428946 dv-cinder-847132-3-iscsi devstack@c-api.service[110938]: INFO cinder.api.openstack.wsgi [None req-ed3505e9-1c76-49d0-b770-9ead856ac793 tempest-UserMessagesTest-1907352732 tempest-UserMessagesTest-1907352732-project] GET http://10.222.0.48/volume/v3/dcd67bf7b46945e0abc7ba3544a41978/volumes/0afd8da3-7a2c-4e34-af29-81450903991d
Aug 01 15:24:34.429496 dv-cinder-847132-3-iscsi devstack@c-api.service[110938]: DEBUG cinder.api.openstack.wsgi [None req-ed3505e9-1c76-49d0-b770-9ead856ac793 tempest-UserMessagesTest-1907352732 tempest-UserMessagesTest-1907352732-project] Empty body provided in request {{(pid=110938) get_body /opt/stack/cinder/cinder/api/openstack/wsgi.py:715}}
Aug 01 15:24:34.430012 dv-cinder-847132-3-iscsi devstack@c-api.service[110938]: DEBUG cinder.api.openstack.wsgi [None req-ed3505e9-1c76-49d0-b770-9ead856ac793 tempest-UserMessagesTest-1907352732 tempest-UserMessagesTest-1907352732-project] Calling method 'show' {{(pid=110938) _process_stack /opt/stack/cinder/cinder/api/openstack/wsgi.py:868}}
Aug 01 15:24:34.453826 dv-cinder-847132-3-iscsi devstack@c-api.service[110938]: INFO cinder.api.openstack.wsgi [None req-ed3505e9-1c76-49d0-b770-9ead856ac793 tempest-UserMessagesTest-1907352732 tempest-UserMessagesTest-1907352732-project] http://10.222.0.48/volume/v3/dcd67bf7b46945e0abc7ba3544a41978/volumes/0afd8da3-7a2c-4e34-af29-81450903991d returned with HTTP 404
Aug 01 15:24:34.453826 dv-cinder-847132-3-iscsi devstack@c-api.service[110938]: [pid: 110938|app: 0|req: 113/236] 10.222.0.48 () {60 vars in 1365 bytes} [Mon Aug 1 15:24:34 2022] GET /volume/v3/dcd67bf7b46945e0abc7ba3544a41978/volumes/0afd8da3-7a2c-4e34-af29-81450903991d => generated 109 bytes in 20 msecs (HTTP/1.1 404) 7 headers in 292 bytes (1 switches on core 0)
Aug 01 15:24:34.456679 dv-cinder-847132-3-iscsi devstack@c-api.service[110939]: DEBUG cinder.api.middleware.request_id [None req-7d50d385-0dcb-4db0-be03-e1ef5ec8125c None None] RequestId filter calling following filter/app {{(pid=110939) _context_setter /opt/stack/cinder/cinder/api/middleware/request_id.py:62}}
Aug 01 15:24:34.461241 dv-cinder-847132-3-iscsi devstack@c-api.service[110939]: INFO cinder.api.openstack.wsgi [None req-7d50d385-0dcb-4db0-be03-e1ef5ec8125c tempest-UserMessagesTest-784036419 tempest-UserMessagesTest-784036419-project-admin] DELETE http://10.222.0.48/volume/v3/0489f12f51ca47098880337dca5eb9b6/types/1767df02-9e1f-4d81-ab6d-b5ec4006e01b
Aug 01 15:24:34.461859 dv-cinder-847132-3-iscsi devstack@c-api.service[110939]: DEBUG cinder.api.openstack.wsgi [None req-7d50d385-0dcb-4db0-be03-e1ef5ec8125c tempest-UserMessagesTest-784036419 tempest-UserMessagesTest-784036419-project-admin] Empty body provided in request {{(pid=110939) get_body /opt/stack/cinder/cinder/api/openstack/wsgi.py:715}}
Aug 01 15:24:34.462353 dv-cinder-847132-3-iscsi devstack@c-api.service[110939]: DEBUG cinder.api.openstack.wsgi [None req-7d50d385-0dcb-4db0-be03-e1ef5ec8125c tempest-UserMessagesTest-784036419 tempest-UserMessagesTest-784036419-project-admin] Calling method '_delete' {{(pid=110939) _process_stack /opt/stack/cinder/cinder/api/openstack/wsgi.py:868}}
Aug 01 15:24:34.518655 dv-cinder-847132-3-iscsi devstack@c-api.service[110939]: INFO cinder.api.openstack.wsgi [None req-7d50d385-0dcb-4db0-be03-e1ef5ec8125c tempest-UserMessagesTest-784036419 tempest-UserMessagesTest-784036419-project-admin] http://10.222.0.48/volume/v3/0489f12f51ca47098880337dca5eb9b6/types/1767df02-9e1f-4d81-ab6d-b5ec4006e01b returned with HTTP 202
Aug 01 15:24:34.519658 dv-cinder-847132-3-iscsi devstack@c-api.service[110939]: [pid: 110939|app: 0|req: 124/237] 10.222.0.48 () {58 vars in 1322 bytes} [Mon Aug 1 15:24:34 2022] DELETE /volume/v3/0489f12f51ca47098880337dca5eb9b6/types/1767df02-9e1f-4d81-ab6d-b5ec4006e01b => generated 0 bytes in 72 msecs (HTTP/1.1 202) 6 headers in 233 bytes (1 switches on core 0)
Aug 01 15:24:34.524344 dv-cinder-847132-3-iscsi devstack@c-api.service[110938]: DEBUG cinder.api.middleware.request_id [None req-4becd9c4-9f3a-4a26-887d-4abff761c18e None None] RequestId filter calling following filter/app {{(pid=110938) _context_setter /opt/stack/cinder/cinder/api/middleware/request_id.py:62}}
Aug 01 15:24:34.528395 dv-cinder-847132-3-iscsi devstack@c-api.service[110938]: INFO cinder.api.openstack.wsgi [None req-4becd9c4-9f3a-4a26-887d-4abff761c18e tempest-UserMessagesTest-784036419 tempest-UserMessagesTest-784036419-project-admin] GET http://10.222.0.48/volume/v3/0489f12f51ca47098880337dca5eb9b6/types/1767df02-9e1f-4d81-ab6d-b5ec4006e01b
Aug 01 15:24:34.529068 dv-cinder-847132-3-iscsi devstack@c-api.service[110938]: DEBUG cinder.api.openstack.wsgi [None req-4becd9c4-9f3a-4a26-887d-4abff761c18e tempest-UserMessagesTest-784036419 tempest-UserMessagesTest-784036419-project-admin] Empty body provided in request {{(pid=110938) get_body /opt/stack/cinder/cinder/api/openstack/wsgi.py:715}}
Aug 01 15:24:34.529629 dv-cinder-847132-3-iscsi devstack@c-api.service[110938]: DEBUG cinder.api.openstack.wsgi [None req-4becd9c4-9f3a-4a26-887d-4abff761c18e tempest-UserMessagesTest-784036419 tempest-UserMessagesTest-784036419-project-admin] Calling method 'show' {{(pid=110938) _process_stack /opt/stack/cinder/cinder/api/openstack/wsgi.py:868}}
Aug 01 15:24:34.535299 dv-cinder-847132-3-iscsi devstack@c-api.service[110938]: INFO cinder.api.openstack.wsgi [None req-4becd9c4-9f3a-4a26-887d-4abff761c18e tempest-UserMessagesTest-784036419 tempest-UserMessagesTest-784036419-project-admin] http://10.222.0.48/volume/v3/0489f12f51ca47098880337dca5eb9b6/types/1767df02-9e1f-4d81-ab6d-b5ec4006e01b returned with HTTP 404
Aug 01 15:24:34.538171 dv-cinder-847132-3-iscsi devstack@c-api.service[110938]: [pid: 110938|app: 0|req: 114/238] 10.222.0.48 () {58 vars in 1319 bytes} [Mon Aug 1 15:24:34 2022] GET /volume/v3/0489f12f51ca47098880337dca5eb9b6/types/1767df02-9e1f-4d81-ab6d-b5ec4006e01b => generated 114 bytes in 13 msecs (HTTP/1.1 404) 7 headers in 292 bytes (1 switches on core 0)
Aug 01 15:24:34.541188 dv-cinder-847132-3-iscsi devstack@c-api.service[110939]: DEBUG cinder.api.middleware.request_id [None req-9a75d014-e9eb-4e20-9152-d71cef019430 None None] RequestId filter calling following filter/app {{(pid=110939) _context_setter /opt/stack/cinder/cinder/api/middleware/request_id.py:62}}
Aug 01 15:24:34.545744 dv-cinder-847132-3-iscsi devstack@c-api.service[110939]: INFO cinder.api.openstack.wsgi [None req-9a75d014-e9eb-4e20-9152-d71cef019430 tempest-UserMessagesTest-1907352732 tempest-UserMessagesTest-1907352732-project] DELETE http://10.222.0.48/volume/v3/dcd67bf7b46945e0abc7ba3544a41978/volumes/e695fe3e-3b90-49fb-9404-ac4528b4792f
Aug 01 15:24:34.546776 dv-cinder-847132-3-iscsi devstack@c-api.service[110939]: DEBUG cinder.api.openstack.wsgi [None req-9a75d014-e9eb-4e20-9152-d71cef019430 tempest-UserMessagesTest-1907352732 tempest-UserMessagesTest-1907352732-project] Empty body provided in request {{(pid=110939) get_body /opt/stack/cinder/cinder/api/openstack/wsgi.py:715}}
Aug 01 15:24:34.547900 dv-cinder-847132-3-iscsi devstack@c-api.service[110939]: DEBUG cinder.api.openstack.wsgi [None req-9a75d014-e9eb-4e20-9152-d71cef019430 tempest-UserMessagesTest-1907352732 tempest-UserMessagesTest-1907352732-project] Calling method 'delete' {{(pid=110939) _process_stack /opt/stack/cinder/cinder/api/openstack/wsgi.py:868}}
Aug 01 15:24:34.548526 dv-cinder-847132-3-iscsi devstack@c-api.service[110939]: INFO cinder.api.v3.volumes [None req-9a75d014-e9eb-4e20-9152-d71cef019430 tempest-UserMessagesTest-1907352732 tempest-UserMessagesTest-1907352732-project] Delete volume with id: e695fe3e-3b90-49fb-9404-ac4528b4792f
Aug 01 15:24:34.565726 dv-cinder-847132-3-iscsi devstack@c-api.service[110939]: /usr/local/lib/python3.8/dist-packages/oslo_context/context.py:100: DeprecationWarning: Policy enforcement is depending on the value of is_admin. This key is deprecated. Please update your policy file to use the standard policy values.
Aug 01 15:24:34.565726 dv-cinder-847132-3-iscsi devstack@c-api.service[110939]: warnings.warn('Policy enforcement is depending on the value of '
Aug 01 15:24:34.567123 dv-cinder-847132-3-iscsi devstack@c-api.service[110939]: INFO cinder.volume.api [None req-9a75d014-e9eb-4e20-9152-d71cef019430 tempest-UserMessagesTest-1907352732 tempest-UserMessagesTest-1907352732-project] Volume info retrieved successfully.
Aug 01 15:24:34.569573 dv-cinder-847132-3-iscsi devstack@c-api.service[110939]: DEBUG cinder.volume.api [None req-9a75d014-e9eb-4e20-9152-d71cef019430 tempest-UserMessagesTest-1907352732 tempest-UserMessagesTest-1907352732-project] Decrease volume quotas for non temporary volume in non error_managing status. {{(pid=110939) delete /opt/stack/cinder/cinder/volume/api.py:434}}
Aug 01 15:24:34.609987 dv-cinder-847132-3-iscsi devstack@c-api.service[110939]: DEBUG cinder.quota [None req-9a75d014-e9eb-4e20-9152-d71cef019430 tempest-UserMessagesTest-1907352732 tempest-UserMessagesTest-1907352732-project] Created reservations ['5bb8edaa-6b15-4417-a909-fc3f0aa97fff', 'ce8582f4-6cf5-4697-b20d-ed74e0dcce6e', 'ae0ad42d-39fe-4d94-a7ee-5486c2566f70', '923c2d7b-e10b-4a4c-a56a-ec4fff950489'] {{(pid=110939) reserve /opt/stack/cinder/cinder/quota.py:755}}
Aug 01 15:24:34.635738 dv-cinder-847132-3-iscsi devstack@c-api.service[110938]: DEBUG cinder.api.middleware.request_id [None req-6df9d855-a913-4caa-8b03-48a1bb662e91 None None] RequestId filter calling following filter/app {{(pid=110938) _context_setter /opt/stack/cinder/cinder/api/middleware/request_id.py:62}}
Aug 01 15:24:34.639989 dv-cinder-847132-3-iscsi devstack@c-api.service[110938]: INFO cinder.api.openstack.wsgi [None req-6df9d855-a913-4caa-8b03-48a1bb662e91 tempest-VolumesTransfersTest-908934953 tempest-VolumesTransfersTest-908934953-project-admin] GET http://10.222.0.48/volume/v3/aa50cc8d209c4b9d8fea46a1e23d7605/volumes/ffeb5c5a-2051-44cc-a654-3f37eb5b69f1
Aug 01 15:24:34.640544 dv-cinder-847132-3-iscsi devstack@c-api.service[110938]: DEBUG cinder.api.openstack.wsgi [None req-6df9d855-a913-4caa-8b03-48a1bb662e91 tempest-VolumesTransfersTest-908934953 tempest-VolumesTransfersTest-908934953-project-admin] Empty body provided in request {{(pid=110938) get_body /opt/stack/cinder/cinder/api/openstack/wsgi.py:715}}
Aug 01 15:24:34.641131 dv-cinder-847132-3-iscsi devstack@c-api.service[110938]: DEBUG cinder.api.openstack.wsgi [None req-6df9d855-a913-4caa-8b03-48a1bb662e91 tempest-VolumesTransfersTest-908934953 tempest-VolumesTransfersTest-908934953-project-admin] Calling method 'show' {{(pid=110938) _process_stack /opt/stack/cinder/cinder/api/openstack/wsgi.py:868}}
Aug 01 15:24:34.657675 dv-cinder-847132-3-iscsi devstack@c-api.service[110938]: INFO cinder.api.openstack.wsgi [None req-6df9d855-a913-4caa-8b03-48a1bb662e91 tempest-VolumesTransfersTest-908934953 tempest-VolumesTransfersTest-908934953-project-admin] http://10.222.0.48/volume/v3/aa50cc8d209c4b9d8fea46a1e23d7605/volumes/ffeb5c5a-2051-44cc-a654-3f37eb5b69f1 returned with HTTP 404
Aug 01 15:24:34.658904 dv-cinder-847132-3-iscsi devstack@c-api.service[110938]: [pid: 110938|app: 0|req: 115/239] 10.222.0.48 () {58 vars in 1325 bytes} [Mon Aug 1 15:24:34 2022] GET /volume/v3/aa50cc8d209c4b9d8fea46a1e23d7605/volumes/ffeb5c5a-2051-44cc-a654-3f37eb5b69f1 => generated 109 bytes in 24 msecs (HTTP/1.1 404) 7 headers in 292 bytes (1 switches on core 0)
Aug 01 15:24:34.665633 dv-cinder-847132-3-iscsi devstack@c-api.service[110938]: DEBUG cinder.api.middleware.request_id [None req-a83d1cf6-e3d4-4e53-b97a-fb873d2884a3 None None] RequestId filter calling following filter/app {{(pid=110938) _context_setter /opt/stack/cinder/cinder/api/middleware/request_id.py:62}}
Aug 01 15:24:34.670143 dv-cinder-847132-3-iscsi devstack@c-api.service[110938]: INFO cinder.api.openstack.wsgi [None req-a83d1cf6-e3d4-4e53-b97a-fb873d2884a3 tempest-VolumesTransfersTest-1536188305 tempest-VolumesTransfersTest-1536188305-project] POST http://10.222.0.48/volume/v3/a75bb40bbb7540bab94903f318b208ee/volumes
Aug 01 15:24:34.671015 dv-cinder-847132-3-iscsi devstack@c-api.service[110938]: DEBUG cinder.api.openstack.wsgi [None req-a83d1cf6-e3d4-4e53-b97a-fb873d2884a3 tempest-VolumesTransfersTest-1536188305 tempest-VolumesTransfersTest-1536188305-project] Action: 'create', calling method: create, body: {"volume": {"size": 1, "name": "tempest-VolumesTransfersTest-Volume-2081934064"}} {{(pid=110938) _process_stack /opt/stack/cinder/cinder/api/openstack/wsgi.py:866}}
Aug 01 15:24:34.673339 dv-cinder-847132-3-iscsi devstack@c-api.service[110939]: INFO cinder.volume.api [None req-9a75d014-e9eb-4e20-9152-d71cef019430 tempest-UserMessagesTest-1907352732 tempest-UserMessagesTest-1907352732-project] Delete volume request issued successfully.
Aug 01 15:24:34.673554 dv-cinder-847132-3-iscsi devstack@c-api.service[110938]: DEBUG cinder.api.v3.volumes [None req-a83d1cf6-e3d4-4e53-b97a-fb873d2884a3 tempest-VolumesTransfersTest-1536188305 tempest-VolumesTransfersTest-1536188305-project] Create volume request body: {'volume': {'size': 1, 'name': 'tempest-VolumesTransfersTest-Volume-2081934064'}} {{(pid=110938) create /opt/stack/cinder/cinder/api/v3/volumes.py:298}}
Aug 01 15:24:34.674007 dv-cinder-847132-3-iscsi devstack@c-api.service[110939]: INFO cinder.api.openstack.wsgi [None req-9a75d014-e9eb-4e20-9152-d71cef019430 tempest-UserMessagesTest-1907352732 tempest-UserMessagesTest-1907352732-project] http://10.222.0.48/volume/v3/dcd67bf7b46945e0abc7ba3544a41978/volumes/e695fe3e-3b90-49fb-9404-ac4528b4792f returned with HTTP 202
Aug 01 15:24:34.674159 dv-cinder-847132-3-iscsi devstack@c-api.service[110938]: INFO cinder.api.v3.volumes [None req-a83d1cf6-e3d4-4e53-b97a-fb873d2884a3 tempest-VolumesTransfersTest-1536188305 tempest-VolumesTransfersTest-1536188305-project] Create volume of 1 GB
Aug 01 15:24:34.678401 dv-cinder-847132-3-iscsi devstack@c-api.service[110939]: [pid: 110939|app: 0|req: 125/240] 10.222.0.48 () {60 vars in 1368 bytes} [Mon Aug 1 15:24:34 2022] DELETE /volume/v3/dcd67bf7b46945e0abc7ba3544a41978/volumes/e695fe3e-3b90-49fb-9404-ac4528b4792f => generated 0 bytes in 135 msecs (HTTP/1.1 202) 6 headers in 233 bytes (1 switches on core 0)
Aug 01 15:24:34.680859 dv-cinder-847132-3-iscsi devstack@c-api.service[110939]: DEBUG cinder.api.middleware.request_id [None req-44617b07-206b-4949-99af-e6f1efdfa505 None None] RequestId filter calling following filter/app {{(pid=110939) _context_setter /opt/stack/cinder/cinder/api/middleware/request_id.py:62}}
Aug 01 15:24:34.682067 dv-cinder-847132-3-iscsi devstack@c-api.service[110938]: INFO cinder.volume.api [None req-a83d1cf6-e3d4-4e53-b97a-fb873d2884a3 tempest-VolumesTransfersTest-1536188305 tempest-VolumesTransfersTest-1536188305-project] Availability Zones retrieved successfully.
Aug 01 15:24:34.686080 dv-cinder-847132-3-iscsi devstack@c-api.service[110939]: INFO cinder.api.openstack.wsgi [None req-44617b07-206b-4949-99af-e6f1efdfa505 tempest-UserMessagesTest-1907352732 tempest-UserMessagesTest-1907352732-project] GET http://10.222.0.48/volume/v3/dcd67bf7b46945e0abc7ba3544a41978/volumes/e695fe3e-3b90-49fb-9404-ac4528b4792f
Aug 01 15:24:34.686725 dv-cinder-847132-3-iscsi devstack@c-api.service[110939]: DEBUG cinder.api.openstack.wsgi [None req-44617b07-206b-4949-99af-e6f1efdfa505 tempest-UserMessagesTest-1907352732 tempest-UserMessagesTest-1907352732-project] Empty body provided in request {{(pid=110939) get_body /opt/stack/cinder/cinder/api/openstack/wsgi.py:715}}
Aug 01 15:24:34.687418 dv-cinder-847132-3-iscsi devstack@c-api.service[110939]: DEBUG cinder.api.openstack.wsgi [None req-44617b07-206b-4949-99af-e6f1efdfa505 tempest-UserMessagesTest-1907352732 tempest-UserMessagesTest-1907352732-project] Calling method 'show' {{(pid=110939) _process_stack /opt/stack/cinder/cinder/api/openstack/wsgi.py:868}}
Aug 01 15:24:34.698292 dv-cinder-847132-3-iscsi devstack@c-api.service[110938]: DEBUG cinder.volume.api [None req-a83d1cf6-e3d4-4e53-b97a-fb873d2884a3 tempest-VolumesTransfersTest-1536188305 tempest-VolumesTransfersTest-1536188305-project] Flow 'volume_create_api' (b42d22a4-b93b-4565-9092-79af1c301719) transitioned into state 'RUNNING' from state 'PENDING' {{(pid=110938) _flow_receiver /usr/local/lib/python3.8/dist-packages/taskflow/listeners/logging.py:141}}
Aug 01 15:24:34.700775 dv-cinder-847132-3-iscsi devstack@c-api.service[110938]: DEBUG cinder.volume.api [None req-a83d1cf6-e3d4-4e53-b97a-fb873d2884a3 tempest-VolumesTransfersTest-1536188305 tempest-VolumesTransfersTest-1536188305-project] Task 'cinder.volume.flows.api.create_volume.ExtractVolumeRequestTask;volume:create' (0533cc07-4ca6-45f2-a8c8-fefa56e26ca6) transitioned into state 'RUNNING' from state 'PENDING' {{(pid=110938) _task_receiver /usr/local/lib/python3.8/dist-packages/taskflow/listeners/logging.py:190}}
Aug 01 15:24:34.701273 dv-cinder-847132-3-iscsi devstack@c-api.service[110939]: INFO cinder.api.openstack.wsgi [None req-44617b07-206b-4949-99af-e6f1efdfa505 tempest-UserMessagesTest-1907352732 tempest-UserMessagesTest-1907352732-project] http://10.222.0.48/volume/v3/dcd67bf7b46945e0abc7ba3544a41978/volumes/e695fe3e-3b90-49fb-9404-ac4528b4792f returned with HTTP 404
Aug 01 15:24:34.702735 dv-cinder-847132-3-iscsi devstack@c-api.service[110939]: [pid: 110939|app: 0|req: 126/241] 10.222.0.48 () {60 vars in 1365 bytes} [Mon Aug 1 15:24:34 2022] GET /volume/v3/dcd67bf7b46945e0abc7ba3544a41978/volumes/e695fe3e-3b90-49fb-9404-ac4528b4792f => generated 109 bytes in 23 msecs (HTTP/1.1 404) 7 headers in 292 bytes (1 switches on core 0)
Aug 01 15:24:34.703448 dv-cinder-847132-3-iscsi devstack@c-api.service[110938]: DEBUG cinder.volume.flows.api.create_volume [None req-a83d1cf6-e3d4-4e53-b97a-fb873d2884a3 tempest-VolumesTransfersTest-1536188305 tempest-VolumesTransfersTest-1536188305-project] Validating volume size '1' using validate_int {{(pid=110938) _extract_size /opt/stack/cinder/cinder/volume/flows/api/create_volume.py:228}}
Aug 01 15:24:34.708084 dv-cinder-847132-3-iscsi devstack@c-api.service[110939]: DEBUG cinder.api.middleware.request_id [None req-8deab2c8-9c3e-4c26-bc95-d294d3885ef0 None None] RequestId filter calling following filter/app {{(pid=110939) _context_setter /opt/stack/cinder/cinder/api/middleware/request_id.py:62}}
Aug 01 15:24:34.712407 dv-cinder-847132-3-iscsi devstack@c-api.service[110939]: INFO cinder.api.openstack.wsgi [None req-8deab2c8-9c3e-4c26-bc95-d294d3885ef0 tempest-UserMessagesTest-784036419 tempest-UserMessagesTest-784036419-project-admin] DELETE http://10.222.0.48/volume/v3/0489f12f51ca47098880337dca5eb9b6/types/c4093f46-9a10-4672-9b59-1f90a046730e
Aug 01 15:24:34.712793 dv-cinder-847132-3-iscsi devstack@c-api.service[110939]: DEBUG cinder.api.openstack.wsgi [None req-8deab2c8-9c3e-4c26-bc95-d294d3885ef0 tempest-UserMessagesTest-784036419 tempest-UserMessagesTest-784036419-project-admin] Empty body provided in request {{(pid=110939) get_body /opt/stack/cinder/cinder/api/openstack/wsgi.py:715}}
Aug 01 15:24:34.713277 dv-cinder-847132-3-iscsi devstack@c-api.service[110939]: DEBUG cinder.api.openstack.wsgi [None req-8deab2c8-9c3e-4c26-bc95-d294d3885ef0 tempest-UserMessagesTest-784036419 tempest-UserMessagesTest-784036419-project-admin] Calling method '_delete' {{(pid=110939) _process_stack /opt/stack/cinder/cinder/api/openstack/wsgi.py:868}}
Aug 01 15:24:34.752568 dv-cinder-847132-3-iscsi devstack@c-api.service[110938]: DEBUG cinder.volume.api [None req-a83d1cf6-e3d4-4e53-b97a-fb873d2884a3 tempest-VolumesTransfersTest-1536188305 tempest-VolumesTransfersTest-1536188305-project] Task 'cinder.volume.flows.api.create_volume.ExtractVolumeRequestTask;volume:create' (0533cc07-4ca6-45f2-a8c8-fefa56e26ca6) transitioned into state 'SUCCESS' from state 'RUNNING' with result '{'size': 1, 'snapshot_id': None, 'source_volid': None, 'volume_type': VolumeType(created_at=2022-08-01T15:13:35Z,deleted=False,deleted_at=None,description='Default Volume Type',extra_specs={},id=c21a32eb-0818-4122-b09e-aa130c2dc6c5,is_public=True,name='__DEFAULT__',projects=[],qos_specs=,qos_specs_id=None,updated_at=2022-08-01T15:13:35Z), 'volume_type_id': 'c21a32eb-0818-4122-b09e-aa130c2dc6c5', 'encryption_key_id': None, 'qos_specs': None, 'consistencygroup_id': None, 'cgsnapshot_id': None, 'group_id': None, 'replication_status': 'disabled', 'refresh_az': False, 'backup_id': None, 'multiattach': False, 'availability_zones': ['nova']}' {{(pid=110938) _task_receiver /usr/local/lib/python3.8/dist-packages/taskflow/listeners/logging.py:178}}
Aug 01 15:24:34.754884 dv-cinder-847132-3-iscsi devstack@c-api.service[110938]: DEBUG cinder.volume.api [None req-a83d1cf6-e3d4-4e53-b97a-fb873d2884a3 tempest-VolumesTransfersTest-1536188305 tempest-VolumesTransfersTest-1536188305-project] Task 'cinder.volume.flows.api.create_volume.QuotaReserveTask;volume:create' (0e38be51-8cb5-4f4d-a367-73df77b2a86a) transitioned into state 'RUNNING' from state 'PENDING' {{(pid=110938) _task_receiver /usr/local/lib/python3.8/dist-packages/taskflow/listeners/logging.py:190}}
Aug 01 15:24:34.775647 dv-cinder-847132-3-iscsi devstack@c-api.service[110939]: INFO cinder.api.openstack.wsgi [None req-8deab2c8-9c3e-4c26-bc95-d294d3885ef0 tempest-UserMessagesTest-784036419 tempest-UserMessagesTest-784036419-project-admin] http://10.222.0.48/volume/v3/0489f12f51ca47098880337dca5eb9b6/types/c4093f46-9a10-4672-9b59-1f90a046730e returned with HTTP 202
Aug 01 15:24:34.776394 dv-cinder-847132-3-iscsi devstack@c-api.service[110939]: [pid: 110939|app: 0|req: 127/242] 10.222.0.48 () {58 vars in 1322 bytes} [Mon Aug 1 15:24:34 2022] DELETE /volume/v3/0489f12f51ca47098880337dca5eb9b6/types/c4093f46-9a10-4672-9b59-1f90a046730e => generated 0 bytes in 69 msecs (HTTP/1.1 202) 6 headers in 233 bytes (1 switches on core 0)
Aug 01 15:24:34.782815 dv-cinder-847132-3-iscsi devstack@c-api.service[110939]: DEBUG cinder.api.middleware.request_id [None req-cda6c370-0d4e-434a-825e-66aeb98ec735 None None] RequestId filter calling following filter/app {{(pid=110939) _context_setter /opt/stack/cinder/cinder/api/middleware/request_id.py:62}}
Aug 01 15:24:34.786293 dv-cinder-847132-3-iscsi devstack@c-api.service[110939]: INFO cinder.api.openstack.wsgi [None req-cda6c370-0d4e-434a-825e-66aeb98ec735 tempest-UserMessagesTest-784036419 tempest-UserMessagesTest-784036419-project-admin] GET http://10.222.0.48/volume/v3/0489f12f51ca47098880337dca5eb9b6/types/c4093f46-9a10-4672-9b59-1f90a046730e
