Jun 24 10:16:55.316242 dv-cinder-847132-2-iscsi neutron-server[104051]: DEBUG neutron.pecan_wsgi.hooks.policy_enforcement [req-a85ab335-3bc7-4ae1-a2dc-0d69f9ccc1dd req-143c18a9-b205-42fb-ad86-3173b7bc7d9c tempest-AttachVolumeShelveTestJSON-164554392 tempest-AttachVolumeShelveTestJSON-164554392-project] Attributes excluded by policy engine: ['standard_attr_id', 'binding:profile', 'binding:host_id', 'binding:vif_type', 'binding:vif_details'] {{(pid=104051) _exclude_attributes_by_policy /opt/stack/neutron/neutron/pecan_wsgi/hooks/policy_enforcement.py:259}}
Jun 24 10:16:55.317791 dv-cinder-847132-2-iscsi neutron-server[104051]: INFO neutron.wsgi [req-a85ab335-3bc7-4ae1-a2dc-0d69f9ccc1dd req-143c18a9-b205-42fb-ad86-3173b7bc7d9c tempest-AttachVolumeShelveTestJSON-164554392 tempest-AttachVolumeShelveTestJSON-164554392-project] 10.222.0.64 "GET /v2.0/ports?device_id=cb96a476-856a-400c-8c57-30b98297ebee HTTP/1.1" status: 200 len: 944 time: 0.1101973
Jun 24 10:16:55.395298 dv-cinder-847132-2-iscsi neutron-server[104053]: DEBUG neutron.plugins.ml2.db [None req-c3d91337-753c-453f-9842-6fdd7a883af6 None None] get_ports_and_sgs() called for port_ids ['0c384c38-8450-4bcf-a60e-98848c87017b'] {{(pid=104053) get_ports_and_sgs /opt/stack/neutron/neutron/plugins/ml2/db.py:156}}
Jun 24 10:16:55.403837 dv-cinder-847132-2-iscsi neutron-server[104051]: INFO neutron.wsgi [req-23d26a5c-8496-434f-8b2f-ac9bbd2a3e85 req-a7c231b2-853b-4817-b636-7b9f09b39d8d tempest-ServerRescueNegativeTestJSON-201478222 tempest-ServerRescueNegativeTestJSON-201478222-project] 10.222.0.64 "GET /v2.0/security-groups?id=59052e2d-1e15-4ff8-a20f-95eb7d0e6759&fields=id&fields=name HTTP/1.1" status: 200 len: 286 time: 0.1091845
Jun 24 10:16:55.408008 dv-cinder-847132-2-iscsi neutron-server[104051]: DEBUG neutron_lib.callbacks.manager [None req-c3debb72-94bb-4c08-ae8d-365baa75666b admin admin] Publish callbacks ['neutron.plugins.ml2.ovo_rpc._ObjectChangeHandler.handle_event-587221'] for security_group (03b22a88-5bf4-412e-a3ff-0f188915aab0), after_delete {{(pid=104051) _notify_loop /usr/local/lib/python3.8/dist-packages/neutron_lib/callbacks/manager.py:176}}
Jun 24 10:16:55.412079 dv-cinder-847132-2-iscsi neutron-server[104051]: DEBUG neutron_lib.callbacks.manager [None req-c3debb72-94bb-4c08-ae8d-365baa75666b admin admin] Publish callbacks [] for security_group (None), before_response {{(pid=104051) _notify_loop /usr/local/lib/python3.8/dist-packages/neutron_lib/callbacks/manager.py:176}}
Jun 24 10:16:55.416723 dv-cinder-847132-2-iscsi neutron-server[104051]: INFO neutron.wsgi [None req-c3debb72-94bb-4c08-ae8d-365baa75666b admin admin] 10.222.0.64 "DELETE /v2.0/security-groups/03b22a88-5bf4-412e-a3ff-0f188915aab0 HTTP/1.1" status: 204 len: 168 time: 0.3262622
Jun 24 10:16:55.422361 dv-cinder-847132-2-iscsi neutron-server[104051]: INFO neutron.wsgi [req-a85ab335-3bc7-4ae1-a2dc-0d69f9ccc1dd req-eade18f2-281d-46ab-b63b-52bca8e47d7e tempest-AttachVolumeShelveTestJSON-164554392 tempest-AttachVolumeShelveTestJSON-164554392-project] 10.222.0.64 "GET /v2.0/security-groups?id=e12f9b51-fc8f-4a3a-809f-4db4a0d885c3&fields=id&fields=name HTTP/1.1" status: 200 len: 313 time: 0.0913439
Jun 24 10:16:55.428029 dv-cinder-847132-2-iscsi neutron-server[104051]: DEBUG neutron.api.rpc.handlers.resources_rpc [None req-c3debb72-94bb-4c08-ae8d-365baa75666b admin admin] Pushing event deleted for resources: {'SecurityGroup': ['ID=03b22a88-5bf4-412e-a3ff-0f188915aab0,revision_number=None']} {{(pid=104051) push /opt/stack/neutron/neutron/api/rpc/handlers/resources_rpc.py:237}}
Jun 24 10:16:55.542053 dv-cinder-847132-2-iscsi neutron-server[104053]: DEBUG dbcounter [-] [104053] Writing DB stats neutron:SELECT=99,neutron:UPDATE=1 {{(pid=104053) stat_writer /usr/local/lib/python3.8/dist-packages/dbcounter.py:114}}
Jun 24 10:16:55.553401 dv-cinder-847132-2-iscsi neutron-server[104053]: DEBUG neutron.plugins.ml2.db [None req-c3d91337-753c-453f-9842-6fdd7a883af6 None None] get_ports_and_sgs() called for port_ids ['90942a6e-0933-48c1-80c9-55ff402f0b93'] {{(pid=104053) get_ports_and_sgs /opt/stack/neutron/neutron/plugins/ml2/db.py:156}}
Jun 24 10:16:55.571196 dv-cinder-847132-2-iscsi neutron-server[104054]: DEBUG dbcounter [-] [104054] Writing DB stats neutron:SELECT=24 {{(pid=104054) stat_writer /usr/local/lib/python3.8/dist-packages/dbcounter.py:114}}
Jun 24 10:16:55.743214 dv-cinder-847132-2-iscsi neutron-server[104051]: DEBUG neutron.pecan_wsgi.hooks.policy_enforcement [req-30258854-fe41-440d-b447-6b44990df8b3 req-1ce2c5e4-0ab2-4f85-b77a-c35688d0e1d2 tempest-AttachVolumeTestJSON-488963523 tempest-AttachVolumeTestJSON-488963523-project] Attributes excluded by policy engine: ['standard_attr_id', 'binding:profile', 'binding:host_id', 'binding:vif_type', 'binding:vif_details'] {{(pid=104051) _exclude_attributes_by_policy /opt/stack/neutron/neutron/pecan_wsgi/hooks/policy_enforcement.py:259}}
Jun 24 10:16:55.746097 dv-cinder-847132-2-iscsi neutron-server[104051]: INFO neutron.wsgi [req-30258854-fe41-440d-b447-6b44990df8b3 req-1ce2c5e4-0ab2-4f85-b77a-c35688d0e1d2 tempest-AttachVolumeTestJSON-488963523 tempest-AttachVolumeTestJSON-488963523-project] 10.222.0.64 "GET /v2.0/ports?device_id=e3be66ae-a25d-46c4-b8b1-5e35eb49f8d1 HTTP/1.1" status: 200 len: 943 time: 0.0781121
Jun 24 10:16:55.820696 dv-cinder-847132-2-iscsi neutron-server[104051]: DEBUG neutron.pecan_wsgi.hooks.policy_enforcement [req-5f3e4817-7d7b-4e57-bed8-055a185e3840 req-9341107f-d2dd-4ac6-bb9a-d5989b825e66 tempest-DeleteServersTestJSON-1187438344 tempest-DeleteServersTestJSON-1187438344-project] Attributes excluded by policy engine: ['standard_attr_id', 'binding:profile', 'binding:host_id', 'binding:vif_type', 'binding:vif_details'] {{(pid=104051) _exclude_attributes_by_policy /opt/stack/neutron/neutron/pecan_wsgi/hooks/policy_enforcement.py:259}}
Jun 24 10:16:55.822202 dv-cinder-847132-2-iscsi neutron-server[104051]: INFO neutron.wsgi [req-5f3e4817-7d7b-4e57-bed8-055a185e3840 req-9341107f-d2dd-4ac6-bb9a-d5989b825e66 tempest-DeleteServersTestJSON-1187438344 tempest-DeleteServersTestJSON-1187438344-project] 10.222.0.64 "GET /v2.0/ports?device_id=e33ad457-f04e-45ab-994a-de25ed757120 HTTP/1.1" status: 200 len: 945 time: 0.0749826
Jun 24 10:16:55.831086 dv-cinder-847132-2-iscsi neutron-server[104052]: DEBUG neutron.wsgi [-] (104052) accepted ('10.222.0.64', 60526) {{(pid=104052) server /usr/local/lib/python3.8/dist-packages/eventlet/wsgi.py:1004}}
Jun 24 10:16:55.846683 dv-cinder-847132-2-iscsi neutron-server[104052]: DEBUG neutron_lib.callbacks.manager [None req-383bc95c-fc65-417f-b6b4-589005e67ff5 admin admin] Publish callbacks [] for security_group (None), before_create {{(pid=104052) _notify_loop /usr/local/lib/python3.8/dist-packages/neutron_lib/callbacks/manager.py:176}}
Jun 24 10:16:55.851454 dv-cinder-847132-2-iscsi neutron-server[104051]: INFO neutron.wsgi [req-30258854-fe41-440d-b447-6b44990df8b3 req-5747f2ad-5e00-4684-9186-a38cec15ce39 tempest-AttachVolumeTestJSON-488963523 tempest-AttachVolumeTestJSON-488963523-project] 10.222.0.64 "GET /v2.0/security-groups?id=5b98c301-685f-4c95-adf1-d47cd9c68e54&fields=id&fields=name HTTP/1.1" status: 200 len: 313 time: 0.0949173
Jun 24 10:16:55.907520 dv-cinder-847132-2-iscsi neutron-server[104051]: INFO neutron.wsgi [req-5f3e4817-7d7b-4e57-bed8-055a185e3840 req-6123586f-9cc2-4eec-85f5-76b8c7084072 tempest-DeleteServersTestJSON-1187438344 tempest-DeleteServersTestJSON-1187438344-project] 10.222.0.64 "GET /v2.0/security-groups?id=7abb6ce8-718b-446c-9967-93fc9e6ba090&fields=id&fields=name HTTP/1.1" status: 200 len: 286 time: 0.0745344
Jun 24 10:16:55.962905 dv-cinder-847132-2-iscsi neutron-server[104052]: DEBUG neutron_lib.callbacks.manager [None req-383bc95c-fc65-417f-b6b4-589005e67ff5 admin admin] Publish callbacks [] for security_group (6f6db451-3e3c-4df0-b226-a5e74db5acce), precommit_create {{(pid=104052) _notify_loop /usr/local/lib/python3.8/dist-packages/neutron_lib/callbacks/manager.py:176}}
Jun 24 10:16:55.968168 dv-cinder-847132-2-iscsi neutron-server[104052]: DEBUG neutron_lib.callbacks.manager [None req-383bc95c-fc65-417f-b6b4-589005e67ff5 admin admin] Publish callbacks ['neutron.plugins.ml2.ovo_rpc._ObjectChangeHandler.handle_event-587221'] for security_group (6f6db451-3e3c-4df0-b226-a5e74db5acce), after_create {{(pid=104052) _notify_loop /usr/local/lib/python3.8/dist-packages/neutron_lib/callbacks/manager.py:176}}
Jun 24 10:16:56.012696 dv-cinder-847132-2-iscsi neutron-server[104052]: DEBUG neutron.api.rpc.handlers.resources_rpc [None req-383bc95c-fc65-417f-b6b4-589005e67ff5 admin admin] Pushing event updated for resources: {'SecurityGroup': ['ID=6f6db451-3e3c-4df0-b226-a5e74db5acce,revision_number=1']} {{(pid=104052) push /opt/stack/neutron/neutron/api/rpc/handlers/resources_rpc.py:237}}
Jun 24 10:16:56.022950 dv-cinder-847132-2-iscsi neutron-server[104052]: INFO neutron.wsgi [None req-383bc95c-fc65-417f-b6b4-589005e67ff5 admin admin] 10.222.0.64 "GET /v2.0/security-groups?tenant_id=53188c64feb74f6993dc7cd4367f5ae2&name=default HTTP/1.1" status: 200 len: 2996 time: 0.1906528
Jun 24 10:16:56.023426 dv-cinder-847132-2-iscsi neutron-server[104051]: DEBUG neutron.wsgi [-] (104051) accepted ('10.222.0.64', 60538) {{(pid=104051) server /usr/local/lib/python3.8/dist-packages/eventlet/wsgi.py:1004}}
Jun 24 10:16:56.050301 dv-cinder-847132-2-iscsi neutron-server[104053]: DEBUG neutron.plugins.ml2.rpc [None req-c3d91337-753c-453f-9842-6fdd7a883af6 None None] Device f5b17bbb-f70d-4036-a17a-05e70d05ead8 details requested by agent hyperv_hv-cinder-84713 with host hv-cinder-84713 {{(pid=104053) get_device_details /opt/stack/neutron/neutron/plugins/ml2/rpc.py:102}}
Jun 24 10:16:56.112150 dv-cinder-847132-2-iscsi neutron-server[104051]: DEBUG neutron_lib.callbacks.manager [None req-35f868f7-a00c-4bd8-aeb8-f5f7e7d01988 admin admin] Publish callbacks [] for security_group (6f6db451-3e3c-4df0-b226-a5e74db5acce), before_delete {{(pid=104051) _notify_loop /usr/local/lib/python3.8/dist-packages/neutron_lib/callbacks/manager.py:176}}
Jun 24 10:16:56.158992 dv-cinder-847132-2-iscsi neutron-server[104051]: DEBUG neutron_lib.callbacks.manager [None req-35f868f7-a00c-4bd8-aeb8-f5f7e7d01988 admin admin] Publish callbacks [] for security_group (6f6db451-3e3c-4df0-b226-a5e74db5acce), precommit_delete {{(pid=104051) _notify_loop /usr/local/lib/python3.8/dist-packages/neutron_lib/callbacks/manager.py:176}}
Jun 24 10:16:56.196897 dv-cinder-847132-2-iscsi neutron-server[104053]: DEBUG neutron.plugins.ml2.db [None req-c3d91337-753c-453f-9842-6fdd7a883af6 None None] For port f5b17bbb-f70d-4036-a17a-05e70d05ead8, host hv-cinder-84713, got binding levels [PortBindingLevel(driver='hyperv',host='hv-cinder-84713',level=0,port_id=f5b17bbb-f70d-4036-a17a-05e70d05ead8,segment=NetworkSegment(4711d589-da8e-4c33-8cd2-a8ecd7a525ee),segment_id=4711d589-da8e-4c33-8cd2-a8ecd7a525ee)] {{(pid=104053) get_binding_level_objs /opt/stack/neutron/neutron/plugins/ml2/db.py:74}}
Jun 24 10:16:56.212133 dv-cinder-847132-2-iscsi neutron-server[104053]: DEBUG neutron.plugins.ml2.rpc [None req-c3d91337-753c-453f-9842-6fdd7a883af6 None None] Returning: {'device': 'f5b17bbb-f70d-4036-a17a-05e70d05ead8', 'network_id': 'd20895ef-2afb-4e4b-a39f-18a1a6f9b4f5', 'port_id': 'f5b17bbb-f70d-4036-a17a-05e70d05ead8', 'mac_address': 'fa:16:3e:c6:cb:4f', 'admin_state_up': True, 'network_type': 'vlan', 'segmentation_id': 566, 'physical_network': 'physnet1', 'mtu': 1500, 'fixed_ips': [{'subnet_id': '76a12e71-d45b-4321-aabc-7b9f132bf04a', 'ip_address': '172.20.0.11'}], 'device_owner': 'compute:nova', 'allowed_address_pairs': [], 'port_security_enabled': True, 'qos_policy_id': None, 'qos_network_policy_id': None, 'profile': {}, 'propagate_uplink_status': False} {{(pid=104053) _get_device_details /opt/stack/neutron/neutron/plugins/ml2/rpc.py:184}}
Jun 24 10:16:56.237373 dv-cinder-847132-2-iscsi neutron-server[104051]: DEBUG neutron_lib.callbacks.manager [None req-35f868f7-a00c-4bd8-aeb8-f5f7e7d01988 admin admin] Publish callbacks ['neutron.plugins.ml2.ovo_rpc._ObjectChangeHandler.handle_event-587221'] for security_group (6f6db451-3e3c-4df0-b226-a5e74db5acce), after_delete {{(pid=104051) _notify_loop /usr/local/lib/python3.8/dist-packages/neutron_lib/callbacks/manager.py:176}}
Jun 24 10:16:56.240347 dv-cinder-847132-2-iscsi neutron-server[104051]: DEBUG neutron_lib.callbacks.manager [None req-35f868f7-a00c-4bd8-aeb8-f5f7e7d01988 admin admin] Publish callbacks [] for security_group (None), before_response {{(pid=104051) _notify_loop /usr/local/lib/python3.8/dist-packages/neutron_lib/callbacks/manager.py:176}}
Jun 24 10:16:56.244444 dv-cinder-847132-2-iscsi neutron-server[104051]: INFO neutron.wsgi [None req-35f868f7-a00c-4bd8-aeb8-f5f7e7d01988 admin admin] 10.222.0.64 "DELETE /v2.0/security-groups/6f6db451-3e3c-4df0-b226-a5e74db5acce HTTP/1.1" status: 204 len: 168 time: 0.2165778
Jun 24 10:16:56.246250 dv-cinder-847132-2-iscsi neutron-server[104051]: DEBUG dbcounter [-] [104051] Writing DB stats neutron:SELECT=96,neutron:DELETE=4 {{(pid=104051) stat_writer /usr/local/lib/python3.8/dist-packages/dbcounter.py:114}}
Jun 24 10:16:56.254564 dv-cinder-847132-2-iscsi neutron-server[104051]: DEBUG neutron.api.rpc.handlers.resources_rpc [None req-35f868f7-a00c-4bd8-aeb8-f5f7e7d01988 admin admin] Pushing event deleted for resources: {'SecurityGroup': ['ID=6f6db451-3e3c-4df0-b226-a5e74db5acce,revision_number=None']} {{(pid=104051) push /opt/stack/neutron/neutron/api/rpc/handlers/resources_rpc.py:237}}
Jun 24 10:16:56.287687 dv-cinder-847132-2-iscsi neutron-server[104053]: DEBUG neutron.plugins.ml2.plugin [None req-c3d91337-753c-453f-9842-6fdd7a883af6 None None] Current status of the port f5b17bbb-f70d-4036-a17a-05e70d05ead8 is: DOWN; New status is: BUILD {{(pid=104053) _update_individual_port_db_status /opt/stack/neutron/neutron/plugins/ml2/plugin.py:2292}}
Jun 24 10:16:56.291199 dv-cinder-847132-2-iscsi neutron-server[104053]: DEBUG neutron_lib.callbacks.manager [None req-c3d91337-753c-453f-9842-6fdd7a883af6 None None] Publish callbacks ['neutron.plugins.ml2.plugin.SecurityGroupDbMixin._ensure_default_security_group_handler-3550166'] for port (f5b17bbb-f70d-4036-a17a-05e70d05ead8), before_update {{(pid=104053) _notify_loop /usr/local/lib/python3.8/dist-packages/neutron_lib/callbacks/manager.py:176}}
Jun 24 10:16:56.313388 dv-cinder-847132-2-iscsi neutron-server[104053]: DEBUG neutron.notifiers.nova [None req-c3d91337-753c-453f-9842-6fdd7a883af6 None None] Ignoring state change previous_port_status: DOWN current_port_status: BUILD port_id f5b17bbb-f70d-4036-a17a-05e70d05ead8 {{(pid=104053) record_port_status_changed /opt/stack/neutron/neutron/notifiers/nova.py:233}}
Jun 24 10:16:56.356458 dv-cinder-847132-2-iscsi neutron-server[104053]: DEBUG neutron.plugins.ml2.db [None req-c3d91337-753c-453f-9842-6fdd7a883af6 None None] For port f5b17bbb-f70d-4036-a17a-05e70d05ead8, host hv-cinder-84713, got binding levels [PortBindingLevel(driver='hyperv',host='hv-cinder-84713',level=0,port_id=f5b17bbb-f70d-4036-a17a-05e70d05ead8,segment=NetworkSegment(4711d589-da8e-4c33-8cd2-a8ecd7a525ee),segment_id=4711d589-da8e-4c33-8cd2-a8ecd7a525ee)] {{(pid=104053) get_binding_level_objs /opt/stack/neutron/neutron/plugins/ml2/db.py:74}}
Jun 24 10:16:56.364760 dv-cinder-847132-2-iscsi neutron-server[104053]: DEBUG neutron_lib.callbacks.manager [None req-c3d91337-753c-453f-9842-6fdd7a883af6 None None] Publish callbacks ['neutron.plugins.ml2.plugin.SecurityGroupServerNotifierRpcMixin._notify_sg_on_port_change-3550103', 'neutron.plugins.ml2.ovo_rpc._ObjectChangeHandler.handle_event-1004991', 'neutron.api.rpc.agentnotifiers.dhcp_rpc_agent_api.DhcpAgentNotifyAPI._native_event_send_dhcp_notification-548082', 'neutron.db.l3_db.L3RpcNotifierMixin._notify_gateway_port_ip_changed-8739177848414', 'neutron.db.l3_dvrscheduler_db._notify_l3_agent_port_update-8739177475732', 'neutron.db.l3_hascheduler_db._notify_l3_agent_ha_port_update-8739177475750'] for port (f5b17bbb-f70d-4036-a17a-05e70d05ead8), after_update {{(pid=104053) _notify_loop /usr/local/lib/python3.8/dist-packages/neutron_lib/callbacks/manager.py:176}}
Jun 24 10:16:56.367660 dv-cinder-847132-2-iscsi neutron-server[104053]: DEBUG neutron.plugins.ml2.rpc [None req-c3d91337-753c-453f-9842-6fdd7a883af6 None None] Device 05874f33-e136-4a35-af2c-074f2098eaf9 details requested by agent hyperv_hv-cinder-84713 with host hv-cinder-84713 {{(pid=104053) get_device_details /opt/stack/neutron/neutron/plugins/ml2/rpc.py:102}}
Jun 24 10:16:56.407065 dv-cinder-847132-2-iscsi neutron-server[104053]: DEBUG neutron.plugins.ml2.rpc [None req-c3d91337-753c-453f-9842-6fdd7a883af6 None None] Device 0c384c38-8450-4bcf-a60e-98848c87017b up at agent hyperv_hv-cinder-84713 {{(pid=104053) update_device_up /opt/stack/neutron/neutron/plugins/ml2/rpc.py:296}}
Jun 24 10:16:56.453907 dv-cinder-847132-2-iscsi neutron-server[104053]: DEBUG neutron.plugins.ml2.db [None req-c3d91337-753c-453f-9842-6fdd7a883af6 None None] For port 05874f33-e136-4a35-af2c-074f2098eaf9, host hv-cinder-84713, got binding levels [PortBindingLevel(driver='hyperv',host='hv-cinder-84713',level=0,port_id=05874f33-e136-4a35-af2c-074f2098eaf9,segment=NetworkSegment(4711d589-da8e-4c33-8cd2-a8ecd7a525ee),segment_id=4711d589-da8e-4c33-8cd2-a8ecd7a525ee)] {{(pid=104053) get_binding_level_objs /opt/stack/neutron/neutron/plugins/ml2/db.py:74}}
Jun 24 10:16:56.495940 dv-cinder-847132-2-iscsi neutron-server[104051]: DEBUG neutron.wsgi [-] (104051) accepted ('10.222.0.64', 60560) {{(pid=104051) server /usr/local/lib/python3.8/dist-packages/eventlet/wsgi.py:1004}}
Jun 24 10:16:56.498513 dv-cinder-847132-2-iscsi neutron-server[104053]: DEBUG dbcounter [-] [104053] Writing DB stats neutron:SELECT=97,neutron:UPDATE=3 {{(pid=104053) stat_writer /usr/local/lib/python3.8/dist-packages/dbcounter.py:114}}
Jun 24 10:16:56.577784 dv-cinder-847132-2-iscsi neutron-server[104053]: DEBUG neutron.api.rpc.handlers.resources_rpc [None req-c3d91337-753c-453f-9842-6fdd7a883af6 None None] Pushing event updated for resources: {'Port': ['ID=f5b17bbb-f70d-4036-a17a-05e70d05ead8,revision_number=4']} {{(pid=104053) push /opt/stack/neutron/neutron/api/rpc/handlers/resources_rpc.py:237}}
Jun 24 10:16:56.583724 dv-cinder-847132-2-iscsi neutron-server[104053]: DEBUG neutron.plugins.ml2.rpc [None req-c3d91337-753c-453f-9842-6fdd7a883af6 None None] Returning: {'device': '05874f33-e136-4a35-af2c-074f2098eaf9', 'network_id': 'd20895ef-2afb-4e4b-a39f-18a1a6f9b4f5', 'port_id': '05874f33-e136-4a35-af2c-074f2098eaf9', 'mac_address': 'fa:16:3e:86:93:bb', 'admin_state_up': True, 'network_type': 'vlan', 'segmentation_id': 566, 'physical_network': 'physnet1', 'mtu': 1500, 'fixed_ips': [{'subnet_id': '76a12e71-d45b-4321-aabc-7b9f132bf04a', 'ip_address': '172.20.0.14'}], 'device_owner': 'compute:nova', 'allowed_address_pairs': [], 'port_security_enabled': True, 'qos_policy_id': None, 'qos_network_policy_id': None, 'profile': {}, 'propagate_uplink_status': False} {{(pid=104053) _get_device_details /opt/stack/neutron/neutron/plugins/ml2/rpc.py:184}}
Jun 24 10:16:56.636118 dv-cinder-847132-2-iscsi neutron-server[104051]: DEBUG neutron.pecan_wsgi.hooks.policy_enforcement [req-81257b61-4f7f-4a1b-83f1-bb11838ff539 req-f48df4c0-71d0-43cb-a7b7-d6e4b34f29fe tempest-ServerRescueNegativeTestJSON-201478222 tempest-ServerRescueNegativeTestJSON-201478222-project] Attributes excluded by policy engine: ['standard_attr_id', 'binding:profile', 'binding:host_id', 'binding:vif_type', 'binding:vif_details'] {{(pid=104051) _exclude_attributes_by_policy /opt/stack/neutron/neutron/pecan_wsgi/hooks/policy_enforcement.py:259}}
Jun 24 10:16:56.638880 dv-cinder-847132-2-iscsi neutron-server[104053]: DEBUG dbcounter [-] [104053] Writing DB stats neutron:SELECT=99,neutron:UPDATE=1 {{(pid=104053) stat_writer /usr/local/lib/python3.8/dist-packages/dbcounter.py:114}}
Jun 24 10:16:56.646254 dv-cinder-847132-2-iscsi neutron-server[104051]: INFO neutron.wsgi [req-81257b61-4f7f-4a1b-83f1-bb11838ff539 req-f48df4c0-71d0-43cb-a7b7-d6e4b34f29fe tempest-ServerRescueNegativeTestJSON-201478222 tempest-ServerRescueNegativeTestJSON-201478222-project] 10.222.0.64 "GET /v2.0/ports?device_id=be1b257c-d6c5-4686-96f2-73dfcb9516ef HTTP/1.1" status: 200 len: 945 time: 0.0853019
Jun 24 10:16:56.657247 dv-cinder-847132-2-iscsi neutron-server[104053]: DEBUG neutron.db.provisioning_blocks [None req-c3d91337-753c-453f-9842-6fdd7a883af6 None None] Provisioning for port 0c384c38-8450-4bcf-a60e-98848c87017b completed by entity L2. {{(pid=104053) provisioning_complete /opt/stack/neutron/neutron/db/provisioning_blocks.py:137}}
Jun 24 10:16:56.675507 dv-cinder-847132-2-iscsi neutron-server[104053]: DEBUG neutron.db.provisioning_blocks [None req-c3d91337-753c-453f-9842-6fdd7a883af6 None None] Provisioning complete for port 0c384c38-8450-4bcf-a60e-98848c87017b triggered by entity L2. {{(pid=104053) provisioning_complete /opt/stack/neutron/neutron/db/provisioning_blocks.py:145}}
Jun 24 10:16:56.676850 dv-cinder-847132-2-iscsi neutron-server[104053]: DEBUG neutron_lib.callbacks.manager [None req-c3d91337-753c-453f-9842-6fdd7a883af6 None None] Publish callbacks ['neutron.plugins.ml2.plugin.Ml2Plugin._port_provisioned-3789014'] for port (0c384c38-8450-4bcf-a60e-98848c87017b), provisioning_complete {{(pid=104053) _notify_loop /usr/local/lib/python3.8/dist-packages/neutron_lib/callbacks/manager.py:176}}
Jun 24 10:16:56.679744 dv-cinder-847132-2-iscsi neutron-server[104053]: DEBUG neutron.plugins.ml2.plugin [None req-c3d91337-753c-453f-9842-6fdd7a883af6 None None] Current status of the port 05874f33-e136-4a35-af2c-074f2098eaf9 is: DOWN; New status is: BUILD {{(pid=104053) _update_individual_port_db_status /opt/stack/neutron/neutron/plugins/ml2/plugin.py:2292}}
Jun 24 10:16:56.680567 dv-cinder-847132-2-iscsi neutron-server[104053]: DEBUG neutron_lib.callbacks.manager [None req-c3d91337-753c-453f-9842-6fdd7a883af6 None None] Publish callbacks ['neutron.plugins.ml2.plugin.SecurityGroupDbMixin._ensure_default_security_group_handler-3550166'] for port (05874f33-e136-4a35-af2c-074f2098eaf9), before_update {{(pid=104053) _notify_loop /usr/local/lib/python3.8/dist-packages/neutron_lib/callbacks/manager.py:176}}
Jun 24 10:16:56.746183 dv-cinder-847132-2-iscsi neutron-server[104053]: DEBUG neutron.notifiers.nova [None req-c3d91337-753c-453f-9842-6fdd7a883af6 None None] Ignoring state change previous_port_status: DOWN current_port_status: BUILD port_id 05874f33-e136-4a35-af2c-074f2098eaf9 {{(pid=104053) record_port_status_changed /opt/stack/neutron/neutron/notifiers/nova.py:233}}
Jun 24 10:16:56.755036 dv-cinder-847132-2-iscsi neutron-server[104051]: DEBUG neutron_lib.callbacks.manager [None req-1dee48c0-6e9d-434a-8929-4ef82761aea3 admin admin] Publish callbacks [] for security_group (None), before_create {{(pid=104051) _notify_loop /usr/local/lib/python3.8/dist-packages/neutron_lib/callbacks/manager.py:176}}
Jun 24 10:16:56.776857 dv-cinder-847132-2-iscsi neutron-server[104053]: DEBUG neutron.plugins.ml2.db [None req-c3d91337-753c-453f-9842-6fdd7a883af6 None None] For port 05874f33-e136-4a35-af2c-074f2098eaf9, host hv-cinder-84713, got binding levels [PortBindingLevel(driver='hyperv',host='hv-cinder-84713',level=0,port_id=05874f33-e136-4a35-af2c-074f2098eaf9,segment=NetworkSegment(4711d589-da8e-4c33-8cd2-a8ecd7a525ee),segment_id=4711d589-da8e-4c33-8cd2-a8ecd7a525ee)] {{(pid=104053) get_binding_level_objs /opt/stack/neutron/neutron/plugins/ml2/db.py:74}}
Jun 24 10:16:56.782863 dv-cinder-847132-2-iscsi neutron-server[104051]: DEBUG neutron.pecan_wsgi.hooks.policy_enforcement [req-1e259a7e-1a9b-40e3-8c5b-c453710feba3 req-bb2c7b90-ca96-44e3-b4d9-ded8adb220cb tempest-AttachVolumeShelveTestJSON-164554392 tempest-AttachVolumeShelveTestJSON-164554392-project] Attributes excluded by policy engine: ['standard_attr_id', 'binding:profile', 'binding:host_id', 'binding:vif_type', 'binding:vif_details'] {{(pid=104051) _exclude_attributes_by_policy /opt/stack/neutron/neutron/pecan_wsgi/hooks/policy_enforcement.py:259}}
Jun 24 10:16:56.783169 dv-cinder-847132-2-iscsi neutron-server[104053]: DEBUG neutron_lib.callbacks.manager [None req-c3d91337-753c-453f-9842-6fdd7a883af6 None None] Publish callbacks ['neutron.plugins.ml2.plugin.SecurityGroupServerNotifierRpcMixin._notify_sg_on_port_change-3550103', 'neutron.plugins.ml2.ovo_rpc._ObjectChangeHandler.handle_event-1004991', 'neutron.api.rpc.agentnotifiers.dhcp_rpc_agent_api.DhcpAgentNotifyAPI._native_event_send_dhcp_notification-548082', 'neutron.db.l3_db.L3RpcNotifierMixin._notify_gateway_port_ip_changed-8739177848414', 'neutron.db.l3_dvrscheduler_db._notify_l3_agent_port_update-8739177475732', 'neutron.db.l3_hascheduler_db._notify_l3_agent_ha_port_update-8739177475750'] for port (05874f33-e136-4a35-af2c-074f2098eaf9), after_update {{(pid=104053) _notify_loop /usr/local/lib/python3.8/dist-packages/neutron_lib/callbacks/manager.py:176}}
Jun 24 10:16:56.786004 dv-cinder-847132-2-iscsi neutron-server[104051]: INFO neutron.wsgi [req-1e259a7e-1a9b-40e3-8c5b-c453710feba3 req-bb2c7b90-ca96-44e3-b4d9-ded8adb220cb tempest-AttachVolumeShelveTestJSON-164554392 tempest-AttachVolumeShelveTestJSON-164554392-project] 10.222.0.64 "GET /v2.0/ports?device_id=cb96a476-856a-400c-8c57-30b98297ebee HTTP/1.1" status: 200 len: 944 time: 0.1587782
Jun 24 10:16:56.807662 dv-cinder-847132-2-iscsi neutron-server[104051]: INFO neutron.wsgi [req-81257b61-4f7f-4a1b-83f1-bb11838ff539 req-b1118c8a-0721-4b5f-9041-293e080ba3c6 tempest-ServerRescueNegativeTestJSON-201478222 tempest-ServerRescueNegativeTestJSON-201478222-project] 10.222.0.64 "GET /v2.0/security-groups?id=59052e2d-1e15-4ff8-a20f-95eb7d0e6759&fields=id&fields=name HTTP/1.1" status: 200 len: 286 time: 0.1604726
Jun 24 10:16:56.871859 dv-cinder-847132-2-iscsi neutron-server[104053]: DEBUG neutron.plugins.ml2.plugin [None req-c3d91337-753c-453f-9842-6fdd7a883af6 None None] Current status of the port 0c384c38-8450-4bcf-a60e-98848c87017b is: BUILD; New status is: ACTIVE {{(pid=104053) _update_individual_port_db_status /opt/stack/neutron/neutron/plugins/ml2/plugin.py:2292}}
Jun 24 10:16:56.872251 dv-cinder-847132-2-iscsi neutron-server[104053]: DEBUG neutron_lib.callbacks.manager [None req-c3d91337-753c-453f-9842-6fdd7a883af6 None None] Publish callbacks ['neutron.plugins.ml2.plugin.SecurityGroupDbMixin._ensure_default_security_group_handler-3550166'] for port (0c384c38-8450-4bcf-a60e-98848c87017b), before_update {{(pid=104053) _notify_loop /usr/local/lib/python3.8/dist-packages/neutron_lib/callbacks/manager.py:176}}
Jun 24 10:16:56.893706 dv-cinder-847132-2-iscsi neutron-server[104051]: INFO neutron.wsgi [req-1e259a7e-1a9b-40e3-8c5b-c453710feba3 req-0805ed90-ce3b-45bb-a96e-c2333a7d9d4e tempest-AttachVolumeShelveTestJSON-164554392 tempest-AttachVolumeShelveTestJSON-164554392-project] 10.222.0.64 "GET /v2.0/security-groups?id=e12f9b51-fc8f-4a3a-809f-4db4a0d885c3&fields=id&fields=name HTTP/1.1" status: 200 len: 313 time: 0.0999198
Jun 24 10:16:56.917374 dv-cinder-847132-2-iscsi neutron-server[104053]: DEBUG neutron.notifiers.nova [-] Sending events: [{'server_uuid': 'cb96a476-856a-400c-8c57-30b98297ebee', 'name': 'network-vif-plugged', 'status': 'completed', 'tag': '0c384c38-8450-4bcf-a60e-98848c87017b'}] {{(pid=104053) send_events /opt/stack/neutron/neutron/notifiers/nova.py:271}}
Jun 24 10:16:57.040871 dv-cinder-847132-2-iscsi neutron-server[104053]: DEBUG neutron.api.rpc.handlers.resources_rpc [None req-c3d91337-753c-453f-9842-6fdd7a883af6 None None] Pushing event updated for resources: {'Port': ['ID=05874f33-e136-4a35-af2c-074f2098eaf9,revision_number=4']} {{(pid=104053) push /opt/stack/neutron/neutron/api/rpc/handlers/resources_rpc.py:237}}
Jun 24 10:16:57.042413 dv-cinder-847132-2-iscsi neutron-server[104051]: DEBUG neutron_lib.callbacks.manager [None req-1dee48c0-6e9d-434a-8929-4ef82761aea3 admin admin] Publish callbacks [] for security_group (d676a423-02a1-4ac9-a17a-c747553572b0), precommit_create {{(pid=104051) _notify_loop /usr/local/lib/python3.8/dist-packages/neutron_lib/callbacks/manager.py:176}}
Jun 24 10:16:57.068764 dv-cinder-847132-2-iscsi neutron-server[104053]: DEBUG neutron.plugins.ml2.db [None req-c3d91337-753c-453f-9842-6fdd7a883af6 None None] For port 0c384c38-8450-4bcf-a60e-98848c87017b, host hv-cinder-84713, got binding levels [PortBindingLevel(driver='hyperv',host='hv-cinder-84713',level=0,port_id=0c384c38-8450-4bcf-a60e-98848c87017b,segment=NetworkSegment(21c9839e-eac9-45b6-8215-616b568884d1),segment_id=21c9839e-eac9-45b6-8215-616b568884d1)] {{(pid=104053) get_binding_level_objs /opt/stack/neutron/neutron/plugins/ml2/db.py:74}}
Jun 24 10:16:57.075805 dv-cinder-847132-2-iscsi neutron-server[104053]: DEBUG neutron_lib.callbacks.manager [None req-c3d91337-753c-453f-9842-6fdd7a883af6 None None] Publish callbacks ['neutron.plugins.ml2.plugin.SecurityGroupServerNotifierRpcMixin._notify_sg_on_port_change-3550103', 'neutron.plugins.ml2.ovo_rpc._ObjectChangeHandler.handle_event-1004991', 'neutron.api.rpc.agentnotifiers.dhcp_rpc_agent_api.DhcpAgentNotifyAPI._native_event_send_dhcp_notification-548082', 'neutron.db.l3_db.L3RpcNotifierMixin._notify_gateway_port_ip_changed-8739177848414', 'neutron.db.l3_dvrscheduler_db._notify_l3_agent_port_update-8739177475732', 'neutron.db.l3_hascheduler_db._notify_l3_agent_ha_port_update-8739177475750'] for port (0c384c38-8450-4bcf-a60e-98848c87017b), after_update {{(pid=104053) _notify_loop /usr/local/lib/python3.8/dist-packages/neutron_lib/callbacks/manager.py:176}}
Jun 24 10:16:57.077801 dv-cinder-847132-2-iscsi neutron-server[104051]: DEBUG neutron_lib.callbacks.manager [None req-1dee48c0-6e9d-434a-8929-4ef82761aea3 admin admin] Publish callbacks ['neutron.plugins.ml2.ovo_rpc._ObjectChangeHandler.handle_event-587221'] for security_group (d676a423-02a1-4ac9-a17a-c747553572b0), after_create {{(pid=104051) _notify_loop /usr/local/lib/python3.8/dist-packages/neutron_lib/callbacks/manager.py:176}}
Jun 24 10:16:57.079749 dv-cinder-847132-2-iscsi neutron-server[104053]: DEBUG neutron.plugins.ml2.rpc [None req-c3d91337-753c-453f-9842-6fdd7a883af6 None None] Device 90942a6e-0933-48c1-80c9-55ff402f0b93 up at agent hyperv_hv-cinder-84713 {{(pid=104053) update_device_up /opt/stack/neutron/neutron/plugins/ml2/rpc.py:296}}
Jun 24 10:16:57.123667 dv-cinder-847132-2-iscsi neutron-server[104051]: DEBUG neutron.pecan_wsgi.hooks.policy_enforcement [req-3ffb24f6-57a9-46e0-b703-d7062f21940d req-f5799c76-de03-4637-8252-5057f0002f55 tempest-AttachVolumeTestJSON-488963523 tempest-AttachVolumeTestJSON-488963523-project] Attributes excluded by policy engine: ['standard_attr_id', 'binding:profile', 'binding:host_id', 'binding:vif_type', 'binding:vif_details'] {{(pid=104051) _exclude_attributes_by_policy /opt/stack/neutron/neutron/pecan_wsgi/hooks/policy_enforcement.py:259}}
Jun 24 10:16:57.125243 dv-cinder-847132-2-iscsi neutron-server[104051]: INFO neutron.wsgi [req-3ffb24f6-57a9-46e0-b703-d7062f21940d req-f5799c76-de03-4637-8252-5057f0002f55 tempest-AttachVolumeTestJSON-488963523 tempest-AttachVolumeTestJSON-488963523-project] 10.222.0.64 "GET /v2.0/ports?device_id=e3be66ae-a25d-46c4-b8b1-5e35eb49f8d1 HTTP/1.1" status: 200 len: 943 time: 0.1433954
Jun 24 10:16:57.139848 dv-cinder-847132-2-iscsi neutron-server[104053]: DEBUG neutron.plugins.ml2.db [None req-c3d91337-753c-453f-9842-6fdd7a883af6 None None] get_ports_and_sgs() called for port_ids ['f5b17bbb-f70d-4036-a17a-05e70d05ead8'] {{(pid=104053) get_ports_and_sgs /opt/stack/neutron/neutron/plugins/ml2/db.py:156}}
Jun 24 10:16:57.153357 dv-cinder-847132-2-iscsi neutron-server[104051]: DEBUG neutron.pecan_wsgi.hooks.policy_enforcement [req-a41411db-36c5-4745-9e7f-814fb99204be req-da1464bc-4b4d-4ddb-8afc-99a6a4abcddc tempest-DeleteServersTestJSON-1187438344 tempest-DeleteServersTestJSON-1187438344-project] Attributes excluded by policy engine: ['standard_attr_id', 'binding:profile', 'binding:host_id', 'binding:vif_type', 'binding:vif_details'] {{(pid=104051) _exclude_attributes_by_policy /opt/stack/neutron/neutron/pecan_wsgi/hooks/policy_enforcement.py:259}}
Jun 24 10:16:57.155205 dv-cinder-847132-2-iscsi neutron-server[104051]: INFO neutron.wsgi [req-a41411db-36c5-4745-9e7f-814fb99204be req-da1464bc-4b4d-4ddb-8afc-99a6a4abcddc tempest-DeleteServersTestJSON-1187438344 tempest-DeleteServersTestJSON-1187438344-project] 10.222.0.64 "GET /v2.0/ports?device_id=e33ad457-f04e-45ab-994a-de25ed757120 HTTP/1.1" status: 200 len: 945 time: 0.1465924
Jun 24 10:16:57.162529 dv-cinder-847132-2-iscsi neutron-server[104051]: DEBUG neutron.api.rpc.handlers.resources_rpc [None req-1dee48c0-6e9d-434a-8929-4ef82761aea3 admin admin] Pushing event updated for resources: {'SecurityGroup': ['ID=d676a423-02a1-4ac9-a17a-c747553572b0,revision_number=1']} {{(pid=104051) push /opt/stack/neutron/neutron/api/rpc/handlers/resources_rpc.py:237}}
Jun 24 10:16:57.167251 dv-cinder-847132-2-iscsi neutron-server[104051]: DEBUG dbcounter [-] [104051] Writing DB stats neutron:SELECT=91,neutron:DELETE=4,neutron:UPDATE=1,neutron:INSERT=4 {{(pid=104051) stat_writer /usr/local/lib/python3.8/dist-packages/dbcounter.py:114}}
Jun 24 10:16:57.171813 dv-cinder-847132-2-iscsi neutron-server[104051]: INFO neutron.wsgi [None req-1dee48c0-6e9d-434a-8929-4ef82761aea3 admin admin] 10.222.0.64 "GET /v2.0/security-groups?tenant_id=54b30bbafafe4764b076c58274c59af6&name=default HTTP/1.1" status: 200 len: 2996 time: 0.6747718
Jun 24 10:16:57.182192 dv-cinder-847132-2-iscsi neutron-server[104052]: DEBUG neutron.wsgi [-] (104052) accepted ('10.222.0.64', 60588) {{(pid=104052) server /usr/local/lib/python3.8/dist-packages/eventlet/wsgi.py:1004}}
Jun 24 10:16:57.234311 dv-cinder-847132-2-iscsi neutron-server[104053]: DEBUG neutron.plugins.ml2.db [None req-c3d91337-753c-453f-9842-6fdd7a883af6 None None] get_ports_and_sgs() called for port_ids ['05874f33-e136-4a35-af2c-074f2098eaf9'] {{(pid=104053) get_ports_and_sgs /opt/stack/neutron/neutron/plugins/ml2/db.py:156}}
Jun 24 10:16:57.289493 dv-cinder-847132-2-iscsi neutron-server[104053]: DEBUG novaclient.v2.client [-] REQ: curl -g -i --cacert "/opt/stack/data/ca-bundle.pem" -X POST http://10.222.0.64/compute/v2.1/os-server-external-events -H "Accept: application/json" -H "Content-Type: application/json" -H "User-Agent: python-novaclient" -H "X-Auth-Token: {SHA256}250aa6cbd433bc642aaccb7721e4e33b383ac11a527925018806d653f459620f" -H "X-OpenStack-Nova-API-Version: 2.1" -H "X-OpenStack-Request-ID: req-9927f20b-2a00-4dfa-903a-dcb1e81a7537" -d '{"events": [{"server_uuid": "cb96a476-856a-400c-8c57-30b98297ebee", "name": "network-vif-plugged", "status": "completed", "tag": "0c384c38-8450-4bcf-a60e-98848c87017b"}]}' {{(pid=104053) _http_log_request /usr/local/lib/python3.8/dist-packages/keystoneauth1/session.py:519}}
Jun 24 10:16:57.297762 dv-cinder-847132-2-iscsi neutron-server[104052]: DEBUG neutron_lib.callbacks.manager [None req-71e0c24d-b680-436b-87e8-c2bac7a7175d admin admin] Publish callbacks [] for security_group (d676a423-02a1-4ac9-a17a-c747553572b0), before_delete {{(pid=104052) _notify_loop /usr/local/lib/python3.8/dist-packages/neutron_lib/callbacks/manager.py:176}}
Jun 24 10:16:57.299507 dv-cinder-847132-2-iscsi neutron-server[104053]: DEBUG neutron_lib.callbacks.manager [None req-76fc6fef-748e-425a-893d-ce1416d4f5dd None None] Publish callbacks ['neutron.services.segments.db._update_segment_host_mapping_for_agent-8739177752953', 'neutron.plugins.ml2.plugin.Ml2Plugin._retry_binding_revived_agents-3788404'] for agent (8b07060b-191d-49c5-87c0-d94101b21510), after_update {{(pid=104053) _notify_loop /usr/local/lib/python3.8/dist-packages/neutron_lib/callbacks/manager.py:176}}
Jun 24 10:16:57.310693 dv-cinder-847132-2-iscsi neutron-server[104051]: INFO neutron.wsgi [req-a41411db-36c5-4745-9e7f-814fb99204be req-354ce615-b72f-484b-a973-24fd8fbc2439 tempest-DeleteServersTestJSON-1187438344 tempest-DeleteServersTestJSON-1187438344-project] 10.222.0.64 "GET /v2.0/security-groups?id=7abb6ce8-718b-446c-9967-93fc9e6ba090&fields=id&fields=name HTTP/1.1" status: 200 len: 286 time: 0.1371043
Jun 24 10:16:57.328088 dv-cinder-847132-2-iscsi neutron-server[104051]: INFO neutron.wsgi [req-3ffb24f6-57a9-46e0-b703-d7062f21940d req-7373f02a-cf46-44d7-9a0b-f9374427bf53 tempest-AttachVolumeTestJSON-488963523 tempest-AttachVolumeTestJSON-488963523-project] 10.222.0.64 "GET /v2.0/security-groups?id=5b98c301-685f-4c95-adf1-d47cd9c68e54&fields=id&fields=name HTTP/1.1" status: 200 len: 313 time: 0.1848030
Jun 24 10:16:57.339572 dv-cinder-847132-2-iscsi neutron-server[104052]: DEBUG dbcounter [-] [104052] Writing DB stats neutron:SELECT=89,neutron:INSERT=10,neutron:UPDATE=1 {{(pid=104052) stat_writer /usr/local/lib/python3.8/dist-packages/dbcounter.py:114}}
Jun 24 10:16:57.342545 dv-cinder-847132-2-iscsi neutron-server[104053]: DEBUG neutron.db.provisioning_blocks [None req-c3d91337-753c-453f-9842-6fdd7a883af6 None None] Provisioning for port 90942a6e-0933-48c1-80c9-55ff402f0b93 completed by entity L2. {{(pid=104053) provisioning_complete /opt/stack/neutron/neutron/db/provisioning_blocks.py:137}}
Jun 24 10:16:57.359539 dv-cinder-847132-2-iscsi neutron-server[104052]: DEBUG neutron_lib.callbacks.manager [None req-71e0c24d-b680-436b-87e8-c2bac7a7175d admin admin] Publish callbacks [] for security_group (d676a423-02a1-4ac9-a17a-c747553572b0), precommit_delete {{(pid=104052) _notify_loop /usr/local/lib/python3.8/dist-packages/neutron_lib/callbacks/manager.py:176}}
Jun 24 10:16:57.367712 dv-cinder-847132-2-iscsi neutron-server[104053]: DEBUG neutron.api.rpc.handlers.resources_rpc [None req-c3d91337-753c-453f-9842-6fdd7a883af6 None None] Pushing event updated for resources: {'Port': ['ID=0c384c38-8450-4bcf-a60e-98848c87017b,revision_number=5']} {{(pid=104053) push /opt/stack/neutron/neutron/api/rpc/handlers/resources_rpc.py:237}}
Jun 24 10:16:57.373627 dv-cinder-847132-2-iscsi neutron-server[104052]: DEBUG dbcounter [-] [104052] Writing DB stats neutron:SELECT=87,neutron:INSERT=12,neutron:UPDATE=1 {{(pid=104052) stat_writer /usr/local/lib/python3.8/dist-packages/dbcounter.py:114}}
Jun 24 10:16:57.389324 dv-cinder-847132-2-iscsi neutron-server[104053]: DEBUG neutron.db.provisioning_blocks [None req-c3d91337-753c-453f-9842-6fdd7a883af6 None None] Provisioning complete for port 90942a6e-0933-48c1-80c9-55ff402f0b93 triggered by entity L2. {{(pid=104053) provisioning_complete /opt/stack/neutron/neutron/db/provisioning_blocks.py:145}}
Jun 24 10:16:57.389703 dv-cinder-847132-2-iscsi neutron-server[104053]: DEBUG neutron_lib.callbacks.manager [None req-c3d91337-753c-453f-9842-6fdd7a883af6 None None] Publish callbacks ['neutron.plugins.ml2.plugin.Ml2Plugin._port_provisioned-3789014'] for port (90942a6e-0933-48c1-80c9-55ff402f0b93), provisioning_complete {{(pid=104053) _notify_loop /usr/local/lib/python3.8/dist-packages/neutron_lib/callbacks/manager.py:176}}
Jun 24 10:16:57.448217 dv-cinder-847132-2-iscsi neutron-server[104052]: DEBUG neutron_lib.callbacks.manager [None req-71e0c24d-b680-436b-87e8-c2bac7a7175d admin admin] Publish callbacks ['neutron.plugins.ml2.ovo_rpc._ObjectChangeHandler.handle_event-587221'] for security_group (d676a423-02a1-4ac9-a17a-c747553572b0), after_delete {{(pid=104052) _notify_loop /usr/local/lib/python3.8/dist-packages/neutron_lib/callbacks/manager.py:176}}
Jun 24 10:16:57.450659 dv-cinder-847132-2-iscsi neutron-server[104052]: DEBUG neutron_lib.callbacks.manager [None req-71e0c24d-b680-436b-87e8-c2bac7a7175d admin admin] Publish callbacks [] for security_group (None), before_response {{(pid=104052) _notify_loop /usr/local/lib/python3.8/dist-packages/neutron_lib/callbacks/manager.py:176}}
Jun 24 10:16:57.452321 dv-cinder-847132-2-iscsi neutron-server[104052]: INFO neutron.wsgi [None req-71e0c24d-b680-436b-87e8-c2bac7a7175d admin admin] 10.222.0.64 "DELETE /v2.0/security-groups/d676a423-02a1-4ac9-a17a-c747553572b0 HTTP/1.1" status: 204 len: 168 time: 0.2669401
Jun 24 10:16:57.460793 dv-cinder-847132-2-iscsi neutron-server[104052]: DEBUG neutron.api.rpc.handlers.resources_rpc [None req-71e0c24d-b680-436b-87e8-c2bac7a7175d admin admin] Pushing event deleted for resources: {'SecurityGroup': ['ID=d676a423-02a1-4ac9-a17a-c747553572b0,revision_number=None']} {{(pid=104052) push /opt/stack/neutron/neutron/api/rpc/handlers/resources_rpc.py:237}}
Jun 24 10:16:57.611276 dv-cinder-847132-2-iscsi neutron-server[104053]: DEBUG novaclient.v2.client [-] RESP: [200] Connection: close Content-Length: 183 Content-Type: application/json Date: Fri, 24 Jun 2022 10:16:57 GMT OpenStack-API-Version: compute 2.1 Server: Apache/2.4.41 (Ubuntu) Vary: OpenStack-API-Version,X-OpenStack-Nova-API-Version X-OpenStack-Nova-API-Version: 2.1 x-compute-request-id: req-22a6553f-9ea5-4953-a259-2d27bd254f1c x-openstack-request-id: req-22a6553f-9ea5-4953-a259-2d27bd254f1c {{(pid=104053) _http_log_response /usr/local/lib/python3.8/dist-packages/keystoneauth1/session.py:550}}
Jun 24 10:16:57.611767 dv-cinder-847132-2-iscsi neutron-server[104053]: DEBUG novaclient.v2.client [-] RESP BODY: {"events": [{"server_uuid": "cb96a476-856a-400c-8c57-30b98297ebee", "name": "network-vif-plugged", "status": "completed", "tag": "0c384c38-8450-4bcf-a60e-98848c87017b", "code": 200}]} {{(pid=104053) _http_log_response /usr/local/lib/python3.8/dist-packages/keystoneauth1/session.py:582}}
Jun 24 10:16:57.611965 dv-cinder-847132-2-iscsi neutron-server[104053]: DEBUG novaclient.v2.client [-] POST call to compute for http://10.222.0.64/compute/v2.1/os-server-external-events used request id req-22a6553f-9ea5-4953-a259-2d27bd254f1c {{(pid=104053) request /usr/local/lib/python3.8/dist-packages/keystoneauth1/session.py:954}}
Jun 24 10:16:57.612815 dv-cinder-847132-2-iscsi neutron-server[104053]: INFO neutron.notifiers.nova [-] Nova event matching ['req-22a6553f-9ea5-4953-a259-2d27bd254f1c'] response: {'server_uuid': 'cb96a476-856a-400c-8c57-30b98297ebee', 'name': 'network-vif-plugged', 'status': 'completed', 'tag': '0c384c38-8450-4bcf-a60e-98848c87017b', 'code': 200}
Jun 24 10:16:57.648404 dv-cinder-847132-2-iscsi neutron-server[104053]: DEBUG neutron.plugins.ml2.plugin [None req-c3d91337-753c-453f-9842-6fdd7a883af6 None None] Current status of the port 90942a6e-0933-48c1-80c9-55ff402f0b93 is: BUILD; New status is: ACTIVE {{(pid=104053) _update_individual_port_db_status /opt/stack/neutron/neutron/plugins/ml2/plugin.py:2292}}
Jun 24 10:16:57.655859 dv-cinder-847132-2-iscsi neutron-server[104053]: DEBUG neutron_lib.callbacks.manager [None req-c3d91337-753c-453f-9842-6fdd7a883af6 None None] Publish callbacks ['neutron.plugins.ml2.plugin.SecurityGroupDbMixin._ensure_default_security_group_handler-3550166'] for port (90942a6e-0933-48c1-80c9-55ff402f0b93), before_update {{(pid=104053) _notify_loop /usr/local/lib/python3.8/dist-packages/neutron_lib/callbacks/manager.py:176}}
Jun 24 10:16:57.901567 dv-cinder-847132-2-iscsi neutron-server[104053]: DEBUG neutron.plugins.ml2.db [None req-c3d91337-753c-453f-9842-6fdd7a883af6 None None] For port 90942a6e-0933-48c1-80c9-55ff402f0b93, host hv-cinder-84713, got binding levels [PortBindingLevel(driver='hyperv',host='hv-cinder-84713',level=0,port_id=90942a6e-0933-48c1-80c9-55ff402f0b93,segment=NetworkSegment(125639f9-8741-4daa-bedb-b7f3c24f0880),segment_id=125639f9-8741-4daa-bedb-b7f3c24f0880)] {{(pid=104053) get_binding_level_objs /opt/stack/neutron/neutron/plugins/ml2/db.py:74}}
Jun 24 10:16:57.902378 dv-cinder-847132-2-iscsi neutron-server[104053]: DEBUG dbcounter [-] [104053] Writing DB stats neutron:SELECT=98,neutron:DELETE=1,neutron:UPDATE=1 {{(pid=104053) stat_writer /usr/local/lib/python3.8/dist-packages/dbcounter.py:114}}
Jun 24 10:16:57.903096 dv-cinder-847132-2-iscsi neutron-server[104053]: DEBUG dbcounter [-] [104053] Writing DB stats neutron:SELECT=93,neutron:UPDATE=6,neutron:DELETE=1 {{(pid=104053) stat_writer /usr/local/lib/python3.8/dist-packages/dbcounter.py:114}}
Jun 24 10:16:57.937323 dv-cinder-847132-2-iscsi neutron-server[104053]: DEBUG neutron_lib.callbacks.manager [None req-c3d91337-753c-453f-9842-6fdd7a883af6 None None] Publish callbacks ['neutron.plugins.ml2.plugin.SecurityGroupServerNotifierRpcMixin._notify_sg_on_port_change-3550103', 'neutron.plugins.ml2.ovo_rpc._ObjectChangeHandler.handle_event-1004991', 'neutron.api.rpc.agentnotifiers.dhcp_rpc_agent_api.DhcpAgentNotifyAPI._native_event_send_dhcp_notification-548082', 'neutron.db.l3_db.L3RpcNotifierMixin._notify_gateway_port_ip_changed-8739177848414', 'neutron.db.l3_dvrscheduler_db._notify_l3_agent_port_update-8739177475732', 'neutron.db.l3_hascheduler_db._notify_l3_agent_ha_port_update-8739177475750'] for port (90942a6e-0933-48c1-80c9-55ff402f0b93), after_update {{(pid=104053) _notify_loop /usr/local/lib/python3.8/dist-packages/neutron_lib/callbacks/manager.py:176}}
Jun 24 10:16:57.954858 dv-cinder-847132-2-iscsi neutron-server[104052]: DEBUG neutron.pecan_wsgi.hooks.policy_enforcement [req-4f25b122-798c-4955-8df5-4c2cff678e15 req-bba1c6a0-c614-4fef-8eb9-2e3818d9c850 service neutron] Attributes excluded by policy engine: ['standard_attr_id'] {{(pid=104052) _exclude_attributes_by_policy /opt/stack/neutron/neutron/pecan_wsgi/hooks/policy_enforcement.py:259}}
Jun 24 10:16:57.956697 dv-cinder-847132-2-iscsi neutron-server[104052]: INFO neutron.wsgi [req-4f25b122-798c-4955-8df5-4c2cff678e15 req-bba1c6a0-c614-4fef-8eb9-2e3818d9c850 service neutron] 10.222.0.27 "GET /v2.0/ports?device_id=cb96a476-856a-400c-8c57-30b98297ebee HTTP/1.1" status: 200 len: 1129 time: 0.1477580
Jun 24 10:16:58.022917 dv-cinder-847132-2-iscsi neutron-server[104053]: DEBUG neutron.api.rpc.handlers.resources_rpc [None req-c3d91337-753c-453f-9842-6fdd7a883af6 None None] Pushing event updated for resources: {'Port': ['ID=90942a6e-0933-48c1-80c9-55ff402f0b93,revision_number=5']} {{(pid=104053) push /opt/stack/neutron/neutron/api/rpc/handlers/resources_rpc.py:237}}
Jun 24 10:16:58.045112 dv-cinder-847132-2-iscsi neutron-server[104052]: DEBUG neutron_lib.callbacks.manager [req-4f25b122-798c-4955-8df5-4c2cff678e15 req-69528e95-75a4-4406-b7ae-323d4a3a10db service neutron] Publish callbacks [] for security_group (None), before_create {{(pid=104052) _notify_loop /usr/local/lib/python3.8/dist-packages/neutron_lib/callbacks/manager.py:176}}
Jun 24 10:16:58.134769 dv-cinder-847132-2-iscsi neutron-server[104051]: DEBUG neutron.pecan_wsgi.hooks.policy_enforcement [req-8ec7f6b4-5baf-4178-8398-5fa16d270974 req-d660b391-97db-40ee-a86f-5cdf7fcc2778 tempest-ServerRescueNegativeTestJSON-201478222 tempest-ServerRescueNegativeTestJSON-201478222-project] Attributes excluded by policy engine: ['standard_attr_id', 'binding:profile', 'binding:host_id', 'binding:vif_type', 'binding:vif_details'] {{(pid=104051) _exclude_attributes_by_policy /opt/stack/neutron/neutron/pecan_wsgi/hooks/policy_enforcement.py:259}}
Jun 24 10:16:58.142609 dv-cinder-847132-2-iscsi neutron-server[104051]: INFO neutron.wsgi [req-8ec7f6b4-5baf-4178-8398-5fa16d270974 req-d660b391-97db-40ee-a86f-5cdf7fcc2778 tempest-ServerRescueNegativeTestJSON-201478222 tempest-ServerRescueNegativeTestJSON-201478222-project] 10.222.0.64 "GET /v2.0/ports?device_id=be1b257c-d6c5-4686-96f2-73dfcb9516ef HTTP/1.1" status: 200 len: 945 time: 0.1156590
Jun 24 10:16:58.184182 dv-cinder-847132-2-iscsi neutron-server[104052]: DEBUG neutron_lib.callbacks.manager [req-4f25b122-798c-4955-8df5-4c2cff678e15 req-69528e95-75a4-4406-b7ae-323d4a3a10db service neutron] Publish callbacks [] for security_group (27dd3b1c-c3e5-42eb-bdc5-1a8b5b48e3b4), precommit_create {{(pid=104052) _notify_loop /usr/local/lib/python3.8/dist-packages/neutron_lib/callbacks/manager.py:176}}
Jun 24 10:16:58.191179 dv-cinder-847132-2-iscsi neutron-server[104052]: DEBUG neutron_lib.callbacks.manager [req-4f25b122-798c-4955-8df5-4c2cff678e15 req-69528e95-75a4-4406-b7ae-323d4a3a10db service neutron] Publish callbacks ['neutron.plugins.ml2.ovo_rpc._ObjectChangeHandler.handle_event-587221'] for security_group (27dd3b1c-c3e5-42eb-bdc5-1a8b5b48e3b4), after_create {{(pid=104052) _notify_loop /usr/local/lib/python3.8/dist-packages/neutron_lib/callbacks/manager.py:176}}
Jun 24 10:16:58.211394 dv-cinder-847132-2-iscsi neutron-server[104051]: DEBUG neutron.pecan_wsgi.hooks.policy_enforcement [req-c6e07109-6306-4356-a7b7-40d9928374b1 req-4872edfb-9738-4195-b729-4119e88d232d tempest-AttachVolumeShelveTestJSON-164554392 tempest-AttachVolumeShelveTestJSON-164554392-project] Attributes excluded by policy engine: ['standard_attr_id', 'binding:profile', 'binding:host_id', 'binding:vif_type', 'binding:vif_details'] {{(pid=104051) _exclude_attributes_by_policy /opt/stack/neutron/neutron/pecan_wsgi/hooks/policy_enforcement.py:259}}
Jun 24 10:16:58.213115 dv-cinder-847132-2-iscsi neutron-server[104051]: INFO neutron.wsgi [req-c6e07109-6306-4356-a7b7-40d9928374b1 req-4872edfb-9738-4195-b729-4119e88d232d tempest-AttachVolumeShelveTestJSON-164554392 tempest-AttachVolumeShelveTestJSON-164554392-project] 10.222.0.64 "GET /v2.0/ports?device_id=cb96a476-856a-400c-8c57-30b98297ebee HTTP/1.1" status: 200 len: 945 time: 0.1063244
Jun 24 10:16:58.262479 dv-cinder-847132-2-iscsi neutron-server[104052]: INFO neutron.wsgi [req-4f25b122-798c-4955-8df5-4c2cff678e15 req-69528e95-75a4-4406-b7ae-323d4a3a10db service neutron] 10.222.0.27 "GET /v2.0/security-groups?id=e12f9b51-fc8f-4a3a-809f-4db4a0d885c3&fields=id&fields=name HTTP/1.1" status: 200 len: 313 time: 0.2965860
Jun 24 10:16:58.263461 dv-cinder-847132-2-iscsi neutron-server[104052]: DEBUG neutron.api.rpc.handlers.resources_rpc [None req-69528e95-75a4-4406-b7ae-323d4a3a10db service neutron] Pushing event updated for resources: {'SecurityGroup': ['ID=27dd3b1c-c3e5-42eb-bdc5-1a8b5b48e3b4,revision_number=1']} {{(pid=104052) push /opt/stack/neutron/neutron/api/rpc/handlers/resources_rpc.py:237}}
