Jun 24 10:16:29.548888 dv-cinder-847132-2-iscsi neutron-server[104053]: DEBUG neutron_lib.callbacks.manager [None req-ba105462-9a3b-4ea4-b339-cbad08155dfa None None] Publish callbacks ['neutron.plugins.ml2.plugin.SecurityGroupServerNotifierRpcMixin._notify_sg_on_port_change-3550103', 'neutron.plugins.ml2.ovo_rpc._ObjectChangeHandler.handle_event-1004991', 'neutron.api.rpc.agentnotifiers.dhcp_rpc_agent_api.DhcpAgentNotifyAPI._native_event_send_dhcp_notification-548082', 'neutron.db.l3_db.L3RpcNotifierMixin._notify_gateway_port_ip_changed-8739177848414', 'neutron.db.l3_dvrscheduler_db._notify_l3_agent_port_update-8739177475732', 'neutron.db.l3_hascheduler_db._notify_l3_agent_ha_port_update-8739177475750'] for port (3de9a9a9-d5eb-4c96-9c40-d9b8b7faeac4), after_update {{(pid=104053) _notify_loop /usr/local/lib/python3.8/dist-packages/neutron_lib/callbacks/manager.py:176}}
Jun 24 10:16:29.553918 dv-cinder-847132-2-iscsi neutron-server[104053]: DEBUG neutron.plugins.ml2.plugin [None req-a09a7f82-1832-46b8-8d3e-71f0bbdd2226 None None] Port 3de9a9a9-d5eb-4c96-9c40-d9b8b7faeac4 cannot update to ACTIVE because it is not bound. {{(pid=104053) _port_provisioned /opt/stack/neutron/neutron/plugins/ml2/plugin.py:348}}
Jun 24 10:16:29.647282 dv-cinder-847132-2-iscsi neutron-server[104053]: DEBUG neutron.api.rpc.handlers.resources_rpc [None req-cbb5d4c3-bf32-4895-a851-1b3c410018e1 None None] Pushing event updated for resources: {'Port': ['ID=3de9a9a9-d5eb-4c96-9c40-d9b8b7faeac4,revision_number=4']} {{(pid=104053) push /opt/stack/neutron/neutron/api/rpc/handlers/resources_rpc.py:237}}
Jun 24 10:16:29.656795 dv-cinder-847132-2-iscsi neutron-server[104053]: DEBUG neutron.db.provisioning_blocks [None req-1c947a7e-abb1-4066-9ee1-23ba8f103144 None None] Provisioning complete for port dcc6f2ed-8276-47ef-bb7d-ed58dd6abf26 triggered by entity L2. {{(pid=104053) provisioning_complete /opt/stack/neutron/neutron/db/provisioning_blocks.py:145}}
Jun 24 10:16:29.657651 dv-cinder-847132-2-iscsi neutron-server[104053]: DEBUG neutron_lib.callbacks.manager [None req-1c947a7e-abb1-4066-9ee1-23ba8f103144 None None] Publish callbacks ['neutron.plugins.ml2.plugin.Ml2Plugin._port_provisioned-3789014'] for port (dcc6f2ed-8276-47ef-bb7d-ed58dd6abf26), provisioning_complete {{(pid=104053) _notify_loop /usr/local/lib/python3.8/dist-packages/neutron_lib/callbacks/manager.py:176}}
Jun 24 10:16:29.659817 dv-cinder-847132-2-iscsi neutron-server[104051]: INFO neutron.wsgi [req-88e0632f-9cb4-4e47-85a5-abe7e634c444 req-e76bc44c-a824-4006-a138-659d74eeae27 tempest-AttachVolumeTestJSON-488963523 tempest-AttachVolumeTestJSON-488963523-project] 10.222.0.64 "GET /v2.0/ports?tenant_id=a33a4f77f0ae4dc09d4f8c29babf3b03&fields=id HTTP/1.1" status: 200 len: 302 time: 0.1850398
Jun 24 10:16:29.741016 dv-cinder-847132-2-iscsi neutron-server[104053]: DEBUG neutron.db.l3_dvrscheduler_db [None req-ba105462-9a3b-4ea4-b339-cbad08155dfa None None] Routers {'b8e73632-164d-440d-9559-dd43ed5d0d4e'} bound to L3 agent in host dv-cinder-847132-2-iscsi {{(pid=104053) _get_router_ids_for_agent /opt/stack/neutron/neutron/db/l3_dvrscheduler_db.py:426}}
Jun 24 10:16:29.741708 dv-cinder-847132-2-iscsi neutron-server[104053]: DEBUG neutron.db.l3_hamode_db [None req-ba105462-9a3b-4ea4-b339-cbad08155dfa None None] neutron.services.l3_router.l3_router_plugin.L3RouterPlugin method get_ha_sync_data_for_host called with arguments (, 'dv-cinder-847132-2-iscsi', Agent(admin_state_up=True,agent_type='L3 agent',availability_zone='nova',binary='neutron-l3-agent',configurations={"agent_mode": "legacy", "ex_gw_ports": 5, "extensions": [], "floating_ips": 0, "handle_internal_only_routers": true, "interface_driver": "openvswitch", "interfaces": 3, "log_agent_heartbeats": false, "routers": 5},created_at=2022-06-24T10:07:57Z,description=,heartbeat_timestamp=2022-06-24T10:16:27Z,host='dv-cinder-847132-2-iscsi',id=8b07060b-191d-49c5-87c0-d94101b21510,load=0,resource_versions=,resources_synced=,started_at=2022-06-24T10:07:58Z,topic='l3_agent')) {'router_ids': ['b8e73632-164d-440d-9559-dd43ed5d0d4e'], 'active': True} {{(pid=104053) wrapper /usr/local/lib/python3.8/dist-packages/oslo_log/helpers.py:65}}
Jun 24 10:16:29.777183 dv-cinder-847132-2-iscsi neutron-server[104051]: DEBUG dbcounter [-] [104051] Writing DB stats neutron:SELECT=99,neutron:DELETE=1 {{(pid=104051) stat_writer /usr/local/lib/python3.8/dist-packages/dbcounter.py:114}}
Jun 24 10:16:29.788699 dv-cinder-847132-2-iscsi neutron-server[104051]: DEBUG neutron.wsgi [req-59d3e79b-fca7-490f-a6d5-7b70859df9e5 req-3349abc4-88f2-4bd8-97da-6b0036152007 service neutron] http://10.222.0.64:9696/v2.0/extensions returned with HTTP 200 {{(pid=104051) __call__ /opt/stack/neutron/neutron/wsgi.py:730}}
Jun 24 10:16:29.791482 dv-cinder-847132-2-iscsi neutron-server[104051]: INFO neutron.wsgi [req-59d3e79b-fca7-490f-a6d5-7b70859df9e5 req-3349abc4-88f2-4bd8-97da-6b0036152007 service neutron] 10.222.0.64 "GET /v2.0/extensions HTTP/1.1" status: 200 len: 14320 time: 0.1981168
Jun 24 10:16:29.822593 dv-cinder-847132-2-iscsi neutron-server[104053]: DEBUG dbcounter [-] [104053] Writing DB stats neutron:SELECT=99,neutron:INSERT=1 {{(pid=104053) stat_writer /usr/local/lib/python3.8/dist-packages/dbcounter.py:114}}
Jun 24 10:16:29.865334 dv-cinder-847132-2-iscsi neutron-server[104053]: DEBUG neutron_lib.callbacks.manager [None req-929950e2-10ab-4679-b262-a839fc0ac3b9 None None] Publish callbacks ['neutron.services.segments.db._update_segment_host_mapping_for_agent-8739177752953', 'neutron.plugins.ml2.plugin.Ml2Plugin._retry_binding_revived_agents-3788404'] for agent (ca60bd57-841f-4cf6-8a57-91134ea5d3bb), after_update {{(pid=104053) _notify_loop /usr/local/lib/python3.8/dist-packages/neutron_lib/callbacks/manager.py:176}}
Jun 24 10:16:30.071710 dv-cinder-847132-2-iscsi neutron-server[104053]: DEBUG neutron_lib.callbacks.manager [None req-1c947a7e-abb1-4066-9ee1-23ba8f103144 None None] Publish callbacks ['neutron.services.segments.db._update_segment_host_mapping_for_agent-8739177752953', 'neutron.plugins.ml2.plugin.Ml2Plugin._retry_binding_revived_agents-3788404'] for agent (18a6be9a-5c36-4ecb-b2f1-ff5544a2144d), after_update {{(pid=104053) _notify_loop /usr/local/lib/python3.8/dist-packages/neutron_lib/callbacks/manager.py:176}}
Jun 24 10:16:30.085539 dv-cinder-847132-2-iscsi neutron-server[104053]: DEBUG neutron.db.l3_dvr_db [None req-ba105462-9a3b-4ea4-b339-cbad08155dfa None None] Set router b8e73632-164d-440d-9559-dd43ed5d0d4e gateway port host: dv-cinder-847132-2-iscsi {{(pid=104053) _build_routers_list /opt/stack/neutron/neutron/db/l3_dvr_db.py:907}}
Jun 24 10:16:30.147494 dv-cinder-847132-2-iscsi neutron-server[104052]: DEBUG neutron.wsgi [-] (104052) accepted ('10.222.0.27', 60835) {{(pid=104052) server /usr/local/lib/python3.8/dist-packages/eventlet/wsgi.py:1004}}
Jun 24 10:16:30.162158 dv-cinder-847132-2-iscsi neutron-server[104053]: DEBUG neutron.plugins.ml2.plugin [None req-1c947a7e-abb1-4066-9ee1-23ba8f103144 None None] Current status of the port dcc6f2ed-8276-47ef-bb7d-ed58dd6abf26 is: ACTIVE; New status is: ACTIVE {{(pid=104053) _update_individual_port_db_status /opt/stack/neutron/neutron/plugins/ml2/plugin.py:2292}}
Jun 24 10:16:30.170057 dv-cinder-847132-2-iscsi neutron-server[104053]: DEBUG neutron.plugins.ml2.rpc [None req-1c947a7e-abb1-4066-9ee1-23ba8f103144 None None] Device 938b0c38-07c3-443c-a0cd-2c0bff0df71a up at agent ovs-agent-dv-cinder-847132-2-iscsi {{(pid=104053) update_device_up /opt/stack/neutron/neutron/plugins/ml2/rpc.py:296}}
Jun 24 10:16:30.365760 dv-cinder-847132-2-iscsi neutron-server[104051]: INFO neutron.wsgi [req-88e0632f-9cb4-4e47-85a5-abe7e634c444 req-f988f37f-b460-4ee9-ab2a-66cb7fa25651 service neutron] 10.222.0.64 "GET /v2.0/networks/d5489725-cb1e-4af4-bc56-f04397965dc8?fields=segments HTTP/1.1" status: 200 len: 212 time: 0.6865985
Jun 24 10:16:30.459106 dv-cinder-847132-2-iscsi neutron-server[104051]: INFO neutron.wsgi [req-59d3e79b-fca7-490f-a6d5-7b70859df9e5 req-0706f9c2-a2a8-48b5-8e39-bd2f0cee51bd service neutron] 10.222.0.64 "GET /v2.0/networks/18282298-713d-408d-ae8c-c3fdda8948db?fields=segments HTTP/1.1" status: 200 len: 212 time: 0.3235614
Jun 24 10:16:30.504888 dv-cinder-847132-2-iscsi neutron-server[104051]: DEBUG dbcounter [-] [104051] Writing DB stats neutron:SELECT=100 {{(pid=104051) stat_writer /usr/local/lib/python3.8/dist-packages/dbcounter.py:114}}
Jun 24 10:16:30.521470 dv-cinder-847132-2-iscsi neutron-server[104053]: DEBUG neutron.db.provisioning_blocks [None req-39b2fe74-928c-4aed-85ae-83050693c85a None None] Provisioning complete for port 3de9a9a9-d5eb-4c96-9c40-d9b8b7faeac4 triggered by entity DHCP. {{(pid=104053) provisioning_complete /opt/stack/neutron/neutron/db/provisioning_blocks.py:145}}
Jun 24 10:16:30.521872 dv-cinder-847132-2-iscsi neutron-server[104053]: DEBUG neutron_lib.callbacks.manager [None req-39b2fe74-928c-4aed-85ae-83050693c85a None None] Publish callbacks ['neutron.plugins.ml2.plugin.Ml2Plugin._port_provisioned-3789014'] for port (3de9a9a9-d5eb-4c96-9c40-d9b8b7faeac4), provisioning_complete {{(pid=104053) _notify_loop /usr/local/lib/python3.8/dist-packages/neutron_lib/callbacks/manager.py:176}}
Jun 24 10:16:30.604021 dv-cinder-847132-2-iscsi neutron-server[104053]: DEBUG dbcounter [-] [104053] Writing DB stats neutron:SELECT=98,neutron:UPDATE=2 {{(pid=104053) stat_writer /usr/local/lib/python3.8/dist-packages/dbcounter.py:114}}
Jun 24 10:16:30.608593 dv-cinder-847132-2-iscsi neutron-server[104053]: DEBUG neutron.db.provisioning_blocks [None req-1c947a7e-abb1-4066-9ee1-23ba8f103144 None None] Provisioning complete for port 938b0c38-07c3-443c-a0cd-2c0bff0df71a triggered by entity L2. {{(pid=104053) provisioning_complete /opt/stack/neutron/neutron/db/provisioning_blocks.py:145}}
Jun 24 10:16:30.609148 dv-cinder-847132-2-iscsi neutron-server[104053]: DEBUG neutron_lib.callbacks.manager [None req-1c947a7e-abb1-4066-9ee1-23ba8f103144 None None] Publish callbacks ['neutron.plugins.ml2.plugin.Ml2Plugin._port_provisioned-3789014'] for port (938b0c38-07c3-443c-a0cd-2c0bff0df71a), provisioning_complete {{(pid=104053) _notify_loop /usr/local/lib/python3.8/dist-packages/neutron_lib/callbacks/manager.py:176}}
Jun 24 10:16:30.641858 dv-cinder-847132-2-iscsi neutron-server[104051]: INFO neutron.wsgi [req-88e0632f-9cb4-4e47-85a5-abe7e634c444 req-b238b99c-0e26-4462-959c-dc186a083d11 service neutron] 10.222.0.64 "GET /v2.0/networks/d5489725-cb1e-4af4-bc56-f04397965dc8?fields=provider%3Aphysical_network&fields=provider%3Anetwork_type HTTP/1.1" status: 200 len: 281 time: 0.2752299
Jun 24 10:16:30.652391 dv-cinder-847132-2-iscsi neutron-server[104052]: DEBUG neutron.pecan_wsgi.hooks.policy_enforcement [req-18b1a627-9267-49c1-9d84-a489be47eacd req-eaf1a77a-86a8-42ae-bc11-037ad58596fe tempest-AttachVolumeShelveTestJSON-164554392 tempest-AttachVolumeShelveTestJSON-164554392-project] Attributes excluded by policy engine: ['standard_attr_id', 'vlan_transparent', 'provider:network_type', 'provider:physical_network', 'provider:segmentation_id'] {{(pid=104052) _exclude_attributes_by_policy /opt/stack/neutron/neutron/pecan_wsgi/hooks/policy_enforcement.py:259}}
Jun 24 10:16:30.658548 dv-cinder-847132-2-iscsi neutron-server[104052]: INFO neutron.wsgi [req-18b1a627-9267-49c1-9d84-a489be47eacd req-eaf1a77a-86a8-42ae-bc11-037ad58596fe tempest-AttachVolumeShelveTestJSON-164554392 tempest-AttachVolumeShelveTestJSON-164554392-project] 10.222.0.27 "GET /v2.0/networks?id=77e0b315-c6f0-401c-b090-3f73b33dd671 HTTP/1.1" status: 200 len: 817 time: 0.5097082
Jun 24 10:16:30.684924 dv-cinder-847132-2-iscsi neutron-server[104053]: DEBUG neutron.db.l3_hamode_db [None req-ba105462-9a3b-4ea4-b339-cbad08155dfa None None] neutron.services.l3_router.l3_router_plugin.L3RouterPlugin method _process_sync_ha_data called with arguments (, [{'id': 'b8e73632-164d-440d-9559-dd43ed5d0d4e', 'name': 'tempest-DeleteServersTestJSON-1176709000-router', 'tenant_id': '54baeb39b08b4d69aac8c4d42043112a', 'admin_state_up': True, 'status': 'ACTIVE', 'external_gateway_info': {'network_id': '14de1fe4-0691-4ad8-8c1f-68c223ea1af1', 'external_fixed_ips': [{'subnet_id': '4dc67cc5-d152-49c4-8daf-1d2fb60cefb7', 'ip_address': '172.27.0.164'}], 'enable_snat': True}, 'gw_port_id': '14129a54-5c84-4055-829f-49851343086c', 'description': '', 'availability_zones': ['nova'], 'distributed': False, 'ha': False, 'ha_vr_id': 0, 'availability_zone_hints': [], 'routes': [], 'flavor_id': None, 'tags': [], 'created_at': '2022-06-24T10:16:06Z', 'updated_at': '2022-06-24T10:16:20Z', 'revision_number': 4, 'project_id': '54baeb39b08b4d69aac8c4d42043112a', 'gw_port': {'id': '14129a54-5c84-4055-829f-49851343086c', 'name': '', 'network_id': '14de1fe4-0691-4ad8-8c1f-68c223ea1af1', 'tenant_id': '', 'mac_address': 'fa:16:3e:e5:ad:71', 'admin_state_up': True, 'status': 'ACTIVE', 'device_id': 'b8e73632-164d-440d-9559-dd43ed5d0d4e', 'device_owner': 'network:router_gateway', 'standard_attr_id': 88, 'fixed_ips': [{'subnet_id': '4dc67cc5-d152-49c4-8daf-1d2fb60cefb7', 'ip_address': '172.27.0.164', 'prefixlen': 24}], 'allowed_address_pairs': [], 'extra_dhcp_opts': [], 'security_groups': [], 'description': '', 'binding:vnic_type': 'normal', 'binding:profile': {}, 'binding:host_id': 'dv-cinder-847132-2-iscsi', 'binding:vif_type': 'ovs', 'binding:vif_details': {'connectivity': 'l2', 'port_filter': True, 'ovs_hybrid_plug': False, 'datapath_type': 'system', 'bridge_name': 'br-int', 'bound_drivers': {'0': 'openvswitch'}}, 'port_security_enabled': False, 'tags': [], 'created_at': '2022-06-24T10:16:07Z', 'updated_at': '2022-06-24T10:16:21Z', 'revision_number': 4, 'project_id': '', 'subnets': [{'id': '4dc67cc5-d152-49c4-8daf-1d2fb60cefb7', 'cidr': '172.27.0.0/24', 'gateway_ip': '172.27.0.1', 'dns_nameservers': [], 'ipv6_ra_mode': None, 'subnetpool_id': None}], 'extra_subnets': [], 'address_scopes': {4: None, 6: None}, 'mtu': 1500}, 'enable_snat': True, 'gw_port_host': 'dv-cinder-847132-2-iscsi', '_interfaces': [{'id': '3de9a9a9-d5eb-4c96-9c40-d9b8b7faeac4', 'name': '', 'network_id': '18282298-713d-408d-ae8c-c3fdda8948db', 'tenant_id': '54baeb39b08b4d69aac8c4d42043112a', 'mac_address': 'fa:16:3e:4c:ca:c9', 'admin_state_up': True, 'status': 'DOWN', 'device_id': 'b8e73632-164d-440d-9559-dd43ed5d0d4e', 'device_owner': 'network:router_interface', 'standard_attr_id': 114, 'fixed_ips': [{'subnet_id': 'be671b55-3111-4267-9bbd-2d293c328860', 'ip_address': '172.20.0.1', 'prefixlen': 28}], 'allowed_address_pairs': [], 'extra_dhcp_opts': [], 'security_groups': [], 'description': '', 'binding:vnic_type': 'normal', 'binding:profile': {}, 'binding:host_id': 'dv-cinder-847132-2-iscsi', 'binding:vif_type': 'ovs', 'binding:vif_details': {'connectivity': 'l2', 'port_filter': True, 'ovs_hybrid_plug': False, 'datapath_type': 'system', 'bridge_name': 'br-int', 'bound_drivers': {'0': 'openvswitch'}}, 'port_security_enabled': False, 'tags': [], 'created_at': '2022-06-24T10:16:15Z', 'updated_at': '2022-06-24T10:16:29Z', 'revision_number': 4, 'project_id': '54baeb39b08b4d69aac8c4d42043112a', 'subnets': [{'id': 'be671b55-3111-4267-9bbd-2d293c328860', 'cidr': '172.20.0.0/28', 'gateway_ip': '172.20.0.1', 'dns_nameservers': [], 'ipv6_ra_mode': None, 'subnetpool_id': None}], 'extra_subnets': [], 'address_scopes': {4: None, 6: None}, 'mtu': 1500}]}], 'dv-cinder-847132-2-iscsi', False) {} {{(pid=104053) wrapper /usr/local/lib/python3.8/dist-packages/oslo_log/helpers.py:65}}
Jun 24 10:16:30.692097 dv-cinder-847132-2-iscsi neutron-server[104051]: INFO neutron.wsgi [req-59d3e79b-fca7-490f-a6d5-7b70859df9e5 req-5b931c0a-8b70-4911-8b7a-dfae3226a620 service neutron] 10.222.0.64 "GET /v2.0/networks/18282298-713d-408d-ae8c-c3fdda8948db?fields=provider%3Aphysical_network&fields=provider%3Anetwork_type HTTP/1.1" status: 200 len: 281 time: 0.1987503
Jun 24 10:16:30.738811 dv-cinder-847132-2-iscsi neutron-server[104053]: DEBUG neutron.api.rpc.handlers.l3_rpc [None req-ba105462-9a3b-4ea4-b339-cbad08155dfa None None] The sync data for ids ['b8e73632-164d-440d-9559-dd43ed5d0d4e'] in dv-cinder-847132-2-iscsi is: [{'id': 'b8e73632-164d-440d-9559-dd43ed5d0d4e', 'name': 'tempest-DeleteServersTestJSON-1176709000-router', 'tenant_id': '54baeb39b08b4d69aac8c4d42043112a', 'admin_state_up': True, 'status': 'ACTIVE', 'external_gateway_info': {'network_id': '14de1fe4-0691-4ad8-8c1f-68c223ea1af1', 'external_fixed_ips': [{'subnet_id': '4dc67cc5-d152-49c4-8daf-1d2fb60cefb7', 'ip_address': '172.27.0.164'}], 'enable_snat': True}, 'gw_port_id': '14129a54-5c84-4055-829f-49851343086c', 'description': '', 'availability_zones': ['nova'], 'distributed': False, 'ha': False, 'ha_vr_id': 0, 'availability_zone_hints': [], 'routes': [], 'flavor_id': None, 'tags': [], 'created_at': '2022-06-24T10:16:06Z', 'updated_at': '2022-06-24T10:16:20Z', 'revision_number': 4, 'project_id': '54baeb39b08b4d69aac8c4d42043112a', 'gw_port': {'id': '14129a54-5c84-4055-829f-49851343086c', 'name': '', 'network_id': '14de1fe4-0691-4ad8-8c1f-68c223ea1af1', 'tenant_id': '', 'mac_address': 'fa:16:3e:e5:ad:71', 'admin_state_up': True, 'status': 'ACTIVE', 'device_id': 'b8e73632-164d-440d-9559-dd43ed5d0d4e', 'device_owner': 'network:router_gateway', 'standard_attr_id': 88, 'fixed_ips': [{'subnet_id': '4dc67cc5-d152-49c4-8daf-1d2fb60cefb7', 'ip_address': '172.27.0.164', 'prefixlen': 24}], 'allowed_address_pairs': [], 'extra_dhcp_opts': [], 'security_groups': [], 'description': '', 'binding:vnic_type': 'normal', 'binding:profile': {}, 'binding:host_id': 'dv-cinder-847132-2-iscsi', 'binding:vif_type': 'ovs', 'binding:vif_details': {'connectivity': 'l2', 'port_filter': True, 'ovs_hybrid_plug': False, 'datapath_type': 'system', 'bridge_name': 'br-int', 'bound_drivers': {'0': 'openvswitch'}}, 'port_security_enabled': False, 'tags': [], 'created_at': '2022-06-24T10:16:07Z', 'updated_at': '2022-06-24T10:16:21Z', 'revision_number': 4, 'project_id': '', 'subnets': [{'id': '4dc67cc5-d152-49c4-8daf-1d2fb60cefb7', 'cidr': '172.27.0.0/24', 'gateway_ip': '172.27.0.1', 'dns_nameservers': [], 'ipv6_ra_mode': None, 'subnetpool_id': None}], 'extra_subnets': [], 'address_scopes': {4: None, 6: None}, 'mtu': 1500}, 'enable_snat': True, 'gw_port_host': 'dv-cinder-847132-2-iscsi', '_interfaces': [{'id': '3de9a9a9-d5eb-4c96-9c40-d9b8b7faeac4', 'name': '', 'network_id': '18282298-713d-408d-ae8c-c3fdda8948db', 'tenant_id': '54baeb39b08b4d69aac8c4d42043112a', 'mac_address': 'fa:16:3e:4c:ca:c9', 'admin_state_up': True, 'status': 'DOWN', 'device_id': 'b8e73632-164d-440d-9559-dd43ed5d0d4e', 'device_owner': 'network:router_interface', 'standard_attr_id': 114, 'fixed_ips': [{'subnet_id': 'be671b55-3111-4267-9bbd-2d293c328860', 'ip_address': '172.20.0.1', 'prefixlen': 28}], 'allowed_address_pairs': [], 'extra_dhcp_opts': [], 'security_groups': [], 'description': '', 'binding:vnic_type': 'normal', 'binding:profile': {}, 'binding:host_id': 'dv-cinder-847132-2-iscsi', 'binding:vif_type': 'ovs', 'binding:vif_details': {'connectivity': 'l2', 'port_filter': True, 'ovs_hybrid_plug': False, 'datapath_type': 'system', 'bridge_name': 'br-int', 'bound_drivers': {'0': 'openvswitch'}}, 'port_security_enabled': False, 'tags': [], 'created_at': '2022-06-24T10:16:15Z', 'updated_at': '2022-06-24T10:16:29Z', 'revision_number': 4, 'project_id': '54baeb39b08b4d69aac8c4d42043112a', 'subnets': [{'id': 'be671b55-3111-4267-9bbd-2d293c328860', 'cidr': '172.20.0.0/28', 'gateway_ip': '172.20.0.1', 'dns_nameservers': [], 'ipv6_ra_mode': None, 'subnetpool_id': None}], 'extra_subnets': [], 'address_scopes': {4: None, 6: None}, 'mtu': 1500}]}] {{(pid=104053) sync_routers /opt/stack/neutron/neutron/api/rpc/handlers/l3_rpc.py:137}}
Jun 24 10:16:30.809106 dv-cinder-847132-2-iscsi neutron-server[104053]: DEBUG neutron.plugins.ml2.plugin [None req-39b2fe74-928c-4aed-85ae-83050693c85a None None] Current status of the port 3de9a9a9-d5eb-4c96-9c40-d9b8b7faeac4 is: DOWN; New status is: ACTIVE {{(pid=104053) _update_individual_port_db_status /opt/stack/neutron/neutron/plugins/ml2/plugin.py:2292}}
Jun 24 10:16:30.809432 dv-cinder-847132-2-iscsi neutron-server[104053]: DEBUG neutron_lib.callbacks.manager [None req-39b2fe74-928c-4aed-85ae-83050693c85a None None] Publish callbacks ['neutron.plugins.ml2.plugin.SecurityGroupDbMixin._ensure_default_security_group_handler-3550166'] for port (3de9a9a9-d5eb-4c96-9c40-d9b8b7faeac4), before_update {{(pid=104053) _notify_loop /usr/local/lib/python3.8/dist-packages/neutron_lib/callbacks/manager.py:176}}
Jun 24 10:16:30.813055 dv-cinder-847132-2-iscsi neutron-server[104053]: DEBUG neutron.plugins.ml2.plugin [None req-1c947a7e-abb1-4066-9ee1-23ba8f103144 None None] Current status of the port 938b0c38-07c3-443c-a0cd-2c0bff0df71a is: ACTIVE; New status is: ACTIVE {{(pid=104053) _update_individual_port_db_status /opt/stack/neutron/neutron/plugins/ml2/plugin.py:2292}}
Jun 24 10:16:30.856311 dv-cinder-847132-2-iscsi neutron-server[104053]: DEBUG neutron.plugins.ml2.db [None req-39b2fe74-928c-4aed-85ae-83050693c85a None None] For port 3de9a9a9-d5eb-4c96-9c40-d9b8b7faeac4, host dv-cinder-847132-2-iscsi, got binding levels [PortBindingLevel(driver='openvswitch',host='dv-cinder-847132-2-iscsi',level=0,port_id=3de9a9a9-d5eb-4c96-9c40-d9b8b7faeac4,segment=NetworkSegment(125639f9-8741-4daa-bedb-b7f3c24f0880),segment_id=125639f9-8741-4daa-bedb-b7f3c24f0880)] {{(pid=104053) get_binding_level_objs /opt/stack/neutron/neutron/plugins/ml2/db.py:74}}
Jun 24 10:16:30.862110 dv-cinder-847132-2-iscsi neutron-server[104053]: DEBUG neutron_lib.callbacks.manager [None req-39b2fe74-928c-4aed-85ae-83050693c85a None None] Publish callbacks ['neutron.plugins.ml2.plugin.SecurityGroupServerNotifierRpcMixin._notify_sg_on_port_change-3550103', 'neutron.plugins.ml2.ovo_rpc._ObjectChangeHandler.handle_event-1004991', 'neutron.api.rpc.agentnotifiers.dhcp_rpc_agent_api.DhcpAgentNotifyAPI._native_event_send_dhcp_notification-548082', 'neutron.db.l3_db.L3RpcNotifierMixin._notify_gateway_port_ip_changed-8739177848414', 'neutron.db.l3_dvrscheduler_db._notify_l3_agent_port_update-8739177475732', 'neutron.db.l3_hascheduler_db._notify_l3_agent_ha_port_update-8739177475750'] for port (3de9a9a9-d5eb-4c96-9c40-d9b8b7faeac4), after_update {{(pid=104053) _notify_loop /usr/local/lib/python3.8/dist-packages/neutron_lib/callbacks/manager.py:176}}
Jun 24 10:16:30.981936 dv-cinder-847132-2-iscsi neutron-server[104052]: INFO neutron.wsgi [req-18b1a627-9267-49c1-9d84-a489be47eacd req-8de6b889-add9-4f14-8140-5c5cb574ad1e tempest-AttachVolumeShelveTestJSON-164554392 tempest-AttachVolumeShelveTestJSON-164554392-project] 10.222.0.27 "GET /v2.0/security-groups?fields=id&fields=name&tenant_id=74111042535d44c8a52a4656eb37fa23 HTTP/1.1" status: 200 len: 380 time: 0.2294600
Jun 24 10:16:31.005134 dv-cinder-847132-2-iscsi neutron-server[104052]: DEBUG neutron.api.v2.base [req-18b1a627-9267-49c1-9d84-a489be47eacd req-3ecc2d6d-f65b-4f95-bdd7-6db4cf3c611f tempest-AttachVolumeShelveTestJSON-164554392 tempest-AttachVolumeShelveTestJSON-164554392-project] Request body: {'port': {'device_id': 'cb96a476-856a-400c-8c57-30b98297ebee', 'network_id': '77e0b315-c6f0-401c-b090-3f73b33dd671', 'admin_state_up': True, 'tenant_id': '74111042535d44c8a52a4656eb37fa23', 'security_groups': ['e12f9b51-fc8f-4a3a-809f-4db4a0d885c3']}} {{(pid=104052) prepare_request_body /opt/stack/neutron/neutron/api/v2/base.py:730}}
Jun 24 10:16:31.026911 dv-cinder-847132-2-iscsi neutron-server[104053]: DEBUG neutron.api.rpc.handlers.resources_rpc [None req-39b2fe74-928c-4aed-85ae-83050693c85a None None] Pushing event updated for resources: {'Port': ['ID=3de9a9a9-d5eb-4c96-9c40-d9b8b7faeac4,revision_number=5']} {{(pid=104053) push /opt/stack/neutron/neutron/api/rpc/handlers/resources_rpc.py:237}}
Jun 24 10:16:31.100964 dv-cinder-847132-2-iscsi neutron-server[104053]: DEBUG neutron.plugins.ml2.rpc [None req-1c947a7e-abb1-4066-9ee1-23ba8f103144 None None] Device 2d08f9df-af71-40f2-8def-d1492f3a559b up at agent ovs-agent-dv-cinder-847132-2-iscsi {{(pid=104053) update_device_up /opt/stack/neutron/neutron/plugins/ml2/rpc.py:296}}
Jun 24 10:16:31.222481 dv-cinder-847132-2-iscsi neutron-server[104053]: DEBUG neutron.db.provisioning_blocks [None req-1c947a7e-abb1-4066-9ee1-23ba8f103144 None None] Provisioning complete for port 2d08f9df-af71-40f2-8def-d1492f3a559b triggered by entity L2. {{(pid=104053) provisioning_complete /opt/stack/neutron/neutron/db/provisioning_blocks.py:145}}
Jun 24 10:16:31.229359 dv-cinder-847132-2-iscsi neutron-server[104053]: DEBUG neutron_lib.callbacks.manager [None req-1c947a7e-abb1-4066-9ee1-23ba8f103144 None None] Publish callbacks ['neutron.plugins.ml2.plugin.Ml2Plugin._port_provisioned-3789014'] for port (2d08f9df-af71-40f2-8def-d1492f3a559b), provisioning_complete {{(pid=104053) _notify_loop /usr/local/lib/python3.8/dist-packages/neutron_lib/callbacks/manager.py:176}}
Jun 24 10:16:31.424684 dv-cinder-847132-2-iscsi neutron-server[104052]: DEBUG neutron.pecan_wsgi.hooks.quota_enforcement [req-18b1a627-9267-49c1-9d84-a489be47eacd req-3ecc2d6d-f65b-4f95-bdd7-6db4cf3c611f tempest-AttachVolumeShelveTestJSON-164554392 tempest-AttachVolumeShelveTestJSON-164554392-project] Made reservation on behalf of 74111042535d44c8a52a4656eb37fa23 for: {'port': 1} {{(pid=104052) before /opt/stack/neutron/neutron/pecan_wsgi/hooks/quota_enforcement.py:53}}
Jun 24 10:16:31.440422 dv-cinder-847132-2-iscsi neutron-server[104052]: DEBUG neutron_lib.callbacks.manager [req-18b1a627-9267-49c1-9d84-a489be47eacd req-3ecc2d6d-f65b-4f95-bdd7-6db4cf3c611f tempest-AttachVolumeShelveTestJSON-164554392 tempest-AttachVolumeShelveTestJSON-164554392-project] Publish callbacks ['neutron.plugins.ml2.plugin.SecurityGroupDbMixin._ensure_default_security_group_handler-3550166'] for port (None), before_create {{(pid=104052) _notify_loop /usr/local/lib/python3.8/dist-packages/neutron_lib/callbacks/manager.py:176}}
Jun 24 10:16:31.460263 dv-cinder-847132-2-iscsi neutron-server[104052]: DEBUG neutron.wsgi [-] (104052) accepted ('10.222.0.27', 60841) {{(pid=104052) server /usr/local/lib/python3.8/dist-packages/eventlet/wsgi.py:1004}}
Jun 24 10:16:31.482998 dv-cinder-847132-2-iscsi neutron-server[104051]: INFO neutron.wsgi [req-4f119945-6be3-4bbb-ab94-3876b6edfa57 req-20edd566-671b-4930-af70-7b2a0deb61b7 tempest-ServerRescueNegativeTestJSON-201478222 tempest-ServerRescueNegativeTestJSON-201478222-project] 10.222.0.64 "GET /v2.0/ports?device_id=95be179c-5caf-487f-a710-6445f6163f51 HTTP/1.1" status: 200 len: 210 time: 0.1303234
Jun 24 10:16:31.613493 dv-cinder-847132-2-iscsi neutron-server[104053]: DEBUG neutron.plugins.ml2.plugin [None req-1c947a7e-abb1-4066-9ee1-23ba8f103144 None None] Current status of the port 2d08f9df-af71-40f2-8def-d1492f3a559b is: ACTIVE; New status is: ACTIVE {{(pid=104053) _update_individual_port_db_status /opt/stack/neutron/neutron/plugins/ml2/plugin.py:2292}}
Jun 24 10:16:31.635941 dv-cinder-847132-2-iscsi neutron-server[104051]: INFO neutron.wsgi [req-c8aa1d65-4140-475b-98e0-194b7154cef9 req-c17a1f9d-b2fd-46f4-811f-4e5db9745ab8 tempest-AttachVolumeShelveTestJSON-164554392 tempest-AttachVolumeShelveTestJSON-164554392-project] 10.222.0.64 "GET /v2.0/ports?device_id=cb96a476-856a-400c-8c57-30b98297ebee HTTP/1.1" status: 200 len: 210 time: 0.1489823
Jun 24 10:16:31.761811 dv-cinder-847132-2-iscsi neutron-server[104051]: INFO neutron.wsgi [req-df9a4071-2657-42d5-9e09-3ccb6c785edc req-86589751-597b-4a79-ba88-8ef5621acc26 tempest-DeleteServersTestJSON-1187438344 tempest-DeleteServersTestJSON-1187438344-project] 10.222.0.64 "GET /v2.0/ports?device_id=e33ad457-f04e-45ab-994a-de25ed757120 HTTP/1.1" status: 200 len: 210 time: 0.0880589
Jun 24 10:16:32.002392 dv-cinder-847132-2-iscsi neutron-server[104051]: INFO neutron.wsgi [req-264ed819-9835-4c49-982b-83320957819a req-77a8e077-7aae-4d56-bb0a-ac815812ca31 tempest-AttachVolumeTestJSON-488963523 tempest-AttachVolumeTestJSON-488963523-project] 10.222.0.64 "GET /v2.0/ports?device_id=e3be66ae-a25d-46c4-b8b1-5e35eb49f8d1 HTTP/1.1" status: 200 len: 210 time: 0.1164191
Jun 24 10:16:32.179222 dv-cinder-847132-2-iscsi neutron-server[104052]: DEBUG dbcounter [-] [104052] Writing DB stats neutron:SELECT=86,neutron:DELETE=4,neutron:INSERT=9,neutron:UPDATE=1 {{(pid=104052) stat_writer /usr/local/lib/python3.8/dist-packages/dbcounter.py:114}}
Jun 24 10:16:32.363739 dv-cinder-847132-2-iscsi neutron-server[104052]: DEBUG neutron.pecan_wsgi.hooks.policy_enforcement [req-3ebe9692-0724-4bd1-a47c-285c5a552bdc req-b5acc224-f06d-4401-b6b3-7e864780a31f tempest-ServerRescueNegativeTestJSON-201478222 tempest-ServerRescueNegativeTestJSON-201478222-project] Attributes excluded by policy engine: ['standard_attr_id', 'vlan_transparent', 'provider:network_type', 'provider:physical_network', 'provider:segmentation_id'] {{(pid=104052) _exclude_attributes_by_policy /opt/stack/neutron/neutron/pecan_wsgi/hooks/policy_enforcement.py:259}}
Jun 24 10:16:32.378464 dv-cinder-847132-2-iscsi neutron-server[104052]: INFO neutron.wsgi [req-3ebe9692-0724-4bd1-a47c-285c5a552bdc req-b5acc224-f06d-4401-b6b3-7e864780a31f tempest-ServerRescueNegativeTestJSON-201478222 tempest-ServerRescueNegativeTestJSON-201478222-project] 10.222.0.27 "GET /v2.0/networks?id=d20895ef-2afb-4e4b-a39f-18a1a6f9b4f5 HTTP/1.1" status: 200 len: 819 time: 0.8654039
Jun 24 10:16:32.458907 dv-cinder-847132-2-iscsi neutron-server[104052]: DEBUG neutron.api.v2.base [req-3ebe9692-0724-4bd1-a47c-285c5a552bdc req-3191f19a-f421-4603-8f79-c73c566e6f6f tempest-ServerRescueNegativeTestJSON-201478222 tempest-ServerRescueNegativeTestJSON-201478222-project] Request body: {'port': {'device_id': '95be179c-5caf-487f-a710-6445f6163f51', 'network_id': 'd20895ef-2afb-4e4b-a39f-18a1a6f9b4f5', 'admin_state_up': True, 'tenant_id': '172381cd65a94b1fa2939d6af673f6ba'}} {{(pid=104052) prepare_request_body /opt/stack/neutron/neutron/api/v2/base.py:730}}
Jun 24 10:16:32.512699 dv-cinder-847132-2-iscsi neutron-server[104051]: DEBUG neutron.pecan_wsgi.hooks.policy_enforcement [req-1884cdaf-22ee-471b-8e78-59e949664568 req-8f3ef9c3-b24f-416a-8283-e1b123e6a9a4 tempest-ServerRescueNegativeTestJSON-201478222 tempest-ServerRescueNegativeTestJSON-201478222-project] Attributes excluded by policy engine: ['standard_attr_id', 'vlan_transparent', 'provider:network_type', 'provider:physical_network', 'provider:segmentation_id'] {{(pid=104051) _exclude_attributes_by_policy /opt/stack/neutron/neutron/pecan_wsgi/hooks/policy_enforcement.py:259}}
Jun 24 10:16:32.521477 dv-cinder-847132-2-iscsi neutron-server[104051]: INFO neutron.wsgi [req-1884cdaf-22ee-471b-8e78-59e949664568 req-8f3ef9c3-b24f-416a-8283-e1b123e6a9a4 tempest-ServerRescueNegativeTestJSON-201478222 tempest-ServerRescueNegativeTestJSON-201478222-project] 10.222.0.64 "GET /v2.0/networks?id=d20895ef-2afb-4e4b-a39f-18a1a6f9b4f5 HTTP/1.1" status: 200 len: 819 time: 0.2282107
Jun 24 10:16:32.551889 dv-cinder-847132-2-iscsi neutron-server[104051]: INFO neutron.wsgi [req-1884cdaf-22ee-471b-8e78-59e949664568 req-cebdb357-5725-45a7-b958-b912daf85786 tempest-ServerRescueNegativeTestJSON-201478222 tempest-ServerRescueNegativeTestJSON-201478222-project] 10.222.0.64 "GET /v2.0/quotas/172381cd65a94b1fa2939d6af673f6ba HTTP/1.1" status: 200 len: 375 time: 0.0273364
Jun 24 10:16:32.591120 dv-cinder-847132-2-iscsi neutron-server[104052]: DEBUG dbcounter [-] [104052] Writing DB stats neutron:SELECT=91,neutron:INSERT=6,neutron:DELETE=2,neutron:UPDATE=1 {{(pid=104052) stat_writer /usr/local/lib/python3.8/dist-packages/dbcounter.py:114}}
Jun 24 10:16:32.648002 dv-cinder-847132-2-iscsi neutron-server[104051]: INFO neutron.wsgi [req-1884cdaf-22ee-471b-8e78-59e949664568 req-6f6b06fb-3201-458a-adcb-adbc44928f9d tempest-ServerRescueNegativeTestJSON-201478222 tempest-ServerRescueNegativeTestJSON-201478222-project] 10.222.0.64 "GET /v2.0/ports?tenant_id=172381cd65a94b1fa2939d6af673f6ba&fields=id HTTP/1.1" status: 200 len: 302 time: 0.0878589
Jun 24 10:16:32.669130 dv-cinder-847132-2-iscsi neutron-server[104052]: DEBUG neutron.db.db_base_plugin_common [req-18b1a627-9267-49c1-9d84-a489be47eacd req-3ecc2d6d-f65b-4f95-bdd7-6db4cf3c611f tempest-AttachVolumeShelveTestJSON-164554392 tempest-AttachVolumeShelveTestJSON-164554392-project] Allocated IP 172.20.0.8 (77e0b315-c6f0-401c-b090-3f73b33dd671/361faa5d-39ac-4ef9-a36e-94eab471915a/0c384c38-8450-4bcf-a60e-98848c87017b) {{(pid=104052) _store_ip_allocation /opt/stack/neutron/neutron/db/db_base_plugin_common.py:131}}
Jun 24 10:16:32.897710 dv-cinder-847132-2-iscsi neutron-server[104051]: INFO neutron.wsgi [req-1884cdaf-22ee-471b-8e78-59e949664568 req-600ff59e-d76b-4ac0-9639-6ad6a6b5995a service neutron] 10.222.0.64 "GET /v2.0/networks/d20895ef-2afb-4e4b-a39f-18a1a6f9b4f5?fields=segments HTTP/1.1" status: 200 len: 212 time: 0.2344539
Jun 24 10:16:33.090284 dv-cinder-847132-2-iscsi neutron-server[104053]: DEBUG neutron.plugins.ml2.rpc [None req-1c947a7e-abb1-4066-9ee1-23ba8f103144 None None] Device 3de9a9a9-d5eb-4c96-9c40-d9b8b7faeac4 up at agent ovs-agent-dv-cinder-847132-2-iscsi {{(pid=104053) update_device_up /opt/stack/neutron/neutron/plugins/ml2/rpc.py:296}}
Jun 24 10:16:33.184993 dv-cinder-847132-2-iscsi neutron-server[104053]: DEBUG neutron.db.provisioning_blocks [None req-1c947a7e-abb1-4066-9ee1-23ba8f103144 None None] Provisioning complete for port 3de9a9a9-d5eb-4c96-9c40-d9b8b7faeac4 triggered by entity L2. {{(pid=104053) provisioning_complete /opt/stack/neutron/neutron/db/provisioning_blocks.py:145}}
Jun 24 10:16:33.185730 dv-cinder-847132-2-iscsi neutron-server[104053]: DEBUG neutron_lib.callbacks.manager [None req-1c947a7e-abb1-4066-9ee1-23ba8f103144 None None] Publish callbacks ['neutron.plugins.ml2.plugin.Ml2Plugin._port_provisioned-3789014'] for port (3de9a9a9-d5eb-4c96-9c40-d9b8b7faeac4), provisioning_complete {{(pid=104053) _notify_loop /usr/local/lib/python3.8/dist-packages/neutron_lib/callbacks/manager.py:176}}
Jun 24 10:16:33.188516 dv-cinder-847132-2-iscsi neutron-server[104052]: DEBUG neutron.pecan_wsgi.hooks.quota_enforcement [req-3ebe9692-0724-4bd1-a47c-285c5a552bdc req-3191f19a-f421-4603-8f79-c73c566e6f6f tempest-ServerRescueNegativeTestJSON-201478222 tempest-ServerRescueNegativeTestJSON-201478222-project] Made reservation on behalf of 172381cd65a94b1fa2939d6af673f6ba for: {'port': 1} {{(pid=104052) before /opt/stack/neutron/neutron/pecan_wsgi/hooks/quota_enforcement.py:53}}
Jun 24 10:16:33.202740 dv-cinder-847132-2-iscsi neutron-server[104051]: INFO neutron.wsgi [req-cc5d65f4-9934-4d96-89c7-4a9510c1a8d8 req-ee923b2b-6feb-45e6-99e1-7f2ce2869655 tempest-AttachVolumeShelveTestJSON-164554392 tempest-AttachVolumeShelveTestJSON-164554392-project] 10.222.0.64 "GET /v2.0/ports?device_id=cb96a476-856a-400c-8c57-30b98297ebee HTTP/1.1" status: 200 len: 210 time: 0.2412760
Jun 24 10:16:33.233146 dv-cinder-847132-2-iscsi neutron-server[104052]: DEBUG neutron_lib.callbacks.manager [req-3ebe9692-0724-4bd1-a47c-285c5a552bdc req-3191f19a-f421-4603-8f79-c73c566e6f6f tempest-ServerRescueNegativeTestJSON-201478222 tempest-ServerRescueNegativeTestJSON-201478222-project] Publish callbacks ['neutron.plugins.ml2.plugin.SecurityGroupDbMixin._ensure_default_security_group_handler-3550166'] for port (None), before_create {{(pid=104052) _notify_loop /usr/local/lib/python3.8/dist-packages/neutron_lib/callbacks/manager.py:176}}
Jun 24 10:16:33.279862 dv-cinder-847132-2-iscsi neutron-server[104051]: INFO neutron.wsgi [req-1884cdaf-22ee-471b-8e78-59e949664568 req-0a47b85a-f50e-47c9-8830-d259d438efac service neutron] 10.222.0.64 "GET /v2.0/networks/d20895ef-2afb-4e4b-a39f-18a1a6f9b4f5?fields=provider%3Aphysical_network&fields=provider%3Anetwork_type HTTP/1.1" status: 200 len: 281 time: 0.3734291
Jun 24 10:16:33.425751 dv-cinder-847132-2-iscsi neutron-server[104053]: DEBUG neutron.plugins.ml2.plugin [None req-1c947a7e-abb1-4066-9ee1-23ba8f103144 None None] Current status of the port 3de9a9a9-d5eb-4c96-9c40-d9b8b7faeac4 is: ACTIVE; New status is: ACTIVE {{(pid=104053) _update_individual_port_db_status /opt/stack/neutron/neutron/plugins/ml2/plugin.py:2292}}
Jun 24 10:16:33.569825 dv-cinder-847132-2-iscsi neutron-server[104051]: INFO neutron.wsgi [req-7e1101bf-a9e3-4ec8-9019-27ec84e8a0b9 req-5e4a9712-47f1-4c3e-83e2-e63b3c20ba2f tempest-DeleteServersTestJSON-1187438344 tempest-DeleteServersTestJSON-1187438344-project] 10.222.0.64 "GET /v2.0/ports?device_id=e33ad457-f04e-45ab-994a-de25ed757120 HTTP/1.1" status: 200 len: 210 time: 0.0719371
Jun 24 10:16:33.582671 dv-cinder-847132-2-iscsi neutron-server[104051]: DEBUG neutron.wsgi [-] (104051) accepted ('10.222.0.27', 60847) {{(pid=104051) server /usr/local/lib/python3.8/dist-packages/eventlet/wsgi.py:1004}}
Jun 24 10:16:33.634417 dv-cinder-847132-2-iscsi neutron-server[104051]: DEBUG neutron.wsgi [-] (104051) accepted ('10.222.0.27', 60848) {{(pid=104051) server /usr/local/lib/python3.8/dist-packages/eventlet/wsgi.py:1004}}
Jun 24 10:16:33.931144 dv-cinder-847132-2-iscsi neutron-server[104051]: INFO neutron.wsgi [req-06b9f4d8-bfbc-44ca-9123-d3546e40b6f4 req-96376b17-b727-4e63-adde-01ab4be022c2 tempest-AttachVolumeTestJSON-488963523 tempest-AttachVolumeTestJSON-488963523-project] 10.222.0.64 "GET /v2.0/ports?device_id=e3be66ae-a25d-46c4-b8b1-5e35eb49f8d1 HTTP/1.1" status: 200 len: 210 time: 0.1624868
Jun 24 10:16:34.172772 dv-cinder-847132-2-iscsi neutron-server[104051]: INFO neutron.wsgi [req-d8ec9f36-9e4d-4c44-bef5-f4f088f4e205 req-c4f5d8c9-17a7-4869-9dbd-df9356b40237 tempest-ServerRescueNegativeTestJSON-201478222 tempest-ServerRescueNegativeTestJSON-201478222-project] 10.222.0.64 "GET /v2.0/ports?device_id=be1b257c-d6c5-4686-96f2-73dfcb9516ef HTTP/1.1" status: 200 len: 210 time: 0.3272214
Jun 24 10:16:34.201541 dv-cinder-847132-2-iscsi neutron-server[104051]: DEBUG neutron.pecan_wsgi.hooks.policy_enforcement [req-88e0632f-9cb4-4e47-85a5-abe7e634c444 req-1fcd3e77-76c8-49c5-a7c7-be50bee35533 tempest-AttachVolumeTestJSON-488963523 tempest-AttachVolumeTestJSON-488963523-project] Attributes excluded by policy engine: ['standard_attr_id', 'vlan_transparent', 'provider:network_type', 'provider:physical_network', 'provider:segmentation_id'] {{(pid=104051) _exclude_attributes_by_policy /opt/stack/neutron/neutron/pecan_wsgi/hooks/policy_enforcement.py:259}}
Jun 24 10:16:34.203296 dv-cinder-847132-2-iscsi neutron-server[104051]: INFO neutron.wsgi [req-88e0632f-9cb4-4e47-85a5-abe7e634c444 req-1fcd3e77-76c8-49c5-a7c7-be50bee35533 tempest-AttachVolumeTestJSON-488963523 tempest-AttachVolumeTestJSON-488963523-project] 10.222.0.27 "GET /v2.0/networks?id=d5489725-cb1e-4af4-bc56-f04397965dc8 HTTP/1.1" status: 200 len: 811 time: 0.6042714
Jun 24 10:16:34.215937 dv-cinder-847132-2-iscsi neutron-server[104052]: DEBUG neutron_lib.callbacks.manager [req-18b1a627-9267-49c1-9d84-a489be47eacd req-3ecc2d6d-f65b-4f95-bdd7-6db4cf3c611f tempest-AttachVolumeShelveTestJSON-164554392 tempest-AttachVolumeShelveTestJSON-164554392-project] Publish callbacks [] for port (0c384c38-8450-4bcf-a60e-98848c87017b), precommit_create {{(pid=104052) _notify_loop /usr/local/lib/python3.8/dist-packages/neutron_lib/callbacks/manager.py:176}}
Jun 24 10:16:34.304548 dv-cinder-847132-2-iscsi neutron-server[104052]: DEBUG neutron.db.db_base_plugin_common [req-3ebe9692-0724-4bd1-a47c-285c5a552bdc req-3191f19a-f421-4603-8f79-c73c566e6f6f tempest-ServerRescueNegativeTestJSON-201478222 tempest-ServerRescueNegativeTestJSON-201478222-project] Allocated IP 172.20.0.14 (d20895ef-2afb-4e4b-a39f-18a1a6f9b4f5/76a12e71-d45b-4321-aabc-7b9f132bf04a/05874f33-e136-4a35-af2c-074f2098eaf9) {{(pid=104052) _store_ip_allocation /opt/stack/neutron/neutron/db/db_base_plugin_common.py:131}}
Jun 24 10:16:34.325592 dv-cinder-847132-2-iscsi neutron-server[104051]: DEBUG neutron.pecan_wsgi.hooks.policy_enforcement [req-59d3e79b-fca7-490f-a6d5-7b70859df9e5 req-bf70d13f-8281-4598-a22c-2730b4ea9cbf tempest-DeleteServersTestJSON-1187438344 tempest-DeleteServersTestJSON-1187438344-project] Attributes excluded by policy engine: ['standard_attr_id', 'vlan_transparent', 'provider:network_type', 'provider:physical_network', 'provider:segmentation_id'] {{(pid=104051) _exclude_attributes_by_policy /opt/stack/neutron/neutron/pecan_wsgi/hooks/policy_enforcement.py:259}}
Jun 24 10:16:34.332339 dv-cinder-847132-2-iscsi neutron-server[104051]: INFO neutron.wsgi [req-59d3e79b-fca7-490f-a6d5-7b70859df9e5 req-bf70d13f-8281-4598-a22c-2730b4ea9cbf tempest-DeleteServersTestJSON-1187438344 tempest-DeleteServersTestJSON-1187438344-project] 10.222.0.27 "GET /v2.0/networks?id=18282298-713d-408d-ae8c-c3fdda8948db HTTP/1.1" status: 200 len: 812 time: 0.6900272
Jun 24 10:16:34.425168 dv-cinder-847132-2-iscsi neutron-server[104051]: DEBUG neutron.api.v2.base [req-59d3e79b-fca7-490f-a6d5-7b70859df9e5 req-171424e4-f3cb-4fff-80f8-23a27f6818a0 tempest-DeleteServersTestJSON-1187438344 tempest-DeleteServersTestJSON-1187438344-project] Request body: {'port': {'device_id': 'e33ad457-f04e-45ab-994a-de25ed757120', 'network_id': '18282298-713d-408d-ae8c-c3fdda8948db', 'admin_state_up': True, 'tenant_id': '54baeb39b08b4d69aac8c4d42043112a'}} {{(pid=104051) prepare_request_body /opt/stack/neutron/neutron/api/v2/base.py:730}}
Jun 24 10:16:34.426384 dv-cinder-847132-2-iscsi neutron-server[104052]: DEBUG neutron_lib.callbacks.manager [req-18b1a627-9267-49c1-9d84-a489be47eacd req-3ecc2d6d-f65b-4f95-bdd7-6db4cf3c611f tempest-AttachVolumeShelveTestJSON-164554392 tempest-AttachVolumeShelveTestJSON-164554392-project] Publish callbacks ['neutron.plugins.ml2.plugin.SecurityGroupServerNotifierRpcMixin._notify_sg_on_port_change-3550103', 'neutron.plugins.ml2.ovo_rpc._ObjectChangeHandler.handle_event-1004991', 'neutron.api.rpc.agentnotifiers.dhcp_rpc_agent_api.DhcpAgentNotifyAPI._native_event_send_dhcp_notification-548082', 'neutron.db.l3_dvrscheduler_db._notify_l3_agent_new_port-8739177475714', 'neutron.services.segments.plugin.NovaSegmentNotifier._notify_port_created_or_deleted-11933577'] for port (0c384c38-8450-4bcf-a60e-98848c87017b), after_create {{(pid=104052) _notify_loop /usr/local/lib/python3.8/dist-packages/neutron_lib/callbacks/manager.py:176}}
Jun 24 10:16:34.509947 dv-cinder-847132-2-iscsi neutron-server[104051]: DEBUG dbcounter [-] [104051] Writing DB stats neutron:SELECT=100 {{(pid=104051) stat_writer /usr/local/lib/python3.8/dist-packages/dbcounter.py:114}}
Jun 24 10:16:34.547563 dv-cinder-847132-2-iscsi neutron-server[104052]: DEBUG neutron.scheduler.dhcp_agent_scheduler [req-18b1a627-9267-49c1-9d84-a489be47eacd req-3ecc2d6d-f65b-4f95-bdd7-6db4cf3c611f tempest-AttachVolumeShelveTestJSON-164554392 tempest-AttachVolumeShelveTestJSON-164554392-project] Network 77e0b315-c6f0-401c-b090-3f73b33dd671 is already hosted by enough agents. {{(pid=104052) _get_dhcp_agents_hosting_network /opt/stack/neutron/neutron/scheduler/dhcp_agent_scheduler.py:275}}
Jun 24 10:16:34.570628 dv-cinder-847132-2-iscsi neutron-server[104052]: DEBUG neutron.scheduler.base_scheduler [req-18b1a627-9267-49c1-9d84-a489be47eacd req-3ecc2d6d-f65b-4f95-bdd7-6db4cf3c611f tempest-AttachVolumeShelveTestJSON-164554392 tempest-AttachVolumeShelveTestJSON-164554392-project] Resources bound (agent type, host, resource id): {{(pid=104052) schedule /opt/stack/neutron/neutron/scheduler/base_scheduler.py:57}}
Jun 24 10:16:34.582940 dv-cinder-847132-2-iscsi neutron-server[104052]: DEBUG neutron.db.l3_dvrscheduler_db [req-18b1a627-9267-49c1-9d84-a489be47eacd req-3ecc2d6d-f65b-4f95-bdd7-6db4cf3c611f tempest-AttachVolumeShelveTestJSON-164554392 tempest-AttachVolumeShelveTestJSON-164554392-project] Received port after_create {{(pid=104052) _notify_l3_agent_new_port /opt/stack/neutron/neutron/db/l3_dvrscheduler_db.py:542}}
Jun 24 10:16:34.863088 dv-cinder-847132-2-iscsi neutron-server[104052]: DEBUG neutron.api.rpc.handlers.resources_rpc [None req-3ecc2d6d-f65b-4f95-bdd7-6db4cf3c611f tempest-AttachVolumeShelveTestJSON-164554392 tempest-AttachVolumeShelveTestJSON-164554392-project] Pushing event updated for resources: {'Port': ['ID=0c384c38-8450-4bcf-a60e-98848c87017b,revision_number=1']} {{(pid=104052) push /opt/stack/neutron/neutron/api/rpc/handlers/resources_rpc.py:237}}
Jun 24 10:16:34.975918 dv-cinder-847132-2-iscsi neutron-server[104052]: DEBUG neutron.pecan_wsgi.hooks.policy_enforcement [req-18b1a627-9267-49c1-9d84-a489be47eacd req-3ecc2d6d-f65b-4f95-bdd7-6db4cf3c611f tempest-AttachVolumeShelveTestJSON-164554392 tempest-AttachVolumeShelveTestJSON-164554392-project] Attributes excluded by policy engine: ['standard_attr_id', 'binding:profile', 'binding:host_id', 'binding:vif_type', 'binding:vif_details', 'network'] {{(pid=104052) _exclude_attributes_by_policy /opt/stack/neutron/neutron/pecan_wsgi/hooks/policy_enforcement.py:259}}
Jun 24 10:16:34.976511 dv-cinder-847132-2-iscsi neutron-server[104052]: DEBUG neutron_lib.callbacks.manager [req-18b1a627-9267-49c1-9d84-a489be47eacd req-3ecc2d6d-f65b-4f95-bdd7-6db4cf3c611f tempest-AttachVolumeShelveTestJSON-164554392 tempest-AttachVolumeShelveTestJSON-164554392-project] Publish callbacks ['neutron.notifiers.nova.Notifier._send_nova_notification-1004409', 'neutron.api.rpc.agentnotifiers.dhcp_rpc_agent_api.DhcpAgentNotifyAPI._send_dhcp_notification-548068'] for port (None), before_response {{(pid=104052) _notify_loop /usr/local/lib/python3.8/dist-packages/neutron_lib/callbacks/manager.py:176}}
Jun 24 10:16:34.985785 dv-cinder-847132-2-iscsi neutron-server[104052]: DEBUG dbcounter [-] [104052] Writing DB stats neutron:SELECT=90,neutron:INSERT=6,neutron:UPDATE=4 {{(pid=104052) stat_writer /usr/local/lib/python3.8/dist-packages/dbcounter.py:114}}
Jun 24 10:16:35.053352 dv-cinder-847132-2-iscsi neutron-server[104052]: INFO neutron.wsgi [req-18b1a627-9267-49c1-9d84-a489be47eacd req-3ecc2d6d-f65b-4f95-bdd7-6db4cf3c611f tempest-AttachVolumeShelveTestJSON-164554392 tempest-AttachVolumeShelveTestJSON-164554392-project] 10.222.0.27 "POST /v2.0/ports HTTP/1.1" status: 201 len: 933 time: 4.0602043
Jun 24 10:16:35.061496 dv-cinder-847132-2-iscsi neutron-server[104052]: DEBUG neutron_lib.callbacks.manager [req-3ebe9692-0724-4bd1-a47c-285c5a552bdc req-3191f19a-f421-4603-8f79-c73c566e6f6f tempest-ServerRescueNegativeTestJSON-201478222 tempest-ServerRescueNegativeTestJSON-201478222-project] Publish callbacks [] for port (05874f33-e136-4a35-af2c-074f2098eaf9), precommit_create {{(pid=104052) _notify_loop /usr/local/lib/python3.8/dist-packages/neutron_lib/callbacks/manager.py:176}}
Jun 24 10:16:35.069716 dv-cinder-847132-2-iscsi neutron-server[104052]: DEBUG neutron.wsgi [req-18b1a627-9267-49c1-9d84-a489be47eacd req-10eb2aaf-a16f-4d36-9273-1b567dca8f9d tempest-AttachVolumeShelveTestJSON-164554392 tempest-AttachVolumeShelveTestJSON-164554392-project] http://10.222.0.64:9696/v2.0/extensions returned with HTTP 200 {{(pid=104052) __call__ /opt/stack/neutron/neutron/wsgi.py:730}}
Jun 24 10:16:35.072852 dv-cinder-847132-2-iscsi neutron-server[104052]: INFO neutron.wsgi [req-18b1a627-9267-49c1-9d84-a489be47eacd req-10eb2aaf-a16f-4d36-9273-1b567dca8f9d tempest-AttachVolumeShelveTestJSON-164554392 tempest-AttachVolumeShelveTestJSON-164554392-project] 10.222.0.27 "GET /v2.0/extensions HTTP/1.1" status: 200 len: 14320 time: 0.0180633
Jun 24 10:16:35.194980 dv-cinder-847132-2-iscsi neutron-server[104052]: DEBUG neutron_lib.callbacks.manager [req-3ebe9692-0724-4bd1-a47c-285c5a552bdc req-3191f19a-f421-4603-8f79-c73c566e6f6f tempest-ServerRescueNegativeTestJSON-201478222 tempest-ServerRescueNegativeTestJSON-201478222-project] Publish callbacks ['neutron.plugins.ml2.plugin.SecurityGroupServerNotifierRpcMixin._notify_sg_on_port_change-3550103', 'neutron.plugins.ml2.ovo_rpc._ObjectChangeHandler.handle_event-1004991', 'neutron.api.rpc.agentnotifiers.dhcp_rpc_agent_api.DhcpAgentNotifyAPI._native_event_send_dhcp_notification-548082', 'neutron.db.l3_dvrscheduler_db._notify_l3_agent_new_port-8739177475714', 'neutron.services.segments.plugin.NovaSegmentNotifier._notify_port_created_or_deleted-11933577'] for port (05874f33-e136-4a35-af2c-074f2098eaf9), after_create {{(pid=104052) _notify_loop /usr/local/lib/python3.8/dist-packages/neutron_lib/callbacks/manager.py:176}}
Jun 24 10:16:35.234228 dv-cinder-847132-2-iscsi neutron-server[104053]: DEBUG neutron.db.provisioning_blocks [None req-d86ee857-88a5-4738-a1cb-77e05255153b None None] Provisioning complete for port 0c384c38-8450-4bcf-a60e-98848c87017b triggered by entity DHCP. {{(pid=104053) provisioning_complete /opt/stack/neutron/neutron/db/provisioning_blocks.py:145}}
Jun 24 10:16:35.237361 dv-cinder-847132-2-iscsi neutron-server[104053]: DEBUG neutron_lib.callbacks.manager [None req-d86ee857-88a5-4738-a1cb-77e05255153b None None] Publish callbacks ['neutron.plugins.ml2.plugin.Ml2Plugin._port_provisioned-3789014'] for port (0c384c38-8450-4bcf-a60e-98848c87017b), provisioning_complete {{(pid=104053) _notify_loop /usr/local/lib/python3.8/dist-packages/neutron_lib/callbacks/manager.py:176}}
Jun 24 10:16:35.250416 dv-cinder-847132-2-iscsi neutron-server[104052]: DEBUG dbcounter [-] [104052] Writing DB stats neutron:SELECT=87,neutron:INSERT=8,neutron:UPDATE=3,neutron:DELETE=2 {{(pid=104052) stat_writer /usr/local/lib/python3.8/dist-packages/dbcounter.py:114}}
Jun 24 10:16:35.269695 dv-cinder-847132-2-iscsi neutron-server[104052]: DEBUG neutron.scheduler.dhcp_agent_scheduler [req-3ebe9692-0724-4bd1-a47c-285c5a552bdc req-3191f19a-f421-4603-8f79-c73c566e6f6f tempest-ServerRescueNegativeTestJSON-201478222 tempest-ServerRescueNegativeTestJSON-201478222-project] Network d20895ef-2afb-4e4b-a39f-18a1a6f9b4f5 is already hosted by enough agents. {{(pid=104052) _get_dhcp_agents_hosting_network /opt/stack/neutron/neutron/scheduler/dhcp_agent_scheduler.py:275}}
