Jun 24 10:17:11.553263 dv-cinder-847132-2-iscsi devstack@c-api.service[110943]: INFO cinder.volume.api [None req-b4d2a938-c028-4b67-8078-434c39d3c0f2 tempest-DeleteServersTestJSON-1187438344 tempest-DeleteServersTestJSON-1187438344-project] Volume info retrieved successfully.
Jun 24 10:17:11.568337 dv-cinder-847132-2-iscsi devstack@c-api.service[110944]: DEBUG cinder.coordination [req-8cb66f6f-1b17-4968-9d30-63a0f2d566c5 req-daa26f6f-0f37-4cfc-9fda-36bae6922a4b tempest-DeleteServersTestJSON-1187438344 tempest-DeleteServersTestJSON-1187438344-project] Lock "b'cinder-attachment_update-c21b5320-25ba-4729-8cef-09d2401ad926-hv-cinder-84713'" acquired by "attachment_update" :: waited 0.013s {{(pid=110944) _synchronized /opt/stack/cinder/cinder/coordination.py:191}}
Jun 24 10:17:11.575237 dv-cinder-847132-2-iscsi devstack@c-api.service[110943]: INFO cinder.api.openstack.wsgi [None req-b4d2a938-c028-4b67-8078-434c39d3c0f2 tempest-DeleteServersTestJSON-1187438344 tempest-DeleteServersTestJSON-1187438344-project] http://10.222.0.64/volume/v3/54baeb39b08b4d69aac8c4d42043112a/volumes/c21b5320-25ba-4729-8cef-09d2401ad926 returned with HTTP 200
Jun 24 10:17:11.584831 dv-cinder-847132-2-iscsi devstack@c-api.service[110943]: [pid: 110943|app: 0|req: 166/316] 10.222.0.64 () {58 vars in 1324 bytes} [Fri Jun 24 10:17:11 2022] GET /volume/v3/54baeb39b08b4d69aac8c4d42043112a/volumes/c21b5320-25ba-4729-8cef-09d2401ad926 => generated 912 bytes in 90 msecs (HTTP/1.1 200) 7 headers in 285 bytes (1 switches on core 0)
Jun 24 10:17:11.587612 dv-cinder-847132-2-iscsi devstack@c-api.service[110944]: /usr/local/lib/python3.8/dist-packages/oslo_context/context.py:100: DeprecationWarning: Policy enforcement is depending on the value of is_admin. This key is deprecated. Please update your policy file to use the standard policy values.
Jun 24 10:17:11.587612 dv-cinder-847132-2-iscsi devstack@c-api.service[110944]: warnings.warn('Policy enforcement is depending on the value of '
Jun 24 10:17:11.717683 dv-cinder-847132-2-iscsi devstack@c-api.service[110943]: DEBUG cinder.api.middleware.request_id [None req-ab159305-d45c-47c1-94ca-3be7df6d2b4f None None] RequestId filter calling following filter/app {{(pid=110943) _context_setter /opt/stack/cinder/cinder/api/middleware/request_id.py:62}}
Jun 24 10:17:11.721378 dv-cinder-847132-2-iscsi devstack@c-api.service[110943]: INFO cinder.api.openstack.wsgi [None req-ab159305-d45c-47c1-94ca-3be7df6d2b4f tempest-VolumesImageMetadata-1634686547 tempest-VolumesImageMetadata-1634686547-project] GET http://10.222.0.64/volume/v3/f389b844cee34312a4c6640284c53ef0/volumes/a8d72297-c81b-4790-a70b-336b27a7b3c7
Jun 24 10:17:11.721816 dv-cinder-847132-2-iscsi devstack@c-api.service[110943]: DEBUG cinder.api.openstack.wsgi [None req-ab159305-d45c-47c1-94ca-3be7df6d2b4f tempest-VolumesImageMetadata-1634686547 tempest-VolumesImageMetadata-1634686547-project] Empty body provided in request {{(pid=110943) get_body /opt/stack/cinder/cinder/api/openstack/wsgi.py:715}}
Jun 24 10:17:11.723662 dv-cinder-847132-2-iscsi devstack@c-api.service[110943]: DEBUG cinder.api.openstack.wsgi [None req-ab159305-d45c-47c1-94ca-3be7df6d2b4f tempest-VolumesImageMetadata-1634686547 tempest-VolumesImageMetadata-1634686547-project] Calling method 'show' {{(pid=110943) _process_stack /opt/stack/cinder/cinder/api/openstack/wsgi.py:868}}
Jun 24 10:17:11.743582 dv-cinder-847132-2-iscsi devstack@c-api.service[110943]: /usr/local/lib/python3.8/dist-packages/oslo_context/context.py:100: DeprecationWarning: Policy enforcement is depending on the value of is_admin. This key is deprecated. Please update your policy file to use the standard policy values.
Jun 24 10:17:11.743582 dv-cinder-847132-2-iscsi devstack@c-api.service[110943]: warnings.warn('Policy enforcement is depending on the value of '
Jun 24 10:17:11.751306 dv-cinder-847132-2-iscsi devstack@c-api.service[110943]: INFO cinder.volume.api [None req-ab159305-d45c-47c1-94ca-3be7df6d2b4f tempest-VolumesImageMetadata-1634686547 tempest-VolumesImageMetadata-1634686547-project] Volume info retrieved successfully.
Jun 24 10:17:11.760660 dv-cinder-847132-2-iscsi devstack@c-api.service[110943]: INFO cinder.api.openstack.wsgi [None req-ab159305-d45c-47c1-94ca-3be7df6d2b4f tempest-VolumesImageMetadata-1634686547 tempest-VolumesImageMetadata-1634686547-project] http://10.222.0.64/volume/v3/f389b844cee34312a4c6640284c53ef0/volumes/a8d72297-c81b-4790-a70b-336b27a7b3c7 returned with HTTP 200
Jun 24 10:17:11.761660 dv-cinder-847132-2-iscsi devstack@c-api.service[110943]: [pid: 110943|app: 0|req: 167/317] 10.222.0.64 () {58 vars in 1324 bytes} [Fri Jun 24 10:17:11 2022] GET /volume/v3/f389b844cee34312a4c6640284c53ef0/volumes/a8d72297-c81b-4790-a70b-336b27a7b3c7 => generated 911 bytes in 46 msecs (HTTP/1.1 200) 7 headers in 285 bytes (1 switches on core 0)
Jun 24 10:17:12.113567 dv-cinder-847132-2-iscsi devstack@c-api.service[110944]: DEBUG cinder.coordination [req-8cb66f6f-1b17-4968-9d30-63a0f2d566c5 req-daa26f6f-0f37-4cfc-9fda-36bae6922a4b tempest-DeleteServersTestJSON-1187438344 tempest-DeleteServersTestJSON-1187438344-project] Lock "b'cinder-attachment_update-c21b5320-25ba-4729-8cef-09d2401ad926-hv-cinder-84713'" released by "attachment_update" :: held 0.545s {{(pid=110944) _synchronized /opt/stack/cinder/cinder/coordination.py:203}}
Jun 24 10:17:12.114159 dv-cinder-847132-2-iscsi devstack@c-api.service[110944]: INFO cinder.api.openstack.wsgi [req-8cb66f6f-1b17-4968-9d30-63a0f2d566c5 req-daa26f6f-0f37-4cfc-9fda-36bae6922a4b tempest-DeleteServersTestJSON-1187438344 tempest-DeleteServersTestJSON-1187438344-project] http://10.222.0.64/volume/v3/54baeb39b08b4d69aac8c4d42043112a/attachments/dfd6217d-49d8-4c0d-b8d9-3ad5753e4a5a returned with HTTP 200
Jun 24 10:17:12.115542 dv-cinder-847132-2-iscsi devstack@c-api.service[110944]: [pid: 110944|app: 0|req: 151/318] 10.222.0.27 () {64 vars in 1477 bytes} [Fri Jun 24 10:17:11 2022] PUT /volume/v3/54baeb39b08b4d69aac8c4d42043112a/attachments/dfd6217d-49d8-4c0d-b8d9-3ad5753e4a5a => generated 747 bytes in 586 msecs (HTTP/1.1 200) 7 headers in 286 bytes (2 switches on core 0)
Jun 24 10:17:12.192414 dv-cinder-847132-2-iscsi devstack@c-api.service[110943]: DEBUG cinder.api.middleware.request_id [None req-723861dd-f27a-40ae-8ae9-e984a2b842ff None None] RequestId filter calling following filter/app {{(pid=110943) _context_setter /opt/stack/cinder/cinder/api/middleware/request_id.py:62}}
Jun 24 10:17:12.196213 dv-cinder-847132-2-iscsi devstack@c-api.service[110943]: INFO cinder.api.openstack.wsgi [None req-723861dd-f27a-40ae-8ae9-e984a2b842ff tempest-VolumesActionsTest-407111890 tempest-VolumesActionsTest-407111890-project] GET http://10.222.0.64/volume/v3/b99acc778f9b42558f2952a8d0cd618e/volumes/2585b0e0-bef7-439d-ad7b-7df3b0d8642d
Jun 24 10:17:12.196874 dv-cinder-847132-2-iscsi devstack@c-api.service[110943]: DEBUG cinder.api.openstack.wsgi [None req-723861dd-f27a-40ae-8ae9-e984a2b842ff tempest-VolumesActionsTest-407111890 tempest-VolumesActionsTest-407111890-project] Empty body provided in request {{(pid=110943) get_body /opt/stack/cinder/cinder/api/openstack/wsgi.py:715}}
Jun 24 10:17:12.197330 dv-cinder-847132-2-iscsi devstack@c-api.service[110943]: DEBUG cinder.api.openstack.wsgi [None req-723861dd-f27a-40ae-8ae9-e984a2b842ff tempest-VolumesActionsTest-407111890 tempest-VolumesActionsTest-407111890-project] Calling method 'show' {{(pid=110943) _process_stack /opt/stack/cinder/cinder/api/openstack/wsgi.py:868}}
Jun 24 10:17:12.209924 dv-cinder-847132-2-iscsi devstack@c-api.service[110943]: INFO cinder.api.openstack.wsgi [None req-723861dd-f27a-40ae-8ae9-e984a2b842ff tempest-VolumesActionsTest-407111890 tempest-VolumesActionsTest-407111890-project] http://10.222.0.64/volume/v3/b99acc778f9b42558f2952a8d0cd618e/volumes/2585b0e0-bef7-439d-ad7b-7df3b0d8642d returned with HTTP 404
Jun 24 10:17:12.210141 dv-cinder-847132-2-iscsi devstack@c-api.service[110944]: DEBUG cinder.api.middleware.request_id [None req-34c4e193-70b3-441e-8ba3-cc03625f324d None None] RequestId filter calling following filter/app {{(pid=110944) _context_setter /opt/stack/cinder/cinder/api/middleware/request_id.py:62}}
Jun 24 10:17:12.211609 dv-cinder-847132-2-iscsi devstack@c-api.service[110943]: [pid: 110943|app: 0|req: 168/319] 10.222.0.64 () {58 vars in 1324 bytes} [Fri Jun 24 10:17:12 2022] GET /volume/v3/b99acc778f9b42558f2952a8d0cd618e/volumes/2585b0e0-bef7-439d-ad7b-7df3b0d8642d => generated 109 bytes in 20 msecs (HTTP/1.1 404) 7 headers in 292 bytes (1 switches on core 0)
Jun 24 10:17:12.213248 dv-cinder-847132-2-iscsi devstack@c-api.service[110943]: DEBUG cinder.api.middleware.request_id [None req-3c149aaa-114e-43cc-a0ae-00e526be9412 None None] RequestId filter calling following filter/app {{(pid=110943) _context_setter /opt/stack/cinder/cinder/api/middleware/request_id.py:62}}
Jun 24 10:17:12.216675 dv-cinder-847132-2-iscsi devstack@c-api.service[110944]: INFO cinder.api.openstack.wsgi [None req-34c4e193-70b3-441e-8ba3-cc03625f324d tempest-GroupSnapshotsTest-1714613075 tempest-GroupSnapshotsTest-1714613075-project] GET http://10.222.0.64/volume/v3/a8c521bf29f14b9db28816bed9a4d0f3/snapshots/345c7543-75d6-4715-9f8d-e59b63343e2e
Jun 24 10:17:12.217388 dv-cinder-847132-2-iscsi devstack@c-api.service[110944]: DEBUG cinder.api.openstack.wsgi [None req-34c4e193-70b3-441e-8ba3-cc03625f324d tempest-GroupSnapshotsTest-1714613075 tempest-GroupSnapshotsTest-1714613075-project] Empty body provided in request {{(pid=110944) get_body /opt/stack/cinder/cinder/api/openstack/wsgi.py:715}}
Jun 24 10:17:12.217861 dv-cinder-847132-2-iscsi devstack@c-api.service[110944]: DEBUG cinder.api.openstack.wsgi [None req-34c4e193-70b3-441e-8ba3-cc03625f324d tempest-GroupSnapshotsTest-1714613075 tempest-GroupSnapshotsTest-1714613075-project] Calling method 'show' {{(pid=110944) _process_stack /opt/stack/cinder/cinder/api/openstack/wsgi.py:868}}
Jun 24 10:17:12.221789 dv-cinder-847132-2-iscsi devstack@c-api.service[110943]: INFO cinder.api.openstack.wsgi [None req-3c149aaa-114e-43cc-a0ae-00e526be9412 tempest-VolumesExtendTest-1973461006 tempest-VolumesExtendTest-1973461006-project] GET http://10.222.0.64/volume/v3/af2928ac8a8e4e3a8bc0b2fcc7c81265/volumes/cc2b4446-13b3-400a-abe9-dd779650e2b7
Jun 24 10:17:12.222584 dv-cinder-847132-2-iscsi devstack@c-api.service[110943]: DEBUG cinder.api.openstack.wsgi [None req-3c149aaa-114e-43cc-a0ae-00e526be9412 tempest-VolumesExtendTest-1973461006 tempest-VolumesExtendTest-1973461006-project] Empty body provided in request {{(pid=110943) get_body /opt/stack/cinder/cinder/api/openstack/wsgi.py:715}}
Jun 24 10:17:12.223195 dv-cinder-847132-2-iscsi devstack@c-api.service[110943]: DEBUG cinder.api.openstack.wsgi [None req-3c149aaa-114e-43cc-a0ae-00e526be9412 tempest-VolumesExtendTest-1973461006 tempest-VolumesExtendTest-1973461006-project] Calling method 'show' {{(pid=110943) _process_stack /opt/stack/cinder/cinder/api/openstack/wsgi.py:868}}
Jun 24 10:17:12.229696 dv-cinder-847132-2-iscsi devstack@c-api.service[110944]: INFO cinder.api.openstack.wsgi [None req-34c4e193-70b3-441e-8ba3-cc03625f324d tempest-GroupSnapshotsTest-1714613075 tempest-GroupSnapshotsTest-1714613075-project] http://10.222.0.64/volume/v3/a8c521bf29f14b9db28816bed9a4d0f3/snapshots/345c7543-75d6-4715-9f8d-e59b63343e2e returned with HTTP 404
Jun 24 10:17:12.230771 dv-cinder-847132-2-iscsi devstack@c-api.service[110944]: [pid: 110944|app: 0|req: 152/320] 10.222.0.64 () {58 vars in 1330 bytes} [Fri Jun 24 10:17:12 2022] GET /volume/v3/a8c521bf29f14b9db28816bed9a4d0f3/snapshots/345c7543-75d6-4715-9f8d-e59b63343e2e => generated 111 bytes in 22 msecs (HTTP/1.1 404) 7 headers in 292 bytes (1 switches on core 0)
Jun 24 10:17:12.232190 dv-cinder-847132-2-iscsi devstack@c-api.service[110944]: DEBUG cinder.api.middleware.request_id [None req-f3796037-da50-44bd-910e-6ada69a4ad9b None None] RequestId filter calling following filter/app {{(pid=110944) _context_setter /opt/stack/cinder/cinder/api/middleware/request_id.py:62}}
Jun 24 10:17:12.237048 dv-cinder-847132-2-iscsi devstack@c-api.service[110944]: INFO cinder.api.openstack.wsgi [None req-f3796037-da50-44bd-910e-6ada69a4ad9b tempest-VolumesActionsTest-407111890 tempest-VolumesActionsTest-407111890-project] POST http://10.222.0.64/volume/v3/b99acc778f9b42558f2952a8d0cd618e/volumes
Jun 24 10:17:12.237669 dv-cinder-847132-2-iscsi devstack@c-api.service[110944]: DEBUG cinder.api.openstack.wsgi [None req-f3796037-da50-44bd-910e-6ada69a4ad9b tempest-VolumesActionsTest-407111890 tempest-VolumesActionsTest-407111890-project] Action: 'create', calling method: create, body: {"volume": {"size": 1, "name": "tempest-VolumesActionsTest-Volume-975983360"}} {{(pid=110944) _process_stack /opt/stack/cinder/cinder/api/openstack/wsgi.py:866}}
Jun 24 10:17:12.238613 dv-cinder-847132-2-iscsi devstack@c-api.service[110944]: DEBUG cinder.api.v3.volumes [None req-f3796037-da50-44bd-910e-6ada69a4ad9b tempest-VolumesActionsTest-407111890 tempest-VolumesActionsTest-407111890-project] Create volume request body: {'volume': {'size': 1, 'name': 'tempest-VolumesActionsTest-Volume-975983360'}} {{(pid=110944) create /opt/stack/cinder/cinder/api/v3/volumes.py:298}}
Jun 24 10:17:12.238960 dv-cinder-847132-2-iscsi devstack@c-api.service[110944]: INFO cinder.api.v3.volumes [None req-f3796037-da50-44bd-910e-6ada69a4ad9b tempest-VolumesActionsTest-407111890 tempest-VolumesActionsTest-407111890-project] Create volume of 1 GB
Jun 24 10:17:12.239600 dv-cinder-847132-2-iscsi devstack@c-api.service[110943]: /usr/local/lib/python3.8/dist-packages/oslo_context/context.py:100: DeprecationWarning: Policy enforcement is depending on the value of is_admin. This key is deprecated. Please update your policy file to use the standard policy values.
Jun 24 10:17:12.239600 dv-cinder-847132-2-iscsi devstack@c-api.service[110943]: warnings.warn('Policy enforcement is depending on the value of '
Jun 24 10:17:12.239764 dv-cinder-847132-2-iscsi devstack@c-api.service[110944]: /usr/local/lib/python3.8/dist-packages/oslo_context/context.py:100: DeprecationWarning: Policy enforcement is depending on the value of is_admin. This key is deprecated. Please update your policy file to use the standard policy values.
Jun 24 10:17:12.239764 dv-cinder-847132-2-iscsi devstack@c-api.service[110944]: warnings.warn('Policy enforcement is depending on the value of '
Jun 24 10:17:12.247146 dv-cinder-847132-2-iscsi devstack@c-api.service[110944]: INFO cinder.volume.api [None req-f3796037-da50-44bd-910e-6ada69a4ad9b tempest-VolumesActionsTest-407111890 tempest-VolumesActionsTest-407111890-project] Availability Zones retrieved successfully.
Jun 24 10:17:12.248052 dv-cinder-847132-2-iscsi devstack@c-api.service[110943]: INFO cinder.volume.api [None req-3c149aaa-114e-43cc-a0ae-00e526be9412 tempest-VolumesExtendTest-1973461006 tempest-VolumesExtendTest-1973461006-project] Volume info retrieved successfully.
Jun 24 10:17:12.258456 dv-cinder-847132-2-iscsi devstack@c-api.service[110943]: INFO cinder.api.openstack.wsgi [None req-3c149aaa-114e-43cc-a0ae-00e526be9412 tempest-VolumesExtendTest-1973461006 tempest-VolumesExtendTest-1973461006-project] http://10.222.0.64/volume/v3/af2928ac8a8e4e3a8bc0b2fcc7c81265/volumes/cc2b4446-13b3-400a-abe9-dd779650e2b7 returned with HTTP 200
Jun 24 10:17:12.259724 dv-cinder-847132-2-iscsi devstack@c-api.service[110943]: [pid: 110943|app: 0|req: 169/321] 10.222.0.64 () {58 vars in 1324 bytes} [Fri Jun 24 10:17:12 2022] GET /volume/v3/af2928ac8a8e4e3a8bc0b2fcc7c81265/volumes/cc2b4446-13b3-400a-abe9-dd779650e2b7 => generated 908 bytes in 47 msecs (HTTP/1.1 200) 7 headers in 285 bytes (1 switches on core 0)
Jun 24 10:17:12.261344 dv-cinder-847132-2-iscsi devstack@c-api.service[110943]: DEBUG cinder.api.middleware.request_id [None req-99751824-5502-4855-93b9-2828314bec4d None None] RequestId filter calling following filter/app {{(pid=110943) _context_setter /opt/stack/cinder/cinder/api/middleware/request_id.py:62}}
Jun 24 10:17:12.262302 dv-cinder-847132-2-iscsi devstack@c-api.service[110944]: DEBUG cinder.volume.api [None req-f3796037-da50-44bd-910e-6ada69a4ad9b tempest-VolumesActionsTest-407111890 tempest-VolumesActionsTest-407111890-project] Flow 'volume_create_api' (f6e2c4b3-4193-45b5-9e86-0d8afbe275ab) transitioned into state 'RUNNING' from state 'PENDING' {{(pid=110944) _flow_receiver /usr/local/lib/python3.8/dist-packages/taskflow/listeners/logging.py:141}}
Jun 24 10:17:12.265077 dv-cinder-847132-2-iscsi devstack@c-api.service[110944]: DEBUG cinder.volume.api [None req-f3796037-da50-44bd-910e-6ada69a4ad9b tempest-VolumesActionsTest-407111890 tempest-VolumesActionsTest-407111890-project] Task 'cinder.volume.flows.api.create_volume.ExtractVolumeRequestTask;volume:create' (a3d1ed82-c548-4020-823e-175000c3a543) transitioned into state 'RUNNING' from state 'PENDING' {{(pid=110944) _task_receiver /usr/local/lib/python3.8/dist-packages/taskflow/listeners/logging.py:190}}
Jun 24 10:17:12.266160 dv-cinder-847132-2-iscsi devstack@c-api.service[110943]: INFO cinder.api.openstack.wsgi [None req-99751824-5502-4855-93b9-2828314bec4d tempest-GroupSnapshotsTest-1714613075 tempest-GroupSnapshotsTest-1714613075-project] GET http://10.222.0.64/volume/v3/a8c521bf29f14b9db28816bed9a4d0f3/snapshots/92e9365c-24af-424d-b314-ce4c4822f769
Jun 24 10:17:12.266596 dv-cinder-847132-2-iscsi devstack@c-api.service[110943]: DEBUG cinder.api.openstack.wsgi [None req-99751824-5502-4855-93b9-2828314bec4d tempest-GroupSnapshotsTest-1714613075 tempest-GroupSnapshotsTest-1714613075-project] Empty body provided in request {{(pid=110943) get_body /opt/stack/cinder/cinder/api/openstack/wsgi.py:715}}
Jun 24 10:17:12.267261 dv-cinder-847132-2-iscsi devstack@c-api.service[110943]: DEBUG cinder.api.openstack.wsgi [None req-99751824-5502-4855-93b9-2828314bec4d tempest-GroupSnapshotsTest-1714613075 tempest-GroupSnapshotsTest-1714613075-project] Calling method 'show' {{(pid=110943) _process_stack /opt/stack/cinder/cinder/api/openstack/wsgi.py:868}}
Jun 24 10:17:12.268050 dv-cinder-847132-2-iscsi devstack@c-api.service[110944]: DEBUG cinder.volume.flows.api.create_volume [None req-f3796037-da50-44bd-910e-6ada69a4ad9b tempest-VolumesActionsTest-407111890 tempest-VolumesActionsTest-407111890-project] Validating volume size '1' using validate_int {{(pid=110944) _extract_size /opt/stack/cinder/cinder/volume/flows/api/create_volume.py:228}}
Jun 24 10:17:12.276484 dv-cinder-847132-2-iscsi devstack@c-api.service[110943]: INFO cinder.api.openstack.wsgi [None req-99751824-5502-4855-93b9-2828314bec4d tempest-GroupSnapshotsTest-1714613075 tempest-GroupSnapshotsTest-1714613075-project] http://10.222.0.64/volume/v3/a8c521bf29f14b9db28816bed9a4d0f3/snapshots/92e9365c-24af-424d-b314-ce4c4822f769 returned with HTTP 404
Jun 24 10:17:12.278026 dv-cinder-847132-2-iscsi devstack@c-api.service[110943]: [pid: 110943|app: 0|req: 170/322] 10.222.0.64 () {58 vars in 1330 bytes} [Fri Jun 24 10:17:12 2022] GET /volume/v3/a8c521bf29f14b9db28816bed9a4d0f3/snapshots/92e9365c-24af-424d-b314-ce4c4822f769 => generated 111 bytes in 17 msecs (HTTP/1.1 404) 7 headers in 292 bytes (1 switches on core 0)
Jun 24 10:17:12.283988 dv-cinder-847132-2-iscsi devstack@c-api.service[110943]: DEBUG cinder.api.middleware.request_id [None req-f0d078d5-3988-4c17-85b4-29a2c8eca06f None None] RequestId filter calling following filter/app {{(pid=110943) _context_setter /opt/stack/cinder/cinder/api/middleware/request_id.py:62}}
Jun 24 10:17:12.288073 dv-cinder-847132-2-iscsi devstack@c-api.service[110943]: INFO cinder.api.openstack.wsgi [None req-f0d078d5-3988-4c17-85b4-29a2c8eca06f tempest-GroupSnapshotsTest-1714613075 tempest-GroupSnapshotsTest-1714613075-project] GET http://10.222.0.64/volume/v3/a8c521bf29f14b9db28816bed9a4d0f3/group_snapshots/649c6497-c482-4241-a485-dee97bf2c03b
Jun 24 10:17:12.288733 dv-cinder-847132-2-iscsi devstack@c-api.service[110943]: DEBUG cinder.api.openstack.wsgi [None req-f0d078d5-3988-4c17-85b4-29a2c8eca06f tempest-GroupSnapshotsTest-1714613075 tempest-GroupSnapshotsTest-1714613075-project] Empty body provided in request {{(pid=110943) get_body /opt/stack/cinder/cinder/api/openstack/wsgi.py:715}}
Jun 24 10:17:12.289516 dv-cinder-847132-2-iscsi devstack@c-api.service[110943]: DEBUG cinder.api.openstack.wsgi [None req-f0d078d5-3988-4c17-85b4-29a2c8eca06f tempest-GroupSnapshotsTest-1714613075 tempest-GroupSnapshotsTest-1714613075-project] Calling method 'version_select' {{(pid=110943) _process_stack /opt/stack/cinder/cinder/api/openstack/wsgi.py:868}}
Jun 24 10:17:12.290137 dv-cinder-847132-2-iscsi devstack@c-api.service[110943]: DEBUG cinder.api.v3.group_snapshots [None req-f0d078d5-3988-4c17-85b4-29a2c8eca06f tempest-GroupSnapshotsTest-1714613075 tempest-GroupSnapshotsTest-1714613075-project] show called for member 649c6497-c482-4241-a485-dee97bf2c03b {{(pid=110943) show /opt/stack/cinder/cinder/api/v3/group_snapshots.py:58}}
Jun 24 10:17:12.298013 dv-cinder-847132-2-iscsi devstack@c-api.service[110943]: INFO cinder.api.openstack.wsgi [None req-f0d078d5-3988-4c17-85b4-29a2c8eca06f tempest-GroupSnapshotsTest-1714613075 tempest-GroupSnapshotsTest-1714613075-project] http://10.222.0.64/volume/v3/a8c521bf29f14b9db28816bed9a4d0f3/group_snapshots/649c6497-c482-4241-a485-dee97bf2c03b returned with HTTP 404
Jun 24 10:17:12.299772 dv-cinder-847132-2-iscsi devstack@c-api.service[110943]: [pid: 110943|app: 0|req: 171/323] 10.222.0.64 () {60 vars in 1389 bytes} [Fri Jun 24 10:17:12 2022] GET /volume/v3/a8c521bf29f14b9db28816bed9a4d0f3/group_snapshots/649c6497-c482-4241-a485-dee97bf2c03b => generated 116 bytes in 18 msecs (HTTP/1.1 404) 7 headers in 293 bytes (2 switches on core 0)
Jun 24 10:17:12.300874 dv-cinder-847132-2-iscsi devstack@c-api.service[110944]: DEBUG dbcounter [-] [110944] Writing DB stats cinder:SELECT=93,cinder:UPDATE=6,cinder:INSERT=1 {{(pid=110944) stat_writer /usr/local/lib/python3.8/dist-packages/dbcounter.py:114}}
Jun 24 10:17:12.304225 dv-cinder-847132-2-iscsi devstack@c-api.service[110943]: DEBUG cinder.api.middleware.request_id [None req-c8002744-8dc8-484f-9a02-32b93f256b08 None None] RequestId filter calling following filter/app {{(pid=110943) _context_setter /opt/stack/cinder/cinder/api/middleware/request_id.py:62}}
Jun 24 10:17:12.308910 dv-cinder-847132-2-iscsi devstack@c-api.service[110943]: INFO cinder.api.openstack.wsgi [None req-c8002744-8dc8-484f-9a02-32b93f256b08 tempest-GroupSnapshotsTest-1714613075 tempest-GroupSnapshotsTest-1714613075-project] DELETE http://10.222.0.64/volume/v3/a8c521bf29f14b9db28816bed9a4d0f3/group_snapshots/649c6497-c482-4241-a485-dee97bf2c03b
Jun 24 10:17:12.309725 dv-cinder-847132-2-iscsi devstack@c-api.service[110943]: DEBUG cinder.api.openstack.wsgi [None req-c8002744-8dc8-484f-9a02-32b93f256b08 tempest-GroupSnapshotsTest-1714613075 tempest-GroupSnapshotsTest-1714613075-project] Empty body provided in request {{(pid=110943) get_body /opt/stack/cinder/cinder/api/openstack/wsgi.py:715}}
Jun 24 10:17:12.310496 dv-cinder-847132-2-iscsi devstack@c-api.service[110943]: DEBUG cinder.api.openstack.wsgi [None req-c8002744-8dc8-484f-9a02-32b93f256b08 tempest-GroupSnapshotsTest-1714613075 tempest-GroupSnapshotsTest-1714613075-project] Calling method 'version_select' {{(pid=110943) _process_stack /opt/stack/cinder/cinder/api/openstack/wsgi.py:868}}
Jun 24 10:17:12.311020 dv-cinder-847132-2-iscsi devstack@c-api.service[110943]: DEBUG cinder.api.v3.group_snapshots [None req-c8002744-8dc8-484f-9a02-32b93f256b08 tempest-GroupSnapshotsTest-1714613075 tempest-GroupSnapshotsTest-1714613075-project] delete called for member 649c6497-c482-4241-a485-dee97bf2c03b {{(pid=110943) delete /opt/stack/cinder/cinder/api/v3/group_snapshots.py:72}}
Jun 24 10:17:12.311442 dv-cinder-847132-2-iscsi devstack@c-api.service[110943]: INFO cinder.api.v3.group_snapshots [None req-c8002744-8dc8-484f-9a02-32b93f256b08 tempest-GroupSnapshotsTest-1714613075 tempest-GroupSnapshotsTest-1714613075-project] Delete group_snapshot with id: 649c6497-c482-4241-a485-dee97bf2c03b
Jun 24 10:17:12.318690 dv-cinder-847132-2-iscsi devstack@c-api.service[110943]: INFO cinder.api.openstack.wsgi [None req-c8002744-8dc8-484f-9a02-32b93f256b08 tempest-GroupSnapshotsTest-1714613075 tempest-GroupSnapshotsTest-1714613075-project] http://10.222.0.64/volume/v3/a8c521bf29f14b9db28816bed9a4d0f3/group_snapshots/649c6497-c482-4241-a485-dee97bf2c03b returned with HTTP 404
Jun 24 10:17:12.320798 dv-cinder-847132-2-iscsi devstack@c-api.service[110943]: [pid: 110943|app: 0|req: 172/324] 10.222.0.64 () {60 vars in 1392 bytes} [Fri Jun 24 10:17:12 2022] DELETE /volume/v3/a8c521bf29f14b9db28816bed9a4d0f3/group_snapshots/649c6497-c482-4241-a485-dee97bf2c03b => generated 116 bytes in 17 msecs (HTTP/1.1 404) 7 headers in 293 bytes (1 switches on core 0)
Jun 24 10:17:12.325664 dv-cinder-847132-2-iscsi devstack@c-api.service[110943]: DEBUG cinder.api.middleware.request_id [None req-975df955-e8a4-4a55-bb01-8f6411c3f651 None None] RequestId filter calling following filter/app {{(pid=110943) _context_setter /opt/stack/cinder/cinder/api/middleware/request_id.py:62}}
Jun 24 10:17:12.330144 dv-cinder-847132-2-iscsi devstack@c-api.service[110943]: INFO cinder.api.openstack.wsgi [None req-975df955-e8a4-4a55-bb01-8f6411c3f651 tempest-GroupSnapshotsTest-1714613075 tempest-GroupSnapshotsTest-1714613075-project] GET http://10.222.0.64/volume/v3/a8c521bf29f14b9db28816bed9a4d0f3/volumes/detail
Jun 24 10:17:12.331024 dv-cinder-847132-2-iscsi devstack@c-api.service[110943]: DEBUG cinder.api.openstack.wsgi [None req-975df955-e8a4-4a55-bb01-8f6411c3f651 tempest-GroupSnapshotsTest-1714613075 tempest-GroupSnapshotsTest-1714613075-project] Empty body provided in request {{(pid=110943) get_body /opt/stack/cinder/cinder/api/openstack/wsgi.py:715}}
Jun 24 10:17:12.331669 dv-cinder-847132-2-iscsi devstack@c-api.service[110943]: DEBUG cinder.api.openstack.wsgi [None req-975df955-e8a4-4a55-bb01-8f6411c3f651 tempest-GroupSnapshotsTest-1714613075 tempest-GroupSnapshotsTest-1714613075-project] Calling method 'detail' {{(pid=110943) _process_stack /opt/stack/cinder/cinder/api/openstack/wsgi.py:868}}
Jun 24 10:17:12.332244 dv-cinder-847132-2-iscsi devstack@c-api.service[110943]: DEBUG cinder.api.api_utils [None req-975df955-e8a4-4a55-bb01-8f6411c3f651 tempest-GroupSnapshotsTest-1714613075 tempest-GroupSnapshotsTest-1714613075-project] Removing options '' from query. {{(pid=110943) remove_invalid_filter_options /opt/stack/cinder/cinder/api/api_utils.py:83}}
Jun 24 10:17:12.334146 dv-cinder-847132-2-iscsi devstack@c-api.service[110943]: DEBUG cinder.volume.api [None req-975df955-e8a4-4a55-bb01-8f6411c3f651 tempest-GroupSnapshotsTest-1714613075 tempest-GroupSnapshotsTest-1714613075-project] Searching by: MultiDict([('no_migration_targets', True)]). {{(pid=110943) get_all /opt/stack/cinder/cinder/volume/api.py:664}}
Jun 24 10:17:12.342584 dv-cinder-847132-2-iscsi devstack@c-api.service[110944]: DEBUG cinder.volume.api [None req-f3796037-da50-44bd-910e-6ada69a4ad9b tempest-VolumesActionsTest-407111890 tempest-VolumesActionsTest-407111890-project] Task 'cinder.volume.flows.api.create_volume.ExtractVolumeRequestTask;volume:create' (a3d1ed82-c548-4020-823e-175000c3a543) transitioned into state 'SUCCESS' from state 'RUNNING' with result '{'size': 1, 'snapshot_id': None, 'source_volid': None, 'volume_type': VolumeType(created_at=2022-06-24T10:06:18Z,deleted=False,deleted_at=None,description='Default Volume Type',extra_specs={},id=d61ad13a-a6ee-4657-a70d-c654a5ee98f4,is_public=True,name='__DEFAULT__',projects=[],qos_specs=,qos_specs_id=None,updated_at=2022-06-24T10:06:18Z), 'volume_type_id': 'd61ad13a-a6ee-4657-a70d-c654a5ee98f4', 'encryption_key_id': None, 'qos_specs': None, 'consistencygroup_id': None, 'cgsnapshot_id': None, 'group_id': None, 'replication_status': 'disabled', 'refresh_az': False, 'backup_id': None, 'multiattach': False, 'availability_zones': ['nova']}' {{(pid=110944) _task_receiver /usr/local/lib/python3.8/dist-packages/taskflow/listeners/logging.py:178}}
Jun 24 10:17:12.345383 dv-cinder-847132-2-iscsi devstack@c-api.service[110944]: DEBUG cinder.volume.api [None req-f3796037-da50-44bd-910e-6ada69a4ad9b tempest-VolumesActionsTest-407111890 tempest-VolumesActionsTest-407111890-project] Task 'cinder.volume.flows.api.create_volume.QuotaReserveTask;volume:create' (f3276595-ba06-4d9a-9966-f85b869a0030) transitioned into state 'RUNNING' from state 'PENDING' {{(pid=110944) _task_receiver /usr/local/lib/python3.8/dist-packages/taskflow/listeners/logging.py:190}}
Jun 24 10:17:12.399055 dv-cinder-847132-2-iscsi devstack@c-api.service[110943]: INFO cinder.volume.api [None req-975df955-e8a4-4a55-bb01-8f6411c3f651 tempest-GroupSnapshotsTest-1714613075 tempest-GroupSnapshotsTest-1714613075-project] Get all volumes completed successfully.
Jun 24 10:17:12.400909 dv-cinder-847132-2-iscsi devstack@c-api.service[110943]: WARNING stevedore.named [None req-975df955-e8a4-4a55-bb01-8f6411c3f651 tempest-GroupSnapshotsTest-1714613075 tempest-GroupSnapshotsTest-1714613075-project] Could not load cinder.keymgr.conf_key_mgr.ConfKeyManager
Jun 24 10:17:12.401758 dv-cinder-847132-2-iscsi devstack@c-api.service[110943]: WARNING castellan.key_manager [None req-975df955-e8a4-4a55-bb01-8f6411c3f651 tempest-GroupSnapshotsTest-1714613075 tempest-GroupSnapshotsTest-1714613075-project] Deprecation Warning : cinder.keymgr.conf_key_mgr.ConfKeyManager is not a stevedore based driver, trying to load it as a class: stevedore.exception.NoMatches: No 'castellan.drivers' driver found, looking for 'cinder.keymgr.conf_key_mgr.ConfKeyManager'
Jun 24 10:17:12.409783 dv-cinder-847132-2-iscsi devstack@c-api.service[110943]: DEBUG oslo_db.sqlalchemy.engines [None req-975df955-e8a4-4a55-bb01-8f6411c3f651 tempest-GroupSnapshotsTest-1714613075 tempest-GroupSnapshotsTest-1714613075-project] MySQL server mode set to STRICT_TRANS_TABLES,STRICT_ALL_TABLES,NO_ZERO_IN_DATE,NO_ZERO_DATE,ERROR_FOR_DIVISION_BY_ZERO,TRADITIONAL,NO_ENGINE_SUBSTITUTION {{(pid=110943) _check_effective_sql_mode /usr/local/lib/python3.8/dist-packages/oslo_db/sqlalchemy/engines.py:314}}
Jun 24 10:17:12.419330 dv-cinder-847132-2-iscsi devstack@c-api.service[110943]: /usr/local/lib/python3.8/dist-packages/oslo_context/context.py:100: DeprecationWarning: Policy enforcement is depending on the value of is_admin. This key is deprecated. Please update your policy file to use the standard policy values.
Jun 24 10:17:12.419330 dv-cinder-847132-2-iscsi devstack@c-api.service[110943]: warnings.warn('Policy enforcement is depending on the value of '
Jun 24 10:17:12.432957 dv-cinder-847132-2-iscsi devstack@c-api.service[110943]: WARNING stevedore.named [None req-975df955-e8a4-4a55-bb01-8f6411c3f651 tempest-GroupSnapshotsTest-1714613075 tempest-GroupSnapshotsTest-1714613075-project] Could not load cinder.keymgr.conf_key_mgr.ConfKeyManager
Jun 24 10:17:12.433794 dv-cinder-847132-2-iscsi devstack@c-api.service[110943]: WARNING castellan.key_manager [None req-975df955-e8a4-4a55-bb01-8f6411c3f651 tempest-GroupSnapshotsTest-1714613075 tempest-GroupSnapshotsTest-1714613075-project] Deprecation Warning : cinder.keymgr.conf_key_mgr.ConfKeyManager is not a stevedore based driver, trying to load it as a class: stevedore.exception.NoMatches: No 'castellan.drivers' driver found, looking for 'cinder.keymgr.conf_key_mgr.ConfKeyManager'
Jun 24 10:17:12.445124 dv-cinder-847132-2-iscsi devstack@c-api.service[110943]: DEBUG oslo_db.sqlalchemy.engines [None req-975df955-e8a4-4a55-bb01-8f6411c3f651 tempest-GroupSnapshotsTest-1714613075 tempest-GroupSnapshotsTest-1714613075-project] MySQL server mode set to STRICT_TRANS_TABLES,STRICT_ALL_TABLES,NO_ZERO_IN_DATE,NO_ZERO_DATE,ERROR_FOR_DIVISION_BY_ZERO,TRADITIONAL,NO_ENGINE_SUBSTITUTION {{(pid=110943) _check_effective_sql_mode /usr/local/lib/python3.8/dist-packages/oslo_db/sqlalchemy/engines.py:314}}
Jun 24 10:17:12.450995 dv-cinder-847132-2-iscsi devstack@c-api.service[110944]: DEBUG cinder.quota [None req-f3796037-da50-44bd-910e-6ada69a4ad9b tempest-VolumesActionsTest-407111890 tempest-VolumesActionsTest-407111890-project] Created reservations ['89bca8c7-1319-4286-90b0-5c41ba4543fa', '39d7c67b-6e97-4d9d-8d02-63a58eff74f8', 'b0c68289-6ae3-471a-bd4d-4d3b01be6f3a', '9f6f595d-1b11-449b-a791-9fc677707a3c'] {{(pid=110944) reserve /opt/stack/cinder/cinder/quota.py:755}}
Jun 24 10:17:12.454182 dv-cinder-847132-2-iscsi devstack@c-api.service[110944]: DEBUG cinder.volume.api [None req-f3796037-da50-44bd-910e-6ada69a4ad9b tempest-VolumesActionsTest-407111890 tempest-VolumesActionsTest-407111890-project] Task 'cinder.volume.flows.api.create_volume.QuotaReserveTask;volume:create' (f3276595-ba06-4d9a-9966-f85b869a0030) transitioned into state 'SUCCESS' from state 'RUNNING' with result '{'reservations': ['89bca8c7-1319-4286-90b0-5c41ba4543fa', '39d7c67b-6e97-4d9d-8d02-63a58eff74f8', 'b0c68289-6ae3-471a-bd4d-4d3b01be6f3a', '9f6f595d-1b11-449b-a791-9fc677707a3c']}' {{(pid=110944) _task_receiver /usr/local/lib/python3.8/dist-packages/taskflow/listeners/logging.py:178}}
Jun 24 10:17:12.455403 dv-cinder-847132-2-iscsi devstack@c-api.service[110943]: /usr/local/lib/python3.8/dist-packages/oslo_context/context.py:100: DeprecationWarning: Policy enforcement is depending on the value of is_admin. This key is deprecated. Please update your policy file to use the standard policy values.
Jun 24 10:17:12.455403 dv-cinder-847132-2-iscsi devstack@c-api.service[110943]: warnings.warn('Policy enforcement is depending on the value of '
Jun 24 10:17:12.456188 dv-cinder-847132-2-iscsi devstack@c-api.service[110944]: DEBUG cinder.volume.api [None req-f3796037-da50-44bd-910e-6ada69a4ad9b tempest-VolumesActionsTest-407111890 tempest-VolumesActionsTest-407111890-project] Task 'cinder.volume.flows.api.create_volume.EntryCreateTask;volume:create' (caea8077-2fa3-4014-b933-0f1ffd56b621) transitioned into state 'RUNNING' from state 'PENDING' {{(pid=110944) _task_receiver /usr/local/lib/python3.8/dist-packages/taskflow/listeners/logging.py:190}}
Jun 24 10:17:12.486401 dv-cinder-847132-2-iscsi devstack@c-api.service[110943]: INFO cinder.api.openstack.wsgi [None req-975df955-e8a4-4a55-bb01-8f6411c3f651 tempest-GroupSnapshotsTest-1714613075 tempest-GroupSnapshotsTest-1714613075-project] http://10.222.0.64/volume/v3/a8c521bf29f14b9db28816bed9a4d0f3/volumes/detail returned with HTTP 200
Jun 24 10:17:12.487521 dv-cinder-847132-2-iscsi devstack@c-api.service[110943]: [pid: 110943|app: 0|req: 173/325] 10.222.0.64 () {60 vars in 1275 bytes} [Fri Jun 24 10:17:12 2022] GET /volume/v3/a8c521bf29f14b9db28816bed9a4d0f3/volumes/detail => generated 1992 bytes in 163 msecs (HTTP/1.1 200) 7 headers in 287 bytes (2 switches on core 0)
Jun 24 10:17:12.501311 dv-cinder-847132-2-iscsi devstack@c-api.service[110944]: DEBUG cinder.volume.api [None req-f3796037-da50-44bd-910e-6ada69a4ad9b tempest-VolumesActionsTest-407111890 tempest-VolumesActionsTest-407111890-project] Task 'cinder.volume.flows.api.create_volume.EntryCreateTask;volume:create' (caea8077-2fa3-4014-b933-0f1ffd56b621) transitioned into state 'SUCCESS' from state 'RUNNING' with result '{'volume_id': 'cedeb71d-acef-4ca4-b8bf-b148451aad5c', 'volume_properties': VolumeProperties(attach_status='detached',availability_zone='nova',cgsnapshot_id=None,consistencygroup_id=None,display_description=None,display_name='tempest-VolumesActionsTest-Volume-975983360',encryption_key_id=None,group_id=None,group_type_id=,metadata={},multiattach=False,project_id='b99acc778f9b42558f2952a8d0cd618e',qos_specs=None,replication_status=,reservations=['89bca8c7-1319-4286-90b0-5c41ba4543fa','39d7c67b-6e97-4d9d-8d02-63a58eff74f8','b0c68289-6ae3-471a-bd4d-4d3b01be6f3a','9f6f595d-1b11-449b-a791-9fc677707a3c'],size=1,snapshot_id=None,source_replicaid=,source_volid=None,status='creating',user_id='d36f7d6d2d3e44db9ce3e44ad691836d',volume_type_id=d61ad13a-a6ee-4657-a70d-c654a5ee98f4), 'volume': Volume(_name_id=None,admin_metadata=,attach_status='detached',availability_zone='nova',bootable=False,cluster=,cluster_name=None,consistencygroup=,consistencygroup_id=None,created_at=2022-06-24T10:17:12Z,deleted=False,deleted_at=None,display_description=None,display_name='tempest-VolumesActionsTest-Volume-975983360',ec2_id=None,encryption_key_id=None,glance_metadata=,group=,group_id=None,host=None,id=cedeb71d-acef-4ca4-b8bf-b148451aad5c,launched_at=None,metadata={},migration_status=None,multiattach=False,previous_status=None,project_id='b99acc778f9b42558f2952a8d0cd618e',provider_auth=None,provider_geometry=None,provider_id=None,provider_location=None,replication_driver_data=None,replication_extended_status=None,replication_status=None,scheduled_at=None,service_uuid=None,shared_targets=True,size=1,snapshot_id=None,snapshots=,source_volid=None,status='creating',terminated_at=None,updated_at=None,use_quota=True,user_id='d36f7d6d2d3e44db9ce3e44ad691836d',volume_attachment=VolumeAttachmentList,volume_type=VolumeType(d61ad13a-a6ee-4657-a70d-c654a5ee98f4),volume_type_id=d61ad13a-a6ee-4657-a70d-c654a5ee98f4)}' {{(pid=110944) _task_receiver /usr/local/lib/python3.8/dist-packages/taskflow/listeners/logging.py:178}}
Jun 24 10:17:12.501657 dv-cinder-847132-2-iscsi devstack@c-api.service[110943]: DEBUG cinder.api.middleware.request_id [None req-d4f0030a-d579-4f44-8418-642f993c9dc6 None None] RequestId filter calling following filter/app {{(pid=110943) _context_setter /opt/stack/cinder/cinder/api/middleware/request_id.py:62}}
Jun 24 10:17:12.507930 dv-cinder-847132-2-iscsi devstack@c-api.service[110943]: INFO cinder.api.openstack.wsgi [None req-d4f0030a-d579-4f44-8418-642f993c9dc6 tempest-GroupSnapshotsTest-1714613075 tempest-GroupSnapshotsTest-1714613075-project] POST http://10.222.0.64/volume/v3/a8c521bf29f14b9db28816bed9a4d0f3/groups/6db26fef-6cd0-4bf5-8c6f-429605b9bc87/action
Jun 24 10:17:12.509399 dv-cinder-847132-2-iscsi devstack@c-api.service[110944]: DEBUG cinder.volume.api [None req-f3796037-da50-44bd-910e-6ada69a4ad9b tempest-VolumesActionsTest-407111890 tempest-VolumesActionsTest-407111890-project] Task 'cinder.volume.flows.api.create_volume.QuotaCommitTask;volume:create' (847013e9-e681-4449-bdbc-2ea70f95d225) transitioned into state 'RUNNING' from state 'PENDING' {{(pid=110944) _task_receiver /usr/local/lib/python3.8/dist-packages/taskflow/listeners/logging.py:190}}
Jun 24 10:17:12.509943 dv-cinder-847132-2-iscsi devstack@c-api.service[110943]: DEBUG cinder.api.openstack.wsgi [None req-d4f0030a-d579-4f44-8418-642f993c9dc6 tempest-GroupSnapshotsTest-1714613075 tempest-GroupSnapshotsTest-1714613075-project] Action body: b'{"delete": {"delete-volumes": true}}' {{(pid=110943) get_method /opt/stack/cinder/cinder/api/openstack/wsgi.py:983}}
Jun 24 10:17:12.510728 dv-cinder-847132-2-iscsi devstack@c-api.service[110943]: DEBUG cinder.api.openstack.wsgi [None req-d4f0030a-d579-4f44-8418-642f993c9dc6 tempest-GroupSnapshotsTest-1714613075 tempest-GroupSnapshotsTest-1714613075-project] Action: 'action', calling method: delete_group, body: {"delete": {"delete-volumes": true}} {{(pid=110943) _process_stack /opt/stack/cinder/cinder/api/openstack/wsgi.py:866}}
Jun 24 10:17:12.513045 dv-cinder-847132-2-iscsi devstack@c-api.service[110943]: DEBUG cinder.api.v3.groups [None req-d4f0030a-d579-4f44-8418-642f993c9dc6 tempest-GroupSnapshotsTest-1714613075 tempest-GroupSnapshotsTest-1714613075-project] delete called for group 6db26fef-6cd0-4bf5-8c6f-429605b9bc87 {{(pid=110943) _delete /opt/stack/cinder/cinder/api/v3/groups.py:117}}
Jun 24 10:17:12.514337 dv-cinder-847132-2-iscsi devstack@c-api.service[110943]: INFO cinder.api.v3.groups [None req-d4f0030a-d579-4f44-8418-642f993c9dc6 tempest-GroupSnapshotsTest-1714613075 tempest-GroupSnapshotsTest-1714613075-project] Delete group with id: 6db26fef-6cd0-4bf5-8c6f-429605b9bc87
Jun 24 10:17:12.525822 dv-cinder-847132-2-iscsi devstack@c-api.service[110943]: /usr/local/lib/python3.8/dist-packages/oslo_context/context.py:100: DeprecationWarning: Policy enforcement is depending on the value of is_admin. This key is deprecated. Please update your policy file to use the standard policy values.
Jun 24 10:17:12.525822 dv-cinder-847132-2-iscsi devstack@c-api.service[110943]: warnings.warn('Policy enforcement is depending on the value of '
Jun 24 10:17:12.563521 dv-cinder-847132-2-iscsi devstack@c-api.service[110944]: DEBUG cinder.volume.api [None req-f3796037-da50-44bd-910e-6ada69a4ad9b tempest-VolumesActionsTest-407111890 tempest-VolumesActionsTest-407111890-project] Task 'cinder.volume.flows.api.create_volume.QuotaCommitTask;volume:create' (847013e9-e681-4449-bdbc-2ea70f95d225) transitioned into state 'SUCCESS' from state 'RUNNING' with result '{'volume_properties': VolumeProperties(attach_status='detached',availability_zone='nova',cgsnapshot_id=None,consistencygroup_id=None,display_description=None,display_name='tempest-VolumesActionsTest-Volume-975983360',encryption_key_id=None,group_id=None,group_type_id=,metadata={},multiattach=False,project_id='b99acc778f9b42558f2952a8d0cd618e',qos_specs=None,replication_status=,reservations=['89bca8c7-1319-4286-90b0-5c41ba4543fa','39d7c67b-6e97-4d9d-8d02-63a58eff74f8','b0c68289-6ae3-471a-bd4d-4d3b01be6f3a','9f6f595d-1b11-449b-a791-9fc677707a3c'],size=1,snapshot_id=None,source_replicaid=,source_volid=None,status='creating',user_id='d36f7d6d2d3e44db9ce3e44ad691836d',volume_type_id=d61ad13a-a6ee-4657-a70d-c654a5ee98f4)}' {{(pid=110944) _task_receiver /usr/local/lib/python3.8/dist-packages/taskflow/listeners/logging.py:178}}
Jun 24 10:17:12.565352 dv-cinder-847132-2-iscsi devstack@c-api.service[110944]: DEBUG cinder.volume.api [None req-f3796037-da50-44bd-910e-6ada69a4ad9b tempest-VolumesActionsTest-407111890 tempest-VolumesActionsTest-407111890-project] Task 'cinder.volume.flows.api.create_volume.VolumeCastTask;volume:create' (6aed0751-f96c-4ead-a3b8-319cee511fc1) transitioned into state 'RUNNING' from state 'PENDING' {{(pid=110944) _task_receiver /usr/local/lib/python3.8/dist-packages/taskflow/listeners/logging.py:190}}
Jun 24 10:17:12.600494 dv-cinder-847132-2-iscsi devstack@c-api.service[110944]: DEBUG cinder.volume.api [None req-f3796037-da50-44bd-910e-6ada69a4ad9b tempest-VolumesActionsTest-407111890 tempest-VolumesActionsTest-407111890-project] Task 'cinder.volume.flows.api.create_volume.VolumeCastTask;volume:create' (6aed0751-f96c-4ead-a3b8-319cee511fc1) transitioned into state 'SUCCESS' from state 'RUNNING' with result 'None' {{(pid=110944) _task_receiver /usr/local/lib/python3.8/dist-packages/taskflow/listeners/logging.py:178}}
Jun 24 10:17:12.602920 dv-cinder-847132-2-iscsi devstack@c-api.service[110944]: DEBUG cinder.volume.api [None req-f3796037-da50-44bd-910e-6ada69a4ad9b tempest-VolumesActionsTest-407111890 tempest-VolumesActionsTest-407111890-project] Flow 'volume_create_api' (f6e2c4b3-4193-45b5-9e86-0d8afbe275ab) transitioned into state 'SUCCESS' from state 'RUNNING' {{(pid=110944) _flow_receiver /usr/local/lib/python3.8/dist-packages/taskflow/listeners/logging.py:141}}
Jun 24 10:17:12.603613 dv-cinder-847132-2-iscsi devstack@c-api.service[110944]: INFO cinder.volume.api [None req-f3796037-da50-44bd-910e-6ada69a4ad9b tempest-VolumesActionsTest-407111890 tempest-VolumesActionsTest-407111890-project] Create volume request issued successfully.
Jun 24 10:17:12.604900 dv-cinder-847132-2-iscsi devstack@c-api.service[110944]: INFO cinder.api.openstack.wsgi [None req-f3796037-da50-44bd-910e-6ada69a4ad9b tempest-VolumesActionsTest-407111890 tempest-VolumesActionsTest-407111890-project] http://10.222.0.64/volume/v3/b99acc778f9b42558f2952a8d0cd618e/volumes returned with HTTP 202
Jun 24 10:17:12.610756 dv-cinder-847132-2-iscsi devstack@c-api.service[110944]: [pid: 110944|app: 0|req: 153/326] 10.222.0.64 () {60 vars in 1234 bytes} [Fri Jun 24 10:17:12 2022] POST /volume/v3/b99acc778f9b42558f2952a8d0cd618e/volumes => generated 817 bytes in 374 msecs (HTTP/1.1 202) 7 headers in 291 bytes (1 switches on core 0)
Jun 24 10:17:12.610756 dv-cinder-847132-2-iscsi devstack@c-api.service[110944]: DEBUG cinder.api.middleware.request_id [None req-7d7fe148-9b54-4afb-95c0-52c591a44734 None None] RequestId filter calling following filter/app {{(pid=110944) _context_setter /opt/stack/cinder/cinder/api/middleware/request_id.py:62}}
Jun 24 10:17:12.614641 dv-cinder-847132-2-iscsi devstack@c-api.service[110944]: INFO cinder.api.openstack.wsgi [None req-7d7fe148-9b54-4afb-95c0-52c591a44734 tempest-DeleteServersTestJSON-1187438344 tempest-DeleteServersTestJSON-1187438344-project] GET http://10.222.0.64/volume/v3/54baeb39b08b4d69aac8c4d42043112a/volumes/c21b5320-25ba-4729-8cef-09d2401ad926
Jun 24 10:17:12.615155 dv-cinder-847132-2-iscsi devstack@c-api.service[110944]: DEBUG cinder.api.openstack.wsgi [None req-7d7fe148-9b54-4afb-95c0-52c591a44734 tempest-DeleteServersTestJSON-1187438344 tempest-DeleteServersTestJSON-1187438344-project] Empty body provided in request {{(pid=110944) get_body /opt/stack/cinder/cinder/api/openstack/wsgi.py:715}}
Jun 24 10:17:12.615619 dv-cinder-847132-2-iscsi devstack@c-api.service[110944]: DEBUG cinder.api.openstack.wsgi [None req-7d7fe148-9b54-4afb-95c0-52c591a44734 tempest-DeleteServersTestJSON-1187438344 tempest-DeleteServersTestJSON-1187438344-project] Calling method 'show' {{(pid=110944) _process_stack /opt/stack/cinder/cinder/api/openstack/wsgi.py:868}}
Jun 24 10:17:12.650928 dv-cinder-847132-2-iscsi devstack@c-api.service[110944]: /usr/local/lib/python3.8/dist-packages/oslo_context/context.py:100: DeprecationWarning: Policy enforcement is depending on the value of is_admin. This key is deprecated. Please update your policy file to use the standard policy values.
Jun 24 10:17:12.650928 dv-cinder-847132-2-iscsi devstack@c-api.service[110944]: warnings.warn('Policy enforcement is depending on the value of '
Jun 24 10:17:12.668111 dv-cinder-847132-2-iscsi devstack@c-api.service[110944]: INFO cinder.volume.api [None req-7d7fe148-9b54-4afb-95c0-52c591a44734 tempest-DeleteServersTestJSON-1187438344 tempest-DeleteServersTestJSON-1187438344-project] Volume info retrieved successfully.
Jun 24 10:17:12.668658 dv-cinder-847132-2-iscsi devstack@c-api.service[110943]: INFO cinder.api.openstack.wsgi [None req-d4f0030a-d579-4f44-8418-642f993c9dc6 tempest-GroupSnapshotsTest-1714613075 tempest-GroupSnapshotsTest-1714613075-project] http://10.222.0.64/volume/v3/a8c521bf29f14b9db28816bed9a4d0f3/groups/6db26fef-6cd0-4bf5-8c6f-429605b9bc87/action returned with HTTP 202
Jun 24 10:17:12.669851 dv-cinder-847132-2-iscsi devstack@c-api.service[110943]: [pid: 110943|app: 0|req: 174/327] 10.222.0.64 () {62 vars in 1404 bytes} [Fri Jun 24 10:17:12 2022] POST /volume/v3/a8c521bf29f14b9db28816bed9a4d0f3/groups/6db26fef-6cd0-4bf5-8c6f-429605b9bc87/action => generated 0 bytes in 169 msecs (HTTP/1.1 202) 6 headers in 234 bytes (1 switches on core 0)
Jun 24 10:17:12.671350 dv-cinder-847132-2-iscsi devstack@c-api.service[110943]: DEBUG cinder.api.middleware.request_id [None req-f369225f-1004-4a39-b07d-ad9d6ea097ec None None] RequestId filter calling following filter/app {{(pid=110943) _context_setter /opt/stack/cinder/cinder/api/middleware/request_id.py:62}}
Jun 24 10:17:12.675322 dv-cinder-847132-2-iscsi devstack@c-api.service[110943]: INFO cinder.api.openstack.wsgi [None req-f369225f-1004-4a39-b07d-ad9d6ea097ec tempest-VolumesActionsTest-407111890 tempest-VolumesActionsTest-407111890-project] GET http://10.222.0.64/volume/v3/b99acc778f9b42558f2952a8d0cd618e/volumes/cedeb71d-acef-4ca4-b8bf-b148451aad5c
Jun 24 10:17:12.675775 dv-cinder-847132-2-iscsi devstack@c-api.service[110943]: DEBUG cinder.api.openstack.wsgi [None req-f369225f-1004-4a39-b07d-ad9d6ea097ec tempest-VolumesActionsTest-407111890 tempest-VolumesActionsTest-407111890-project] Empty body provided in request {{(pid=110943) get_body /opt/stack/cinder/cinder/api/openstack/wsgi.py:715}}
Jun 24 10:17:12.676229 dv-cinder-847132-2-iscsi devstack@c-api.service[110943]: DEBUG cinder.api.openstack.wsgi [None req-f369225f-1004-4a39-b07d-ad9d6ea097ec tempest-VolumesActionsTest-407111890 tempest-VolumesActionsTest-407111890-project] Calling method 'show' {{(pid=110943) _process_stack /opt/stack/cinder/cinder/api/openstack/wsgi.py:868}}
Jun 24 10:17:12.686579 dv-cinder-847132-2-iscsi devstack@c-api.service[110944]: INFO cinder.api.openstack.wsgi [None req-7d7fe148-9b54-4afb-95c0-52c591a44734 tempest-DeleteServersTestJSON-1187438344 tempest-DeleteServersTestJSON-1187438344-project] http://10.222.0.64/volume/v3/54baeb39b08b4d69aac8c4d42043112a/volumes/c21b5320-25ba-4729-8cef-09d2401ad926 returned with HTTP 200
Jun 24 10:17:12.697203 dv-cinder-847132-2-iscsi devstack@c-api.service[110944]: [pid: 110944|app: 0|req: 154/328] 10.222.0.64 () {58 vars in 1324 bytes} [Fri Jun 24 10:17:12 2022] GET /volume/v3/54baeb39b08b4d69aac8c4d42043112a/volumes/c21b5320-25ba-4729-8cef-09d2401ad926 => generated 913 bytes in 83 msecs (HTTP/1.1 200) 7 headers in 285 bytes (1 switches on core 0)
Jun 24 10:17:12.697203 dv-cinder-847132-2-iscsi devstack@c-api.service[110944]: DEBUG cinder.api.middleware.request_id [None req-9a940882-e362-45c6-b8c4-b5f952d7da43 None None] RequestId filter calling following filter/app {{(pid=110944) _context_setter /opt/stack/cinder/cinder/api/middleware/request_id.py:62}}
Jun 24 10:17:12.698565 dv-cinder-847132-2-iscsi devstack@c-api.service[110944]: INFO cinder.api.openstack.wsgi [None req-9a940882-e362-45c6-b8c4-b5f952d7da43 tempest-GroupSnapshotsTest-1714613075 tempest-GroupSnapshotsTest-1714613075-project] GET http://10.222.0.64/volume/v3/a8c521bf29f14b9db28816bed9a4d0f3/volumes/071d1605-fc5f-44cf-a779-558a3e5f4c54
Jun 24 10:17:12.700239 dv-cinder-847132-2-iscsi devstack@c-api.service[110944]: DEBUG cinder.api.openstack.wsgi [None req-9a940882-e362-45c6-b8c4-b5f952d7da43 tempest-GroupSnapshotsTest-1714613075 tempest-GroupSnapshotsTest-1714613075-project] Empty body provided in request {{(pid=110944) get_body /opt/stack/cinder/cinder/api/openstack/wsgi.py:715}}
