Jun 22 10:07:09.493531 dv-cinder-847132-1-iscsi devstack@keystone.service[80160]: DEBUG keystone.server.flask.request_processing.req_logging [None req-67dc2e03-f721-4027-8a15-1f9fb4b8ecc6 None None] SCRIPT_NAME: `/identity` {{(pid=80160) log_request_info /opt/stack/keystone/keystone/server/flask/request_processing/req_logging.py:28}}
Jun 22 10:07:09.493813 dv-cinder-847132-1-iscsi devstack@keystone.service[80160]: DEBUG keystone.server.flask.request_processing.req_logging [None req-67dc2e03-f721-4027-8a15-1f9fb4b8ecc6 None None] PATH_INFO: `/v3/auth/tokens` {{(pid=80160) log_request_info /opt/stack/keystone/keystone/server/flask/request_processing/req_logging.py:29}}
Jun 22 10:07:09.510353 dv-cinder-847132-1-iscsi devstack@keystone.service[80159]: DEBUG dbcounter [-] [80159] Writing DB stats keystone:SELECT=99,keystone:INSERT=1 {{(pid=80159) stat_writer /usr/local/lib/python3.8/dist-packages/dbcounter.py:114}}
Jun 22 10:07:09.527833 dv-cinder-847132-1-iscsi devstack@keystone.service[80160]: DEBUG keystone.auth.core [None req-67dc2e03-f721-4027-8a15-1f9fb4b8ecc6 None None] MFA Rules not processed for user `24f043f060e24197b7146fc46f2ee305`. Rule list: `[]` (Enabled: `True`). {{(pid=80160) check_auth_methods_against_rules /opt/stack/keystone/keystone/auth/core.py:438}}
Jun 22 10:07:09.529073 dv-cinder-847132-1-iscsi devstack@keystone.service[80160]: DEBUG keystone.common.fernet_utils [None req-67dc2e03-f721-4027-8a15-1f9fb4b8ecc6 None None] Loaded 2 Fernet keys from /etc/keystone/fernet-keys/, but `[fernet_tokens] max_active_keys = 3`; perhaps there have not been enough key rotations to reach `max_active_keys` yet? {{(pid=80160) load_keys /opt/stack/keystone/keystone/common/fernet_utils.py:286}}
Jun 22 10:07:09.544475 dv-cinder-847132-1-iscsi devstack@keystone.service[80159]: [pid: 80159|app: 0|req: 119/237] 10.222.0.66 () {58 vars in 1023 bytes} [Wed Jun 22 10:07:09 2022] POST /identity/v3/auth/tokens => generated 799 bytes in 108 msecs (HTTP/1.1 201) 6 headers in 363 bytes (1 switches on core 0)
Jun 22 10:07:09.579539 dv-cinder-847132-1-iscsi devstack@keystone.service[80159]: DEBUG keystone.server.flask.request_processing.middleware.auth_context [None req-42df402f-a3bb-431b-aa06-d23a508ec70d None None] Authenticating user token {{(pid=80159) process_request /usr/local/lib/python3.8/dist-packages/keystonemiddleware/auth_token/__init__.py:407}}
Jun 22 10:07:09.600217 dv-cinder-847132-1-iscsi devstack@keystone.service[80160]: DEBUG dbcounter [-] [80160] Writing DB stats keystone:SELECT=100 {{(pid=80160) stat_writer /usr/local/lib/python3.8/dist-packages/dbcounter.py:114}}
Jun 22 10:07:09.605154 dv-cinder-847132-1-iscsi devstack@keystone.service[80160]: [pid: 80160|app: 0|req: 119/238] 10.222.0.66 () {58 vars in 1023 bytes} [Wed Jun 22 10:07:09 2022] POST /identity/v3/auth/tokens => generated 799 bytes in 113 msecs (HTTP/1.1 201) 6 headers in 363 bytes (2 switches on core 0)
Jun 22 10:07:09.630831 dv-cinder-847132-1-iscsi devstack@keystone.service[80160]: DEBUG keystone.server.flask.request_processing.middleware.auth_context [None req-67dc2e03-f721-4027-8a15-1f9fb4b8ecc6 None None] Authenticating user token {{(pid=80160) process_request /usr/local/lib/python3.8/dist-packages/keystonemiddleware/auth_token/__init__.py:407}}
Jun 22 10:07:09.732148 dv-cinder-847132-1-iscsi devstack@keystone.service[80159]: DEBUG keystone.server.flask.request_processing.middleware.auth_context [None req-42df402f-a3bb-431b-aa06-d23a508ec70d None None] Validating token access rules against request {{(pid=80159) validate_allowed_request /usr/local/lib/python3.8/dist-packages/keystonemiddleware/auth_token/__init__.py:545}}
Jun 22 10:07:09.738640 dv-cinder-847132-1-iscsi devstack@keystone.service[80160]: DEBUG keystone.server.flask.request_processing.middleware.auth_context [None req-67dc2e03-f721-4027-8a15-1f9fb4b8ecc6 None None] Validating token access rules against request {{(pid=80160) validate_allowed_request /usr/local/lib/python3.8/dist-packages/keystonemiddleware/auth_token/__init__.py:545}}
Jun 22 10:07:09.777382 dv-cinder-847132-1-iscsi devstack@keystone.service[80159]: DEBUG keystone.server.flask.request_processing.middleware.auth_context [None req-80618913-837a-499a-b7bb-86482e5be865 None admin] RBAC: auth_context: {'token': , 'domain_id': None, 'trust_id': None, 'trustor_id': None, 'trustee_id': None, 'domain_name': None, 'group_ids': [], 'user_id': '24f043f060e24197b7146fc46f2ee305', 'user_domain_id': 'default', 'system_scope': 'all', 'project_id': None, 'project_domain_id': None, 'roles': ['admin', 'member', 'reader'], 'is_admin_project': True, 'service_user_id': None, 'service_user_domain_id': None, 'service_project_id': None, 'service_project_domain_id': None, 'service_roles': []} {{(pid=80159) fill_context /opt/stack/keystone/keystone/server/flask/request_processing/middleware/auth_context.py:478}}
Jun 22 10:07:09.777914 dv-cinder-847132-1-iscsi devstack@keystone.service[80160]: DEBUG keystone.server.flask.request_processing.middleware.auth_context [None req-89ecbc96-52b9-4d05-885a-de0a0a7ab505 None admin] RBAC: auth_context: {'token': , 'domain_id': None, 'trust_id': None, 'trustor_id': None, 'trustee_id': None, 'domain_name': None, 'group_ids': [], 'user_id': '24f043f060e24197b7146fc46f2ee305', 'user_domain_id': 'default', 'system_scope': 'all', 'project_id': None, 'project_domain_id': None, 'roles': ['admin', 'member', 'reader'], 'is_admin_project': True, 'service_user_id': None, 'service_user_domain_id': None, 'service_project_id': None, 'service_project_domain_id': None, 'service_roles': []} {{(pid=80160) fill_context /opt/stack/keystone/keystone/server/flask/request_processing/middleware/auth_context.py:478}}
Jun 22 10:07:09.778202 dv-cinder-847132-1-iscsi devstack@keystone.service[80159]: DEBUG keystone.server.flask.request_processing.req_logging [None req-80618913-837a-499a-b7bb-86482e5be865 None admin] REQUEST_METHOD: `GET` {{(pid=80159) log_request_info /opt/stack/keystone/keystone/server/flask/request_processing/req_logging.py:27}}
Jun 22 10:07:09.778335 dv-cinder-847132-1-iscsi devstack@keystone.service[80160]: DEBUG keystone.server.flask.request_processing.req_logging [None req-89ecbc96-52b9-4d05-885a-de0a0a7ab505 None admin] REQUEST_METHOD: `GET` {{(pid=80160) log_request_info /opt/stack/keystone/keystone/server/flask/request_processing/req_logging.py:27}}
Jun 22 10:07:09.778482 dv-cinder-847132-1-iscsi devstack@keystone.service[80159]: DEBUG keystone.server.flask.request_processing.req_logging [None req-80618913-837a-499a-b7bb-86482e5be865 None admin] SCRIPT_NAME: `/identity` {{(pid=80159) log_request_info /opt/stack/keystone/keystone/server/flask/request_processing/req_logging.py:28}}
Jun 22 10:07:09.778595 dv-cinder-847132-1-iscsi devstack@keystone.service[80160]: DEBUG keystone.server.flask.request_processing.req_logging [None req-89ecbc96-52b9-4d05-885a-de0a0a7ab505 None admin] SCRIPT_NAME: `/identity` {{(pid=80160) log_request_info /opt/stack/keystone/keystone/server/flask/request_processing/req_logging.py:28}}
Jun 22 10:07:09.778785 dv-cinder-847132-1-iscsi devstack@keystone.service[80159]: DEBUG keystone.server.flask.request_processing.req_logging [None req-80618913-837a-499a-b7bb-86482e5be865 None admin] PATH_INFO: `/v3/roles/reader` {{(pid=80159) log_request_info /opt/stack/keystone/keystone/server/flask/request_processing/req_logging.py:29}}
Jun 22 10:07:09.778882 dv-cinder-847132-1-iscsi devstack@keystone.service[80160]: DEBUG keystone.server.flask.request_processing.req_logging [None req-89ecbc96-52b9-4d05-885a-de0a0a7ab505 None admin] PATH_INFO: `/v3/domains/default` {{(pid=80160) log_request_info /opt/stack/keystone/keystone/server/flask/request_processing/req_logging.py:29}}
Jun 22 10:07:09.780238 dv-cinder-847132-1-iscsi devstack@keystone.service[80160]: DEBUG keystone.common.rbac_enforcer.enforcer [None req-89ecbc96-52b9-4d05-885a-de0a0a7ab505 None admin] RBAC: Authorizing `identity:get_domain(domain_id=default)` {{(pid=80160) enforce_call /opt/stack/keystone/keystone/common/rbac_enforcer/enforcer.py:449}}
Jun 22 10:07:09.781710 dv-cinder-847132-1-iscsi devstack@keystone.service[80160]: DEBUG keystone.common.rbac_enforcer.enforcer [None req-89ecbc96-52b9-4d05-885a-de0a0a7ab505 None admin] RBAC: Authorization granted {{(pid=80160) enforce_call /opt/stack/keystone/keystone/common/rbac_enforcer/enforcer.py:457}}
Jun 22 10:07:09.784015 dv-cinder-847132-1-iscsi devstack@keystone.service[80160]: [pid: 80160|app: 0|req: 120/239] 10.222.0.66 () {56 vars in 1108 bytes} [Wed Jun 22 10:07:09 2022] GET /identity/v3/domains/default => generated 199 bytes in 154 msecs (HTTP/1.1 200) 5 headers in 177 bytes (1 switches on core 0)
Jun 22 10:07:09.789346 dv-cinder-847132-1-iscsi devstack@keystone.service[80160]: DEBUG keystone.server.flask.request_processing.middleware.auth_context [None req-89ecbc96-52b9-4d05-885a-de0a0a7ab505 None admin] Authenticating user token {{(pid=80160) process_request /usr/local/lib/python3.8/dist-packages/keystonemiddleware/auth_token/__init__.py:407}}
Jun 22 10:07:09.804224 dv-cinder-847132-1-iscsi devstack@keystone.service[80159]: DEBUG keystone.common.rbac_enforcer.enforcer [None req-80618913-837a-499a-b7bb-86482e5be865 None admin] Extracting inferred target data resulted in "NOT FOUND (404)". {{(pid=80159) enforce_call /opt/stack/keystone/keystone/common/rbac_enforcer/enforcer.py:409}}
Jun 22 10:07:09.820421 dv-cinder-847132-1-iscsi devstack@keystone.service[80159]: ERROR keystone.server.flask.application [None req-80618913-837a-499a-b7bb-86482e5be865 None admin] Could not find role: reader.: keystone.exception.RoleNotFound: Could not find role: reader.
Jun 22 10:07:09.820421 dv-cinder-847132-1-iscsi devstack@keystone.service[80159]: ERROR keystone.server.flask.application
Traceback (most recent call last):
Jun 22 10:07:09.820421 dv-cinder-847132-1-iscsi devstack@keystone.service[80159]: ERROR keystone.server.flask.application
File "/usr/local/lib/python3.8/dist-packages/flask/app.py", line 1523, in full_dispatch_request
Jun 22 10:07:09.820421 dv-cinder-847132-1-iscsi devstack@keystone.service[80159]: ERROR keystone.server.flask.application rv = self.dispatch_request()
Jun 22 10:07:09.820421 dv-cinder-847132-1-iscsi devstack@keystone.service[80159]: ERROR keystone.server.flask.application
File "/usr/local/lib/python3.8/dist-packages/flask/app.py", line 1509, in dispatch_request
Jun 22 10:07:09.820421 dv-cinder-847132-1-iscsi devstack@keystone.service[80159]: ERROR keystone.server.flask.application return self.ensure_sync(self.view_functions[rule.endpoint])(**req.view_args)
Jun 22 10:07:09.820421 dv-cinder-847132-1-iscsi devstack@keystone.service[80159]: ERROR keystone.server.flask.application
File "/usr/local/lib/python3.8/dist-packages/flask_restful/__init__.py", line 467, in wrapper
Jun 22 10:07:09.820421 dv-cinder-847132-1-iscsi devstack@keystone.service[80159]: ERROR keystone.server.flask.application resp = resource(*args, **kwargs)
Jun 22 10:07:09.820421 dv-cinder-847132-1-iscsi devstack@keystone.service[80159]: ERROR keystone.server.flask.application
File "/usr/local/lib/python3.8/dist-packages/flask/views.py", line 84, in view
Jun 22 10:07:09.820421 dv-cinder-847132-1-iscsi devstack@keystone.service[80159]: ERROR keystone.server.flask.application return current_app.ensure_sync(self.dispatch_request)(*args, **kwargs)
Jun 22 10:07:09.820421 dv-cinder-847132-1-iscsi devstack@keystone.service[80159]: ERROR keystone.server.flask.application
File "/usr/local/lib/python3.8/dist-packages/flask_restful/__init__.py", line 582, in dispatch_request
Jun 22 10:07:09.820421 dv-cinder-847132-1-iscsi devstack@keystone.service[80159]: ERROR keystone.server.flask.application resp = meth(*args, **kwargs)
Jun 22 10:07:09.820421 dv-cinder-847132-1-iscsi devstack@keystone.service[80159]: ERROR keystone.server.flask.application
File "/opt/stack/keystone/keystone/api/roles.py", line 50, in get
Jun 22 10:07:09.820421 dv-cinder-847132-1-iscsi devstack@keystone.service[80159]: ERROR keystone.server.flask.application return self._get_role(role_id)
Jun 22 10:07:09.820421 dv-cinder-847132-1-iscsi devstack@keystone.service[80159]: ERROR keystone.server.flask.application
File "/opt/stack/keystone/keystone/api/roles.py", line 70, in _get_role
Jun 22 10:07:09.820421 dv-cinder-847132-1-iscsi devstack@keystone.service[80159]: ERROR keystone.server.flask.application ENFORCER.enforce_call(action='identity:get_role')
Jun 22 10:07:09.821382 dv-cinder-847132-1-iscsi devstack@keystone.service[80159]: ERROR keystone.server.flask.application
File "/opt/stack/keystone/keystone/common/rbac_enforcer/enforcer.py", line 402, in enforce_call
Jun 22 10:07:09.821382 dv-cinder-847132-1-iscsi devstack@keystone.service[80159]: ERROR keystone.server.flask.application policy_dict.update(cls._extract_member_target_data(
Jun 22 10:07:09.821382 dv-cinder-847132-1-iscsi devstack@keystone.service[80159]: ERROR keystone.server.flask.application
File "/opt/stack/keystone/keystone/common/rbac_enforcer/enforcer.py", line 234, in _extract_member_target_data
Jun 22 10:07:09.821382 dv-cinder-847132-1-iscsi devstack@keystone.service[80159]: ERROR keystone.server.flask.application member_name: func(flask.request.view_args[key])
Jun 22 10:07:09.821382 dv-cinder-847132-1-iscsi devstack@keystone.service[80159]: ERROR keystone.server.flask.application
File "/opt/stack/keystone/keystone/common/manager.py", line 115, in wrapped
Jun 22 10:07:09.821382 dv-cinder-847132-1-iscsi devstack@keystone.service[80159]: ERROR keystone.server.flask.application __ret_val = __f(*args, **kwargs)
Jun 22 10:07:09.821382 dv-cinder-847132-1-iscsi devstack@keystone.service[80159]: ERROR keystone.server.flask.application
File "/usr/local/lib/python3.8/dist-packages/decorator.py", line 232, in fun
Jun 22 10:07:09.821382 dv-cinder-847132-1-iscsi devstack@keystone.service[80159]: ERROR keystone.server.flask.application return caller(func, *(extras + args), **kw)
Jun 22 10:07:09.821382 dv-cinder-847132-1-iscsi devstack@keystone.service[80159]: ERROR keystone.server.flask.application
File "/usr/local/lib/python3.8/dist-packages/dogpile/cache/region.py", line 1577, in get_or_create_for_user_func
Jun 22 10:07:09.821382 dv-cinder-847132-1-iscsi devstack@keystone.service[80159]: ERROR keystone.server.flask.application return self.get_or_create(
Jun 22 10:07:09.821382 dv-cinder-847132-1-iscsi devstack@keystone.service[80159]: ERROR keystone.server.flask.application
File "/usr/local/lib/python3.8/dist-packages/dogpile/cache/region.py", line 1042, in get_or_create
Jun 22 10:07:09.821382 dv-cinder-847132-1-iscsi devstack@keystone.service[80159]: ERROR keystone.server.flask.application with Lock(
Jun 22 10:07:09.821382 dv-cinder-847132-1-iscsi devstack@keystone.service[80159]: ERROR keystone.server.flask.application
File "/usr/local/lib/python3.8/dist-packages/dogpile/lock.py", line 185, in __enter__
Jun 22 10:07:09.821382 dv-cinder-847132-1-iscsi devstack@keystone.service[80159]: ERROR keystone.server.flask.application return self._enter()
Jun 22 10:07:09.821382 dv-cinder-847132-1-iscsi devstack@keystone.service[80159]: ERROR keystone.server.flask.application
File "/usr/local/lib/python3.8/dist-packages/dogpile/lock.py", line 94, in _enter
Jun 22 10:07:09.821382 dv-cinder-847132-1-iscsi devstack@keystone.service[80159]: ERROR keystone.server.flask.application generated = self._enter_create(value, createdtime)
Jun 22 10:07:09.822190 dv-cinder-847132-1-iscsi devstack@keystone.service[80159]: ERROR keystone.server.flask.application
File "/usr/local/lib/python3.8/dist-packages/dogpile/lock.py", line 178, in _enter_create
Jun 22 10:07:09.822190 dv-cinder-847132-1-iscsi devstack@keystone.service[80159]: ERROR keystone.server.flask.application return self.creator()
Jun 22 10:07:09.822190 dv-cinder-847132-1-iscsi devstack@keystone.service[80159]: ERROR keystone.server.flask.application
File "/usr/local/lib/python3.8/dist-packages/dogpile/cache/region.py", line 995, in gen_value
Jun 22 10:07:09.822190 dv-cinder-847132-1-iscsi devstack@keystone.service[80159]: ERROR keystone.server.flask.application created_value = creator(
Jun 22 10:07:09.822190 dv-cinder-847132-1-iscsi devstack@keystone.service[80159]: ERROR keystone.server.flask.application
File "/opt/stack/keystone/keystone/assignment/core.py", line 1276, in get_role
Jun 22 10:07:09.822190 dv-cinder-847132-1-iscsi devstack@keystone.service[80159]: ERROR keystone.server.flask.application return self.driver.get_role(role_id)
Jun 22 10:07:09.822190 dv-cinder-847132-1-iscsi devstack@keystone.service[80159]: ERROR keystone.server.flask.application
File "/opt/stack/keystone/keystone/assignment/role_backends/sql.py", line 70, in get_role
Jun 22 10:07:09.822190 dv-cinder-847132-1-iscsi devstack@keystone.service[80159]: ERROR keystone.server.flask.application return self._get_role(session, role_id).to_dict()
Jun 22 10:07:09.822190 dv-cinder-847132-1-iscsi devstack@keystone.service[80159]: ERROR keystone.server.flask.application
File "/opt/stack/keystone/keystone/assignment/role_backends/sql.py", line 65, in _get_role
Jun 22 10:07:09.822190 dv-cinder-847132-1-iscsi devstack@keystone.service[80159]: ERROR keystone.server.flask.application raise exception.RoleNotFound(role_id=role_id)
Jun 22 10:07:09.822190 dv-cinder-847132-1-iscsi devstack@keystone.service[80159]: ERROR keystone.server.flask.application keystone.exception.RoleNotFound: Could not find role: reader.
Jun 22 10:07:09.822190 dv-cinder-847132-1-iscsi devstack@keystone.service[80159]: ERROR keystone.server.flask.application
Jun 22 10:07:09.826209 dv-cinder-847132-1-iscsi devstack@keystone.service[80159]: [pid: 80159|app: 0|req: 120/240] 10.222.0.66 () {56 vars in 1099 bytes} [Wed Jun 22 10:07:09 2022] GET /identity/v3/roles/reader => generated 84 bytes in 243 msecs (HTTP/1.1 404) 5 headers in 183 bytes (1 switches on core 0)
Jun 22 10:07:09.827391 dv-cinder-847132-1-iscsi devstack@keystone.service[80159]: DEBUG keystone.server.flask.request_processing.middleware.auth_context [None req-80618913-837a-499a-b7bb-86482e5be865 None admin] Authenticating user token {{(pid=80159) process_request /usr/local/lib/python3.8/dist-packages/keystonemiddleware/auth_token/__init__.py:407}}
Jun 22 10:07:09.861303 dv-cinder-847132-1-iscsi devstack@keystone.service[80160]: DEBUG dbcounter [-] [80160] Writing DB stats keystone:SELECT=100 {{(pid=80160) stat_writer /usr/local/lib/python3.8/dist-packages/dbcounter.py:114}}
Jun 22 10:07:09.891936 dv-cinder-847132-1-iscsi devstack@keystone.service[80159]: DEBUG dbcounter [-] [80159] Writing DB stats keystone:SELECT=100 {{(pid=80159) stat_writer /usr/local/lib/python3.8/dist-packages/dbcounter.py:114}}
Jun 22 10:07:09.899578 dv-cinder-847132-1-iscsi devstack@keystone.service[80160]: DEBUG keystone.server.flask.request_processing.middleware.auth_context [None req-89ecbc96-52b9-4d05-885a-de0a0a7ab505 None admin] Validating token access rules against request {{(pid=80160) validate_allowed_request /usr/local/lib/python3.8/dist-packages/keystonemiddleware/auth_token/__init__.py:545}}
Jun 22 10:07:09.936328 dv-cinder-847132-1-iscsi devstack@keystone.service[80160]: DEBUG keystone.server.flask.request_processing.middleware.auth_context [None req-ed2baecb-eb7b-4bb1-91f9-177e01cf899f None admin] RBAC: auth_context: {'token': , 'domain_id': None, 'trust_id': None, 'trustor_id': None, 'trustee_id': None, 'domain_name': None, 'group_ids': [], 'user_id': '24f043f060e24197b7146fc46f2ee305', 'user_domain_id': 'default', 'system_scope': 'all', 'project_id': None, 'project_domain_id': None, 'roles': ['admin', 'member', 'reader'], 'is_admin_project': True, 'service_user_id': None, 'service_user_domain_id': None, 'service_project_id': None, 'service_project_domain_id': None, 'service_roles': []} {{(pid=80160) fill_context /opt/stack/keystone/keystone/server/flask/request_processing/middleware/auth_context.py:478}}
Jun 22 10:07:09.937136 dv-cinder-847132-1-iscsi devstack@keystone.service[80160]: DEBUG keystone.server.flask.request_processing.req_logging [None req-ed2baecb-eb7b-4bb1-91f9-177e01cf899f None admin] REQUEST_METHOD: `POST` {{(pid=80160) log_request_info /opt/stack/keystone/keystone/server/flask/request_processing/req_logging.py:27}}
Jun 22 10:07:09.937431 dv-cinder-847132-1-iscsi devstack@keystone.service[80160]: DEBUG keystone.server.flask.request_processing.req_logging [None req-ed2baecb-eb7b-4bb1-91f9-177e01cf899f None admin] SCRIPT_NAME: `/identity` {{(pid=80160) log_request_info /opt/stack/keystone/keystone/server/flask/request_processing/req_logging.py:28}}
Jun 22 10:07:09.937713 dv-cinder-847132-1-iscsi devstack@keystone.service[80160]: DEBUG keystone.server.flask.request_processing.req_logging [None req-ed2baecb-eb7b-4bb1-91f9-177e01cf899f None admin] PATH_INFO: `/v3/users` {{(pid=80160) log_request_info /opt/stack/keystone/keystone/server/flask/request_processing/req_logging.py:29}}
Jun 22 10:07:09.938435 dv-cinder-847132-1-iscsi devstack@keystone.service[80160]: DEBUG keystone.common.rbac_enforcer.enforcer [None req-ed2baecb-eb7b-4bb1-91f9-177e01cf899f None admin] RBAC: Authorizing `identity:create_user()` {{(pid=80160) enforce_call /opt/stack/keystone/keystone/common/rbac_enforcer/enforcer.py:449}}
Jun 22 10:07:09.939931 dv-cinder-847132-1-iscsi devstack@keystone.service[80160]: DEBUG keystone.common.rbac_enforcer.enforcer [None req-ed2baecb-eb7b-4bb1-91f9-177e01cf899f None admin] RBAC: Authorization granted {{(pid=80160) enforce_call /opt/stack/keystone/keystone/common/rbac_enforcer/enforcer.py:457}}
Jun 22 10:07:09.961542 dv-cinder-847132-1-iscsi devstack@keystone.service[80160]: [pid: 80160|app: 0|req: 121/241] 10.222.0.66 () {60 vars in 1132 bytes} [Wed Jun 22 10:07:09 2022] POST /identity/v3/users => generated 293 bytes in 172 msecs (HTTP/1.1 201) 5 headers in 182 bytes (2 switches on core 0)
Jun 22 10:07:10.056122 dv-cinder-847132-1-iscsi devstack@keystone.service[80159]: DEBUG keystone.server.flask.request_processing.middleware.auth_context [None req-80618913-837a-499a-b7bb-86482e5be865 None admin] Validating token access rules against request {{(pid=80159) validate_allowed_request /usr/local/lib/python3.8/dist-packages/keystonemiddleware/auth_token/__init__.py:545}}
Jun 22 10:07:10.109089 dv-cinder-847132-1-iscsi devstack@keystone.service[80159]: DEBUG keystone.server.flask.request_processing.middleware.auth_context [None req-89095015-97c6-40d2-a13d-c30c4305f9b6 None admin] RBAC: auth_context: {'token': , 'domain_id': None, 'trust_id': None, 'trustor_id': None, 'trustee_id': None, 'domain_name': None, 'group_ids': [], 'user_id': '24f043f060e24197b7146fc46f2ee305', 'user_domain_id': 'default', 'system_scope': 'all', 'project_id': None, 'project_domain_id': None, 'roles': ['admin', 'member', 'reader'], 'is_admin_project': True, 'service_user_id': None, 'service_user_domain_id': None, 'service_project_id': None, 'service_project_domain_id': None, 'service_roles': []} {{(pid=80159) fill_context /opt/stack/keystone/keystone/server/flask/request_processing/middleware/auth_context.py:478}}
Jun 22 10:07:10.110185 dv-cinder-847132-1-iscsi devstack@keystone.service[80159]: DEBUG keystone.server.flask.request_processing.req_logging [None req-89095015-97c6-40d2-a13d-c30c4305f9b6 None admin] REQUEST_METHOD: `GET` {{(pid=80159) log_request_info /opt/stack/keystone/keystone/server/flask/request_processing/req_logging.py:27}}
Jun 22 10:07:10.110695 dv-cinder-847132-1-iscsi devstack@keystone.service[80159]: DEBUG keystone.server.flask.request_processing.req_logging [None req-89095015-97c6-40d2-a13d-c30c4305f9b6 None admin] SCRIPT_NAME: `/identity` {{(pid=80159) log_request_info /opt/stack/keystone/keystone/server/flask/request_processing/req_logging.py:28}}
Jun 22 10:07:10.111164 dv-cinder-847132-1-iscsi devstack@keystone.service[80159]: DEBUG keystone.server.flask.request_processing.req_logging [None req-89095015-97c6-40d2-a13d-c30c4305f9b6 None admin] PATH_INFO: `/v3/roles` {{(pid=80159) log_request_info /opt/stack/keystone/keystone/server/flask/request_processing/req_logging.py:29}}
Jun 22 10:07:10.112144 dv-cinder-847132-1-iscsi devstack@keystone.service[80159]: DEBUG keystone.common.rbac_enforcer.enforcer [None req-89095015-97c6-40d2-a13d-c30c4305f9b6 None admin] RBAC: Adding query filter params (name=reader) {{(pid=80159) _extract_filter_values /opt/stack/keystone/keystone/common/rbac_enforcer/enforcer.py:167}}
Jun 22 10:07:10.112671 dv-cinder-847132-1-iscsi devstack@keystone.service[80159]: DEBUG keystone.common.rbac_enforcer.enforcer [None req-89095015-97c6-40d2-a13d-c30c4305f9b6 None admin] RBAC: Authorizing `identity:list_roles()` {{(pid=80159) enforce_call /opt/stack/keystone/keystone/common/rbac_enforcer/enforcer.py:449}}
Jun 22 10:07:10.114310 dv-cinder-847132-1-iscsi devstack@keystone.service[80159]: DEBUG keystone.common.rbac_enforcer.enforcer [None req-89095015-97c6-40d2-a13d-c30c4305f9b6 None admin] RBAC: Authorization granted {{(pid=80159) enforce_call /opt/stack/keystone/keystone/common/rbac_enforcer/enforcer.py:457}}
Jun 22 10:07:10.130132 dv-cinder-847132-1-iscsi devstack@keystone.service[80159]: [pid: 80159|app: 0|req: 121/242] 10.222.0.66 () {56 vars in 1101 bytes} [Wed Jun 22 10:07:09 2022] GET /identity/v3/roles?name=reader => generated 341 bytes in 303 msecs (HTTP/1.1 200) 5 headers in 177 bytes (1 switches on core 0)
Jun 22 10:07:10.135799 dv-cinder-847132-1-iscsi devstack@keystone.service[80160]: DEBUG keystone.server.flask.request_processing.middleware.auth_context [None req-ed2baecb-eb7b-4bb1-91f9-177e01cf899f None admin] Authenticating user token {{(pid=80160) process_request /usr/local/lib/python3.8/dist-packages/keystonemiddleware/auth_token/__init__.py:407}}
Jun 22 10:07:10.303486 dv-cinder-847132-1-iscsi devstack@keystone.service[80160]: DEBUG keystone.server.flask.request_processing.middleware.auth_context [None req-ed2baecb-eb7b-4bb1-91f9-177e01cf899f None admin] Validating token access rules against request {{(pid=80160) validate_allowed_request /usr/local/lib/python3.8/dist-packages/keystonemiddleware/auth_token/__init__.py:545}}
Jun 22 10:07:10.346891 dv-cinder-847132-1-iscsi devstack@keystone.service[80160]: DEBUG dbcounter [-] [80160] Writing DB stats keystone:SELECT=97,keystone:INSERT=3 {{(pid=80160) stat_writer /usr/local/lib/python3.8/dist-packages/dbcounter.py:114}}
Jun 22 10:07:10.348347 dv-cinder-847132-1-iscsi devstack@keystone.service[80160]: DEBUG keystone.server.flask.request_processing.middleware.auth_context [None req-5ea62944-0956-45cf-8bff-710db3bbca59 None admin] RBAC: auth_context: {'token': , 'domain_id': None, 'trust_id': None, 'trustor_id': None, 'trustee_id': None, 'domain_name': None, 'group_ids': [], 'user_id': '24f043f060e24197b7146fc46f2ee305', 'user_domain_id': 'default', 'system_scope': 'all', 'project_id': None, 'project_domain_id': None, 'roles': ['admin', 'member', 'reader'], 'is_admin_project': True, 'service_user_id': None, 'service_user_domain_id': None, 'service_project_id': None, 'service_project_domain_id': None, 'service_roles': []} {{(pid=80160) fill_context /opt/stack/keystone/keystone/server/flask/request_processing/middleware/auth_context.py:478}}
Jun 22 10:07:10.349316 dv-cinder-847132-1-iscsi devstack@keystone.service[80160]: DEBUG keystone.server.flask.request_processing.req_logging [None req-5ea62944-0956-45cf-8bff-710db3bbca59 None admin] REQUEST_METHOD: `GET` {{(pid=80160) log_request_info /opt/stack/keystone/keystone/server/flask/request_processing/req_logging.py:27}}
Jun 22 10:07:10.349706 dv-cinder-847132-1-iscsi devstack@keystone.service[80160]: DEBUG keystone.server.flask.request_processing.req_logging [None req-5ea62944-0956-45cf-8bff-710db3bbca59 None admin] SCRIPT_NAME: `/identity` {{(pid=80160) log_request_info /opt/stack/keystone/keystone/server/flask/request_processing/req_logging.py:28}}
Jun 22 10:07:10.349985 dv-cinder-847132-1-iscsi devstack@keystone.service[80160]: DEBUG keystone.server.flask.request_processing.req_logging [None req-5ea62944-0956-45cf-8bff-710db3bbca59 None admin] PATH_INFO: `/v3/users/28e3fb27f63f4f32be991d71b77f28b8` {{(pid=80160) log_request_info /opt/stack/keystone/keystone/server/flask/request_processing/req_logging.py:29}}
Jun 22 10:07:10.368727 dv-cinder-847132-1-iscsi devstack@keystone.service[80160]: DEBUG keystone.common.rbac_enforcer.enforcer [None req-5ea62944-0956-45cf-8bff-710db3bbca59 None admin] RBAC: Authorizing `identity:get_user(user_id=28e3fb27f63f4f32be991d71b77f28b8)` {{(pid=80160) enforce_call /opt/stack/keystone/keystone/common/rbac_enforcer/enforcer.py:449}}
Jun 22 10:07:10.370307 dv-cinder-847132-1-iscsi devstack@keystone.service[80160]: DEBUG keystone.common.rbac_enforcer.enforcer [None req-5ea62944-0956-45cf-8bff-710db3bbca59 None admin] RBAC: Authorization granted {{(pid=80160) enforce_call /opt/stack/keystone/keystone/common/rbac_enforcer/enforcer.py:457}}
Jun 22 10:07:10.372130 dv-cinder-847132-1-iscsi devstack@keystone.service[80160]: [pid: 80160|app: 0|req: 122/243] 10.222.0.66 () {56 vars in 1177 bytes} [Wed Jun 22 10:07:10 2022] GET /identity/v3/users/28e3fb27f63f4f32be991d71b77f28b8 => generated 297 bytes in 237 msecs (HTTP/1.1 200) 5 headers in 177 bytes (1 switches on core 0)
Jun 22 10:07:10.377970 dv-cinder-847132-1-iscsi devstack@keystone.service[80159]: DEBUG keystone.server.flask.request_processing.middleware.auth_context [None req-89095015-97c6-40d2-a13d-c30c4305f9b6 None admin] Authenticating user token {{(pid=80159) process_request /usr/local/lib/python3.8/dist-packages/keystonemiddleware/auth_token/__init__.py:407}}
Jun 22 10:07:10.484447 dv-cinder-847132-1-iscsi devstack@keystone.service[80159]: DEBUG dbcounter [-] [80159] Writing DB stats keystone:SELECT=100 {{(pid=80159) stat_writer /usr/local/lib/python3.8/dist-packages/dbcounter.py:114}}
Jun 22 10:07:10.489948 dv-cinder-847132-1-iscsi devstack@keystone.service[80159]: DEBUG keystone.server.flask.request_processing.middleware.auth_context [None req-89095015-97c6-40d2-a13d-c30c4305f9b6 None admin] Validating token access rules against request {{(pid=80159) validate_allowed_request /usr/local/lib/python3.8/dist-packages/keystonemiddleware/auth_token/__init__.py:545}}
Jun 22 10:07:10.532313 dv-cinder-847132-1-iscsi devstack@keystone.service[80159]: DEBUG keystone.server.flask.request_processing.middleware.auth_context [None req-875e3c48-aace-4eb5-b3f2-1641a57622cc None admin] RBAC: auth_context: {'token': , 'domain_id': None, 'trust_id': None, 'trustor_id': None, 'trustee_id': None, 'domain_name': None, 'group_ids': [], 'user_id': '24f043f060e24197b7146fc46f2ee305', 'user_domain_id': 'default', 'system_scope': 'all', 'project_id': None, 'project_domain_id': None, 'roles': ['admin', 'member', 'reader'], 'is_admin_project': True, 'service_user_id': None, 'service_user_domain_id': None, 'service_project_id': None, 'service_project_domain_id': None, 'service_roles': []} {{(pid=80159) fill_context /opt/stack/keystone/keystone/server/flask/request_processing/middleware/auth_context.py:478}}
Jun 22 10:07:10.532992 dv-cinder-847132-1-iscsi devstack@keystone.service[80159]: DEBUG keystone.server.flask.request_processing.req_logging [None req-875e3c48-aace-4eb5-b3f2-1641a57622cc None admin] REQUEST_METHOD: `GET` {{(pid=80159) log_request_info /opt/stack/keystone/keystone/server/flask/request_processing/req_logging.py:27}}
Jun 22 10:07:10.533586 dv-cinder-847132-1-iscsi devstack@keystone.service[80159]: DEBUG keystone.server.flask.request_processing.req_logging [None req-875e3c48-aace-4eb5-b3f2-1641a57622cc None admin] SCRIPT_NAME: `/identity` {{(pid=80159) log_request_info /opt/stack/keystone/keystone/server/flask/request_processing/req_logging.py:28}}
Jun 22 10:07:10.533866 dv-cinder-847132-1-iscsi devstack@keystone.service[80159]: DEBUG keystone.server.flask.request_processing.req_logging [None req-875e3c48-aace-4eb5-b3f2-1641a57622cc None admin] PATH_INFO: `/v3/auth/tokens` {{(pid=80159) log_request_info /opt/stack/keystone/keystone/server/flask/request_processing/req_logging.py:29}}
Jun 22 10:07:10.615137 dv-cinder-847132-1-iscsi devstack@keystone.service[80159]: DEBUG keystone.common.rbac_enforcer.enforcer [None req-875e3c48-aace-4eb5-b3f2-1641a57622cc None admin] RBAC: Authorizing `identity:validate_token()` {{(pid=80159) enforce_call /opt/stack/keystone/keystone/common/rbac_enforcer/enforcer.py:449}}
Jun 22 10:07:10.616674 dv-cinder-847132-1-iscsi devstack@keystone.service[80159]: DEBUG keystone.common.rbac_enforcer.enforcer [None req-875e3c48-aace-4eb5-b3f2-1641a57622cc None admin] RBAC: Authorization granted {{(pid=80159) enforce_call /opt/stack/keystone/keystone/common/rbac_enforcer/enforcer.py:457}}
Jun 22 10:07:10.703812 dv-cinder-847132-1-iscsi devstack@keystone.service[80160]: DEBUG keystone.server.flask.request_processing.req_logging [None req-75f75866-5fa1-4917-84aa-2d98942db884 None None] REQUEST_METHOD: `GET` {{(pid=80160) log_request_info /opt/stack/keystone/keystone/server/flask/request_processing/req_logging.py:27}}
Jun 22 10:07:10.704330 dv-cinder-847132-1-iscsi devstack@keystone.service[80160]: DEBUG keystone.server.flask.request_processing.req_logging [None req-75f75866-5fa1-4917-84aa-2d98942db884 None None] SCRIPT_NAME: `/identity` {{(pid=80160) log_request_info /opt/stack/keystone/keystone/server/flask/request_processing/req_logging.py:28}}
Jun 22 10:07:10.704752 dv-cinder-847132-1-iscsi devstack@keystone.service[80160]: DEBUG keystone.server.flask.request_processing.req_logging [None req-75f75866-5fa1-4917-84aa-2d98942db884 None None] PATH_INFO: `/` {{(pid=80160) log_request_info /opt/stack/keystone/keystone/server/flask/request_processing/req_logging.py:29}}
Jun 22 10:07:10.706293 dv-cinder-847132-1-iscsi devstack@keystone.service[80160]: [pid: 80160|app: 0|req: 123/244] 10.222.0.66 () {54 vars in 926 bytes} [Wed Jun 22 10:07:10 2022] GET /identity => generated 270 bytes in 4 msecs (HTTP/1.1 300) 6 headers in 234 bytes (2 switches on core 0)
Jun 22 10:07:10.713117 dv-cinder-847132-1-iscsi devstack@keystone.service[80160]: DEBUG keystone.server.flask.request_processing.req_logging [None req-b7addf91-37aa-413a-bda4-b4b36800491e None None] REQUEST_METHOD: `POST` {{(pid=80160) log_request_info /opt/stack/keystone/keystone/server/flask/request_processing/req_logging.py:27}}
Jun 22 10:07:10.713645 dv-cinder-847132-1-iscsi devstack@keystone.service[80160]: DEBUG keystone.server.flask.request_processing.req_logging [None req-b7addf91-37aa-413a-bda4-b4b36800491e None None] SCRIPT_NAME: `/identity` {{(pid=80160) log_request_info /opt/stack/keystone/keystone/server/flask/request_processing/req_logging.py:28}}
Jun 22 10:07:10.714066 dv-cinder-847132-1-iscsi devstack@keystone.service[80160]: DEBUG keystone.server.flask.request_processing.req_logging [None req-b7addf91-37aa-413a-bda4-b4b36800491e None None] PATH_INFO: `/v3/auth/tokens` {{(pid=80160) log_request_info /opt/stack/keystone/keystone/server/flask/request_processing/req_logging.py:29}}
Jun 22 10:07:10.739260 dv-cinder-847132-1-iscsi devstack@keystone.service[80160]: DEBUG keystone.auth.core [None req-b7addf91-37aa-413a-bda4-b4b36800491e None None] MFA Rules not processed for user `24f043f060e24197b7146fc46f2ee305`. Rule list: `[]` (Enabled: `True`). {{(pid=80160) check_auth_methods_against_rules /opt/stack/keystone/keystone/auth/core.py:438}}
Jun 22 10:07:10.741293 dv-cinder-847132-1-iscsi devstack@keystone.service[80160]: DEBUG keystone.common.fernet_utils [None req-b7addf91-37aa-413a-bda4-b4b36800491e None None] Loaded 2 Fernet keys from /etc/keystone/fernet-keys/, but `[fernet_tokens] max_active_keys = 3`; perhaps there have not been enough key rotations to reach `max_active_keys` yet? {{(pid=80160) load_keys /opt/stack/keystone/keystone/common/fernet_utils.py:286}}
Jun 22 10:07:10.748516 dv-cinder-847132-1-iscsi devstack@keystone.service[80159]: DEBUG dbcounter [-] [80159] Writing DB stats keystone:SELECT=100 {{(pid=80159) stat_writer /usr/local/lib/python3.8/dist-packages/dbcounter.py:114}}
Jun 22 10:07:10.756487 dv-cinder-847132-1-iscsi devstack@keystone.service[80159]: [pid: 80159|app: 0|req: 122/245] 10.222.0.66 () {58 vars in 1282 bytes} [Wed Jun 22 10:07:10 2022] GET /identity/v3/auth/tokens => generated 799 bytes in 379 msecs (HTTP/1.1 200) 6 headers in 358 bytes (1 switches on core 0)
Jun 22 10:07:10.763280 dv-cinder-847132-1-iscsi devstack@keystone.service[80159]: DEBUG keystone.server.flask.request_processing.middleware.auth_context [None req-875e3c48-aace-4eb5-b3f2-1641a57622cc None admin] Authenticating user token {{(pid=80159) process_request /usr/local/lib/python3.8/dist-packages/keystonemiddleware/auth_token/__init__.py:407}}
Jun 22 10:07:10.854526 dv-cinder-847132-1-iscsi devstack@keystone.service[80160]: [pid: 80160|app: 0|req: 124/246] 10.222.0.66 () {58 vars in 1023 bytes} [Wed Jun 22 10:07:10 2022] POST /identity/v3/auth/tokens => generated 799 bytes in 142 msecs (HTTP/1.1 201) 6 headers in 363 bytes (1 switches on core 0)
Jun 22 10:07:10.855867 dv-cinder-847132-1-iscsi devstack@keystone.service[80160]: DEBUG keystone.server.flask.request_processing.req_logging [None req-f10d5433-f5dc-4429-9f80-3fc4acd88a81 None None] REQUEST_METHOD: `GET` {{(pid=80160) log_request_info /opt/stack/keystone/keystone/server/flask/request_processing/req_logging.py:27}}
Jun 22 10:07:10.856156 dv-cinder-847132-1-iscsi devstack@keystone.service[80160]: DEBUG keystone.server.flask.request_processing.req_logging [None req-f10d5433-f5dc-4429-9f80-3fc4acd88a81 None None] SCRIPT_NAME: `/identity` {{(pid=80160) log_request_info /opt/stack/keystone/keystone/server/flask/request_processing/req_logging.py:28}}
Jun 22 10:07:10.856432 dv-cinder-847132-1-iscsi devstack@keystone.service[80160]: DEBUG keystone.server.flask.request_processing.req_logging [None req-f10d5433-f5dc-4429-9f80-3fc4acd88a81 None None] PATH_INFO: `/` {{(pid=80160) log_request_info /opt/stack/keystone/keystone/server/flask/request_processing/req_logging.py:29}}
Jun 22 10:07:10.862177 dv-cinder-847132-1-iscsi devstack@keystone.service[80160]: [pid: 80160|app: 0|req: 125/247] 10.222.0.66 () {54 vars in 926 bytes} [Wed Jun 22 10:07:10 2022] GET /identity => generated 270 bytes in 3 msecs (HTTP/1.1 300) 6 headers in 234 bytes (1 switches on core 0)
Jun 22 10:07:10.866548 dv-cinder-847132-1-iscsi devstack@keystone.service[80160]: DEBUG keystone.server.flask.request_processing.req_logging [None req-c9a1e53c-6e81-40ee-bf43-a0fab6f1d5f9 None None] REQUEST_METHOD: `POST` {{(pid=80160) log_request_info /opt/stack/keystone/keystone/server/flask/request_processing/req_logging.py:27}}
Jun 22 10:07:10.866760 dv-cinder-847132-1-iscsi devstack@keystone.service[80160]: DEBUG keystone.server.flask.request_processing.req_logging [None req-c9a1e53c-6e81-40ee-bf43-a0fab6f1d5f9 None None] SCRIPT_NAME: `/identity` {{(pid=80160) log_request_info /opt/stack/keystone/keystone/server/flask/request_processing/req_logging.py:28}}
Jun 22 10:07:10.867058 dv-cinder-847132-1-iscsi devstack@keystone.service[80160]: DEBUG keystone.server.flask.request_processing.req_logging [None req-c9a1e53c-6e81-40ee-bf43-a0fab6f1d5f9 None None] PATH_INFO: `/v3/auth/tokens` {{(pid=80160) log_request_info /opt/stack/keystone/keystone/server/flask/request_processing/req_logging.py:29}}
Jun 22 10:07:10.893865 dv-cinder-847132-1-iscsi devstack@keystone.service[80160]: DEBUG keystone.auth.core [None req-c9a1e53c-6e81-40ee-bf43-a0fab6f1d5f9 None None] MFA Rules not processed for user `24f043f060e24197b7146fc46f2ee305`. Rule list: `[]` (Enabled: `True`). {{(pid=80160) check_auth_methods_against_rules /opt/stack/keystone/keystone/auth/core.py:438}}
Jun 22 10:07:10.895087 dv-cinder-847132-1-iscsi devstack@keystone.service[80160]: DEBUG keystone.common.fernet_utils [None req-c9a1e53c-6e81-40ee-bf43-a0fab6f1d5f9 None None] Loaded 2 Fernet keys from /etc/keystone/fernet-keys/, but `[fernet_tokens] max_active_keys = 3`; perhaps there have not been enough key rotations to reach `max_active_keys` yet? {{(pid=80160) load_keys /opt/stack/keystone/keystone/common/fernet_utils.py:286}}
Jun 22 10:07:10.952808 dv-cinder-847132-1-iscsi devstack@keystone.service[80159]: DEBUG keystone.server.flask.request_processing.middleware.auth_context [None req-875e3c48-aace-4eb5-b3f2-1641a57622cc None admin] Validating token access rules against request {{(pid=80159) validate_allowed_request /usr/local/lib/python3.8/dist-packages/keystonemiddleware/auth_token/__init__.py:545}}
Jun 22 10:07:11.023204 dv-cinder-847132-1-iscsi devstack@keystone.service[80159]: DEBUG keystone.server.flask.request_processing.middleware.auth_context [None req-81b4ab6c-9221-4936-9211-f2d9fb45f849 None admin] RBAC: auth_context: {'token': , 'domain_id': None, 'trust_id': None, 'trustor_id': None, 'trustee_id': None, 'domain_name': None, 'group_ids': [], 'user_id': '24f043f060e24197b7146fc46f2ee305', 'user_domain_id': 'default', 'system_scope': 'all', 'project_id': None, 'project_domain_id': None, 'roles': ['admin', 'member', 'reader'], 'is_admin_project': True, 'service_user_id': None, 'service_user_domain_id': None, 'service_project_id': None, 'service_project_domain_id': None, 'service_roles': []} {{(pid=80159) fill_context /opt/stack/keystone/keystone/server/flask/request_processing/middleware/auth_context.py:478}}
Jun 22 10:07:11.024149 dv-cinder-847132-1-iscsi devstack@keystone.service[80159]: DEBUG keystone.server.flask.request_processing.req_logging [None req-81b4ab6c-9221-4936-9211-f2d9fb45f849 None admin] REQUEST_METHOD: `GET` {{(pid=80159) log_request_info /opt/stack/keystone/keystone/server/flask/request_processing/req_logging.py:27}}
Jun 22 10:07:11.024427 dv-cinder-847132-1-iscsi devstack@keystone.service[80159]: DEBUG keystone.server.flask.request_processing.req_logging [None req-81b4ab6c-9221-4936-9211-f2d9fb45f849 None admin] SCRIPT_NAME: `/identity` {{(pid=80159) log_request_info /opt/stack/keystone/keystone/server/flask/request_processing/req_logging.py:28}}
Jun 22 10:07:11.024696 dv-cinder-847132-1-iscsi devstack@keystone.service[80159]: DEBUG keystone.server.flask.request_processing.req_logging [None req-81b4ab6c-9221-4936-9211-f2d9fb45f849 None admin] PATH_INFO: `/v3/projects/89fcb966a1644945aee124d621ce16dd` {{(pid=80159) log_request_info /opt/stack/keystone/keystone/server/flask/request_processing/req_logging.py:29}}
Jun 22 10:07:11.026078 dv-cinder-847132-1-iscsi devstack@keystone.service[80159]: DEBUG keystone.common.rbac_enforcer.enforcer [None req-81b4ab6c-9221-4936-9211-f2d9fb45f849 None admin] RBAC: Authorizing `identity:get_project(project_id=89fcb966a1644945aee124d621ce16dd)` {{(pid=80159) enforce_call /opt/stack/keystone/keystone/common/rbac_enforcer/enforcer.py:449}}
Jun 22 10:07:11.027566 dv-cinder-847132-1-iscsi devstack@keystone.service[80159]: DEBUG keystone.common.rbac_enforcer.enforcer [None req-81b4ab6c-9221-4936-9211-f2d9fb45f849 None admin] RBAC: Authorization granted {{(pid=80159) enforce_call /opt/stack/keystone/keystone/common/rbac_enforcer/enforcer.py:457}}
Jun 22 10:07:11.031467 dv-cinder-847132-1-iscsi devstack@keystone.service[80159]: [pid: 80159|app: 0|req: 123/248] 10.222.0.66 () {56 vars in 1186 bytes} [Wed Jun 22 10:07:10 2022] GET /identity/v3/projects/89fcb966a1644945aee124d621ce16dd => generated 302 bytes in 268 msecs (HTTP/1.1 200) 5 headers in 177 bytes (1 switches on core 0)
Jun 22 10:07:11.032273 dv-cinder-847132-1-iscsi devstack@keystone.service[80159]: DEBUG keystone.server.flask.request_processing.middleware.auth_context [None req-81b4ab6c-9221-4936-9211-f2d9fb45f849 None admin] Authenticating user token {{(pid=80159) process_request /usr/local/lib/python3.8/dist-packages/keystonemiddleware/auth_token/__init__.py:407}}
Jun 22 10:07:11.038611 dv-cinder-847132-1-iscsi devstack@keystone.service[80160]: [pid: 80160|app: 0|req: 126/249] 10.222.0.66 () {58 vars in 1023 bytes} [Wed Jun 22 10:07:10 2022] POST /identity/v3/auth/tokens => generated 799 bytes in 170 msecs (HTTP/1.1 201) 6 headers in 363 bytes (1 switches on core 0)
Jun 22 10:07:11.039582 dv-cinder-847132-1-iscsi devstack@keystone.service[80160]: DEBUG keystone.server.flask.request_processing.middleware.auth_context [None req-c9a1e53c-6e81-40ee-bf43-a0fab6f1d5f9 None None] Authenticating user token {{(pid=80160) process_request /usr/local/lib/python3.8/dist-packages/keystonemiddleware/auth_token/__init__.py:407}}
Jun 22 10:07:11.142563 dv-cinder-847132-1-iscsi devstack@keystone.service[80160]: DEBUG dbcounter [-] [80160] Writing DB stats keystone:SELECT=100 {{(pid=80160) stat_writer /usr/local/lib/python3.8/dist-packages/dbcounter.py:114}}
Jun 22 10:07:11.206892 dv-cinder-847132-1-iscsi devstack@keystone.service[80159]: DEBUG dbcounter [-] [80159] Writing DB stats keystone:SELECT=100 {{(pid=80159) stat_writer /usr/local/lib/python3.8/dist-packages/dbcounter.py:114}}
Jun 22 10:07:11.239512 dv-cinder-847132-1-iscsi devstack@keystone.service[80160]: DEBUG keystone.server.flask.request_processing.middleware.auth_context [None req-c9a1e53c-6e81-40ee-bf43-a0fab6f1d5f9 None None] Validating token access rules against request {{(pid=80160) validate_allowed_request /usr/local/lib/python3.8/dist-packages/keystonemiddleware/auth_token/__init__.py:545}}
Jun 22 10:07:11.257621 dv-cinder-847132-1-iscsi devstack@keystone.service[80159]: DEBUG keystone.server.flask.request_processing.middleware.auth_context [None req-81b4ab6c-9221-4936-9211-f2d9fb45f849 None admin] Validating token access rules against request {{(pid=80159) validate_allowed_request /usr/local/lib/python3.8/dist-packages/keystonemiddleware/auth_token/__init__.py:545}}
Jun 22 10:07:11.276083 dv-cinder-847132-1-iscsi devstack@keystone.service[80160]: DEBUG keystone.server.flask.request_processing.middleware.auth_context [None req-b33a7644-e6b8-4adf-a61a-12b323809508 None admin] RBAC: auth_context: {'token': , 'domain_id': None, 'trust_id': None, 'trustor_id': None, 'trustee_id': None, 'domain_name': None, 'group_ids': [], 'user_id': '24f043f060e24197b7146fc46f2ee305', 'user_domain_id': 'default', 'system_scope': 'all', 'project_id': None, 'project_domain_id': None, 'roles': ['admin', 'member', 'reader'], 'is_admin_project': True, 'service_user_id': None, 'service_user_domain_id': None, 'service_project_id': None, 'service_project_domain_id': None, 'service_roles': []} {{(pid=80160) fill_context /opt/stack/keystone/keystone/server/flask/request_processing/middleware/auth_context.py:478}}
Jun 22 10:07:11.276806 dv-cinder-847132-1-iscsi devstack@keystone.service[80160]: DEBUG keystone.server.flask.request_processing.req_logging [None req-b33a7644-e6b8-4adf-a61a-12b323809508 None admin] REQUEST_METHOD: `GET` {{(pid=80160) log_request_info /opt/stack/keystone/keystone/server/flask/request_processing/req_logging.py:27}}
Jun 22 10:07:11.277085 dv-cinder-847132-1-iscsi devstack@keystone.service[80160]: DEBUG keystone.server.flask.request_processing.req_logging [None req-b33a7644-e6b8-4adf-a61a-12b323809508 None admin] SCRIPT_NAME: `/identity` {{(pid=80160) log_request_info /opt/stack/keystone/keystone/server/flask/request_processing/req_logging.py:28}}
Jun 22 10:07:11.277360 dv-cinder-847132-1-iscsi devstack@keystone.service[80160]: DEBUG keystone.server.flask.request_processing.req_logging [None req-b33a7644-e6b8-4adf-a61a-12b323809508 None admin] PATH_INFO: `/v3/role_assignments` {{(pid=80160) log_request_info /opt/stack/keystone/keystone/server/flask/request_processing/req_logging.py:29}}
Jun 22 10:07:11.278456 dv-cinder-847132-1-iscsi devstack@keystone.service[80160]: DEBUG keystone.common.rbac_enforcer.enforcer [None req-b33a7644-e6b8-4adf-a61a-12b323809508 None admin] RBAC: Adding query filter params (role.id=819710d7e2594120b7d6b2e9c3b5d102, scope.project.id=89fcb966a1644945aee124d621ce16dd, user.id=28e3fb27f63f4f32be991d71b77f28b8) {{(pid=80160) _extract_filter_values /opt/stack/keystone/keystone/common/rbac_enforcer/enforcer.py:167}}
Jun 22 10:07:11.278804 dv-cinder-847132-1-iscsi devstack@keystone.service[80160]: DEBUG keystone.common.rbac_enforcer.enforcer [None req-b33a7644-e6b8-4adf-a61a-12b323809508 None admin] RBAC: Authorizing `identity:list_role_assignments()` {{(pid=80160) enforce_call /opt/stack/keystone/keystone/common/rbac_enforcer/enforcer.py:449}}
Jun 22 10:07:11.280468 dv-cinder-847132-1-iscsi devstack@keystone.service[80160]: DEBUG keystone.common.rbac_enforcer.enforcer [None req-b33a7644-e6b8-4adf-a61a-12b323809508 None admin] RBAC: Authorization granted {{(pid=80160) enforce_call /opt/stack/keystone/keystone/common/rbac_enforcer/enforcer.py:457}}
Jun 22 10:07:11.287552 dv-cinder-847132-1-iscsi devstack@keystone.service[80160]: [pid: 80160|app: 0|req: 127/250] 10.222.0.66 () {56 vars in 1374 bytes} [Wed Jun 22 10:07:11 2022] GET /identity/v3/role_assignments?user.id=28e3fb27f63f4f32be991d71b77f28b8&scope.project.id=89fcb966a1644945aee124d621ce16dd&role.id=819710d7e2594120b7d6b2e9c3b5d102 => generated 259 bytes in 248 msecs (HTTP/1.1 200) 5 headers in 177 bytes (1 switches on core 0)
Jun 22 10:07:11.288446 dv-cinder-847132-1-iscsi devstack@keystone.service[80160]: DEBUG keystone.server.flask.request_processing.middleware.auth_context [None req-b33a7644-e6b8-4adf-a61a-12b323809508 None admin] Authenticating user token {{(pid=80160) process_request /usr/local/lib/python3.8/dist-packages/keystonemiddleware/auth_token/__init__.py:407}}
