Aug 01 14:09:08.344543 dv-cinder-847131-3-iscsi devstack@placement-api.service[104580]: [pid: 104580|app: 0|req: 11/20] 10.222.0.48 () {64 vars in 1433 bytes} [Mon Aug 1 14:09:08 2022] PUT /placement/allocations/e8fa6e78-136c-4153-a57c-926647075a19 => generated 0 bytes in 217 msecs (HTTP/1.1 204) 5 headers in 199 bytes (2 switches on core 0)
Aug 01 14:09:09.740535 dv-cinder-847131-3-iscsi devstack@placement-api.service[104581]: DEBUG placement.requestlog [req-c60d7f6b-2494-4752-be50-9a6d368e0e50 req-546edeef-d7b5-4a30-9f97-8094224aec09 None None] Starting request: 10.222.0.48 "GET /placement/allocation_candidates?limit=1000&resources=DISK_GB%3A1%2CMEMORY_MB%3A1024%2CVCPU%3A1&root_required=%21COMPUTE_STATUS_DISABLED" {{(pid=104581) __call__ /opt/stack/placement/placement/requestlog.py:55}}
Aug 01 14:09:09.834607 dv-cinder-847131-3-iscsi devstack@placement-api.service[104581]: DEBUG placement.objects.research_context [req-c60d7f6b-2494-4752-be50-9a6d368e0e50 req-546edeef-d7b5-4a30-9f97-8094224aec09 service placement] getting providers with 1 DISK_GB {{(pid=104581) __init__ /opt/stack/placement/placement/objects/research_context.py:136}}
Aug 01 14:09:09.844647 dv-cinder-847131-3-iscsi devstack@placement-api.service[104581]: DEBUG placement.objects.research_context [req-c60d7f6b-2494-4752-be50-9a6d368e0e50 req-546edeef-d7b5-4a30-9f97-8094224aec09 service placement] getting providers with 1024 MEMORY_MB {{(pid=104581) __init__ /opt/stack/placement/placement/objects/research_context.py:136}}
Aug 01 14:09:09.854873 dv-cinder-847131-3-iscsi devstack@placement-api.service[104581]: DEBUG placement.objects.research_context [req-c60d7f6b-2494-4752-be50-9a6d368e0e50 req-546edeef-d7b5-4a30-9f97-8094224aec09 service placement] getting providers with 1 VCPU {{(pid=104581) __init__ /opt/stack/placement/placement/objects/research_context.py:136}}
Aug 01 14:09:09.863909 dv-cinder-847131-3-iscsi devstack@placement-api.service[104581]: DEBUG placement.objects.research_context [req-c60d7f6b-2494-4752-be50-9a6d368e0e50 req-546edeef-d7b5-4a30-9f97-8094224aec09 service placement] found 1 providers with available 1 DISK_GB {{(pid=104581) get_provider_ids_matching /opt/stack/placement/placement/objects/research_context.py:563}}
Aug 01 14:09:09.864467 dv-cinder-847131-3-iscsi devstack@placement-api.service[104581]: DEBUG placement.objects.research_context [req-c60d7f6b-2494-4752-be50-9a6d368e0e50 req-546edeef-d7b5-4a30-9f97-8094224aec09 service placement] found 1 providers with available 1024 MEMORY_MB {{(pid=104581) get_provider_ids_matching /opt/stack/placement/placement/objects/research_context.py:563}}
Aug 01 14:09:09.864964 dv-cinder-847131-3-iscsi devstack@placement-api.service[104581]: DEBUG placement.objects.research_context [req-c60d7f6b-2494-4752-be50-9a6d368e0e50 req-546edeef-d7b5-4a30-9f97-8094224aec09 service placement] found 1 providers after filtering by previous result {{(pid=104581) get_provider_ids_matching /opt/stack/placement/placement/objects/research_context.py:594}}
Aug 01 14:09:09.865437 dv-cinder-847131-3-iscsi devstack@placement-api.service[104581]: DEBUG placement.objects.research_context [req-c60d7f6b-2494-4752-be50-9a6d368e0e50 req-546edeef-d7b5-4a30-9f97-8094224aec09 service placement] found 1 providers with available 1 VCPU {{(pid=104581) get_provider_ids_matching /opt/stack/placement/placement/objects/research_context.py:563}}
Aug 01 14:09:09.865857 dv-cinder-847131-3-iscsi devstack@placement-api.service[104581]: DEBUG placement.objects.research_context [req-c60d7f6b-2494-4752-be50-9a6d368e0e50 req-546edeef-d7b5-4a30-9f97-8094224aec09 service placement] found 1 providers after filtering by previous result {{(pid=104581) get_provider_ids_matching /opt/stack/placement/placement/objects/research_context.py:594}}
Aug 01 14:09:09.878872 dv-cinder-847131-3-iscsi devstack@placement-api.service[104581]: DEBUG placement.objects.allocation_candidate [req-c60d7f6b-2494-4752-be50-9a6d368e0e50 req-546edeef-d7b5-4a30-9f97-8094224aec09 service placement] RequestGroup(use_same_provider=False, resources={DISK_GB:1, MEMORY_MB:1024, VCPU:1}, traits=(), aggregates=[]) (suffix '') returned 1 matches {{(pid=104581) _get_by_requests /opt/stack/placement/placement/objects/allocation_candidate.py:156}}
Aug 01 14:09:09.879515 dv-cinder-847131-3-iscsi devstack@placement-api.service[104581]: DEBUG placement.objects.allocation_candidate [req-c60d7f6b-2494-4752-be50-9a6d368e0e50 req-546edeef-d7b5-4a30-9f97-8094224aec09 service placement] Merging candidates yields 1 allocation requests and 1 provider summaries {{(pid=104581) _merge_candidates /opt/stack/placement/placement/objects/allocation_candidate.py:809}}
Aug 01 14:09:09.881203 dv-cinder-847131-3-iscsi devstack@placement-api.service[104581]: INFO placement.requestlog [req-c60d7f6b-2494-4752-be50-9a6d368e0e50 req-546edeef-d7b5-4a30-9f97-8094224aec09 service placement] 10.222.0.48 "GET /placement/allocation_candidates?limit=1000&resources=DISK_GB%3A1%2CMEMORY_MB%3A1024%2CVCPU%3A1&root_required=%21COMPUTE_STATUS_DISABLED" status: 200 len: 767 microversion: 1.36
Aug 01 14:09:09.881751 dv-cinder-847131-3-iscsi devstack@placement-api.service[104581]: [pid: 104581|app: 0|req: 10/21] 10.222.0.48 () {60 vars in 1506 bytes} [Mon Aug 1 14:09:09 2022] GET /placement/allocation_candidates?limit=1000&resources=DISK_GB%3A1%2CMEMORY_MB%3A1024%2CVCPU%3A1&root_required=%21COMPUTE_STATUS_DISABLED => generated 767 bytes in 142 msecs (HTTP/1.1 200) 8 headers in 296 bytes (1 switches on core 0)
Aug 01 14:09:09.936320 dv-cinder-847131-3-iscsi devstack@placement-api.service[104580]: DEBUG placement.requestlog [req-c60d7f6b-2494-4752-be50-9a6d368e0e50 req-6cd7b205-5723-4d90-b9f2-5b84887de5c5 None None] Starting request: 10.222.0.48 "GET /placement/allocations/8437bc61-6b11-4e15-afb8-f748b55a9e06" {{(pid=104580) __call__ /opt/stack/placement/placement/requestlog.py:55}}
Aug 01 14:09:09.953357 dv-cinder-847131-3-iscsi devstack@placement-api.service[104580]: INFO placement.requestlog [req-c60d7f6b-2494-4752-be50-9a6d368e0e50 req-6cd7b205-5723-4d90-b9f2-5b84887de5c5 service placement] 10.222.0.48 "GET /placement/allocations/8437bc61-6b11-4e15-afb8-f748b55a9e06" status: 200 len: 19 microversion: 1.28
Aug 01 14:09:09.960071 dv-cinder-847131-3-iscsi devstack@placement-api.service[104580]: [pid: 104580|app: 0|req: 12/22] 10.222.0.48 () {60 vars in 1380 bytes} [Mon Aug 1 14:09:09 2022] GET /placement/allocations/8437bc61-6b11-4e15-afb8-f748b55a9e06 => generated 19 bytes in 24 msecs (HTTP/1.1 200) 8 headers in 295 bytes (1 switches on core 0)
Aug 01 14:09:09.965552 dv-cinder-847131-3-iscsi devstack@placement-api.service[104581]: DEBUG placement.requestlog [req-c60d7f6b-2494-4752-be50-9a6d368e0e50 req-26ac0c42-0d5c-48ce-9e0f-595b8968768d None None] Starting request: 10.222.0.48 "PUT /placement/allocations/8437bc61-6b11-4e15-afb8-f748b55a9e06" {{(pid=104581) __call__ /opt/stack/placement/placement/requestlog.py:55}}
Aug 01 14:09:10.118848 dv-cinder-847131-3-iscsi devstack@placement-api.service[104581]: DEBUG placement.handlers.allocation [req-c60d7f6b-2494-4752-be50-9a6d368e0e50 req-26ac0c42-0d5c-48ce-9e0f-595b8968768d service placement] Successfully wrote allocations [, , ] {{(pid=104581) _update_consumers_and_create_allocations /opt/stack/placement/placement/handlers/allocation.py:462}}
Aug 01 14:09:10.125741 dv-cinder-847131-3-iscsi devstack@placement-api.service[104581]: INFO placement.requestlog [req-c60d7f6b-2494-4752-be50-9a6d368e0e50 req-26ac0c42-0d5c-48ce-9e0f-595b8968768d service placement] 10.222.0.48 "PUT /placement/allocations/8437bc61-6b11-4e15-afb8-f748b55a9e06" status: 204 len: 0 microversion: 1.36
Aug 01 14:09:10.126336 dv-cinder-847131-3-iscsi devstack@placement-api.service[104581]: [pid: 104581|app: 0|req: 11/23] 10.222.0.48 () {64 vars in 1433 bytes} [Mon Aug 1 14:09:09 2022] PUT /placement/allocations/8437bc61-6b11-4e15-afb8-f748b55a9e06 => generated 0 bytes in 161 msecs (HTTP/1.1 204) 5 headers in 199 bytes (1 switches on core 0)
Aug 01 14:09:11.093373 dv-cinder-847131-3-iscsi devstack@placement-api.service[104580]: DEBUG placement.requestlog [req-af50ba6e-9141-4900-bbb6-ae5d7a219b87 req-3f19391a-e18e-4318-9c4a-a75616b38f0c None None] Starting request: 10.222.0.48 "GET /placement/allocation_candidates?limit=1000&resources=DISK_GB%3A1%2CMEMORY_MB%3A1024%2CVCPU%3A1&root_required=%21COMPUTE_STATUS_DISABLED" {{(pid=104580) __call__ /opt/stack/placement/placement/requestlog.py:55}}
Aug 01 14:09:11.182532 dv-cinder-847131-3-iscsi devstack@placement-api.service[104580]: DEBUG placement.objects.research_context [req-af50ba6e-9141-4900-bbb6-ae5d7a219b87 req-3f19391a-e18e-4318-9c4a-a75616b38f0c service placement] getting providers with 1 DISK_GB {{(pid=104580) __init__ /opt/stack/placement/placement/objects/research_context.py:136}}
Aug 01 14:09:11.189298 dv-cinder-847131-3-iscsi devstack@placement-api.service[104580]: DEBUG placement.objects.research_context [req-af50ba6e-9141-4900-bbb6-ae5d7a219b87 req-3f19391a-e18e-4318-9c4a-a75616b38f0c service placement] getting providers with 1024 MEMORY_MB {{(pid=104580) __init__ /opt/stack/placement/placement/objects/research_context.py:136}}
Aug 01 14:09:11.195457 dv-cinder-847131-3-iscsi devstack@placement-api.service[104580]: DEBUG placement.objects.research_context [req-af50ba6e-9141-4900-bbb6-ae5d7a219b87 req-3f19391a-e18e-4318-9c4a-a75616b38f0c service placement] getting providers with 1 VCPU {{(pid=104580) __init__ /opt/stack/placement/placement/objects/research_context.py:136}}
Aug 01 14:09:11.202974 dv-cinder-847131-3-iscsi devstack@placement-api.service[104580]: DEBUG placement.objects.research_context [req-af50ba6e-9141-4900-bbb6-ae5d7a219b87 req-3f19391a-e18e-4318-9c4a-a75616b38f0c service placement] found 1 providers with available 1 DISK_GB {{(pid=104580) get_provider_ids_matching /opt/stack/placement/placement/objects/research_context.py:563}}
Aug 01 14:09:11.203251 dv-cinder-847131-3-iscsi devstack@placement-api.service[104580]: DEBUG placement.objects.research_context [req-af50ba6e-9141-4900-bbb6-ae5d7a219b87 req-3f19391a-e18e-4318-9c4a-a75616b38f0c service placement] found 1 providers with available 1024 MEMORY_MB {{(pid=104580) get_provider_ids_matching /opt/stack/placement/placement/objects/research_context.py:563}}
Aug 01 14:09:11.204798 dv-cinder-847131-3-iscsi devstack@placement-api.service[104580]: DEBUG placement.objects.research_context [req-af50ba6e-9141-4900-bbb6-ae5d7a219b87 req-3f19391a-e18e-4318-9c4a-a75616b38f0c service placement] found 1 providers after filtering by previous result {{(pid=104580) get_provider_ids_matching /opt/stack/placement/placement/objects/research_context.py:594}}
Aug 01 14:09:11.205229 dv-cinder-847131-3-iscsi devstack@placement-api.service[104580]: DEBUG placement.objects.research_context [req-af50ba6e-9141-4900-bbb6-ae5d7a219b87 req-3f19391a-e18e-4318-9c4a-a75616b38f0c service placement] found 1 providers with available 1 VCPU {{(pid=104580) get_provider_ids_matching /opt/stack/placement/placement/objects/research_context.py:563}}
Aug 01 14:09:11.205655 dv-cinder-847131-3-iscsi devstack@placement-api.service[104580]: DEBUG placement.objects.research_context [req-af50ba6e-9141-4900-bbb6-ae5d7a219b87 req-3f19391a-e18e-4318-9c4a-a75616b38f0c service placement] found 1 providers after filtering by previous result {{(pid=104580) get_provider_ids_matching /opt/stack/placement/placement/objects/research_context.py:594}}
Aug 01 14:09:11.223150 dv-cinder-847131-3-iscsi devstack@placement-api.service[104580]: DEBUG placement.objects.allocation_candidate [req-af50ba6e-9141-4900-bbb6-ae5d7a219b87 req-3f19391a-e18e-4318-9c4a-a75616b38f0c service placement] RequestGroup(use_same_provider=False, resources={DISK_GB:1, MEMORY_MB:1024, VCPU:1}, traits=(), aggregates=[]) (suffix '') returned 1 matches {{(pid=104580) _get_by_requests /opt/stack/placement/placement/objects/allocation_candidate.py:156}}
Aug 01 14:09:11.223738 dv-cinder-847131-3-iscsi devstack@placement-api.service[104580]: DEBUG placement.objects.allocation_candidate [req-af50ba6e-9141-4900-bbb6-ae5d7a219b87 req-3f19391a-e18e-4318-9c4a-a75616b38f0c service placement] Merging candidates yields 1 allocation requests and 1 provider summaries {{(pid=104580) _merge_candidates /opt/stack/placement/placement/objects/allocation_candidate.py:809}}
Aug 01 14:09:11.225654 dv-cinder-847131-3-iscsi devstack@placement-api.service[104580]: INFO placement.requestlog [req-af50ba6e-9141-4900-bbb6-ae5d7a219b87 req-3f19391a-e18e-4318-9c4a-a75616b38f0c service placement] 10.222.0.48 "GET /placement/allocation_candidates?limit=1000&resources=DISK_GB%3A1%2CMEMORY_MB%3A1024%2CVCPU%3A1&root_required=%21COMPUTE_STATUS_DISABLED" status: 200 len: 767 microversion: 1.36
Aug 01 14:09:11.226554 dv-cinder-847131-3-iscsi devstack@placement-api.service[104580]: [pid: 104580|app: 0|req: 13/24] 10.222.0.48 () {60 vars in 1506 bytes} [Mon Aug 1 14:09:11 2022] GET /placement/allocation_candidates?limit=1000&resources=DISK_GB%3A1%2CMEMORY_MB%3A1024%2CVCPU%3A1&root_required=%21COMPUTE_STATUS_DISABLED => generated 767 bytes in 134 msecs (HTTP/1.1 200) 8 headers in 296 bytes (1 switches on core 0)
Aug 01 14:09:11.324855 dv-cinder-847131-3-iscsi devstack@placement-api.service[104581]: DEBUG placement.requestlog [req-af50ba6e-9141-4900-bbb6-ae5d7a219b87 req-9ea04b9d-0c0e-44f8-b592-5a9185ea4935 None None] Starting request: 10.222.0.48 "GET /placement/allocations/78cc4e77-f019-4285-ac19-c01b7c96a515" {{(pid=104581) __call__ /opt/stack/placement/placement/requestlog.py:55}}
Aug 01 14:09:11.332264 dv-cinder-847131-3-iscsi devstack@placement-api.service[104581]: INFO placement.requestlog [req-af50ba6e-9141-4900-bbb6-ae5d7a219b87 req-9ea04b9d-0c0e-44f8-b592-5a9185ea4935 service placement] 10.222.0.48 "GET /placement/allocations/78cc4e77-f019-4285-ac19-c01b7c96a515" status: 200 len: 19 microversion: 1.28
Aug 01 14:09:11.332874 dv-cinder-847131-3-iscsi devstack@placement-api.service[104581]: [pid: 104581|app: 0|req: 12/25] 10.222.0.48 () {60 vars in 1380 bytes} [Mon Aug 1 14:09:11 2022] GET /placement/allocations/78cc4e77-f019-4285-ac19-c01b7c96a515 => generated 19 bytes in 17 msecs (HTTP/1.1 200) 8 headers in 295 bytes (1 switches on core 0)
Aug 01 14:09:11.339148 dv-cinder-847131-3-iscsi devstack@placement-api.service[104580]: DEBUG placement.requestlog [req-af50ba6e-9141-4900-bbb6-ae5d7a219b87 req-47c352b2-0325-4afe-9f0b-d6f0b4669d13 None None] Starting request: 10.222.0.48 "PUT /placement/allocations/78cc4e77-f019-4285-ac19-c01b7c96a515" {{(pid=104580) __call__ /opt/stack/placement/placement/requestlog.py:55}}
Aug 01 14:09:11.425113 dv-cinder-847131-3-iscsi devstack@placement-api.service[104580]: DEBUG dbcounter [-] [104580] Writing DB stats placement:SELECT=74,placement:INSERT=17,placement:DELETE=5,placement:UPDATE=4 {{(pid=104580) stat_writer /usr/local/lib/python3.8/dist-packages/dbcounter.py:114}}
Aug 01 14:09:11.442289 dv-cinder-847131-3-iscsi devstack@placement-api.service[104580]: DEBUG placement.handlers.allocation [req-af50ba6e-9141-4900-bbb6-ae5d7a219b87 req-47c352b2-0325-4afe-9f0b-d6f0b4669d13 service placement] Successfully wrote allocations [, , ] {{(pid=104580) _update_consumers_and_create_allocations /opt/stack/placement/placement/handlers/allocation.py:462}}
Aug 01 14:09:11.450374 dv-cinder-847131-3-iscsi devstack@placement-api.service[104580]: INFO placement.requestlog [req-af50ba6e-9141-4900-bbb6-ae5d7a219b87 req-47c352b2-0325-4afe-9f0b-d6f0b4669d13 service placement] 10.222.0.48 "PUT /placement/allocations/78cc4e77-f019-4285-ac19-c01b7c96a515" status: 204 len: 0 microversion: 1.36
Aug 01 14:09:11.460601 dv-cinder-847131-3-iscsi devstack@placement-api.service[104580]: [pid: 104580|app: 0|req: 14/26] 10.222.0.48 () {64 vars in 1433 bytes} [Mon Aug 1 14:09:11 2022] PUT /placement/allocations/78cc4e77-f019-4285-ac19-c01b7c96a515 => generated 0 bytes in 112 msecs (HTTP/1.1 204) 5 headers in 199 bytes (2 switches on core 0)
Aug 01 14:09:12.404662 dv-cinder-847131-3-iscsi devstack@placement-api.service[104581]: DEBUG placement.requestlog [req-ca76e202-c150-4a13-99d2-1b4e9e5c2755 req-9d254ab0-388a-4724-9ac5-aa6393a053c9 None None] Starting request: 10.222.0.48 "GET /placement/allocation_candidates?limit=1000&resources=DISK_GB%3A1%2CMEMORY_MB%3A1024%2CVCPU%3A1&root_required=%21COMPUTE_STATUS_DISABLED" {{(pid=104581) __call__ /opt/stack/placement/placement/requestlog.py:55}}
Aug 01 14:09:12.474326 dv-cinder-847131-3-iscsi devstack@placement-api.service[104580]: DEBUG placement.requestlog [req-8cb776f6-3d62-41f6-b2e5-2ea4d4fa4893 req-bda2948a-a8a8-4513-8bf2-90080bbab795 None None] Starting request: 10.222.0.71 "GET /placement/allocations/e8fa6e78-136c-4153-a57c-926647075a19" {{(pid=104580) __call__ /opt/stack/placement/placement/requestlog.py:55}}
Aug 01 14:09:12.510976 dv-cinder-847131-3-iscsi devstack@placement-api.service[104580]: INFO placement.requestlog [req-8cb776f6-3d62-41f6-b2e5-2ea4d4fa4893 req-bda2948a-a8a8-4513-8bf2-90080bbab795 service placement] 10.222.0.71 "GET /placement/allocations/e8fa6e78-136c-4153-a57c-926647075a19" status: 200 len: 258 microversion: 1.28
Aug 01 14:09:12.516737 dv-cinder-847131-3-iscsi devstack@placement-api.service[104580]: [pid: 104580|app: 0|req: 15/27] 10.222.0.71 () {60 vars in 1377 bytes} [Mon Aug 1 14:09:12 2022] GET /placement/allocations/e8fa6e78-136c-4153-a57c-926647075a19 => generated 258 bytes in 42 msecs (HTTP/1.1 200) 8 headers in 296 bytes (1 switches on core 0)
Aug 01 14:09:12.530640 dv-cinder-847131-3-iscsi devstack@placement-api.service[104581]: DEBUG placement.objects.research_context [req-ca76e202-c150-4a13-99d2-1b4e9e5c2755 req-9d254ab0-388a-4724-9ac5-aa6393a053c9 service placement] getting providers with 1 DISK_GB {{(pid=104581) __init__ /opt/stack/placement/placement/objects/research_context.py:136}}
Aug 01 14:09:12.538470 dv-cinder-847131-3-iscsi devstack@placement-api.service[104581]: DEBUG placement.objects.research_context [req-ca76e202-c150-4a13-99d2-1b4e9e5c2755 req-9d254ab0-388a-4724-9ac5-aa6393a053c9 service placement] getting providers with 1024 MEMORY_MB {{(pid=104581) __init__ /opt/stack/placement/placement/objects/research_context.py:136}}
Aug 01 14:09:12.559299 dv-cinder-847131-3-iscsi devstack@placement-api.service[104580]: DEBUG placement.requestlog [req-c60d7f6b-2494-4752-be50-9a6d368e0e50 req-bc8f08ff-291d-4922-95fb-54b11871db9e None None] Starting request: 10.222.0.71 "GET /placement/allocations/8437bc61-6b11-4e15-afb8-f748b55a9e06" {{(pid=104580) __call__ /opt/stack/placement/placement/requestlog.py:55}}
Aug 01 14:09:12.568859 dv-cinder-847131-3-iscsi devstack@placement-api.service[104581]: DEBUG placement.objects.research_context [req-ca76e202-c150-4a13-99d2-1b4e9e5c2755 req-9d254ab0-388a-4724-9ac5-aa6393a053c9 service placement] getting providers with 1 VCPU {{(pid=104581) __init__ /opt/stack/placement/placement/objects/research_context.py:136}}
Aug 01 14:09:12.582613 dv-cinder-847131-3-iscsi devstack@placement-api.service[104581]: DEBUG placement.objects.research_context [req-ca76e202-c150-4a13-99d2-1b4e9e5c2755 req-9d254ab0-388a-4724-9ac5-aa6393a053c9 service placement] found 1 providers with available 1 DISK_GB {{(pid=104581) get_provider_ids_matching /opt/stack/placement/placement/objects/research_context.py:563}}
Aug 01 14:09:12.582898 dv-cinder-847131-3-iscsi devstack@placement-api.service[104581]: DEBUG placement.objects.research_context [req-ca76e202-c150-4a13-99d2-1b4e9e5c2755 req-9d254ab0-388a-4724-9ac5-aa6393a053c9 service placement] found 1 providers with available 1024 MEMORY_MB {{(pid=104581) get_provider_ids_matching /opt/stack/placement/placement/objects/research_context.py:563}}
Aug 01 14:09:12.583175 dv-cinder-847131-3-iscsi devstack@placement-api.service[104581]: DEBUG placement.objects.research_context [req-ca76e202-c150-4a13-99d2-1b4e9e5c2755 req-9d254ab0-388a-4724-9ac5-aa6393a053c9 service placement] found 1 providers after filtering by previous result {{(pid=104581) get_provider_ids_matching /opt/stack/placement/placement/objects/research_context.py:594}}
Aug 01 14:09:12.583477 dv-cinder-847131-3-iscsi devstack@placement-api.service[104581]: DEBUG placement.objects.research_context [req-ca76e202-c150-4a13-99d2-1b4e9e5c2755 req-9d254ab0-388a-4724-9ac5-aa6393a053c9 service placement] found 1 providers with available 1 VCPU {{(pid=104581) get_provider_ids_matching /opt/stack/placement/placement/objects/research_context.py:563}}
Aug 01 14:09:12.583701 dv-cinder-847131-3-iscsi devstack@placement-api.service[104581]: DEBUG placement.objects.research_context [req-ca76e202-c150-4a13-99d2-1b4e9e5c2755 req-9d254ab0-388a-4724-9ac5-aa6393a053c9 service placement] found 1 providers after filtering by previous result {{(pid=104581) get_provider_ids_matching /opt/stack/placement/placement/objects/research_context.py:594}}
Aug 01 14:09:12.595161 dv-cinder-847131-3-iscsi devstack@placement-api.service[104580]: INFO placement.requestlog [req-c60d7f6b-2494-4752-be50-9a6d368e0e50 req-bc8f08ff-291d-4922-95fb-54b11871db9e service placement] 10.222.0.71 "GET /placement/allocations/8437bc61-6b11-4e15-afb8-f748b55a9e06" status: 200 len: 258 microversion: 1.28
Aug 01 14:09:12.600585 dv-cinder-847131-3-iscsi devstack@placement-api.service[104580]: [pid: 104580|app: 0|req: 16/28] 10.222.0.71 () {60 vars in 1377 bytes} [Mon Aug 1 14:09:12 2022] GET /placement/allocations/8437bc61-6b11-4e15-afb8-f748b55a9e06 => generated 258 bytes in 38 msecs (HTTP/1.1 200) 8 headers in 296 bytes (2 switches on core 0)
Aug 01 14:09:12.632313 dv-cinder-847131-3-iscsi devstack@placement-api.service[104581]: DEBUG placement.objects.allocation_candidate [req-ca76e202-c150-4a13-99d2-1b4e9e5c2755 req-9d254ab0-388a-4724-9ac5-aa6393a053c9 service placement] RequestGroup(use_same_provider=False, resources={DISK_GB:1, MEMORY_MB:1024, VCPU:1}, traits=(), aggregates=[]) (suffix '') returned 1 matches {{(pid=104581) _get_by_requests /opt/stack/placement/placement/objects/allocation_candidate.py:156}}
Aug 01 14:09:12.632733 dv-cinder-847131-3-iscsi devstack@placement-api.service[104581]: DEBUG placement.objects.allocation_candidate [req-ca76e202-c150-4a13-99d2-1b4e9e5c2755 req-9d254ab0-388a-4724-9ac5-aa6393a053c9 service placement] Merging candidates yields 1 allocation requests and 1 provider summaries {{(pid=104581) _merge_candidates /opt/stack/placement/placement/objects/allocation_candidate.py:809}}
Aug 01 14:09:12.634304 dv-cinder-847131-3-iscsi devstack@placement-api.service[104581]: INFO placement.requestlog [req-ca76e202-c150-4a13-99d2-1b4e9e5c2755 req-9d254ab0-388a-4724-9ac5-aa6393a053c9 service placement] 10.222.0.48 "GET /placement/allocation_candidates?limit=1000&resources=DISK_GB%3A1%2CMEMORY_MB%3A1024%2CVCPU%3A1&root_required=%21COMPUTE_STATUS_DISABLED" status: 200 len: 767 microversion: 1.36
Aug 01 14:09:12.636420 dv-cinder-847131-3-iscsi devstack@placement-api.service[104581]: [pid: 104581|app: 0|req: 13/29] 10.222.0.48 () {60 vars in 1506 bytes} [Mon Aug 1 14:09:12 2022] GET /placement/allocation_candidates?limit=1000&resources=DISK_GB%3A1%2CMEMORY_MB%3A1024%2CVCPU%3A1&root_required=%21COMPUTE_STATUS_DISABLED => generated 767 bytes in 231 msecs (HTTP/1.1 200) 8 headers in 296 bytes (1 switches on core 0)
Aug 01 14:09:12.662568 dv-cinder-847131-3-iscsi devstack@placement-api.service[104580]: DEBUG placement.requestlog [req-af50ba6e-9141-4900-bbb6-ae5d7a219b87 req-d36e9755-d3e3-4a0b-8f0d-bdaf0626ba7d None None] Starting request: 10.222.0.71 "GET /placement/allocations/78cc4e77-f019-4285-ac19-c01b7c96a515" {{(pid=104580) __call__ /opt/stack/placement/placement/requestlog.py:55}}
Aug 01 14:09:12.705630 dv-cinder-847131-3-iscsi devstack@placement-api.service[104580]: INFO placement.requestlog [req-af50ba6e-9141-4900-bbb6-ae5d7a219b87 req-d36e9755-d3e3-4a0b-8f0d-bdaf0626ba7d service placement] 10.222.0.71 "GET /placement/allocations/78cc4e77-f019-4285-ac19-c01b7c96a515" status: 200 len: 258 microversion: 1.28
Aug 01 14:09:12.706719 dv-cinder-847131-3-iscsi devstack@placement-api.service[104580]: [pid: 104580|app: 0|req: 17/30] 10.222.0.71 () {60 vars in 1377 bytes} [Mon Aug 1 14:09:12 2022] GET /placement/allocations/78cc4e77-f019-4285-ac19-c01b7c96a515 => generated 258 bytes in 45 msecs (HTTP/1.1 200) 8 headers in 296 bytes (1 switches on core 0)
Aug 01 14:09:12.720665 dv-cinder-847131-3-iscsi devstack@placement-api.service[104581]: DEBUG placement.requestlog [req-ca76e202-c150-4a13-99d2-1b4e9e5c2755 req-52536747-e6c4-4701-9e30-0ad155b59039 None None] Starting request: 10.222.0.48 "GET /placement/allocations/51fd7ad6-9939-4561-b0fa-f45f8602eccf" {{(pid=104581) __call__ /opt/stack/placement/placement/requestlog.py:55}}
Aug 01 14:09:12.745514 dv-cinder-847131-3-iscsi devstack@placement-api.service[104581]: INFO placement.requestlog [req-ca76e202-c150-4a13-99d2-1b4e9e5c2755 req-52536747-e6c4-4701-9e30-0ad155b59039 service placement] 10.222.0.48 "GET /placement/allocations/51fd7ad6-9939-4561-b0fa-f45f8602eccf" status: 200 len: 19 microversion: 1.28
Aug 01 14:09:12.745903 dv-cinder-847131-3-iscsi devstack@placement-api.service[104581]: [pid: 104581|app: 0|req: 14/31] 10.222.0.48 () {60 vars in 1380 bytes} [Mon Aug 1 14:09:12 2022] GET /placement/allocations/51fd7ad6-9939-4561-b0fa-f45f8602eccf => generated 19 bytes in 26 msecs (HTTP/1.1 200) 8 headers in 295 bytes (1 switches on core 0)
Aug 01 14:09:12.753188 dv-cinder-847131-3-iscsi devstack@placement-api.service[104580]: DEBUG placement.requestlog [req-ca76e202-c150-4a13-99d2-1b4e9e5c2755 req-ba204163-4990-4b55-98fa-de8e2ae69355 None None] Starting request: 10.222.0.48 "PUT /placement/allocations/51fd7ad6-9939-4561-b0fa-f45f8602eccf" {{(pid=104580) __call__ /opt/stack/placement/placement/requestlog.py:55}}
Aug 01 14:09:12.876618 dv-cinder-847131-3-iscsi devstack@placement-api.service[104580]: DEBUG placement.handlers.allocation [req-ca76e202-c150-4a13-99d2-1b4e9e5c2755 req-ba204163-4990-4b55-98fa-de8e2ae69355 service placement] Successfully wrote allocations [, , ] {{(pid=104580) _update_consumers_and_create_allocations /opt/stack/placement/placement/handlers/allocation.py:462}}
Aug 01 14:09:12.881154 dv-cinder-847131-3-iscsi devstack@placement-api.service[104580]: INFO placement.requestlog [req-ca76e202-c150-4a13-99d2-1b4e9e5c2755 req-ba204163-4990-4b55-98fa-de8e2ae69355 service placement] 10.222.0.48 "PUT /placement/allocations/51fd7ad6-9939-4561-b0fa-f45f8602eccf" status: 204 len: 0 microversion: 1.36
Aug 01 14:09:12.882069 dv-cinder-847131-3-iscsi devstack@placement-api.service[104580]: [pid: 104580|app: 0|req: 18/32] 10.222.0.48 () {64 vars in 1433 bytes} [Mon Aug 1 14:09:12 2022] PUT /placement/allocations/51fd7ad6-9939-4561-b0fa-f45f8602eccf => generated 0 bytes in 129 msecs (HTTP/1.1 204) 5 headers in 199 bytes (1 switches on core 0)
Aug 01 14:09:14.070594 dv-cinder-847131-3-iscsi devstack@placement-api.service[104581]: DEBUG placement.requestlog [req-ca76e202-c150-4a13-99d2-1b4e9e5c2755 req-68f6df25-9136-4329-8492-a99270869c35 None None] Starting request: 10.222.0.71 "GET /placement/allocations/51fd7ad6-9939-4561-b0fa-f45f8602eccf" {{(pid=104581) __call__ /opt/stack/placement/placement/requestlog.py:55}}
Aug 01 14:09:14.110547 dv-cinder-847131-3-iscsi devstack@placement-api.service[104581]: INFO placement.requestlog [req-ca76e202-c150-4a13-99d2-1b4e9e5c2755 req-68f6df25-9136-4329-8492-a99270869c35 service placement] 10.222.0.71 "GET /placement/allocations/51fd7ad6-9939-4561-b0fa-f45f8602eccf" status: 200 len: 258 microversion: 1.28
Aug 01 14:09:14.111622 dv-cinder-847131-3-iscsi devstack@placement-api.service[104581]: [pid: 104581|app: 0|req: 15/33] 10.222.0.71 () {60 vars in 1377 bytes} [Mon Aug 1 14:09:14 2022] GET /placement/allocations/51fd7ad6-9939-4561-b0fa-f45f8602eccf => generated 258 bytes in 41 msecs (HTTP/1.1 200) 8 headers in 296 bytes (1 switches on core 0)
Aug 01 14:09:22.876456 dv-cinder-847131-3-iscsi devstack@placement-api.service[104580]: DEBUG dbcounter [-] [104580] Writing DB stats placement:INSERT=7,placement:UPDATE=4,placement:SELECT=28,placement:DELETE=3 {{(pid=104580) stat_writer /usr/local/lib/python3.8/dist-packages/dbcounter.py:114}}
Aug 01 14:09:24.104873 dv-cinder-847131-3-iscsi devstack@placement-api.service[104581]: DEBUG dbcounter [-] [104581] Writing DB stats placement:SELECT=61,placement:INSERT=4,placement:DELETE=2,placement:UPDATE=2 {{(pid=104581) stat_writer /usr/local/lib/python3.8/dist-packages/dbcounter.py:114}}
Aug 01 14:09:53.840238 dv-cinder-847131-3-iscsi devstack@placement-api.service[104580]: DEBUG placement.requestlog [req-543470fc-50fd-4713-800e-015fa97d5828 req-e7960d58-d029-4ba5-880e-3f016a257116 None None] Starting request: 10.222.0.71 "GET /placement/resource_providers/7dfb8b70-8482-4c90-b90c-55609e0f43a0/allocations" {{(pid=104580) __call__ /opt/stack/placement/placement/requestlog.py:55}}
Aug 01 14:09:53.863012 dv-cinder-847131-3-iscsi devstack@placement-api.service[104580]: INFO placement.requestlog [req-543470fc-50fd-4713-800e-015fa97d5828 req-e7960d58-d029-4ba5-880e-3f016a257116 service placement] 10.222.0.71 "GET /placement/resource_providers/7dfb8b70-8482-4c90-b90c-55609e0f43a0/allocations" status: 200 len: 557 microversion: 1.0
Aug 01 14:09:53.863921 dv-cinder-847131-3-iscsi devstack@placement-api.service[104580]: [pid: 104580|app: 0|req: 19/34] 10.222.0.71 () {58 vars in 1390 bytes} [Mon Aug 1 14:09:53 2022] GET /placement/resource_providers/7dfb8b70-8482-4c90-b90c-55609e0f43a0/allocations => generated 557 bytes in 24 msecs (HTTP/1.1 200) 6 headers in 224 bytes (1 switches on core 0)
Aug 01 14:10:03.860538 dv-cinder-847131-3-iscsi devstack@placement-api.service[104580]: DEBUG dbcounter [-] [104580] Writing DB stats placement:SELECT=6 {{(pid=104580) stat_writer /usr/local/lib/python3.8/dist-packages/dbcounter.py:114}}
Aug 01 14:10:21.374897 dv-cinder-847131-3-iscsi devstack@placement-api.service[104581]: DEBUG placement.requestlog [req-dbc2abe0-877f-44e7-947f-935646975d81 req-79d14c9b-06a8-463d-9a35-239efb1900f2 None None] Starting request: 10.222.0.48 "GET /placement/allocation_candidates?limit=1000&resources=DISK_GB%3A1%2CMEMORY_MB%3A1024%2CVCPU%3A1&root_required=%21COMPUTE_STATUS_DISABLED" {{(pid=104581) __call__ /opt/stack/placement/placement/requestlog.py:55}}
Aug 01 14:10:21.424001 dv-cinder-847131-3-iscsi devstack@placement-api.service[104581]: DEBUG placement.objects.research_context [req-dbc2abe0-877f-44e7-947f-935646975d81 req-79d14c9b-06a8-463d-9a35-239efb1900f2 service placement] getting providers with 1 DISK_GB {{(pid=104581) __init__ /opt/stack/placement/placement/objects/research_context.py:136}}
Aug 01 14:10:21.430305 dv-cinder-847131-3-iscsi devstack@placement-api.service[104581]: DEBUG placement.objects.research_context [req-dbc2abe0-877f-44e7-947f-935646975d81 req-79d14c9b-06a8-463d-9a35-239efb1900f2 service placement] getting providers with 1024 MEMORY_MB {{(pid=104581) __init__ /opt/stack/placement/placement/objects/research_context.py:136}}
Aug 01 14:10:21.435374 dv-cinder-847131-3-iscsi devstack@placement-api.service[104581]: DEBUG placement.objects.research_context [req-dbc2abe0-877f-44e7-947f-935646975d81 req-79d14c9b-06a8-463d-9a35-239efb1900f2 service placement] getting providers with 1 VCPU {{(pid=104581) __init__ /opt/stack/placement/placement/objects/research_context.py:136}}
Aug 01 14:10:21.440675 dv-cinder-847131-3-iscsi devstack@placement-api.service[104581]: DEBUG placement.objects.research_context [req-dbc2abe0-877f-44e7-947f-935646975d81 req-79d14c9b-06a8-463d-9a35-239efb1900f2 service placement] found 1 providers with available 1 DISK_GB {{(pid=104581) get_provider_ids_matching /opt/stack/placement/placement/objects/research_context.py:563}}
Aug 01 14:10:21.440954 dv-cinder-847131-3-iscsi devstack@placement-api.service[104581]: DEBUG placement.objects.research_context [req-dbc2abe0-877f-44e7-947f-935646975d81 req-79d14c9b-06a8-463d-9a35-239efb1900f2 service placement] found 1 providers with available 1024 MEMORY_MB {{(pid=104581) get_provider_ids_matching /opt/stack/placement/placement/objects/research_context.py:563}}
Aug 01 14:10:21.441229 dv-cinder-847131-3-iscsi devstack@placement-api.service[104581]: DEBUG placement.objects.research_context [req-dbc2abe0-877f-44e7-947f-935646975d81 req-79d14c9b-06a8-463d-9a35-239efb1900f2 service placement] found 1 providers after filtering by previous result {{(pid=104581) get_provider_ids_matching /opt/stack/placement/placement/objects/research_context.py:594}}
Aug 01 14:10:21.441488 dv-cinder-847131-3-iscsi devstack@placement-api.service[104581]: DEBUG placement.objects.research_context [req-dbc2abe0-877f-44e7-947f-935646975d81 req-79d14c9b-06a8-463d-9a35-239efb1900f2 service placement] found 1 providers with available 1 VCPU {{(pid=104581) get_provider_ids_matching /opt/stack/placement/placement/objects/research_context.py:563}}
Aug 01 14:10:21.441753 dv-cinder-847131-3-iscsi devstack@placement-api.service[104581]: DEBUG placement.objects.research_context [req-dbc2abe0-877f-44e7-947f-935646975d81 req-79d14c9b-06a8-463d-9a35-239efb1900f2 service placement] found 1 providers after filtering by previous result {{(pid=104581) get_provider_ids_matching /opt/stack/placement/placement/objects/research_context.py:594}}
Aug 01 14:10:21.452241 dv-cinder-847131-3-iscsi devstack@placement-api.service[104581]: DEBUG placement.objects.allocation_candidate [req-dbc2abe0-877f-44e7-947f-935646975d81 req-79d14c9b-06a8-463d-9a35-239efb1900f2 service placement] RequestGroup(use_same_provider=False, resources={DISK_GB:1, MEMORY_MB:1024, VCPU:1}, traits=(), aggregates=[]) (suffix '') returned 1 matches {{(pid=104581) _get_by_requests /opt/stack/placement/placement/objects/allocation_candidate.py:156}}
Aug 01 14:10:21.452652 dv-cinder-847131-3-iscsi devstack@placement-api.service[104581]: DEBUG placement.objects.allocation_candidate [req-dbc2abe0-877f-44e7-947f-935646975d81 req-79d14c9b-06a8-463d-9a35-239efb1900f2 service placement] Merging candidates yields 1 allocation requests and 1 provider summaries {{(pid=104581) _merge_candidates /opt/stack/placement/placement/objects/allocation_candidate.py:809}}
Aug 01 14:10:21.454735 dv-cinder-847131-3-iscsi devstack@placement-api.service[104581]: INFO placement.requestlog [req-dbc2abe0-877f-44e7-947f-935646975d81 req-79d14c9b-06a8-463d-9a35-239efb1900f2 service placement] 10.222.0.48 "GET /placement/allocation_candidates?limit=1000&resources=DISK_GB%3A1%2CMEMORY_MB%3A1024%2CVCPU%3A1&root_required=%21COMPUTE_STATUS_DISABLED" status: 200 len: 767 microversion: 1.36
Aug 01 14:10:21.466736 dv-cinder-847131-3-iscsi devstack@placement-api.service[104581]: [pid: 104581|app: 0|req: 16/35] 10.222.0.48 () {60 vars in 1506 bytes} [Mon Aug 1 14:10:21 2022] GET /placement/allocation_candidates?limit=1000&resources=DISK_GB%3A1%2CMEMORY_MB%3A1024%2CVCPU%3A1&root_required=%21COMPUTE_STATUS_DISABLED => generated 767 bytes in 81 msecs (HTTP/1.1 200) 8 headers in 296 bytes (1 switches on core 0)
Aug 01 14:10:21.508027 dv-cinder-847131-3-iscsi devstack@placement-api.service[104580]: DEBUG placement.requestlog [req-dbc2abe0-877f-44e7-947f-935646975d81 req-e7860278-4bd2-4a5f-8abf-3a1f0bcf2d67 None None] Starting request: 10.222.0.48 "GET /placement/allocations/0c9e09ab-a6c0-4bc0-860f-e89193795418" {{(pid=104580) __call__ /opt/stack/placement/placement/requestlog.py:55}}
Aug 01 14:10:21.533575 dv-cinder-847131-3-iscsi devstack@placement-api.service[104580]: INFO placement.requestlog [req-dbc2abe0-877f-44e7-947f-935646975d81 req-e7860278-4bd2-4a5f-8abf-3a1f0bcf2d67 service placement] 10.222.0.48 "GET /placement/allocations/0c9e09ab-a6c0-4bc0-860f-e89193795418" status: 200 len: 19 microversion: 1.28
Aug 01 14:10:21.534340 dv-cinder-847131-3-iscsi devstack@placement-api.service[104580]: [pid: 104580|app: 0|req: 20/36] 10.222.0.48 () {60 vars in 1380 bytes} [Mon Aug 1 14:10:21 2022] GET /placement/allocations/0c9e09ab-a6c0-4bc0-860f-e89193795418 => generated 19 bytes in 26 msecs (HTTP/1.1 200) 8 headers in 295 bytes (1 switches on core 0)
Aug 01 14:10:21.544008 dv-cinder-847131-3-iscsi devstack@placement-api.service[104581]: DEBUG placement.requestlog [req-dbc2abe0-877f-44e7-947f-935646975d81 req-86757663-1c26-4026-9d37-f48603ad06ef None None] Starting request: 10.222.0.48 "PUT /placement/allocations/0c9e09ab-a6c0-4bc0-860f-e89193795418" {{(pid=104581) __call__ /opt/stack/placement/placement/requestlog.py:55}}
Aug 01 14:10:21.675270 dv-cinder-847131-3-iscsi devstack@placement-api.service[104581]: DEBUG placement.handlers.allocation [req-dbc2abe0-877f-44e7-947f-935646975d81 req-86757663-1c26-4026-9d37-f48603ad06ef service placement] Successfully wrote allocations [, , ] {{(pid=104581) _update_consumers_and_create_allocations /opt/stack/placement/placement/handlers/allocation.py:462}}
Aug 01 14:10:21.679993 dv-cinder-847131-3-iscsi devstack@placement-api.service[104581]: INFO placement.requestlog [req-dbc2abe0-877f-44e7-947f-935646975d81 req-86757663-1c26-4026-9d37-f48603ad06ef service placement] 10.222.0.48 "PUT /placement/allocations/0c9e09ab-a6c0-4bc0-860f-e89193795418" status: 204 len: 0 microversion: 1.36
Aug 01 14:10:21.681158 dv-cinder-847131-3-iscsi devstack@placement-api.service[104581]: [pid: 104581|app: 0|req: 17/37] 10.222.0.48 () {64 vars in 1433 bytes} [Mon Aug 1 14:10:21 2022] PUT /placement/allocations/0c9e09ab-a6c0-4bc0-860f-e89193795418 => generated 0 bytes in 137 msecs (HTTP/1.1 204) 5 headers in 199 bytes (1 switches on core 0)
Aug 01 14:10:22.013731 dv-cinder-847131-3-iscsi devstack@placement-api.service[104580]: DEBUG placement.requestlog [req-dbc2abe0-877f-44e7-947f-935646975d81 req-8c229f05-a57c-40d2-ab36-a9a581f8824a None None] Starting request: 10.222.0.71 "GET /placement/allocations/0c9e09ab-a6c0-4bc0-860f-e89193795418" {{(pid=104580) __call__ /opt/stack/placement/placement/requestlog.py:55}}
Aug 01 14:10:22.032815 dv-cinder-847131-3-iscsi devstack@placement-api.service[104580]: INFO placement.requestlog [req-dbc2abe0-877f-44e7-947f-935646975d81 req-8c229f05-a57c-40d2-ab36-a9a581f8824a service placement] 10.222.0.71 "GET /placement/allocations/0c9e09ab-a6c0-4bc0-860f-e89193795418" status: 200 len: 258 microversion: 1.28
Aug 01 14:10:22.033529 dv-cinder-847131-3-iscsi devstack@placement-api.service[104580]: [pid: 104580|app: 0|req: 21/38] 10.222.0.71 () {60 vars in 1377 bytes} [Mon Aug 1 14:10:22 2022] GET /placement/allocations/0c9e09ab-a6c0-4bc0-860f-e89193795418 => generated 258 bytes in 20 msecs (HTTP/1.1 200) 8 headers in 296 bytes (1 switches on core 0)
Aug 01 14:10:31.347305 dv-cinder-847131-3-iscsi devstack@placement-api.service[104581]: DEBUG placement.requestlog [req-bbdc534c-ad8e-442f-b069-da96062db9c9 req-a2117b31-5c3b-47b2-ae18-8e0eb85d5b81 None None] Starting request: 10.222.0.71 "DELETE /placement/allocations/553535d2-88d8-4b52-910e-9e103d370fa3" {{(pid=104581) __call__ /opt/stack/placement/placement/requestlog.py:55}}
Aug 01 14:10:31.401775 dv-cinder-847131-3-iscsi devstack@placement-api.service[104581]: DEBUG placement.handlers.allocation [req-bbdc534c-ad8e-442f-b069-da96062db9c9 req-a2117b31-5c3b-47b2-ae18-8e0eb85d5b81 service placement] Successfully deleted allocations [, , ] {{(pid=104581) delete_allocations /opt/stack/placement/placement/handlers/allocation.py:627}}
Aug 01 14:10:31.402421 dv-cinder-847131-3-iscsi devstack@placement-api.service[104581]: INFO placement.requestlog [req-bbdc534c-ad8e-442f-b069-da96062db9c9 req-a2117b31-5c3b-47b2-ae18-8e0eb85d5b81 service placement] 10.222.0.71 "DELETE /placement/allocations/553535d2-88d8-4b52-910e-9e103d370fa3" status: 204 len: 0 microversion: 1.0
Aug 01 14:10:31.404790 dv-cinder-847131-3-iscsi devstack@placement-api.service[104581]: [pid: 104581|app: 0|req: 18/39] 10.222.0.71 () {60 vars in 1355 bytes} [Mon Aug 1 14:10:31 2022] DELETE /placement/allocations/553535d2-88d8-4b52-910e-9e103d370fa3 => generated 0 bytes in 58 msecs (HTTP/1.1 204) 5 headers in 198 bytes (1 switches on core 0)
Aug 01 14:10:32.031087 dv-cinder-847131-3-iscsi devstack@placement-api.service[104580]: DEBUG dbcounter [-] [104580] Writing DB stats placement:SELECT=6 {{(pid=104580) stat_writer /usr/local/lib/python3.8/dist-packages/dbcounter.py:114}}
Aug 01 14:10:41.394738 dv-cinder-847131-3-iscsi devstack@placement-api.service[104581]: DEBUG dbcounter [-] [104581] Writing DB stats placement:SELECT=34,placement:INSERT=6,placement:DELETE=4,placement:UPDATE=2 {{(pid=104581) stat_writer /usr/local/lib/python3.8/dist-packages/dbcounter.py:114}}
Aug 01 14:10:42.003843 dv-cinder-847131-3-iscsi devstack@placement-api.service[104580]: DEBUG placement.requestlog [None req-20a5a630-6007-4fe2-be24-1ca468a53a91 None None] Starting request: 10.222.0.48 "GET /placement/resource_providers/2ca45681-dc26-4428-a4c3-48655b27bd6d/aggregates" {{(pid=104580) __call__ /opt/stack/placement/placement/requestlog.py:55}}
Aug 01 14:10:42.096652 dv-cinder-847131-3-iscsi devstack@placement-api.service[104580]: INFO placement.requestlog [None req-20a5a630-6007-4fe2-be24-1ca468a53a91 service placement] 10.222.0.48 "GET /placement/resource_providers/2ca45681-dc26-4428-a4c3-48655b27bd6d/aggregates" status: 404 len: 235 microversion: 1.1
Aug 01 14:10:42.097499 dv-cinder-847131-3-iscsi devstack@placement-api.service[104580]: [pid: 104580|app: 0|req: 22/40] 10.222.0.48 () {58 vars in 1362 bytes} [Mon Aug 1 14:10:42 2022] GET /placement/resource_providers/2ca45681-dc26-4428-a4c3-48655b27bd6d/aggregates => generated 235 bytes in 94 msecs (HTTP/1.1 404) 5 headers in 202 bytes (1 switches on core 0)
Aug 01 14:10:42.104198 dv-cinder-847131-3-iscsi devstack@placement-api.service[104581]: DEBUG placement.requestlog [None req-92bb5f09-12ba-4f48-b0c0-7044276286ab None None] Starting request: 10.222.0.48 "DELETE /placement/resource_providers/2ca45681-dc26-4428-a4c3-48655b27bd6d" {{(pid=104581) __call__ /opt/stack/placement/placement/requestlog.py:55}}
Aug 01 14:10:42.115134 dv-cinder-847131-3-iscsi devstack@placement-api.service[104581]: DEBUG placement.wsgi_wrapper [None req-92bb5f09-12ba-4f48-b0c0-7044276286ab service placement] Placement API returning an error response: No resource provider with uuid 2ca45681-dc26-4428-a4c3-48655b27bd6d found for delete {{(pid=104581) call_func /opt/stack/placement/placement/wsgi_wrapper.py:31}}
Aug 01 14:10:42.115874 dv-cinder-847131-3-iscsi devstack@placement-api.service[104581]: INFO placement.requestlog [None req-92bb5f09-12ba-4f48-b0c0-7044276286ab service placement] 10.222.0.48 "DELETE /placement/resource_providers/2ca45681-dc26-4428-a4c3-48655b27bd6d" status: 404 len: 246 microversion: 1.1
Aug 01 14:10:42.118080 dv-cinder-847131-3-iscsi devstack@placement-api.service[104581]: [pid: 104581|app: 0|req: 19/41] 10.222.0.48 () {60 vars in 1351 bytes} [Mon Aug 1 14:10:42 2022] DELETE /placement/resource_providers/2ca45681-dc26-4428-a4c3-48655b27bd6d => generated 246 bytes in 14 msecs (HTTP/1.1 404) 6 headers in 231 bytes (1 switches on core 0)
Aug 01 14:10:45.831310 dv-cinder-847131-3-iscsi devstack@placement-api.service[104580]: DEBUG placement.requestlog [req-bbdb2eac-c982-4cc8-b96d-27d14d6ef7eb req-fed1046f-0dc7-4892-841a-d4ecf00eaadb None None] Starting request: 10.222.0.48 "GET /placement/allocation_candidates?limit=1000&resources=DISK_GB%3A1%2CMEMORY_MB%3A1024%2CVCPU%3A1&root_required=%21COMPUTE_STATUS_DISABLED" {{(pid=104580) __call__ /opt/stack/placement/placement/requestlog.py:55}}
Aug 01 14:10:45.905949 dv-cinder-847131-3-iscsi devstack@placement-api.service[104580]: DEBUG placement.objects.research_context [req-bbdb2eac-c982-4cc8-b96d-27d14d6ef7eb req-fed1046f-0dc7-4892-841a-d4ecf00eaadb service placement] getting providers with 1 DISK_GB {{(pid=104580) __init__ /opt/stack/placement/placement/objects/research_context.py:136}}
Aug 01 14:10:45.913198 dv-cinder-847131-3-iscsi devstack@placement-api.service[104580]: DEBUG placement.objects.research_context [req-bbdb2eac-c982-4cc8-b96d-27d14d6ef7eb req-fed1046f-0dc7-4892-841a-d4ecf00eaadb service placement] getting providers with 1024 MEMORY_MB {{(pid=104580) __init__ /opt/stack/placement/placement/objects/research_context.py:136}}
Aug 01 14:10:45.919315 dv-cinder-847131-3-iscsi devstack@placement-api.service[104580]: DEBUG placement.objects.research_context [req-bbdb2eac-c982-4cc8-b96d-27d14d6ef7eb req-fed1046f-0dc7-4892-841a-d4ecf00eaadb service placement] getting providers with 1 VCPU {{(pid=104580) __init__ /opt/stack/placement/placement/objects/research_context.py:136}}
Aug 01 14:10:45.929741 dv-cinder-847131-3-iscsi devstack@placement-api.service[104580]: DEBUG placement.objects.research_context [req-bbdb2eac-c982-4cc8-b96d-27d14d6ef7eb req-fed1046f-0dc7-4892-841a-d4ecf00eaadb service placement] found 1 providers with available 1 DISK_GB {{(pid=104580) get_provider_ids_matching /opt/stack/placement/placement/objects/research_context.py:563}}
Aug 01 14:10:45.930150 dv-cinder-847131-3-iscsi devstack@placement-api.service[104580]: DEBUG placement.objects.research_context [req-bbdb2eac-c982-4cc8-b96d-27d14d6ef7eb req-fed1046f-0dc7-4892-841a-d4ecf00eaadb service placement] found 1 providers with available 1024 MEMORY_MB {{(pid=104580) get_provider_ids_matching /opt/stack/placement/placement/objects/research_context.py:563}}
Aug 01 14:10:45.931312 dv-cinder-847131-3-iscsi devstack@placement-api.service[104580]: DEBUG placement.objects.research_context [req-bbdb2eac-c982-4cc8-b96d-27d14d6ef7eb req-fed1046f-0dc7-4892-841a-d4ecf00eaadb service placement] found 1 providers after filtering by previous result {{(pid=104580) get_provider_ids_matching /opt/stack/placement/placement/objects/research_context.py:594}}
Aug 01 14:10:45.931639 dv-cinder-847131-3-iscsi devstack@placement-api.service[104580]: DEBUG placement.objects.research_context [req-bbdb2eac-c982-4cc8-b96d-27d14d6ef7eb req-fed1046f-0dc7-4892-841a-d4ecf00eaadb service placement] found 1 providers with available 1 VCPU {{(pid=104580) get_provider_ids_matching /opt/stack/placement/placement/objects/research_context.py:563}}
Aug 01 14:10:45.931967 dv-cinder-847131-3-iscsi devstack@placement-api.service[104580]: DEBUG placement.objects.research_context [req-bbdb2eac-c982-4cc8-b96d-27d14d6ef7eb req-fed1046f-0dc7-4892-841a-d4ecf00eaadb service placement] found 1 providers after filtering by previous result {{(pid=104580) get_provider_ids_matching /opt/stack/placement/placement/objects/research_context.py:594}}
Aug 01 14:10:45.950096 dv-cinder-847131-3-iscsi devstack@placement-api.service[104580]: DEBUG placement.objects.allocation_candidate [req-bbdb2eac-c982-4cc8-b96d-27d14d6ef7eb req-fed1046f-0dc7-4892-841a-d4ecf00eaadb service placement] RequestGroup(use_same_provider=False, resources={DISK_GB:1, MEMORY_MB:1024, VCPU:1}, traits=(), aggregates=[]) (suffix '') returned 1 matches {{(pid=104580) _get_by_requests /opt/stack/placement/placement/objects/allocation_candidate.py:156}}
Aug 01 14:10:45.950823 dv-cinder-847131-3-iscsi devstack@placement-api.service[104580]: DEBUG placement.objects.allocation_candidate [req-bbdb2eac-c982-4cc8-b96d-27d14d6ef7eb req-fed1046f-0dc7-4892-841a-d4ecf00eaadb service placement] Merging candidates yields 1 allocation requests and 1 provider summaries {{(pid=104580) _merge_candidates /opt/stack/placement/placement/objects/allocation_candidate.py:809}}
Aug 01 14:10:45.953319 dv-cinder-847131-3-iscsi devstack@placement-api.service[104580]: INFO placement.requestlog [req-bbdb2eac-c982-4cc8-b96d-27d14d6ef7eb req-fed1046f-0dc7-4892-841a-d4ecf00eaadb service placement] 10.222.0.48 "GET /placement/allocation_candidates?limit=1000&resources=DISK_GB%3A1%2CMEMORY_MB%3A1024%2CVCPU%3A1&root_required=%21COMPUTE_STATUS_DISABLED" status: 200 len: 767 microversion: 1.36
Aug 01 14:10:45.953737 dv-cinder-847131-3-iscsi devstack@placement-api.service[104580]: [pid: 104580|app: 0|req: 23/42] 10.222.0.48 () {60 vars in 1506 bytes} [Mon Aug 1 14:10:45 2022] GET /placement/allocation_candidates?limit=1000&resources=DISK_GB%3A1%2CMEMORY_MB%3A1024%2CVCPU%3A1&root_required=%21COMPUTE_STATUS_DISABLED => generated 767 bytes in 123 msecs (HTTP/1.1 200) 8 headers in 296 bytes (1 switches on core 0)
Aug 01 14:10:46.001538 dv-cinder-847131-3-iscsi devstack@placement-api.service[104581]: DEBUG placement.requestlog [req-bbdb2eac-c982-4cc8-b96d-27d14d6ef7eb req-2bc47b3d-25d5-4d6d-959a-442c550eb32b None None] Starting request: 10.222.0.48 "GET /placement/allocations/1b0b1caa-a17e-4a0f-b54e-9d0be62f316d" {{(pid=104581) __call__ /opt/stack/placement/placement/requestlog.py:55}}
Aug 01 14:10:46.013090 dv-cinder-847131-3-iscsi devstack@placement-api.service[104581]: INFO placement.requestlog [req-bbdb2eac-c982-4cc8-b96d-27d14d6ef7eb req-2bc47b3d-25d5-4d6d-959a-442c550eb32b service placement] 10.222.0.48 "GET /placement/allocations/1b0b1caa-a17e-4a0f-b54e-9d0be62f316d" status: 200 len: 19 microversion: 1.28
Aug 01 14:10:46.013383 dv-cinder-847131-3-iscsi devstack@placement-api.service[104581]: [pid: 104581|app: 0|req: 20/43] 10.222.0.48 () {60 vars in 1380 bytes} [Mon Aug 1 14:10:46 2022] GET /placement/allocations/1b0b1caa-a17e-4a0f-b54e-9d0be62f316d => generated 19 bytes in 12 msecs (HTTP/1.1 200) 8 headers in 295 bytes (1 switches on core 0)
Aug 01 14:10:46.019506 dv-cinder-847131-3-iscsi devstack@placement-api.service[104580]: DEBUG placement.requestlog [req-bbdb2eac-c982-4cc8-b96d-27d14d6ef7eb req-297c2e41-f870-4adc-8fe8-a5d5ce822a5a None None] Starting request: 10.222.0.48 "PUT /placement/allocations/1b0b1caa-a17e-4a0f-b54e-9d0be62f316d" {{(pid=104580) __call__ /opt/stack/placement/placement/requestlog.py:55}}
Aug 01 14:10:46.099708 dv-cinder-847131-3-iscsi devstack@placement-api.service[104580]: DEBUG placement.handlers.allocation [req-bbdb2eac-c982-4cc8-b96d-27d14d6ef7eb req-297c2e41-f870-4adc-8fe8-a5d5ce822a5a service placement] Successfully wrote allocations [, , ] {{(pid=104580) _update_consumers_and_create_allocations /opt/stack/placement/placement/handlers/allocation.py:462}}
