Aug 01 14:09:16.413365 dv-cinder-847131-3-iscsi devstack@n-api.service[117857]: DEBUG nova.api.openstack.wsgi [None req-41a4381a-f142-464b-a108-f792799b5536 tempest-VolumesTestJSON-1258575748 tempest-VolumesTestJSON-1258575748-project] Calling method '.version_select at 0x7f446823c790>' {{(pid=117857) _process_stack /opt/stack/nova/nova/api/openstack/wsgi.py:513}}
Aug 01 14:09:16.428734 dv-cinder-847131-3-iscsi devstack@n-api.service[117859]: INFO nova.api.openstack.requestlog [None req-00b83ad0-e917-4b9e-b581-43b35e19d1ea tempest-AttachVolumeNegativeTest-2133085870 tempest-AttachVolumeNegativeTest-2133085870-project] 10.222.0.48 "GET /compute/v2.1/servers/78cc4e77-f019-4285-ac19-c01b7c96a515" status: 200 len: 1298 microversion: 2.1 time: 0.198957
Aug 01 14:09:16.446206 dv-cinder-847131-3-iscsi devstack@n-api.service[117859]: [pid: 117859|app: 0|req: 30/57] 10.222.0.48 () {58 vars in 1236 bytes} [Mon Aug 1 14:09:16 2022] GET /compute/v2.1/servers/78cc4e77-f019-4285-ac19-c01b7c96a515 => generated 1298 bytes in 222 msecs (HTTP/1.1 200) 9 headers in 358 bytes (1 switches on core 0)
Aug 01 14:09:16.660719 dv-cinder-847131-3-iscsi devstack@n-api.service[117857]: INFO nova.api.openstack.requestlog [None req-41a4381a-f142-464b-a108-f792799b5536 tempest-VolumesTestJSON-1258575748 tempest-VolumesTestJSON-1258575748-project] 10.222.0.48 "GET /compute/v2.1/os-volumes/detail?limit=2" status: 200 len: 694 microversion: 2.1 time: 0.250835
Aug 01 14:09:16.661336 dv-cinder-847131-3-iscsi devstack@n-api.service[117857]: [pid: 117857|app: 0|req: 28/58] 10.222.0.48 () {58 vars in 1170 bytes} [Mon Aug 1 14:09:16 2022] GET /compute/v2.1/os-volumes/detail?limit=2 => generated 694 bytes in 252 msecs (HTTP/1.1 200) 9 headers in 357 bytes (1 switches on core 0)
Aug 01 14:09:16.675873 dv-cinder-847131-3-iscsi devstack@n-api.service[117859]: DEBUG nova.api.openstack.wsgi [None req-63cdf32e-9e78-4705-a2da-9792771f17cf tempest-VolumesTestJSON-1258575748 tempest-VolumesTestJSON-1258575748-project] Calling method '.version_select at 0x7f44682ce3a0>' {{(pid=117859) _process_stack /opt/stack/nova/nova/api/openstack/wsgi.py:513}}
Aug 01 14:09:16.852217 dv-cinder-847131-3-iscsi devstack@n-api.service[117859]: INFO nova.api.openstack.requestlog [None req-63cdf32e-9e78-4705-a2da-9792771f17cf tempest-VolumesTestJSON-1258575748 tempest-VolumesTestJSON-1258575748-project] 10.222.0.48 "GET /compute/v2.1/os-volumes/detail" status: 200 len: 1035 microversion: 2.1 time: 0.180274
Aug 01 14:09:16.853067 dv-cinder-847131-3-iscsi devstack@n-api.service[117859]: [pid: 117859|app: 0|req: 31/59] 10.222.0.48 () {58 vars in 1155 bytes} [Mon Aug 1 14:09:16 2022] GET /compute/v2.1/os-volumes/detail => generated 1035 bytes in 182 msecs (HTTP/1.1 200) 9 headers in 358 bytes (1 switches on core 0)
Aug 01 14:09:16.866737 dv-cinder-847131-3-iscsi devstack@n-api.service[117857]: DEBUG nova.api.openstack.wsgi [None req-9f7bad92-db81-477c-bfeb-9b84757facce tempest-VolumesTestJSON-1258575748 tempest-VolumesTestJSON-1258575748-project] Calling method '.version_select at 0x7f4468221dc0>' {{(pid=117857) _process_stack /opt/stack/nova/nova/api/openstack/wsgi.py:513}}
Aug 01 14:09:17.007244 dv-cinder-847131-3-iscsi devstack@n-api.service[117859]: DEBUG nova.api.openstack.wsgi [None req-935740f9-69e0-43de-b5cf-da1a5c788695 tempest-AttachVolumeShelveTestJSON-1678626567 tempest-AttachVolumeShelveTestJSON-1678626567-project] Calling method '>' {{(pid=117859) _process_stack /opt/stack/nova/nova/api/openstack/wsgi.py:513}}
Aug 01 14:09:17.008677 dv-cinder-847131-3-iscsi devstack@n-api.service[117859]: DEBUG nova.compute.api [None req-935740f9-69e0-43de-b5cf-da1a5c788695 tempest-AttachVolumeShelveTestJSON-1678626567 tempest-AttachVolumeShelveTestJSON-1678626567-project] [instance: 51fd7ad6-9939-4561-b0fa-f45f8602eccf] Fetching instance by UUID {{(pid=117859) get /opt/stack/nova/nova/compute/api.py:2922}}
Aug 01 14:09:17.019630 dv-cinder-847131-3-iscsi devstack@n-api.service[117859]: DEBUG oslo_concurrency.lockutils [None req-935740f9-69e0-43de-b5cf-da1a5c788695 tempest-AttachVolumeShelveTestJSON-1678626567 tempest-AttachVolumeShelveTestJSON-1678626567-project] Lock "c66651a9-c088-4404-8a00-ed3d7b34326a" acquired by "nova.context.set_target_cell..get_or_set_cached_cell_and_set_connections" :: waited 0.000s {{(pid=117859) inner /usr/local/lib/python3.8/dist-packages/oslo_concurrency/lockutils.py:386}}
Aug 01 14:09:17.026313 dv-cinder-847131-3-iscsi devstack@n-api.service[117857]: INFO nova.api.openstack.requestlog [None req-9f7bad92-db81-477c-bfeb-9b84757facce tempest-VolumesTestJSON-1258575748 tempest-VolumesTestJSON-1258575748-project] 10.222.0.48 "GET /compute/v2.1/os-volumes/detail?offset=1&limit=1" status: 200 len: 354 microversion: 2.1 time: 0.163555
Aug 01 14:09:17.027546 dv-cinder-847131-3-iscsi devstack@n-api.service[117857]: [pid: 117857|app: 0|req: 29/60] 10.222.0.48 () {58 vars in 1188 bytes} [Mon Aug 1 14:09:16 2022] GET /compute/v2.1/os-volumes/detail?offset=1&limit=1 => generated 354 bytes in 165 msecs (HTTP/1.1 200) 9 headers in 357 bytes (1 switches on core 0)
Aug 01 14:09:17.028057 dv-cinder-847131-3-iscsi devstack@n-api.service[117859]: DEBUG oslo_concurrency.lockutils [None req-935740f9-69e0-43de-b5cf-da1a5c788695 tempest-AttachVolumeShelveTestJSON-1678626567 tempest-AttachVolumeShelveTestJSON-1678626567-project] Lock "c66651a9-c088-4404-8a00-ed3d7b34326a" "released" by "nova.context.set_target_cell..get_or_set_cached_cell_and_set_connections" :: held 0.003s {{(pid=117859) inner /usr/local/lib/python3.8/dist-packages/oslo_concurrency/lockutils.py:400}}
Aug 01 14:09:17.029939 dv-cinder-847131-3-iscsi devstack@n-api.service[117859]: DEBUG oslo_concurrency.lockutils [None req-935740f9-69e0-43de-b5cf-da1a5c788695 tempest-AttachVolumeShelveTestJSON-1678626567 tempest-AttachVolumeShelveTestJSON-1678626567-project] Lock "c66651a9-c088-4404-8a00-ed3d7b34326a" acquired by "nova.context.set_target_cell..get_or_set_cached_cell_and_set_connections" :: waited 0.000s {{(pid=117859) inner /usr/local/lib/python3.8/dist-packages/oslo_concurrency/lockutils.py:386}}
Aug 01 14:09:17.043823 dv-cinder-847131-3-iscsi devstack@n-api.service[117857]: DEBUG nova.api.openstack.wsgi [None req-2c69497a-2d07-477c-94fc-1d45bddebb97 tempest-VolumesTestJSON-1258575748 tempest-VolumesTestJSON-1258575748-project] Calling method '.version_select at 0x7f44681cf940>' {{(pid=117857) _process_stack /opt/stack/nova/nova/api/openstack/wsgi.py:513}}
Aug 01 14:09:17.046222 dv-cinder-847131-3-iscsi devstack@n-api.service[117859]: DEBUG oslo_concurrency.lockutils [None req-935740f9-69e0-43de-b5cf-da1a5c788695 tempest-AttachVolumeShelveTestJSON-1678626567 tempest-AttachVolumeShelveTestJSON-1678626567-project] Lock "c66651a9-c088-4404-8a00-ed3d7b34326a" "released" by "nova.context.set_target_cell..get_or_set_cached_cell_and_set_connections" :: held 0.001s {{(pid=117859) inner /usr/local/lib/python3.8/dist-packages/oslo_concurrency/lockutils.py:400}}
Aug 01 14:09:17.198557 dv-cinder-847131-3-iscsi devstack@n-api.service[117857]: INFO nova.api.openstack.requestlog [None req-2c69497a-2d07-477c-94fc-1d45bddebb97 tempest-VolumesTestJSON-1258575748 tempest-VolumesTestJSON-1258575748-project] 10.222.0.48 "GET /compute/v2.1/os-volumes/detail" status: 200 len: 1035 microversion: 2.1 time: 0.160961
Aug 01 14:09:17.199224 dv-cinder-847131-3-iscsi devstack@n-api.service[117857]: [pid: 117857|app: 0|req: 30/61] 10.222.0.48 () {58 vars in 1155 bytes} [Mon Aug 1 14:09:17 2022] GET /compute/v2.1/os-volumes/detail => generated 1035 bytes in 163 msecs (HTTP/1.1 200) 9 headers in 358 bytes (1 switches on core 0)
Aug 01 14:09:17.211006 dv-cinder-847131-3-iscsi devstack@n-api.service[117857]: DEBUG nova.api.openstack.wsgi [None req-100959f3-acd2-4cc5-baab-2ef3b4dff3af tempest-DeleteServersTestJSON-1411411204 tempest-DeleteServersTestJSON-1411411204-project] Calling method '>' {{(pid=117857) _process_stack /opt/stack/nova/nova/api/openstack/wsgi.py:513}}
Aug 01 14:09:17.230204 dv-cinder-847131-3-iscsi devstack@n-api.service[117859]: DEBUG nova.policy [None req-935740f9-69e0-43de-b5cf-da1a5c788695 tempest-AttachVolumeShelveTestJSON-1678626567 tempest-AttachVolumeShelveTestJSON-1678626567-project] Policy check for os_compute_api:os-extended-server-attributes failed with credentials {'is_admin': False, 'user_id': '62cc969defd64837a20e9a7dbda5b4fa', 'user_domain_id': 'default', 'system_scope': None, 'domain_id': None, 'project_id': '6d4402cabc4b41e0aec0ccc40cdd17cc', 'project_domain_id': 'default', 'roles': ['reader', 'member'], 'is_admin_project': True, 'service_user_id': None, 'service_user_domain_id': None, 'service_project_id': None, 'service_project_domain_id': None, 'service_roles': []} {{(pid=117859) authorize /opt/stack/nova/nova/policy.py:199}}
Aug 01 14:09:17.250804 dv-cinder-847131-3-iscsi devstack@n-api.service[117857]: DEBUG nova.compute.api [None req-100959f3-acd2-4cc5-baab-2ef3b4dff3af tempest-DeleteServersTestJSON-1411411204 tempest-DeleteServersTestJSON-1411411204-project] [instance: 553535d2-88d8-4b52-910e-9e103d370fa3] Fetching instance by UUID {{(pid=117857) get /opt/stack/nova/nova/compute/api.py:2922}}
Aug 01 14:09:17.267071 dv-cinder-847131-3-iscsi devstack@n-api.service[117859]: DEBUG nova.policy [None req-935740f9-69e0-43de-b5cf-da1a5c788695 tempest-AttachVolumeShelveTestJSON-1678626567 tempest-AttachVolumeShelveTestJSON-1678626567-project] Policy check for os_compute_api:servers:show:host_status failed with credentials {'is_admin': False, 'user_id': '62cc969defd64837a20e9a7dbda5b4fa', 'user_domain_id': 'default', 'system_scope': None, 'domain_id': None, 'project_id': '6d4402cabc4b41e0aec0ccc40cdd17cc', 'project_domain_id': 'default', 'roles': ['reader', 'member'], 'is_admin_project': True, 'service_user_id': None, 'service_user_domain_id': None, 'service_project_id': None, 'service_project_domain_id': None, 'service_roles': []} {{(pid=117859) authorize /opt/stack/nova/nova/policy.py:199}}
Aug 01 14:09:17.280341 dv-cinder-847131-3-iscsi devstack@n-api.service[117859]: DEBUG nova.policy [None req-935740f9-69e0-43de-b5cf-da1a5c788695 tempest-AttachVolumeShelveTestJSON-1678626567 tempest-AttachVolumeShelveTestJSON-1678626567-project] Policy check for os_compute_api:servers:show:host_status:unknown-only failed with credentials {'is_admin': False, 'user_id': '62cc969defd64837a20e9a7dbda5b4fa', 'user_domain_id': 'default', 'system_scope': None, 'domain_id': None, 'project_id': '6d4402cabc4b41e0aec0ccc40cdd17cc', 'project_domain_id': 'default', 'roles': ['reader', 'member'], 'is_admin_project': True, 'service_user_id': None, 'service_user_domain_id': None, 'service_project_id': None, 'service_project_domain_id': None, 'service_roles': []} {{(pid=117859) authorize /opt/stack/nova/nova/policy.py:199}}
Aug 01 14:09:17.285861 dv-cinder-847131-3-iscsi devstack@n-api.service[117859]: INFO nova.api.openstack.requestlog [None req-935740f9-69e0-43de-b5cf-da1a5c788695 tempest-AttachVolumeShelveTestJSON-1678626567 tempest-AttachVolumeShelveTestJSON-1678626567-project] 10.222.0.48 "GET /compute/v2.1/servers/51fd7ad6-9939-4561-b0fa-f45f8602eccf" status: 200 len: 1340 microversion: 2.20 time: 0.280364
Aug 01 14:09:17.288120 dv-cinder-847131-3-iscsi devstack@n-api.service[117857]: DEBUG oslo_concurrency.lockutils [None req-100959f3-acd2-4cc5-baab-2ef3b4dff3af tempest-DeleteServersTestJSON-1411411204 tempest-DeleteServersTestJSON-1411411204-project] Lock "c66651a9-c088-4404-8a00-ed3d7b34326a" acquired by "nova.context.set_target_cell..get_or_set_cached_cell_and_set_connections" :: waited 0.000s {{(pid=117857) inner /usr/local/lib/python3.8/dist-packages/oslo_concurrency/lockutils.py:386}}
Aug 01 14:09:17.288607 dv-cinder-847131-3-iscsi devstack@n-api.service[117857]: DEBUG oslo_concurrency.lockutils [None req-100959f3-acd2-4cc5-baab-2ef3b4dff3af tempest-DeleteServersTestJSON-1411411204 tempest-DeleteServersTestJSON-1411411204-project] Lock "c66651a9-c088-4404-8a00-ed3d7b34326a" "released" by "nova.context.set_target_cell..get_or_set_cached_cell_and_set_connections" :: held 0.001s {{(pid=117857) inner /usr/local/lib/python3.8/dist-packages/oslo_concurrency/lockutils.py:400}}
Aug 01 14:09:17.289413 dv-cinder-847131-3-iscsi devstack@n-api.service[117857]: DEBUG oslo_concurrency.lockutils [None req-100959f3-acd2-4cc5-baab-2ef3b4dff3af tempest-DeleteServersTestJSON-1411411204 tempest-DeleteServersTestJSON-1411411204-project] Lock "c66651a9-c088-4404-8a00-ed3d7b34326a" acquired by "nova.context.set_target_cell..get_or_set_cached_cell_and_set_connections" :: waited 0.000s {{(pid=117857) inner /usr/local/lib/python3.8/dist-packages/oslo_concurrency/lockutils.py:386}}
Aug 01 14:09:17.290998 dv-cinder-847131-3-iscsi devstack@n-api.service[117859]: [pid: 117859|app: 0|req: 32/62] 10.222.0.48 () {60 vars in 1277 bytes} [Mon Aug 1 14:09:17 2022] GET /compute/v2.1/servers/51fd7ad6-9939-4561-b0fa-f45f8602eccf => generated 1340 bytes in 289 msecs (HTTP/1.1 200) 9 headers in 360 bytes (2 switches on core 0)
Aug 01 14:09:17.298508 dv-cinder-847131-3-iscsi devstack@n-api.service[117857]: DEBUG oslo_concurrency.lockutils [None req-100959f3-acd2-4cc5-baab-2ef3b4dff3af tempest-DeleteServersTestJSON-1411411204 tempest-DeleteServersTestJSON-1411411204-project] Lock "c66651a9-c088-4404-8a00-ed3d7b34326a" "released" by "nova.context.set_target_cell..get_or_set_cached_cell_and_set_connections" :: held 0.000s {{(pid=117857) inner /usr/local/lib/python3.8/dist-packages/oslo_concurrency/lockutils.py:400}}
Aug 01 14:09:17.429906 dv-cinder-847131-3-iscsi devstack@n-api.service[117859]: DEBUG nova.api.openstack.wsgi [None req-41c57e11-b57b-400f-9653-dea2de31ce92 tempest-ServerRescueNegativeTestJSON-953171937 tempest-ServerRescueNegativeTestJSON-953171937-project] Calling method '>' {{(pid=117859) _process_stack /opt/stack/nova/nova/api/openstack/wsgi.py:513}}
Aug 01 14:09:17.431269 dv-cinder-847131-3-iscsi devstack@n-api.service[117859]: DEBUG nova.compute.api [None req-41c57e11-b57b-400f-9653-dea2de31ce92 tempest-ServerRescueNegativeTestJSON-953171937 tempest-ServerRescueNegativeTestJSON-953171937-project] [instance: 8437bc61-6b11-4e15-afb8-f748b55a9e06] Fetching instance by UUID {{(pid=117859) get /opt/stack/nova/nova/compute/api.py:2922}}
Aug 01 14:09:17.443311 dv-cinder-847131-3-iscsi devstack@n-api.service[117859]: DEBUG oslo_concurrency.lockutils [None req-41c57e11-b57b-400f-9653-dea2de31ce92 tempest-ServerRescueNegativeTestJSON-953171937 tempest-ServerRescueNegativeTestJSON-953171937-project] Lock "c66651a9-c088-4404-8a00-ed3d7b34326a" acquired by "nova.context.set_target_cell..get_or_set_cached_cell_and_set_connections" :: waited 0.000s {{(pid=117859) inner /usr/local/lib/python3.8/dist-packages/oslo_concurrency/lockutils.py:386}}
Aug 01 14:09:17.443768 dv-cinder-847131-3-iscsi devstack@n-api.service[117859]: DEBUG oslo_concurrency.lockutils [None req-41c57e11-b57b-400f-9653-dea2de31ce92 tempest-ServerRescueNegativeTestJSON-953171937 tempest-ServerRescueNegativeTestJSON-953171937-project] Lock "c66651a9-c088-4404-8a00-ed3d7b34326a" "released" by "nova.context.set_target_cell..get_or_set_cached_cell_and_set_connections" :: held 0.001s {{(pid=117859) inner /usr/local/lib/python3.8/dist-packages/oslo_concurrency/lockutils.py:400}}
Aug 01 14:09:17.446108 dv-cinder-847131-3-iscsi devstack@n-api.service[117859]: DEBUG oslo_concurrency.lockutils [None req-41c57e11-b57b-400f-9653-dea2de31ce92 tempest-ServerRescueNegativeTestJSON-953171937 tempest-ServerRescueNegativeTestJSON-953171937-project] Lock "c66651a9-c088-4404-8a00-ed3d7b34326a" acquired by "nova.context.set_target_cell..get_or_set_cached_cell_and_set_connections" :: waited 0.000s {{(pid=117859) inner /usr/local/lib/python3.8/dist-packages/oslo_concurrency/lockutils.py:386}}
Aug 01 14:09:17.451988 dv-cinder-847131-3-iscsi devstack@n-api.service[117859]: DEBUG oslo_concurrency.lockutils [None req-41c57e11-b57b-400f-9653-dea2de31ce92 tempest-ServerRescueNegativeTestJSON-953171937 tempest-ServerRescueNegativeTestJSON-953171937-project] Lock "c66651a9-c088-4404-8a00-ed3d7b34326a" "released" by "nova.context.set_target_cell..get_or_set_cached_cell_and_set_connections" :: held 0.002s {{(pid=117859) inner /usr/local/lib/python3.8/dist-packages/oslo_concurrency/lockutils.py:400}}
Aug 01 14:09:17.617347 dv-cinder-847131-3-iscsi devstack@n-api.service[117857]: DEBUG nova.policy [None req-100959f3-acd2-4cc5-baab-2ef3b4dff3af tempest-DeleteServersTestJSON-1411411204 tempest-DeleteServersTestJSON-1411411204-project] Policy check for os_compute_api:os-extended-server-attributes failed with credentials {'is_admin': False, 'user_id': '822ea58eeb4e4d29b132964c0e3355db', 'user_domain_id': 'default', 'system_scope': None, 'domain_id': None, 'project_id': 'c68666a08e3142de947cfa44ec5816a9', 'project_domain_id': 'default', 'roles': ['reader', 'member'], 'is_admin_project': True, 'service_user_id': None, 'service_user_domain_id': None, 'service_project_id': None, 'service_project_domain_id': None, 'service_roles': []} {{(pid=117857) authorize /opt/stack/nova/nova/policy.py:199}}
Aug 01 14:09:17.629254 dv-cinder-847131-3-iscsi devstack@n-api.service[117857]: INFO nova.api.openstack.requestlog [None req-100959f3-acd2-4cc5-baab-2ef3b4dff3af tempest-DeleteServersTestJSON-1411411204 tempest-DeleteServersTestJSON-1411411204-project] 10.222.0.48 "GET /compute/v2.1/servers/553535d2-88d8-4b52-910e-9e103d370fa3" status: 200 len: 1315 microversion: 2.1 time: 0.428565
Aug 01 14:09:17.629785 dv-cinder-847131-3-iscsi devstack@n-api.service[117857]: [pid: 117857|app: 0|req: 31/63] 10.222.0.48 () {58 vars in 1236 bytes} [Mon Aug 1 14:09:17 2022] GET /compute/v2.1/servers/553535d2-88d8-4b52-910e-9e103d370fa3 => generated 1315 bytes in 430 msecs (HTTP/1.1 200) 9 headers in 358 bytes (1 switches on core 0)
Aug 01 14:09:17.636194 dv-cinder-847131-3-iscsi devstack@n-api.service[117857]: DEBUG nova.api.openstack.wsgi [None req-699c1340-dfec-48fb-8702-46af1c8817a6 tempest-AttachVolumeNegativeTest-2133085870 tempest-AttachVolumeNegativeTest-2133085870-project] Calling method '>' {{(pid=117857) _process_stack /opt/stack/nova/nova/api/openstack/wsgi.py:513}}
Aug 01 14:09:17.639925 dv-cinder-847131-3-iscsi devstack@n-api.service[117857]: DEBUG nova.compute.api [None req-699c1340-dfec-48fb-8702-46af1c8817a6 tempest-AttachVolumeNegativeTest-2133085870 tempest-AttachVolumeNegativeTest-2133085870-project] [instance: 78cc4e77-f019-4285-ac19-c01b7c96a515] Fetching instance by UUID {{(pid=117857) get /opt/stack/nova/nova/compute/api.py:2922}}
Aug 01 14:09:17.657405 dv-cinder-847131-3-iscsi devstack@n-api.service[117857]: DEBUG oslo_concurrency.lockutils [None req-699c1340-dfec-48fb-8702-46af1c8817a6 tempest-AttachVolumeNegativeTest-2133085870 tempest-AttachVolumeNegativeTest-2133085870-project] Lock "c66651a9-c088-4404-8a00-ed3d7b34326a" acquired by "nova.context.set_target_cell..get_or_set_cached_cell_and_set_connections" :: waited 0.000s {{(pid=117857) inner /usr/local/lib/python3.8/dist-packages/oslo_concurrency/lockutils.py:386}}
Aug 01 14:09:17.660928 dv-cinder-847131-3-iscsi devstack@n-api.service[117857]: DEBUG oslo_concurrency.lockutils [None req-699c1340-dfec-48fb-8702-46af1c8817a6 tempest-AttachVolumeNegativeTest-2133085870 tempest-AttachVolumeNegativeTest-2133085870-project] Lock "c66651a9-c088-4404-8a00-ed3d7b34326a" "released" by "nova.context.set_target_cell..get_or_set_cached_cell_and_set_connections" :: held 0.001s {{(pid=117857) inner /usr/local/lib/python3.8/dist-packages/oslo_concurrency/lockutils.py:400}}
Aug 01 14:09:17.661969 dv-cinder-847131-3-iscsi devstack@n-api.service[117857]: DEBUG oslo_concurrency.lockutils [None req-699c1340-dfec-48fb-8702-46af1c8817a6 tempest-AttachVolumeNegativeTest-2133085870 tempest-AttachVolumeNegativeTest-2133085870-project] Lock "c66651a9-c088-4404-8a00-ed3d7b34326a" acquired by "nova.context.set_target_cell..get_or_set_cached_cell_and_set_connections" :: waited 0.000s {{(pid=117857) inner /usr/local/lib/python3.8/dist-packages/oslo_concurrency/lockutils.py:386}}
Aug 01 14:09:17.662424 dv-cinder-847131-3-iscsi devstack@n-api.service[117857]: DEBUG oslo_concurrency.lockutils [None req-699c1340-dfec-48fb-8702-46af1c8817a6 tempest-AttachVolumeNegativeTest-2133085870 tempest-AttachVolumeNegativeTest-2133085870-project] Lock "c66651a9-c088-4404-8a00-ed3d7b34326a" "released" by "nova.context.set_target_cell..get_or_set_cached_cell_and_set_connections" :: held 0.000s {{(pid=117857) inner /usr/local/lib/python3.8/dist-packages/oslo_concurrency/lockutils.py:400}}
Aug 01 14:09:17.712755 dv-cinder-847131-3-iscsi devstack@n-api.service[117859]: DEBUG nova.policy [None req-41c57e11-b57b-400f-9653-dea2de31ce92 tempest-ServerRescueNegativeTestJSON-953171937 tempest-ServerRescueNegativeTestJSON-953171937-project] Policy check for os_compute_api:os-extended-server-attributes failed with credentials {'is_admin': False, 'user_id': 'f379b005418a4e399c3b72cbbef6e00d', 'user_domain_id': 'default', 'system_scope': None, 'domain_id': None, 'project_id': '670dbffe4aed43c6afc3899ff59b8040', 'project_domain_id': 'default', 'roles': ['reader', 'member'], 'is_admin_project': True, 'service_user_id': None, 'service_user_domain_id': None, 'service_project_id': None, 'service_project_domain_id': None, 'service_roles': []} {{(pid=117859) authorize /opt/stack/nova/nova/policy.py:199}}
Aug 01 14:09:17.722145 dv-cinder-847131-3-iscsi devstack@n-api.service[117859]: INFO nova.api.openstack.requestlog [None req-41c57e11-b57b-400f-9653-dea2de31ce92 tempest-ServerRescueNegativeTestJSON-953171937 tempest-ServerRescueNegativeTestJSON-953171937-project] 10.222.0.48 "GET /compute/v2.1/servers/8437bc61-6b11-4e15-afb8-f748b55a9e06" status: 200 len: 1321 microversion: 2.1 time: 0.297281
Aug 01 14:09:17.738801 dv-cinder-847131-3-iscsi devstack@n-api.service[117859]: [pid: 117859|app: 0|req: 33/64] 10.222.0.48 () {58 vars in 1236 bytes} [Mon Aug 1 14:09:17 2022] GET /compute/v2.1/servers/8437bc61-6b11-4e15-afb8-f748b55a9e06 => generated 1321 bytes in 314 msecs (HTTP/1.1 200) 9 headers in 358 bytes (2 switches on core 0)
Aug 01 14:09:17.777925 dv-cinder-847131-3-iscsi devstack@n-api.service[117857]: DEBUG nova.policy [None req-699c1340-dfec-48fb-8702-46af1c8817a6 tempest-AttachVolumeNegativeTest-2133085870 tempest-AttachVolumeNegativeTest-2133085870-project] Policy check for os_compute_api:os-extended-server-attributes failed with credentials {'is_admin': False, 'user_id': 'ca3cd1c2aec94b43aff0034b812a069d', 'user_domain_id': 'default', 'system_scope': None, 'domain_id': None, 'project_id': 'a3203f080a05422e83090a1f0a31d1a9', 'project_domain_id': 'default', 'roles': ['reader', 'member'], 'is_admin_project': True, 'service_user_id': None, 'service_user_domain_id': None, 'service_project_id': None, 'service_project_domain_id': None, 'service_roles': []} {{(pid=117857) authorize /opt/stack/nova/nova/policy.py:199}}
Aug 01 14:09:17.800466 dv-cinder-847131-3-iscsi devstack@n-api.service[117857]: INFO nova.api.openstack.requestlog [None req-699c1340-dfec-48fb-8702-46af1c8817a6 tempest-AttachVolumeNegativeTest-2133085870 tempest-AttachVolumeNegativeTest-2133085870-project] 10.222.0.48 "GET /compute/v2.1/servers/78cc4e77-f019-4285-ac19-c01b7c96a515" status: 200 len: 1298 microversion: 2.1 time: 0.168328
Aug 01 14:09:17.813205 dv-cinder-847131-3-iscsi devstack@n-api.service[117857]: [pid: 117857|app: 0|req: 32/65] 10.222.0.48 () {58 vars in 1236 bytes} [Mon Aug 1 14:09:17 2022] GET /compute/v2.1/servers/78cc4e77-f019-4285-ac19-c01b7c96a515 => generated 1298 bytes in 181 msecs (HTTP/1.1 200) 9 headers in 358 bytes (1 switches on core 0)
Aug 01 14:09:17.973312 dv-cinder-847131-3-iscsi devstack@n-api.service[117859]: DEBUG nova.api.openstack.wsgi [req-75e59e90-b9c5-44b8-90ad-faf9dbfef984 req-aa494d59-dc5d-4971-9ac6-a3315db9eda0 service nova] Action: 'create', calling method: >, body: {"events": [{"name": "network-changed", "server_uuid": "553535d2-88d8-4b52-910e-9e103d370fa3", "tag": "65e39196-7685-44bb-83da-d3a148812c3f"}]} {{(pid=117859) _process_stack /opt/stack/nova/nova/api/openstack/wsgi.py:511}}
Aug 01 14:09:17.987855 dv-cinder-847131-3-iscsi devstack@n-api.service[117859]: DEBUG oslo_concurrency.lockutils [req-75e59e90-b9c5-44b8-90ad-faf9dbfef984 req-aa494d59-dc5d-4971-9ac6-a3315db9eda0 service nova] Lock "c66651a9-c088-4404-8a00-ed3d7b34326a" acquired by "nova.context.set_target_cell..get_or_set_cached_cell_and_set_connections" :: waited 0.000s {{(pid=117859) inner /usr/local/lib/python3.8/dist-packages/oslo_concurrency/lockutils.py:386}}
Aug 01 14:09:17.988562 dv-cinder-847131-3-iscsi devstack@n-api.service[117859]: DEBUG oslo_concurrency.lockutils [req-75e59e90-b9c5-44b8-90ad-faf9dbfef984 req-aa494d59-dc5d-4971-9ac6-a3315db9eda0 service nova] Lock "c66651a9-c088-4404-8a00-ed3d7b34326a" "released" by "nova.context.set_target_cell..get_or_set_cached_cell_and_set_connections" :: held 0.001s {{(pid=117859) inner /usr/local/lib/python3.8/dist-packages/oslo_concurrency/lockutils.py:400}}
Aug 01 14:09:18.016021 dv-cinder-847131-3-iscsi devstack@n-api.service[117859]: INFO nova.api.openstack.compute.server_external_events [req-75e59e90-b9c5-44b8-90ad-faf9dbfef984 req-aa494d59-dc5d-4971-9ac6-a3315db9eda0 service nova] Creating event network-changed:65e39196-7685-44bb-83da-d3a148812c3f for instance 553535d2-88d8-4b52-910e-9e103d370fa3 on hv-cinder-84713
Aug 01 14:09:18.016773 dv-cinder-847131-3-iscsi devstack@n-api.service[117859]: DEBUG oslo_concurrency.lockutils [req-75e59e90-b9c5-44b8-90ad-faf9dbfef984 req-aa494d59-dc5d-4971-9ac6-a3315db9eda0 service nova] Acquired lock "compute-rpcapi-router" {{(pid=117859) lock /usr/local/lib/python3.8/dist-packages/oslo_concurrency/lockutils.py:294}}
Aug 01 14:09:18.017659 dv-cinder-847131-3-iscsi devstack@n-api.service[117859]: DEBUG oslo_concurrency.lockutils [None req-6320164b-7460-40fe-a68d-b7d67c34e7da None None] Lock "00000000-0000-0000-0000-000000000000" acquired by "nova.context.set_target_cell..get_or_set_cached_cell_and_set_connections" :: waited 0.000s {{(pid=117859) inner /usr/local/lib/python3.8/dist-packages/oslo_concurrency/lockutils.py:386}}
Aug 01 14:09:18.019190 dv-cinder-847131-3-iscsi devstack@n-api.service[117859]: DEBUG oslo_concurrency.lockutils [None req-6320164b-7460-40fe-a68d-b7d67c34e7da None None] Lock "00000000-0000-0000-0000-000000000000" "released" by "nova.context.set_target_cell..get_or_set_cached_cell_and_set_connections" :: held 0.002s {{(pid=117859) inner /usr/local/lib/python3.8/dist-packages/oslo_concurrency/lockutils.py:400}}
Aug 01 14:09:18.020417 dv-cinder-847131-3-iscsi devstack@n-api.service[117859]: DEBUG oslo_concurrency.lockutils [None req-6320164b-7460-40fe-a68d-b7d67c34e7da None None] Lock "c66651a9-c088-4404-8a00-ed3d7b34326a" acquired by "nova.context.set_target_cell..get_or_set_cached_cell_and_set_connections" :: waited 0.000s {{(pid=117859) inner /usr/local/lib/python3.8/dist-packages/oslo_concurrency/lockutils.py:386}}
Aug 01 14:09:18.021135 dv-cinder-847131-3-iscsi devstack@n-api.service[117859]: DEBUG oslo_concurrency.lockutils [None req-6320164b-7460-40fe-a68d-b7d67c34e7da None None] Lock "c66651a9-c088-4404-8a00-ed3d7b34326a" "released" by "nova.context.set_target_cell..get_or_set_cached_cell_and_set_connections" :: held 0.001s {{(pid=117859) inner /usr/local/lib/python3.8/dist-packages/oslo_concurrency/lockutils.py:400}}
Aug 01 14:09:18.032607 dv-cinder-847131-3-iscsi devstack@n-api.service[117859]: INFO nova.compute.rpcapi [None req-6320164b-7460-40fe-a68d-b7d67c34e7da None None] Automatically selected compute RPC version 6.0 from minimum service version 61
Aug 01 14:09:18.033609 dv-cinder-847131-3-iscsi devstack@n-api.service[117859]: DEBUG oslo_concurrency.lockutils [None req-6320164b-7460-40fe-a68d-b7d67c34e7da None None] Releasing lock "compute-rpcapi-router" {{(pid=117859) lock /usr/local/lib/python3.8/dist-packages/oslo_concurrency/lockutils.py:312}}
Aug 01 14:09:18.059094 dv-cinder-847131-3-iscsi devstack@n-api.service[117859]: INFO nova.api.openstack.requestlog [None req-6320164b-7460-40fe-a68d-b7d67c34e7da None None] 10.222.0.48 "POST /compute/v2.1/os-server-external-events" status: 200 len: 179 microversion: 2.1 time: 0.318809
Aug 01 14:09:18.059718 dv-cinder-847131-3-iscsi devstack@n-api.service[117859]: [pid: 117859|app: 0|req: 34/66] 10.222.0.48 () {64 vars in 1317 bytes} [Mon Aug 1 14:09:17 2022] POST /compute/v2.1/os-server-external-events => generated 179 bytes in 320 msecs (HTTP/1.1 200) 9 headers in 357 bytes (1 switches on core 0)
Aug 01 14:09:18.318167 dv-cinder-847131-3-iscsi devstack@n-api.service[117857]: DEBUG nova.api.openstack.wsgi [None req-313b3154-0454-4d16-ad9b-0b0fa9b59e6e tempest-AttachVolumeShelveTestJSON-1678626567 tempest-AttachVolumeShelveTestJSON-1678626567-project] Calling method '>' {{(pid=117857) _process_stack /opt/stack/nova/nova/api/openstack/wsgi.py:513}}
Aug 01 14:09:18.318780 dv-cinder-847131-3-iscsi devstack@n-api.service[117857]: DEBUG nova.compute.api [None req-313b3154-0454-4d16-ad9b-0b0fa9b59e6e tempest-AttachVolumeShelveTestJSON-1678626567 tempest-AttachVolumeShelveTestJSON-1678626567-project] [instance: 51fd7ad6-9939-4561-b0fa-f45f8602eccf] Fetching instance by UUID {{(pid=117857) get /opt/stack/nova/nova/compute/api.py:2922}}
Aug 01 14:09:18.324949 dv-cinder-847131-3-iscsi devstack@n-api.service[117857]: DEBUG oslo_concurrency.lockutils [None req-313b3154-0454-4d16-ad9b-0b0fa9b59e6e tempest-AttachVolumeShelveTestJSON-1678626567 tempest-AttachVolumeShelveTestJSON-1678626567-project] Lock "c66651a9-c088-4404-8a00-ed3d7b34326a" acquired by "nova.context.set_target_cell..get_or_set_cached_cell_and_set_connections" :: waited 0.000s {{(pid=117857) inner /usr/local/lib/python3.8/dist-packages/oslo_concurrency/lockutils.py:386}}
Aug 01 14:09:18.325400 dv-cinder-847131-3-iscsi devstack@n-api.service[117857]: DEBUG oslo_concurrency.lockutils [None req-313b3154-0454-4d16-ad9b-0b0fa9b59e6e tempest-AttachVolumeShelveTestJSON-1678626567 tempest-AttachVolumeShelveTestJSON-1678626567-project] Lock "c66651a9-c088-4404-8a00-ed3d7b34326a" "released" by "nova.context.set_target_cell..get_or_set_cached_cell_and_set_connections" :: held 0.000s {{(pid=117857) inner /usr/local/lib/python3.8/dist-packages/oslo_concurrency/lockutils.py:400}}
Aug 01 14:09:18.326158 dv-cinder-847131-3-iscsi devstack@n-api.service[117857]: DEBUG oslo_concurrency.lockutils [None req-313b3154-0454-4d16-ad9b-0b0fa9b59e6e tempest-AttachVolumeShelveTestJSON-1678626567 tempest-AttachVolumeShelveTestJSON-1678626567-project] Lock "c66651a9-c088-4404-8a00-ed3d7b34326a" acquired by "nova.context.set_target_cell..get_or_set_cached_cell_and_set_connections" :: waited 0.000s {{(pid=117857) inner /usr/local/lib/python3.8/dist-packages/oslo_concurrency/lockutils.py:386}}
Aug 01 14:09:18.326596 dv-cinder-847131-3-iscsi devstack@n-api.service[117857]: DEBUG oslo_concurrency.lockutils [None req-313b3154-0454-4d16-ad9b-0b0fa9b59e6e tempest-AttachVolumeShelveTestJSON-1678626567 tempest-AttachVolumeShelveTestJSON-1678626567-project] Lock "c66651a9-c088-4404-8a00-ed3d7b34326a" "released" by "nova.context.set_target_cell..get_or_set_cached_cell_and_set_connections" :: held 0.000s {{(pid=117857) inner /usr/local/lib/python3.8/dist-packages/oslo_concurrency/lockutils.py:400}}
Aug 01 14:09:18.387374 dv-cinder-847131-3-iscsi devstack@n-api.service[117857]: DEBUG nova.policy [None req-313b3154-0454-4d16-ad9b-0b0fa9b59e6e tempest-AttachVolumeShelveTestJSON-1678626567 tempest-AttachVolumeShelveTestJSON-1678626567-project] Policy check for os_compute_api:os-extended-server-attributes failed with credentials {'is_admin': False, 'user_id': '62cc969defd64837a20e9a7dbda5b4fa', 'user_domain_id': 'default', 'system_scope': None, 'domain_id': None, 'project_id': '6d4402cabc4b41e0aec0ccc40cdd17cc', 'project_domain_id': 'default', 'roles': ['reader', 'member'], 'is_admin_project': True, 'service_user_id': None, 'service_user_domain_id': None, 'service_project_id': None, 'service_project_domain_id': None, 'service_roles': []} {{(pid=117857) authorize /opt/stack/nova/nova/policy.py:199}}
Aug 01 14:09:18.395896 dv-cinder-847131-3-iscsi devstack@n-api.service[117857]: DEBUG nova.policy [None req-313b3154-0454-4d16-ad9b-0b0fa9b59e6e tempest-AttachVolumeShelveTestJSON-1678626567 tempest-AttachVolumeShelveTestJSON-1678626567-project] Policy check for os_compute_api:servers:show:host_status failed with credentials {'is_admin': False, 'user_id': '62cc969defd64837a20e9a7dbda5b4fa', 'user_domain_id': 'default', 'system_scope': None, 'domain_id': None, 'project_id': '6d4402cabc4b41e0aec0ccc40cdd17cc', 'project_domain_id': 'default', 'roles': ['reader', 'member'], 'is_admin_project': True, 'service_user_id': None, 'service_user_domain_id': None, 'service_project_id': None, 'service_project_domain_id': None, 'service_roles': []} {{(pid=117857) authorize /opt/stack/nova/nova/policy.py:199}}
Aug 01 14:09:18.397483 dv-cinder-847131-3-iscsi devstack@n-api.service[117857]: DEBUG nova.policy [None req-313b3154-0454-4d16-ad9b-0b0fa9b59e6e tempest-AttachVolumeShelveTestJSON-1678626567 tempest-AttachVolumeShelveTestJSON-1678626567-project] Policy check for os_compute_api:servers:show:host_status:unknown-only failed with credentials {'is_admin': False, 'user_id': '62cc969defd64837a20e9a7dbda5b4fa', 'user_domain_id': 'default', 'system_scope': None, 'domain_id': None, 'project_id': '6d4402cabc4b41e0aec0ccc40cdd17cc', 'project_domain_id': 'default', 'roles': ['reader', 'member'], 'is_admin_project': True, 'service_user_id': None, 'service_user_domain_id': None, 'service_project_id': None, 'service_project_domain_id': None, 'service_roles': []} {{(pid=117857) authorize /opt/stack/nova/nova/policy.py:199}}
Aug 01 14:09:18.398663 dv-cinder-847131-3-iscsi devstack@n-api.service[117857]: INFO nova.api.openstack.requestlog [None req-313b3154-0454-4d16-ad9b-0b0fa9b59e6e tempest-AttachVolumeShelveTestJSON-1678626567 tempest-AttachVolumeShelveTestJSON-1678626567-project] 10.222.0.48 "GET /compute/v2.1/servers/51fd7ad6-9939-4561-b0fa-f45f8602eccf" status: 200 len: 1340 microversion: 2.20 time: 0.084353
Aug 01 14:09:18.415890 dv-cinder-847131-3-iscsi devstack@n-api.service[117857]: [pid: 117857|app: 0|req: 33/67] 10.222.0.48 () {60 vars in 1277 bytes} [Mon Aug 1 14:09:18 2022] GET /compute/v2.1/servers/51fd7ad6-9939-4561-b0fa-f45f8602eccf => generated 1340 bytes in 100 msecs (HTTP/1.1 200) 9 headers in 360 bytes (1 switches on core 0)
Aug 01 14:09:18.653849 dv-cinder-847131-3-iscsi devstack@n-api.service[117859]: DEBUG nova.api.openstack.wsgi [None req-b4bd0665-ef6b-42e2-b1d8-98d2067f2877 tempest-DeleteServersTestJSON-1411411204 tempest-DeleteServersTestJSON-1411411204-project] Calling method '>' {{(pid=117859) _process_stack /opt/stack/nova/nova/api/openstack/wsgi.py:513}}
Aug 01 14:09:18.655767 dv-cinder-847131-3-iscsi devstack@n-api.service[117859]: DEBUG nova.compute.api [None req-b4bd0665-ef6b-42e2-b1d8-98d2067f2877 tempest-DeleteServersTestJSON-1411411204 tempest-DeleteServersTestJSON-1411411204-project] [instance: 553535d2-88d8-4b52-910e-9e103d370fa3] Fetching instance by UUID {{(pid=117859) get /opt/stack/nova/nova/compute/api.py:2922}}
Aug 01 14:09:18.662315 dv-cinder-847131-3-iscsi devstack@n-api.service[117859]: DEBUG oslo_concurrency.lockutils [None req-b4bd0665-ef6b-42e2-b1d8-98d2067f2877 tempest-DeleteServersTestJSON-1411411204 tempest-DeleteServersTestJSON-1411411204-project] Lock "c66651a9-c088-4404-8a00-ed3d7b34326a" acquired by "nova.context.set_target_cell..get_or_set_cached_cell_and_set_connections" :: waited 0.000s {{(pid=117859) inner /usr/local/lib/python3.8/dist-packages/oslo_concurrency/lockutils.py:386}}
Aug 01 14:09:18.662942 dv-cinder-847131-3-iscsi devstack@n-api.service[117859]: DEBUG oslo_concurrency.lockutils [None req-b4bd0665-ef6b-42e2-b1d8-98d2067f2877 tempest-DeleteServersTestJSON-1411411204 tempest-DeleteServersTestJSON-1411411204-project] Lock "c66651a9-c088-4404-8a00-ed3d7b34326a" "released" by "nova.context.set_target_cell..get_or_set_cached_cell_and_set_connections" :: held 0.001s {{(pid=117859) inner /usr/local/lib/python3.8/dist-packages/oslo_concurrency/lockutils.py:400}}
Aug 01 14:09:18.663870 dv-cinder-847131-3-iscsi devstack@n-api.service[117859]: DEBUG oslo_concurrency.lockutils [None req-b4bd0665-ef6b-42e2-b1d8-98d2067f2877 tempest-DeleteServersTestJSON-1411411204 tempest-DeleteServersTestJSON-1411411204-project] Lock "c66651a9-c088-4404-8a00-ed3d7b34326a" acquired by "nova.context.set_target_cell..get_or_set_cached_cell_and_set_connections" :: waited 0.000s {{(pid=117859) inner /usr/local/lib/python3.8/dist-packages/oslo_concurrency/lockutils.py:386}}
Aug 01 14:09:18.664696 dv-cinder-847131-3-iscsi devstack@n-api.service[117859]: DEBUG oslo_concurrency.lockutils [None req-b4bd0665-ef6b-42e2-b1d8-98d2067f2877 tempest-DeleteServersTestJSON-1411411204 tempest-DeleteServersTestJSON-1411411204-project] Lock "c66651a9-c088-4404-8a00-ed3d7b34326a" "released" by "nova.context.set_target_cell..get_or_set_cached_cell_and_set_connections" :: held 0.001s {{(pid=117859) inner /usr/local/lib/python3.8/dist-packages/oslo_concurrency/lockutils.py:400}}
Aug 01 14:09:18.742792 dv-cinder-847131-3-iscsi devstack@n-api.service[117857]: DEBUG nova.api.openstack.wsgi [None req-9e16a73d-0208-4478-bce2-bf0f867b469f tempest-ServerRescueNegativeTestJSON-953171937 tempest-ServerRescueNegativeTestJSON-953171937-project] Calling method '>' {{(pid=117857) _process_stack /opt/stack/nova/nova/api/openstack/wsgi.py:513}}
Aug 01 14:09:18.743455 dv-cinder-847131-3-iscsi devstack@n-api.service[117857]: DEBUG nova.compute.api [None req-9e16a73d-0208-4478-bce2-bf0f867b469f tempest-ServerRescueNegativeTestJSON-953171937 tempest-ServerRescueNegativeTestJSON-953171937-project] [instance: 8437bc61-6b11-4e15-afb8-f748b55a9e06] Fetching instance by UUID {{(pid=117857) get /opt/stack/nova/nova/compute/api.py:2922}}
Aug 01 14:09:18.749762 dv-cinder-847131-3-iscsi devstack@n-api.service[117857]: DEBUG oslo_concurrency.lockutils [None req-9e16a73d-0208-4478-bce2-bf0f867b469f tempest-ServerRescueNegativeTestJSON-953171937 tempest-ServerRescueNegativeTestJSON-953171937-project] Lock "c66651a9-c088-4404-8a00-ed3d7b34326a" acquired by "nova.context.set_target_cell..get_or_set_cached_cell_and_set_connections" :: waited 0.000s {{(pid=117857) inner /usr/local/lib/python3.8/dist-packages/oslo_concurrency/lockutils.py:386}}
Aug 01 14:09:18.750229 dv-cinder-847131-3-iscsi devstack@n-api.service[117857]: DEBUG oslo_concurrency.lockutils [None req-9e16a73d-0208-4478-bce2-bf0f867b469f tempest-ServerRescueNegativeTestJSON-953171937 tempest-ServerRescueNegativeTestJSON-953171937-project] Lock "c66651a9-c088-4404-8a00-ed3d7b34326a" "released" by "nova.context.set_target_cell..get_or_set_cached_cell_and_set_connections" :: held 0.001s {{(pid=117857) inner /usr/local/lib/python3.8/dist-packages/oslo_concurrency/lockutils.py:400}}
Aug 01 14:09:18.751004 dv-cinder-847131-3-iscsi devstack@n-api.service[117857]: DEBUG oslo_concurrency.lockutils [None req-9e16a73d-0208-4478-bce2-bf0f867b469f tempest-ServerRescueNegativeTestJSON-953171937 tempest-ServerRescueNegativeTestJSON-953171937-project] Lock "c66651a9-c088-4404-8a00-ed3d7b34326a" acquired by "nova.context.set_target_cell..get_or_set_cached_cell_and_set_connections" :: waited 0.000s {{(pid=117857) inner /usr/local/lib/python3.8/dist-packages/oslo_concurrency/lockutils.py:386}}
Aug 01 14:09:18.751440 dv-cinder-847131-3-iscsi devstack@n-api.service[117857]: DEBUG oslo_concurrency.lockutils [None req-9e16a73d-0208-4478-bce2-bf0f867b469f tempest-ServerRescueNegativeTestJSON-953171937 tempest-ServerRescueNegativeTestJSON-953171937-project] Lock "c66651a9-c088-4404-8a00-ed3d7b34326a" "released" by "nova.context.set_target_cell..get_or_set_cached_cell_and_set_connections" :: held 0.000s {{(pid=117857) inner /usr/local/lib/python3.8/dist-packages/oslo_concurrency/lockutils.py:400}}
Aug 01 14:09:18.826689 dv-cinder-847131-3-iscsi devstack@n-api.service[117859]: DEBUG nova.policy [None req-b4bd0665-ef6b-42e2-b1d8-98d2067f2877 tempest-DeleteServersTestJSON-1411411204 tempest-DeleteServersTestJSON-1411411204-project] Policy check for os_compute_api:os-extended-server-attributes failed with credentials {'is_admin': False, 'user_id': '822ea58eeb4e4d29b132964c0e3355db', 'user_domain_id': 'default', 'system_scope': None, 'domain_id': None, 'project_id': 'c68666a08e3142de947cfa44ec5816a9', 'project_domain_id': 'default', 'roles': ['reader', 'member'], 'is_admin_project': True, 'service_user_id': None, 'service_user_domain_id': None, 'service_project_id': None, 'service_project_domain_id': None, 'service_roles': []} {{(pid=117859) authorize /opt/stack/nova/nova/policy.py:199}}
Aug 01 14:09:18.835440 dv-cinder-847131-3-iscsi devstack@n-api.service[117859]: INFO nova.api.openstack.requestlog [None req-b4bd0665-ef6b-42e2-b1d8-98d2067f2877 tempest-DeleteServersTestJSON-1411411204 tempest-DeleteServersTestJSON-1411411204-project] 10.222.0.48 "GET /compute/v2.1/servers/553535d2-88d8-4b52-910e-9e103d370fa3" status: 200 len: 1315 microversion: 2.1 time: 0.188971
Aug 01 14:09:18.836529 dv-cinder-847131-3-iscsi devstack@n-api.service[117859]: [pid: 117859|app: 0|req: 35/68] 10.222.0.48 () {58 vars in 1236 bytes} [Mon Aug 1 14:09:18 2022] GET /compute/v2.1/servers/553535d2-88d8-4b52-910e-9e103d370fa3 => generated 1315 bytes in 191 msecs (HTTP/1.1 200) 9 headers in 358 bytes (1 switches on core 0)
Aug 01 14:09:18.842963 dv-cinder-847131-3-iscsi devstack@n-api.service[117859]: DEBUG nova.api.openstack.wsgi [None req-e70c6ced-8254-4adb-a08f-ac6a403ff8db tempest-AttachVolumeNegativeTest-2133085870 tempest-AttachVolumeNegativeTest-2133085870-project] Calling method '>' {{(pid=117859) _process_stack /opt/stack/nova/nova/api/openstack/wsgi.py:513}}
Aug 01 14:09:18.845169 dv-cinder-847131-3-iscsi devstack@n-api.service[117859]: DEBUG nova.compute.api [None req-e70c6ced-8254-4adb-a08f-ac6a403ff8db tempest-AttachVolumeNegativeTest-2133085870 tempest-AttachVolumeNegativeTest-2133085870-project] [instance: 78cc4e77-f019-4285-ac19-c01b7c96a515] Fetching instance by UUID {{(pid=117859) get /opt/stack/nova/nova/compute/api.py:2922}}
Aug 01 14:09:18.850812 dv-cinder-847131-3-iscsi devstack@n-api.service[117859]: DEBUG dbcounter [-] [117859] Writing DB stats nova_api:SELECT=91,nova_api:INSERT=9 {{(pid=117859) stat_writer /usr/local/lib/python3.8/dist-packages/dbcounter.py:114}}
Aug 01 14:09:18.860465 dv-cinder-847131-3-iscsi devstack@n-api.service[117859]: DEBUG oslo_concurrency.lockutils [None req-e70c6ced-8254-4adb-a08f-ac6a403ff8db tempest-AttachVolumeNegativeTest-2133085870 tempest-AttachVolumeNegativeTest-2133085870-project] Lock "c66651a9-c088-4404-8a00-ed3d7b34326a" acquired by "nova.context.set_target_cell..get_or_set_cached_cell_and_set_connections" :: waited 0.000s {{(pid=117859) inner /usr/local/lib/python3.8/dist-packages/oslo_concurrency/lockutils.py:386}}
Aug 01 14:09:18.862300 dv-cinder-847131-3-iscsi devstack@n-api.service[117859]: DEBUG oslo_concurrency.lockutils [None req-e70c6ced-8254-4adb-a08f-ac6a403ff8db tempest-AttachVolumeNegativeTest-2133085870 tempest-AttachVolumeNegativeTest-2133085870-project] Lock "c66651a9-c088-4404-8a00-ed3d7b34326a" "released" by "nova.context.set_target_cell..get_or_set_cached_cell_and_set_connections" :: held 0.001s {{(pid=117859) inner /usr/local/lib/python3.8/dist-packages/oslo_concurrency/lockutils.py:400}}
Aug 01 14:09:18.863337 dv-cinder-847131-3-iscsi devstack@n-api.service[117859]: DEBUG oslo_concurrency.lockutils [None req-e70c6ced-8254-4adb-a08f-ac6a403ff8db tempest-AttachVolumeNegativeTest-2133085870 tempest-AttachVolumeNegativeTest-2133085870-project] Lock "c66651a9-c088-4404-8a00-ed3d7b34326a" acquired by "nova.context.set_target_cell..get_or_set_cached_cell_and_set_connections" :: waited 0.000s {{(pid=117859) inner /usr/local/lib/python3.8/dist-packages/oslo_concurrency/lockutils.py:386}}
Aug 01 14:09:18.863844 dv-cinder-847131-3-iscsi devstack@n-api.service[117859]: DEBUG oslo_concurrency.lockutils [None req-e70c6ced-8254-4adb-a08f-ac6a403ff8db tempest-AttachVolumeNegativeTest-2133085870 tempest-AttachVolumeNegativeTest-2133085870-project] Lock "c66651a9-c088-4404-8a00-ed3d7b34326a" "released" by "nova.context.set_target_cell..get_or_set_cached_cell_and_set_connections" :: held 0.001s {{(pid=117859) inner /usr/local/lib/python3.8/dist-packages/oslo_concurrency/lockutils.py:400}}
Aug 01 14:09:18.923944 dv-cinder-847131-3-iscsi devstack@n-api.service[117857]: DEBUG nova.policy [None req-9e16a73d-0208-4478-bce2-bf0f867b469f tempest-ServerRescueNegativeTestJSON-953171937 tempest-ServerRescueNegativeTestJSON-953171937-project] Policy check for os_compute_api:os-extended-server-attributes failed with credentials {'is_admin': False, 'user_id': 'f379b005418a4e399c3b72cbbef6e00d', 'user_domain_id': 'default', 'system_scope': None, 'domain_id': None, 'project_id': '670dbffe4aed43c6afc3899ff59b8040', 'project_domain_id': 'default', 'roles': ['reader', 'member'], 'is_admin_project': True, 'service_user_id': None, 'service_user_domain_id': None, 'service_project_id': None, 'service_project_domain_id': None, 'service_roles': []} {{(pid=117857) authorize /opt/stack/nova/nova/policy.py:199}}
Aug 01 14:09:18.932143 dv-cinder-847131-3-iscsi devstack@n-api.service[117857]: INFO nova.api.openstack.requestlog [None req-9e16a73d-0208-4478-bce2-bf0f867b469f tempest-ServerRescueNegativeTestJSON-953171937 tempest-ServerRescueNegativeTestJSON-953171937-project] 10.222.0.48 "GET /compute/v2.1/servers/8437bc61-6b11-4e15-afb8-f748b55a9e06" status: 200 len: 1321 microversion: 2.1 time: 0.193122
Aug 01 14:09:18.932705 dv-cinder-847131-3-iscsi devstack@n-api.service[117857]: [pid: 117857|app: 0|req: 34/69] 10.222.0.48 () {58 vars in 1236 bytes} [Mon Aug 1 14:09:18 2022] GET /compute/v2.1/servers/8437bc61-6b11-4e15-afb8-f748b55a9e06 => generated 1321 bytes in 194 msecs (HTTP/1.1 200) 9 headers in 358 bytes (1 switches on core 0)
Aug 01 14:09:18.939302 dv-cinder-847131-3-iscsi devstack@n-api.service[117859]: DEBUG nova.policy [None req-e70c6ced-8254-4adb-a08f-ac6a403ff8db tempest-AttachVolumeNegativeTest-2133085870 tempest-AttachVolumeNegativeTest-2133085870-project] Policy check for os_compute_api:os-extended-server-attributes failed with credentials {'is_admin': False, 'user_id': 'ca3cd1c2aec94b43aff0034b812a069d', 'user_domain_id': 'default', 'system_scope': None, 'domain_id': None, 'project_id': 'a3203f080a05422e83090a1f0a31d1a9', 'project_domain_id': 'default', 'roles': ['reader', 'member'], 'is_admin_project': True, 'service_user_id': None, 'service_user_domain_id': None, 'service_project_id': None, 'service_project_domain_id': None, 'service_roles': []} {{(pid=117859) authorize /opt/stack/nova/nova/policy.py:199}}
Aug 01 14:09:18.947243 dv-cinder-847131-3-iscsi devstack@n-api.service[117859]: INFO nova.api.openstack.requestlog [None req-e70c6ced-8254-4adb-a08f-ac6a403ff8db tempest-AttachVolumeNegativeTest-2133085870 tempest-AttachVolumeNegativeTest-2133085870-project] 10.222.0.48 "GET /compute/v2.1/servers/78cc4e77-f019-4285-ac19-c01b7c96a515" status: 200 len: 1298 microversion: 2.1 time: 0.108817
Aug 01 14:09:18.947813 dv-cinder-847131-3-iscsi devstack@n-api.service[117859]: [pid: 117859|app: 0|req: 36/70] 10.222.0.48 () {58 vars in 1236 bytes} [Mon Aug 1 14:09:18 2022] GET /compute/v2.1/servers/78cc4e77-f019-4285-ac19-c01b7c96a515 => generated 1298 bytes in 111 msecs (HTTP/1.1 200) 9 headers in 358 bytes (1 switches on core 0)
Aug 01 14:09:19.180404 dv-cinder-847131-3-iscsi devstack@n-api.service[117857]: DEBUG nova.api.openstack.wsgi [None req-c60d425b-a6d9-4865-bb88-de65dbf3a9d6 tempest-VolumesNegativeTest-187284388 tempest-VolumesNegativeTest-187284388-project] Action: 'create', calling method: .version_select at 0x7f4468221e50>, body: {"volume": {"size": "#$%", "display_name": "tempest-VolumesNegativeTest-Volume-739254462", "metadata": {"Type": "work"}}} {{(pid=117857) _process_stack /opt/stack/nova/nova/api/openstack/wsgi.py:511}}
Aug 01 14:09:19.185998 dv-cinder-847131-3-iscsi devstack@n-api.service[117857]: DEBUG nova.api.openstack.wsgi [None req-c60d425b-a6d9-4865-bb88-de65dbf3a9d6 tempest-VolumesNegativeTest-187284388 tempest-VolumesNegativeTest-187284388-project] Request method failure captured:
Aug 01 14:09:19.185998 dv-cinder-847131-3-iscsi devstack@n-api.service[117857]: request: POST /compute/v2.1/os-volumes HTTP/1.1
Aug 01 14:09:19.185998 dv-cinder-847131-3-iscsi devstack@n-api.service[117857]: Accept: application/json
Aug 01 14:09:19.185998 dv-cinder-847131-3-iscsi devstack@n-api.service[117857]: Accept-Encoding: identity
Aug 01 14:09:19.185998 dv-cinder-847131-3-iscsi devstack@n-api.service[117857]: Connection: close
Aug 01 14:09:19.185998 dv-cinder-847131-3-iscsi devstack@n-api.service[117857]: Content-Length: 121
Aug 01 14:09:19.185998 dv-cinder-847131-3-iscsi devstack@n-api.service[117857]: Content-Type: application/json
Aug 01 14:09:19.185998 dv-cinder-847131-3-iscsi devstack@n-api.service[117857]: Host: 10.222.0.48
Aug 01 14:09:19.185998 dv-cinder-847131-3-iscsi devstack@n-api.service[117857]: Openstack-System-Scope: None
Aug 01 14:09:19.185998 dv-cinder-847131-3-iscsi devstack@n-api.service[117857]: User-Agent: python-urllib3/1.26.10
Aug 01 14:09:19.185998 dv-cinder-847131-3-iscsi devstack@n-api.service[117857]: X-Auth-Token: gAAAAABi596Oe0AMY_36g14Tb_0ldUz5BaWgQTrcurdT-zjioHvmZySKPnM78igxYeTRhcroQKBH1X6clJ4RLF7oCXCrURiSLBqRERbCpF_I2IR-O_rnXcaLXBu17kPfGtYtMoJde-6c4Pq6nSoYt0v3lPdTFlYNlENzcQPo2SrHuVMiHWcG7c4
Aug 01 14:09:19.185998 dv-cinder-847131-3-iscsi devstack@n-api.service[117857]: X-Domain-Id: None
Aug 01 14:09:19.185998 dv-cinder-847131-3-iscsi devstack@n-api.service[117857]: X-Domain-Name: None
Aug 01 14:09:19.185998 dv-cinder-847131-3-iscsi devstack@n-api.service[117857]: X-Identity-Status: Confirmed
