Jun 24 08:27:31.085087 dv-cinder-847131-2-iscsi devstack@keystone.service[80424]: DEBUG keystone.server.flask.request_processing.req_logging [None req-466999a2-b965-4927-a4f3-ab3839a45c67 None admin] SCRIPT_NAME: `/identity` {{(pid=80424) log_request_info /opt/stack/keystone/keystone/server/flask/request_processing/req_logging.py:28}}
Jun 24 08:27:31.085434 dv-cinder-847131-2-iscsi devstack@keystone.service[80424]: DEBUG keystone.server.flask.request_processing.req_logging [None req-466999a2-b965-4927-a4f3-ab3839a45c67 None admin] PATH_INFO: `/v3/projects/58dfc569119141c688e8c2f5c4faab17/groups/5a531630602f4ac0832798f5e5a1855a/roles/bd56838b71ec4a5781fe2df9f3f4f1ab` {{(pid=80424) log_request_info /opt/stack/keystone/keystone/server/flask/request_processing/req_logging.py:29}}
Jun 24 08:27:31.088855 dv-cinder-847131-2-iscsi devstack@keystone.service[80424]: DEBUG keystone.common.rbac_enforcer.enforcer [None req-466999a2-b965-4927-a4f3-ab3839a45c67 None admin] RBAC: Authorizing `identity:create_grant(project_id=58dfc569119141c688e8c2f5c4faab17, group_id=5a531630602f4ac0832798f5e5a1855a, role_id=bd56838b71ec4a5781fe2df9f3f4f1ab)` {{(pid=80424) enforce_call /opt/stack/keystone/keystone/common/rbac_enforcer/enforcer.py:449}}
Jun 24 08:27:31.090404 dv-cinder-847131-2-iscsi devstack@keystone.service[80424]: DEBUG keystone.common.rbac_enforcer.enforcer [None req-466999a2-b965-4927-a4f3-ab3839a45c67 None admin] RBAC: Authorization granted {{(pid=80424) enforce_call /opt/stack/keystone/keystone/common/rbac_enforcer/enforcer.py:457}}
Jun 24 08:27:31.107972 dv-cinder-847131-2-iscsi devstack@keystone.service[80424]: [pid: 80424|app: 0|req: 209/411] 10.222.0.13 () {58 vars in 1442 bytes} [Fri Jun 24 08:27:30 2022] PUT /identity/v3/projects/58dfc569119141c688e8c2f5c4faab17/groups/5a531630602f4ac0832798f5e5a1855a/roles/bd56838b71ec4a5781fe2df9f3f4f1ab => generated 0 bytes in 204 msecs (HTTP/1.1 204) 3 headers in 132 bytes (0 switches on core 0)
Jun 24 08:27:31.127710 dv-cinder-847131-2-iscsi devstack@keystone.service[80425]: DEBUG keystone.server.flask.request_processing.middleware.auth_context [None req-e1f095a2-786b-44c4-a022-0b3849216431 None admin] RBAC: auth_context: {'token': , 'domain_id': None, 'trust_id': None, 'trustor_id': None, 'trustee_id': None, 'domain_name': None, 'group_ids': [], 'user_id': '268e75b173ff435b8dfbe2517f69c015', 'user_domain_id': 'default', 'system_scope': 'all', 'project_id': None, 'project_domain_id': None, 'roles': ['admin', 'member', 'reader'], 'is_admin_project': True, 'service_user_id': None, 'service_user_domain_id': None, 'service_project_id': None, 'service_project_domain_id': None, 'service_roles': []} {{(pid=80425) fill_context /opt/stack/keystone/keystone/server/flask/request_processing/middleware/auth_context.py:478}}
Jun 24 08:27:31.128791 dv-cinder-847131-2-iscsi devstack@keystone.service[80425]: DEBUG keystone.server.flask.request_processing.req_logging [None req-e1f095a2-786b-44c4-a022-0b3849216431 None admin] REQUEST_METHOD: `GET` {{(pid=80425) log_request_info /opt/stack/keystone/keystone/server/flask/request_processing/req_logging.py:27}}
Jun 24 08:27:31.129246 dv-cinder-847131-2-iscsi devstack@keystone.service[80425]: DEBUG keystone.server.flask.request_processing.req_logging [None req-e1f095a2-786b-44c4-a022-0b3849216431 None admin] SCRIPT_NAME: `/identity` {{(pid=80425) log_request_info /opt/stack/keystone/keystone/server/flask/request_processing/req_logging.py:28}}
Jun 24 08:27:31.129724 dv-cinder-847131-2-iscsi devstack@keystone.service[80425]: DEBUG keystone.server.flask.request_processing.req_logging [None req-e1f095a2-786b-44c4-a022-0b3849216431 None admin] PATH_INFO: `/v3/roles` {{(pid=80425) log_request_info /opt/stack/keystone/keystone/server/flask/request_processing/req_logging.py:29}}
Jun 24 08:27:31.130702 dv-cinder-847131-2-iscsi devstack@keystone.service[80425]: DEBUG keystone.common.rbac_enforcer.enforcer [None req-e1f095a2-786b-44c4-a022-0b3849216431 None admin] RBAC: Adding query filter params (name=admin) {{(pid=80425) _extract_filter_values /opt/stack/keystone/keystone/common/rbac_enforcer/enforcer.py:167}}
Jun 24 08:27:31.131209 dv-cinder-847131-2-iscsi devstack@keystone.service[80425]: DEBUG keystone.common.rbac_enforcer.enforcer [None req-e1f095a2-786b-44c4-a022-0b3849216431 None admin] RBAC: Authorizing `identity:list_roles()` {{(pid=80425) enforce_call /opt/stack/keystone/keystone/common/rbac_enforcer/enforcer.py:449}}
Jun 24 08:27:31.135883 dv-cinder-847131-2-iscsi devstack@keystone.service[80425]: DEBUG keystone.common.rbac_enforcer.enforcer [None req-e1f095a2-786b-44c4-a022-0b3849216431 None admin] RBAC: Authorization granted {{(pid=80425) enforce_call /opt/stack/keystone/keystone/common/rbac_enforcer/enforcer.py:457}}
Jun 24 08:27:31.146935 dv-cinder-847131-2-iscsi devstack@keystone.service[80425]: [pid: 80425|app: 0|req: 203/412] 10.222.0.13 () {56 vars in 1099 bytes} [Fri Jun 24 08:27:30 2022] GET /identity/v3/roles?name=admin => generated 339 bytes in 271 msecs (HTTP/1.1 200) 5 headers in 177 bytes (1 switches on core 0)
Jun 24 08:27:31.153063 dv-cinder-847131-2-iscsi devstack@keystone.service[80424]: DEBUG keystone.server.flask.request_processing.middleware.auth_context [None req-466999a2-b965-4927-a4f3-ab3839a45c67 None admin] Authenticating user token {{(pid=80424) process_request /usr/local/lib/python3.8/dist-packages/keystonemiddleware/auth_token/__init__.py:407}}
Jun 24 08:27:31.182140 dv-cinder-847131-2-iscsi devstack@keystone.service[80424]: DEBUG dbcounter [-] [80424] Writing DB stats keystone:SELECT=98,keystone:INSERT=2 {{(pid=80424) stat_writer /usr/local/lib/python3.8/dist-packages/dbcounter.py:114}}
Jun 24 08:27:31.271392 dv-cinder-847131-2-iscsi devstack@keystone.service[80424]: DEBUG keystone.server.flask.request_processing.middleware.auth_context [None req-466999a2-b965-4927-a4f3-ab3839a45c67 None admin] Validating token access rules against request {{(pid=80424) validate_allowed_request /usr/local/lib/python3.8/dist-packages/keystonemiddleware/auth_token/__init__.py:545}}
Jun 24 08:27:31.308473 dv-cinder-847131-2-iscsi devstack@keystone.service[80424]: DEBUG keystone.server.flask.request_processing.middleware.auth_context [None req-b7648537-1943-4d8f-a347-f18a925e9fd5 None admin] RBAC: auth_context: {'token': , 'domain_id': None, 'trust_id': None, 'trustor_id': None, 'trustee_id': None, 'domain_name': None, 'group_ids': [], 'user_id': '268e75b173ff435b8dfbe2517f69c015', 'user_domain_id': 'default', 'system_scope': 'all', 'project_id': None, 'project_domain_id': None, 'roles': ['admin', 'member', 'reader'], 'is_admin_project': True, 'service_user_id': None, 'service_user_domain_id': None, 'service_project_id': None, 'service_project_domain_id': None, 'service_roles': []} {{(pid=80424) fill_context /opt/stack/keystone/keystone/server/flask/request_processing/middleware/auth_context.py:478}}
Jun 24 08:27:31.309628 dv-cinder-847131-2-iscsi devstack@keystone.service[80424]: DEBUG keystone.server.flask.request_processing.req_logging [None req-b7648537-1943-4d8f-a347-f18a925e9fd5 None admin] REQUEST_METHOD: `GET` {{(pid=80424) log_request_info /opt/stack/keystone/keystone/server/flask/request_processing/req_logging.py:27}}
Jun 24 08:27:31.310075 dv-cinder-847131-2-iscsi devstack@keystone.service[80424]: DEBUG keystone.server.flask.request_processing.req_logging [None req-b7648537-1943-4d8f-a347-f18a925e9fd5 None admin] SCRIPT_NAME: `/identity` {{(pid=80424) log_request_info /opt/stack/keystone/keystone/server/flask/request_processing/req_logging.py:28}}
Jun 24 08:27:31.310623 dv-cinder-847131-2-iscsi devstack@keystone.service[80424]: DEBUG keystone.server.flask.request_processing.req_logging [None req-b7648537-1943-4d8f-a347-f18a925e9fd5 None admin] PATH_INFO: `/v3/groups/0d3c104b8b6442238675ca64834ba5ed` {{(pid=80424) log_request_info /opt/stack/keystone/keystone/server/flask/request_processing/req_logging.py:29}}
Jun 24 08:27:31.312094 dv-cinder-847131-2-iscsi devstack@keystone.service[80424]: DEBUG keystone.common.rbac_enforcer.enforcer [None req-b7648537-1943-4d8f-a347-f18a925e9fd5 None admin] RBAC: Authorizing `identity:get_group(group_id=0d3c104b8b6442238675ca64834ba5ed)` {{(pid=80424) enforce_call /opt/stack/keystone/keystone/common/rbac_enforcer/enforcer.py:449}}
Jun 24 08:27:31.313672 dv-cinder-847131-2-iscsi devstack@keystone.service[80424]: DEBUG keystone.common.rbac_enforcer.enforcer [None req-b7648537-1943-4d8f-a347-f18a925e9fd5 None admin] RBAC: Authorization granted {{(pid=80424) enforce_call /opt/stack/keystone/keystone/common/rbac_enforcer/enforcer.py:457}}
Jun 24 08:27:31.315622 dv-cinder-847131-2-iscsi devstack@keystone.service[80424]: [pid: 80424|app: 0|req: 210/413] 10.222.0.13 () {56 vars in 1180 bytes} [Fri Jun 24 08:27:31 2022] GET /identity/v3/groups/0d3c104b8b6442238675ca64834ba5ed => generated 229 bytes in 163 msecs (HTTP/1.1 200) 5 headers in 177 bytes (1 switches on core 0)
Jun 24 08:27:31.321860 dv-cinder-847131-2-iscsi devstack@keystone.service[80425]: DEBUG keystone.server.flask.request_processing.middleware.auth_context [None req-e1f095a2-786b-44c4-a022-0b3849216431 None admin] Authenticating user token {{(pid=80425) process_request /usr/local/lib/python3.8/dist-packages/keystonemiddleware/auth_token/__init__.py:407}}
Jun 24 08:27:31.345619 dv-cinder-847131-2-iscsi devstack@keystone.service[80424]: DEBUG keystone.server.flask.request_processing.req_logging [None req-5981341c-fa20-4173-963d-cb4ab10cc7cb None None] REQUEST_METHOD: `GET` {{(pid=80424) log_request_info /opt/stack/keystone/keystone/server/flask/request_processing/req_logging.py:27}}
Jun 24 08:27:31.345928 dv-cinder-847131-2-iscsi devstack@keystone.service[80424]: DEBUG keystone.server.flask.request_processing.req_logging [None req-5981341c-fa20-4173-963d-cb4ab10cc7cb None None] SCRIPT_NAME: `/identity` {{(pid=80424) log_request_info /opt/stack/keystone/keystone/server/flask/request_processing/req_logging.py:28}}
Jun 24 08:27:31.346232 dv-cinder-847131-2-iscsi devstack@keystone.service[80424]: DEBUG keystone.server.flask.request_processing.req_logging [None req-5981341c-fa20-4173-963d-cb4ab10cc7cb None None] PATH_INFO: `/` {{(pid=80424) log_request_info /opt/stack/keystone/keystone/server/flask/request_processing/req_logging.py:29}}
Jun 24 08:27:31.347781 dv-cinder-847131-2-iscsi devstack@keystone.service[80424]: [pid: 80424|app: 0|req: 211/414] 10.222.0.13 () {54 vars in 926 bytes} [Fri Jun 24 08:27:31 2022] GET /identity => generated 270 bytes in 3 msecs (HTTP/1.1 300) 6 headers in 234 bytes (2 switches on core 0)
Jun 24 08:27:31.353542 dv-cinder-847131-2-iscsi devstack@keystone.service[80424]: DEBUG keystone.server.flask.request_processing.req_logging [None req-6156e7a5-3fcb-4e6b-8c04-668945dc9b3a None None] REQUEST_METHOD: `POST` {{(pid=80424) log_request_info /opt/stack/keystone/keystone/server/flask/request_processing/req_logging.py:27}}
Jun 24 08:27:31.353855 dv-cinder-847131-2-iscsi devstack@keystone.service[80424]: DEBUG keystone.server.flask.request_processing.req_logging [None req-6156e7a5-3fcb-4e6b-8c04-668945dc9b3a None None] SCRIPT_NAME: `/identity` {{(pid=80424) log_request_info /opt/stack/keystone/keystone/server/flask/request_processing/req_logging.py:28}}
Jun 24 08:27:31.354120 dv-cinder-847131-2-iscsi devstack@keystone.service[80424]: DEBUG keystone.server.flask.request_processing.req_logging [None req-6156e7a5-3fcb-4e6b-8c04-668945dc9b3a None None] PATH_INFO: `/v3/auth/tokens` {{(pid=80424) log_request_info /opt/stack/keystone/keystone/server/flask/request_processing/req_logging.py:29}}
Jun 24 08:27:31.382384 dv-cinder-847131-2-iscsi devstack@keystone.service[80425]: DEBUG dbcounter [-] [80425] Writing DB stats keystone:SELECT=100 {{(pid=80425) stat_writer /usr/local/lib/python3.8/dist-packages/dbcounter.py:114}}
Jun 24 08:27:31.382963 dv-cinder-847131-2-iscsi devstack@keystone.service[80424]: DEBUG keystone.auth.core [None req-6156e7a5-3fcb-4e6b-8c04-668945dc9b3a None None] MFA Rules not processed for user `268e75b173ff435b8dfbe2517f69c015`. Rule list: `[]` (Enabled: `True`). {{(pid=80424) check_auth_methods_against_rules /opt/stack/keystone/keystone/auth/core.py:438}}
Jun 24 08:27:31.385003 dv-cinder-847131-2-iscsi devstack@keystone.service[80424]: DEBUG keystone.common.fernet_utils [None req-6156e7a5-3fcb-4e6b-8c04-668945dc9b3a None None] Loaded 2 Fernet keys from /etc/keystone/fernet-keys/, but `[fernet_tokens] max_active_keys = 3`; perhaps there have not been enough key rotations to reach `max_active_keys` yet? {{(pid=80424) load_keys /opt/stack/keystone/keystone/common/fernet_utils.py:286}}
Jun 24 08:27:31.468757 dv-cinder-847131-2-iscsi devstack@keystone.service[80425]: DEBUG keystone.server.flask.request_processing.middleware.auth_context [None req-e1f095a2-786b-44c4-a022-0b3849216431 None admin] Validating token access rules against request {{(pid=80425) validate_allowed_request /usr/local/lib/python3.8/dist-packages/keystonemiddleware/auth_token/__init__.py:545}}
Jun 24 08:27:31.477158 dv-cinder-847131-2-iscsi devstack@keystone.service[80424]: [pid: 80424|app: 0|req: 212/415] 10.222.0.13 () {58 vars in 1023 bytes} [Fri Jun 24 08:27:31 2022] POST /identity/v3/auth/tokens => generated 799 bytes in 125 msecs (HTTP/1.1 201) 6 headers in 363 bytes (1 switches on core 0)
Jun 24 08:27:31.505510 dv-cinder-847131-2-iscsi devstack@keystone.service[80425]: DEBUG keystone.server.flask.request_processing.middleware.auth_context [None req-77c1fa25-0cbd-4137-9867-0cf9f7b87404 None admin] RBAC: auth_context: {'token': , 'domain_id': None, 'trust_id': None, 'trustor_id': None, 'trustee_id': None, 'domain_name': None, 'group_ids': [], 'user_id': '268e75b173ff435b8dfbe2517f69c015', 'user_domain_id': 'default', 'system_scope': 'all', 'project_id': None, 'project_domain_id': None, 'roles': ['admin', 'member', 'reader'], 'is_admin_project': True, 'service_user_id': None, 'service_user_domain_id': None, 'service_project_id': None, 'service_project_domain_id': None, 'service_roles': []} {{(pid=80425) fill_context /opt/stack/keystone/keystone/server/flask/request_processing/middleware/auth_context.py:478}}
Jun 24 08:27:31.505769 dv-cinder-847131-2-iscsi devstack@keystone.service[80424]: DEBUG keystone.server.flask.request_processing.middleware.auth_context [None req-6156e7a5-3fcb-4e6b-8c04-668945dc9b3a None None] Authenticating user token {{(pid=80424) process_request /usr/local/lib/python3.8/dist-packages/keystonemiddleware/auth_token/__init__.py:407}}
Jun 24 08:27:31.506415 dv-cinder-847131-2-iscsi devstack@keystone.service[80425]: DEBUG keystone.server.flask.request_processing.req_logging [None req-77c1fa25-0cbd-4137-9867-0cf9f7b87404 None admin] REQUEST_METHOD: `GET` {{(pid=80425) log_request_info /opt/stack/keystone/keystone/server/flask/request_processing/req_logging.py:27}}
Jun 24 08:27:31.506697 dv-cinder-847131-2-iscsi devstack@keystone.service[80425]: DEBUG keystone.server.flask.request_processing.req_logging [None req-77c1fa25-0cbd-4137-9867-0cf9f7b87404 None admin] SCRIPT_NAME: `/identity` {{(pid=80425) log_request_info /opt/stack/keystone/keystone/server/flask/request_processing/req_logging.py:28}}
Jun 24 08:27:31.506972 dv-cinder-847131-2-iscsi devstack@keystone.service[80425]: DEBUG keystone.server.flask.request_processing.req_logging [None req-77c1fa25-0cbd-4137-9867-0cf9f7b87404 None admin] PATH_INFO: `/v3/projects/985b4af5ece540be8554aecad33b1dc4` {{(pid=80425) log_request_info /opt/stack/keystone/keystone/server/flask/request_processing/req_logging.py:29}}
Jun 24 08:27:31.508352 dv-cinder-847131-2-iscsi devstack@keystone.service[80425]: DEBUG keystone.common.rbac_enforcer.enforcer [None req-77c1fa25-0cbd-4137-9867-0cf9f7b87404 None admin] RBAC: Authorizing `identity:get_project(project_id=985b4af5ece540be8554aecad33b1dc4)` {{(pid=80425) enforce_call /opt/stack/keystone/keystone/common/rbac_enforcer/enforcer.py:449}}
Jun 24 08:27:31.509955 dv-cinder-847131-2-iscsi devstack@keystone.service[80425]: DEBUG keystone.common.rbac_enforcer.enforcer [None req-77c1fa25-0cbd-4137-9867-0cf9f7b87404 None admin] RBAC: Authorization granted {{(pid=80425) enforce_call /opt/stack/keystone/keystone/common/rbac_enforcer/enforcer.py:457}}
Jun 24 08:27:31.512041 dv-cinder-847131-2-iscsi devstack@keystone.service[80425]: [pid: 80425|app: 0|req: 204/416] 10.222.0.13 () {56 vars in 1186 bytes} [Fri Jun 24 08:27:31 2022] GET /identity/v3/projects/985b4af5ece540be8554aecad33b1dc4 => generated 344 bytes in 191 msecs (HTTP/1.1 200) 5 headers in 177 bytes (1 switches on core 0)
Jun 24 08:27:31.517494 dv-cinder-847131-2-iscsi devstack@keystone.service[80425]: DEBUG keystone.server.flask.request_processing.middleware.auth_context [None req-77c1fa25-0cbd-4137-9867-0cf9f7b87404 None admin] Authenticating user token {{(pid=80425) process_request /usr/local/lib/python3.8/dist-packages/keystonemiddleware/auth_token/__init__.py:407}}
Jun 24 08:27:31.526413 dv-cinder-847131-2-iscsi devstack@keystone.service[80424]: DEBUG dbcounter [-] [80424] Writing DB stats keystone:SELECT=100 {{(pid=80424) stat_writer /usr/local/lib/python3.8/dist-packages/dbcounter.py:114}}
Jun 24 08:27:31.618170 dv-cinder-847131-2-iscsi devstack@keystone.service[80424]: DEBUG keystone.server.flask.request_processing.middleware.auth_context [None req-6156e7a5-3fcb-4e6b-8c04-668945dc9b3a None None] Validating token access rules against request {{(pid=80424) validate_allowed_request /usr/local/lib/python3.8/dist-packages/keystonemiddleware/auth_token/__init__.py:545}}
Jun 24 08:27:31.620233 dv-cinder-847131-2-iscsi devstack@keystone.service[80425]: DEBUG keystone.server.flask.request_processing.middleware.auth_context [None req-77c1fa25-0cbd-4137-9867-0cf9f7b87404 None admin] Validating token access rules against request {{(pid=80425) validate_allowed_request /usr/local/lib/python3.8/dist-packages/keystonemiddleware/auth_token/__init__.py:545}}
Jun 24 08:27:31.622613 dv-cinder-847131-2-iscsi devstack@keystone.service[80425]: DEBUG dbcounter [-] [80425] Writing DB stats keystone:SELECT=100 {{(pid=80425) stat_writer /usr/local/lib/python3.8/dist-packages/dbcounter.py:114}}
Jun 24 08:27:31.657147 dv-cinder-847131-2-iscsi devstack@keystone.service[80425]: DEBUG keystone.server.flask.request_processing.middleware.auth_context [None req-b3654bce-d752-4c89-b0ac-d00ee5bb39ac None admin] RBAC: auth_context: {'token': , 'domain_id': None, 'trust_id': None, 'trustor_id': None, 'trustee_id': None, 'domain_name': None, 'group_ids': [], 'user_id': '268e75b173ff435b8dfbe2517f69c015', 'user_domain_id': 'default', 'system_scope': 'all', 'project_id': None, 'project_domain_id': None, 'roles': ['admin', 'member', 'reader'], 'is_admin_project': True, 'service_user_id': None, 'service_user_domain_id': None, 'service_project_id': None, 'service_project_domain_id': None, 'service_roles': []} {{(pid=80425) fill_context /opt/stack/keystone/keystone/server/flask/request_processing/middleware/auth_context.py:478}}
Jun 24 08:27:31.658158 dv-cinder-847131-2-iscsi devstack@keystone.service[80425]: DEBUG keystone.server.flask.request_processing.req_logging [None req-b3654bce-d752-4c89-b0ac-d00ee5bb39ac None admin] REQUEST_METHOD: `PUT` {{(pid=80425) log_request_info /opt/stack/keystone/keystone/server/flask/request_processing/req_logging.py:27}}
Jun 24 08:27:31.658439 dv-cinder-847131-2-iscsi devstack@keystone.service[80425]: DEBUG keystone.server.flask.request_processing.req_logging [None req-b3654bce-d752-4c89-b0ac-d00ee5bb39ac None admin] SCRIPT_NAME: `/identity` {{(pid=80425) log_request_info /opt/stack/keystone/keystone/server/flask/request_processing/req_logging.py:28}}
Jun 24 08:27:31.658544 dv-cinder-847131-2-iscsi devstack@keystone.service[80424]: DEBUG keystone.server.flask.request_processing.middleware.auth_context [None req-63bf35fd-6f94-4ed6-a584-608d5ecb8f47 None admin] RBAC: auth_context: {'token': , 'domain_id': None, 'trust_id': None, 'trustor_id': None, 'trustee_id': None, 'domain_name': None, 'group_ids': [], 'user_id': '268e75b173ff435b8dfbe2517f69c015', 'user_domain_id': 'default', 'system_scope': 'all', 'project_id': None, 'project_domain_id': None, 'roles': ['admin', 'member', 'reader'], 'is_admin_project': True, 'service_user_id': None, 'service_user_domain_id': None, 'service_project_id': None, 'service_project_domain_id': None, 'service_roles': []} {{(pid=80424) fill_context /opt/stack/keystone/keystone/server/flask/request_processing/middleware/auth_context.py:478}}
Jun 24 08:27:31.658738 dv-cinder-847131-2-iscsi devstack@keystone.service[80425]: DEBUG keystone.server.flask.request_processing.req_logging [None req-b3654bce-d752-4c89-b0ac-d00ee5bb39ac None admin] PATH_INFO: `/v3/projects/985b4af5ece540be8554aecad33b1dc4/groups/0d3c104b8b6442238675ca64834ba5ed/roles/acfe707eee6944ad94d1915fc9ee7ea3` {{(pid=80425) log_request_info /opt/stack/keystone/keystone/server/flask/request_processing/req_logging.py:29}}
Jun 24 08:27:31.659311 dv-cinder-847131-2-iscsi devstack@keystone.service[80424]: DEBUG keystone.server.flask.request_processing.req_logging [None req-63bf35fd-6f94-4ed6-a584-608d5ecb8f47 None admin] REQUEST_METHOD: `GET` {{(pid=80424) log_request_info /opt/stack/keystone/keystone/server/flask/request_processing/req_logging.py:27}}
Jun 24 08:27:31.659595 dv-cinder-847131-2-iscsi devstack@keystone.service[80424]: DEBUG keystone.server.flask.request_processing.req_logging [None req-63bf35fd-6f94-4ed6-a584-608d5ecb8f47 None admin] SCRIPT_NAME: `/identity` {{(pid=80424) log_request_info /opt/stack/keystone/keystone/server/flask/request_processing/req_logging.py:28}}
Jun 24 08:27:31.659925 dv-cinder-847131-2-iscsi devstack@keystone.service[80424]: DEBUG keystone.server.flask.request_processing.req_logging [None req-63bf35fd-6f94-4ed6-a584-608d5ecb8f47 None admin] PATH_INFO: `/v3/roles/anotherrole` {{(pid=80424) log_request_info /opt/stack/keystone/keystone/server/flask/request_processing/req_logging.py:29}}
Jun 24 08:27:31.660660 dv-cinder-847131-2-iscsi devstack@keystone.service[80425]: DEBUG keystone.common.rbac_enforcer.enforcer [None req-b3654bce-d752-4c89-b0ac-d00ee5bb39ac None admin] RBAC: Authorizing `identity:create_grant(project_id=985b4af5ece540be8554aecad33b1dc4, group_id=0d3c104b8b6442238675ca64834ba5ed, role_id=acfe707eee6944ad94d1915fc9ee7ea3)` {{(pid=80425) enforce_call /opt/stack/keystone/keystone/common/rbac_enforcer/enforcer.py:449}}
Jun 24 08:27:31.662144 dv-cinder-847131-2-iscsi devstack@keystone.service[80425]: DEBUG keystone.common.rbac_enforcer.enforcer [None req-b3654bce-d752-4c89-b0ac-d00ee5bb39ac None admin] RBAC: Authorization granted {{(pid=80425) enforce_call /opt/stack/keystone/keystone/common/rbac_enforcer/enforcer.py:457}}
Jun 24 08:27:31.671994 dv-cinder-847131-2-iscsi devstack@keystone.service[80424]: DEBUG keystone.common.rbac_enforcer.enforcer [None req-63bf35fd-6f94-4ed6-a584-608d5ecb8f47 None admin] Extracting inferred target data resulted in "NOT FOUND (404)". {{(pid=80424) enforce_call /opt/stack/keystone/keystone/common/rbac_enforcer/enforcer.py:409}}
Jun 24 08:27:31.681091 dv-cinder-847131-2-iscsi devstack@keystone.service[80424]: ERROR keystone.server.flask.application [None req-63bf35fd-6f94-4ed6-a584-608d5ecb8f47 None admin] Could not find role: anotherrole.: keystone.exception.RoleNotFound: Could not find role: anotherrole.
Jun 24 08:27:31.681091 dv-cinder-847131-2-iscsi devstack@keystone.service[80424]: ERROR keystone.server.flask.application
Traceback (most recent call last):
Jun 24 08:27:31.681091 dv-cinder-847131-2-iscsi devstack@keystone.service[80424]: ERROR keystone.server.flask.application
File "/usr/local/lib/python3.8/dist-packages/flask/app.py", line 1523, in full_dispatch_request
Jun 24 08:27:31.681091 dv-cinder-847131-2-iscsi devstack@keystone.service[80424]: ERROR keystone.server.flask.application rv = self.dispatch_request()
Jun 24 08:27:31.681091 dv-cinder-847131-2-iscsi devstack@keystone.service[80424]: ERROR keystone.server.flask.application
File "/usr/local/lib/python3.8/dist-packages/flask/app.py", line 1509, in dispatch_request
Jun 24 08:27:31.681091 dv-cinder-847131-2-iscsi devstack@keystone.service[80424]: ERROR keystone.server.flask.application return self.ensure_sync(self.view_functions[rule.endpoint])(**req.view_args)
Jun 24 08:27:31.681091 dv-cinder-847131-2-iscsi devstack@keystone.service[80424]: ERROR keystone.server.flask.application
File "/usr/local/lib/python3.8/dist-packages/flask_restful/__init__.py", line 467, in wrapper
Jun 24 08:27:31.681091 dv-cinder-847131-2-iscsi devstack@keystone.service[80424]: ERROR keystone.server.flask.application resp = resource(*args, **kwargs)
Jun 24 08:27:31.681091 dv-cinder-847131-2-iscsi devstack@keystone.service[80424]: ERROR keystone.server.flask.application
File "/usr/local/lib/python3.8/dist-packages/flask/views.py", line 84, in view
Jun 24 08:27:31.681091 dv-cinder-847131-2-iscsi devstack@keystone.service[80424]: ERROR keystone.server.flask.application return current_app.ensure_sync(self.dispatch_request)(*args, **kwargs)
Jun 24 08:27:31.681091 dv-cinder-847131-2-iscsi devstack@keystone.service[80424]: ERROR keystone.server.flask.application
File "/usr/local/lib/python3.8/dist-packages/flask_restful/__init__.py", line 582, in dispatch_request
Jun 24 08:27:31.681091 dv-cinder-847131-2-iscsi devstack@keystone.service[80424]: ERROR keystone.server.flask.application resp = meth(*args, **kwargs)
Jun 24 08:27:31.681091 dv-cinder-847131-2-iscsi devstack@keystone.service[80424]: ERROR keystone.server.flask.application
File "/opt/stack/keystone/keystone/api/roles.py", line 50, in get
Jun 24 08:27:31.681091 dv-cinder-847131-2-iscsi devstack@keystone.service[80424]: ERROR keystone.server.flask.application return self._get_role(role_id)
Jun 24 08:27:31.681091 dv-cinder-847131-2-iscsi devstack@keystone.service[80424]: ERROR keystone.server.flask.application
File "/opt/stack/keystone/keystone/api/roles.py", line 70, in _get_role
Jun 24 08:27:31.681091 dv-cinder-847131-2-iscsi devstack@keystone.service[80424]: ERROR keystone.server.flask.application ENFORCER.enforce_call(action='identity:get_role')
Jun 24 08:27:31.682135 dv-cinder-847131-2-iscsi devstack@keystone.service[80424]: ERROR keystone.server.flask.application
File "/opt/stack/keystone/keystone/common/rbac_enforcer/enforcer.py", line 402, in enforce_call
Jun 24 08:27:31.682135 dv-cinder-847131-2-iscsi devstack@keystone.service[80424]: ERROR keystone.server.flask.application policy_dict.update(cls._extract_member_target_data(
Jun 24 08:27:31.682135 dv-cinder-847131-2-iscsi devstack@keystone.service[80424]: ERROR keystone.server.flask.application
File "/opt/stack/keystone/keystone/common/rbac_enforcer/enforcer.py", line 234, in _extract_member_target_data
Jun 24 08:27:31.682135 dv-cinder-847131-2-iscsi devstack@keystone.service[80424]: ERROR keystone.server.flask.application member_name: func(flask.request.view_args[key])
Jun 24 08:27:31.682135 dv-cinder-847131-2-iscsi devstack@keystone.service[80424]: ERROR keystone.server.flask.application
File "/opt/stack/keystone/keystone/common/manager.py", line 115, in wrapped
Jun 24 08:27:31.682135 dv-cinder-847131-2-iscsi devstack@keystone.service[80424]: ERROR keystone.server.flask.application __ret_val = __f(*args, **kwargs)
Jun 24 08:27:31.682135 dv-cinder-847131-2-iscsi devstack@keystone.service[80424]: ERROR keystone.server.flask.application
File "/usr/local/lib/python3.8/dist-packages/decorator.py", line 232, in fun
Jun 24 08:27:31.682135 dv-cinder-847131-2-iscsi devstack@keystone.service[80424]: ERROR keystone.server.flask.application return caller(func, *(extras + args), **kw)
Jun 24 08:27:31.682135 dv-cinder-847131-2-iscsi devstack@keystone.service[80424]: ERROR keystone.server.flask.application
File "/usr/local/lib/python3.8/dist-packages/dogpile/cache/region.py", line 1577, in get_or_create_for_user_func
Jun 24 08:27:31.682135 dv-cinder-847131-2-iscsi devstack@keystone.service[80424]: ERROR keystone.server.flask.application return self.get_or_create(
Jun 24 08:27:31.682135 dv-cinder-847131-2-iscsi devstack@keystone.service[80424]: ERROR keystone.server.flask.application
File "/usr/local/lib/python3.8/dist-packages/dogpile/cache/region.py", line 1042, in get_or_create
Jun 24 08:27:31.682135 dv-cinder-847131-2-iscsi devstack@keystone.service[80424]: ERROR keystone.server.flask.application with Lock(
Jun 24 08:27:31.682135 dv-cinder-847131-2-iscsi devstack@keystone.service[80424]: ERROR keystone.server.flask.application
File "/usr/local/lib/python3.8/dist-packages/dogpile/lock.py", line 185, in __enter__
Jun 24 08:27:31.682135 dv-cinder-847131-2-iscsi devstack@keystone.service[80424]: ERROR keystone.server.flask.application return self._enter()
Jun 24 08:27:31.682135 dv-cinder-847131-2-iscsi devstack@keystone.service[80424]: ERROR keystone.server.flask.application
File "/usr/local/lib/python3.8/dist-packages/dogpile/lock.py", line 94, in _enter
Jun 24 08:27:31.682135 dv-cinder-847131-2-iscsi devstack@keystone.service[80424]: ERROR keystone.server.flask.application generated = self._enter_create(value, createdtime)
Jun 24 08:27:31.683647 dv-cinder-847131-2-iscsi devstack@keystone.service[80424]: ERROR keystone.server.flask.application
File "/usr/local/lib/python3.8/dist-packages/dogpile/lock.py", line 178, in _enter_create
Jun 24 08:27:31.683647 dv-cinder-847131-2-iscsi devstack@keystone.service[80424]: ERROR keystone.server.flask.application return self.creator()
Jun 24 08:27:31.683647 dv-cinder-847131-2-iscsi devstack@keystone.service[80424]: ERROR keystone.server.flask.application
File "/usr/local/lib/python3.8/dist-packages/dogpile/cache/region.py", line 995, in gen_value
Jun 24 08:27:31.683647 dv-cinder-847131-2-iscsi devstack@keystone.service[80424]: ERROR keystone.server.flask.application created_value = creator(
Jun 24 08:27:31.683647 dv-cinder-847131-2-iscsi devstack@keystone.service[80424]: ERROR keystone.server.flask.application
File "/opt/stack/keystone/keystone/assignment/core.py", line 1276, in get_role
Jun 24 08:27:31.683647 dv-cinder-847131-2-iscsi devstack@keystone.service[80424]: ERROR keystone.server.flask.application return self.driver.get_role(role_id)
Jun 24 08:27:31.683647 dv-cinder-847131-2-iscsi devstack@keystone.service[80424]: ERROR keystone.server.flask.application
File "/opt/stack/keystone/keystone/assignment/role_backends/sql.py", line 70, in get_role
Jun 24 08:27:31.683647 dv-cinder-847131-2-iscsi devstack@keystone.service[80424]: ERROR keystone.server.flask.application return self._get_role(session, role_id).to_dict()
Jun 24 08:27:31.683647 dv-cinder-847131-2-iscsi devstack@keystone.service[80424]: ERROR keystone.server.flask.application
File "/opt/stack/keystone/keystone/assignment/role_backends/sql.py", line 65, in _get_role
Jun 24 08:27:31.683647 dv-cinder-847131-2-iscsi devstack@keystone.service[80424]: ERROR keystone.server.flask.application raise exception.RoleNotFound(role_id=role_id)
Jun 24 08:27:31.683647 dv-cinder-847131-2-iscsi devstack@keystone.service[80424]: ERROR keystone.server.flask.application keystone.exception.RoleNotFound: Could not find role: anotherrole.
Jun 24 08:27:31.683647 dv-cinder-847131-2-iscsi devstack@keystone.service[80424]: ERROR keystone.server.flask.application
Jun 24 08:27:31.683647 dv-cinder-847131-2-iscsi devstack@keystone.service[80424]: [pid: 80424|app: 0|req: 213/417] 10.222.0.13 () {56 vars in 1114 bytes} [Fri Jun 24 08:27:31 2022] GET /identity/v3/roles/anotherrole => generated 89 bytes in 178 msecs (HTTP/1.1 404) 5 headers in 183 bytes (2 switches on core 0)
Jun 24 08:27:31.688564 dv-cinder-847131-2-iscsi devstack@keystone.service[80424]: DEBUG keystone.server.flask.request_processing.middleware.auth_context [None req-63bf35fd-6f94-4ed6-a584-608d5ecb8f47 None admin] Authenticating user token {{(pid=80424) process_request /usr/local/lib/python3.8/dist-packages/keystonemiddleware/auth_token/__init__.py:407}}
Jun 24 08:27:31.700486 dv-cinder-847131-2-iscsi devstack@keystone.service[80425]: [pid: 80425|app: 0|req: 205/418] 10.222.0.13 () {58 vars in 1442 bytes} [Fri Jun 24 08:27:31 2022] PUT /identity/v3/projects/985b4af5ece540be8554aecad33b1dc4/groups/0d3c104b8b6442238675ca64834ba5ed/roles/acfe707eee6944ad94d1915fc9ee7ea3 => generated 0 bytes in 183 msecs (HTTP/1.1 204) 3 headers in 132 bytes (1 switches on core 0)
Jun 24 08:27:31.780000 dv-cinder-847131-2-iscsi devstack@keystone.service[80424]: DEBUG dbcounter [-] [80424] Writing DB stats keystone:SELECT=100 {{(pid=80424) stat_writer /usr/local/lib/python3.8/dist-packages/dbcounter.py:114}}
Jun 24 08:27:31.807260 dv-cinder-847131-2-iscsi devstack@keystone.service[80424]: DEBUG keystone.server.flask.request_processing.middleware.auth_context [None req-63bf35fd-6f94-4ed6-a584-608d5ecb8f47 None admin] Validating token access rules against request {{(pid=80424) validate_allowed_request /usr/local/lib/python3.8/dist-packages/keystonemiddleware/auth_token/__init__.py:545}}
Jun 24 08:27:31.847972 dv-cinder-847131-2-iscsi devstack@keystone.service[80424]: DEBUG keystone.server.flask.request_processing.middleware.auth_context [None req-ab664fef-2292-4293-9b68-7230b96bf852 None admin] RBAC: auth_context: {'token': , 'domain_id': None, 'trust_id': None, 'trustor_id': None, 'trustee_id': None, 'domain_name': None, 'group_ids': [], 'user_id': '268e75b173ff435b8dfbe2517f69c015', 'user_domain_id': 'default', 'system_scope': 'all', 'project_id': None, 'project_domain_id': None, 'roles': ['admin', 'member', 'reader'], 'is_admin_project': True, 'service_user_id': None, 'service_user_domain_id': None, 'service_project_id': None, 'service_project_domain_id': None, 'service_roles': []} {{(pid=80424) fill_context /opt/stack/keystone/keystone/server/flask/request_processing/middleware/auth_context.py:478}}
Jun 24 08:27:31.848787 dv-cinder-847131-2-iscsi devstack@keystone.service[80424]: DEBUG keystone.server.flask.request_processing.req_logging [None req-ab664fef-2292-4293-9b68-7230b96bf852 None admin] REQUEST_METHOD: `GET` {{(pid=80424) log_request_info /opt/stack/keystone/keystone/server/flask/request_processing/req_logging.py:27}}
Jun 24 08:27:31.849081 dv-cinder-847131-2-iscsi devstack@keystone.service[80424]: DEBUG keystone.server.flask.request_processing.req_logging [None req-ab664fef-2292-4293-9b68-7230b96bf852 None admin] SCRIPT_NAME: `/identity` {{(pid=80424) log_request_info /opt/stack/keystone/keystone/server/flask/request_processing/req_logging.py:28}}
Jun 24 08:27:31.849362 dv-cinder-847131-2-iscsi devstack@keystone.service[80424]: DEBUG keystone.server.flask.request_processing.req_logging [None req-ab664fef-2292-4293-9b68-7230b96bf852 None admin] PATH_INFO: `/v3/roles` {{(pid=80424) log_request_info /opt/stack/keystone/keystone/server/flask/request_processing/req_logging.py:29}}
Jun 24 08:27:31.850250 dv-cinder-847131-2-iscsi devstack@keystone.service[80424]: DEBUG keystone.common.rbac_enforcer.enforcer [None req-ab664fef-2292-4293-9b68-7230b96bf852 None admin] RBAC: Adding query filter params (name=anotherrole) {{(pid=80424) _extract_filter_values /opt/stack/keystone/keystone/common/rbac_enforcer/enforcer.py:167}}
Jun 24 08:27:31.850564 dv-cinder-847131-2-iscsi devstack@keystone.service[80424]: DEBUG keystone.common.rbac_enforcer.enforcer [None req-ab664fef-2292-4293-9b68-7230b96bf852 None admin] RBAC: Authorizing `identity:list_roles()` {{(pid=80424) enforce_call /opt/stack/keystone/keystone/common/rbac_enforcer/enforcer.py:449}}
Jun 24 08:27:31.852611 dv-cinder-847131-2-iscsi devstack@keystone.service[80424]: DEBUG keystone.common.rbac_enforcer.enforcer [None req-ab664fef-2292-4293-9b68-7230b96bf852 None admin] RBAC: Authorization granted {{(pid=80424) enforce_call /opt/stack/keystone/keystone/common/rbac_enforcer/enforcer.py:457}}
Jun 24 08:27:31.862514 dv-cinder-847131-2-iscsi devstack@keystone.service[80424]: [pid: 80424|app: 0|req: 214/419] 10.222.0.13 () {56 vars in 1111 bytes} [Fri Jun 24 08:27:31 2022] GET /identity/v3/roles?name=anotherrole => generated 334 bytes in 174 msecs (HTTP/1.1 200) 5 headers in 177 bytes (1 switches on core 0)
Jun 24 08:27:31.868770 dv-cinder-847131-2-iscsi devstack@keystone.service[80425]: DEBUG keystone.server.flask.request_processing.middleware.auth_context [None req-b3654bce-d752-4c89-b0ac-d00ee5bb39ac None admin] Authenticating user token {{(pid=80425) process_request /usr/local/lib/python3.8/dist-packages/keystonemiddleware/auth_token/__init__.py:407}}
Jun 24 08:27:31.945165 dv-cinder-847131-2-iscsi devstack@keystone.service[80424]: DEBUG keystone.server.flask.request_processing.req_logging [None req-962e2591-facc-4c93-b7ec-5590f356233e None None] REQUEST_METHOD: `GET` {{(pid=80424) log_request_info /opt/stack/keystone/keystone/server/flask/request_processing/req_logging.py:27}}
Jun 24 08:27:31.946679 dv-cinder-847131-2-iscsi devstack@keystone.service[80424]: DEBUG keystone.server.flask.request_processing.req_logging [None req-962e2591-facc-4c93-b7ec-5590f356233e None None] SCRIPT_NAME: `/identity` {{(pid=80424) log_request_info /opt/stack/keystone/keystone/server/flask/request_processing/req_logging.py:28}}
Jun 24 08:27:31.947202 dv-cinder-847131-2-iscsi devstack@keystone.service[80424]: DEBUG keystone.server.flask.request_processing.req_logging [None req-962e2591-facc-4c93-b7ec-5590f356233e None None] PATH_INFO: `/` {{(pid=80424) log_request_info /opt/stack/keystone/keystone/server/flask/request_processing/req_logging.py:29}}
Jun 24 08:27:31.949177 dv-cinder-847131-2-iscsi devstack@keystone.service[80424]: [pid: 80424|app: 0|req: 215/420] 10.222.0.13 () {54 vars in 926 bytes} [Fri Jun 24 08:27:31 2022] GET /identity => generated 270 bytes in 5 msecs (HTTP/1.1 300) 6 headers in 234 bytes (1 switches on core 0)
Jun 24 08:27:31.954546 dv-cinder-847131-2-iscsi devstack@keystone.service[80424]: DEBUG keystone.server.flask.request_processing.req_logging [None req-2335ebdf-46c2-4cbe-90ef-38a90a11da9e None None] REQUEST_METHOD: `POST` {{(pid=80424) log_request_info /opt/stack/keystone/keystone/server/flask/request_processing/req_logging.py:27}}
Jun 24 08:27:31.954861 dv-cinder-847131-2-iscsi devstack@keystone.service[80424]: DEBUG keystone.server.flask.request_processing.req_logging [None req-2335ebdf-46c2-4cbe-90ef-38a90a11da9e None None] SCRIPT_NAME: `/identity` {{(pid=80424) log_request_info /opt/stack/keystone/keystone/server/flask/request_processing/req_logging.py:28}}
Jun 24 08:27:31.955105 dv-cinder-847131-2-iscsi devstack@keystone.service[80424]: DEBUG keystone.server.flask.request_processing.req_logging [None req-2335ebdf-46c2-4cbe-90ef-38a90a11da9e None None] PATH_INFO: `/v3/auth/tokens` {{(pid=80424) log_request_info /opt/stack/keystone/keystone/server/flask/request_processing/req_logging.py:29}}
Jun 24 08:27:31.973284 dv-cinder-847131-2-iscsi devstack@keystone.service[80424]: DEBUG keystone.auth.core [None req-2335ebdf-46c2-4cbe-90ef-38a90a11da9e None None] MFA Rules not processed for user `268e75b173ff435b8dfbe2517f69c015`. Rule list: `[]` (Enabled: `True`). {{(pid=80424) check_auth_methods_against_rules /opt/stack/keystone/keystone/auth/core.py:438}}
Jun 24 08:27:31.974631 dv-cinder-847131-2-iscsi devstack@keystone.service[80424]: DEBUG keystone.common.fernet_utils [None req-2335ebdf-46c2-4cbe-90ef-38a90a11da9e None None] Loaded 2 Fernet keys from /etc/keystone/fernet-keys/, but `[fernet_tokens] max_active_keys = 3`; perhaps there have not been enough key rotations to reach `max_active_keys` yet? {{(pid=80424) load_keys /opt/stack/keystone/keystone/common/fernet_utils.py:286}}
Jun 24 08:27:32.006405 dv-cinder-847131-2-iscsi devstack@keystone.service[80425]: DEBUG keystone.server.flask.request_processing.middleware.auth_context [None req-b3654bce-d752-4c89-b0ac-d00ee5bb39ac None admin] Validating token access rules against request {{(pid=80425) validate_allowed_request /usr/local/lib/python3.8/dist-packages/keystonemiddleware/auth_token/__init__.py:545}}
Jun 24 08:27:32.052326 dv-cinder-847131-2-iscsi devstack@keystone.service[80425]: DEBUG keystone.server.flask.request_processing.middleware.auth_context [None req-530bfafe-4a2b-4c2d-b023-1f18e43bd619 None admin] RBAC: auth_context: {'token': , 'domain_id': None, 'trust_id': None, 'trustor_id': None, 'trustee_id': None, 'domain_name': None, 'group_ids': [], 'user_id': '268e75b173ff435b8dfbe2517f69c015', 'user_domain_id': 'default', 'system_scope': 'all', 'project_id': None, 'project_domain_id': None, 'roles': ['admin', 'member', 'reader'], 'is_admin_project': True, 'service_user_id': None, 'service_user_domain_id': None, 'service_project_id': None, 'service_project_domain_id': None, 'service_roles': []} {{(pid=80425) fill_context /opt/stack/keystone/keystone/server/flask/request_processing/middleware/auth_context.py:478}}
Jun 24 08:27:32.053360 dv-cinder-847131-2-iscsi devstack@keystone.service[80425]: DEBUG keystone.server.flask.request_processing.req_logging [None req-530bfafe-4a2b-4c2d-b023-1f18e43bd619 None admin] REQUEST_METHOD: `GET` {{(pid=80425) log_request_info /opt/stack/keystone/keystone/server/flask/request_processing/req_logging.py:27}}
Jun 24 08:27:32.053908 dv-cinder-847131-2-iscsi devstack@keystone.service[80425]: DEBUG keystone.server.flask.request_processing.req_logging [None req-530bfafe-4a2b-4c2d-b023-1f18e43bd619 None admin] SCRIPT_NAME: `/identity` {{(pid=80425) log_request_info /opt/stack/keystone/keystone/server/flask/request_processing/req_logging.py:28}}
Jun 24 08:27:32.054202 dv-cinder-847131-2-iscsi devstack@keystone.service[80425]: DEBUG keystone.server.flask.request_processing.req_logging [None req-530bfafe-4a2b-4c2d-b023-1f18e43bd619 None admin] PATH_INFO: `/v3/auth/tokens` {{(pid=80425) log_request_info /opt/stack/keystone/keystone/server/flask/request_processing/req_logging.py:29}}
Jun 24 08:27:32.068062 dv-cinder-847131-2-iscsi devstack@keystone.service[80424]: [pid: 80424|app: 0|req: 216/421] 10.222.0.13 () {58 vars in 1023 bytes} [Fri Jun 24 08:27:31 2022] POST /identity/v3/auth/tokens => generated 799 bytes in 114 msecs (HTTP/1.1 201) 6 headers in 363 bytes (2 switches on core 0)
Jun 24 08:27:32.098083 dv-cinder-847131-2-iscsi devstack@keystone.service[80425]: DEBUG dbcounter [-] [80425] Writing DB stats keystone:SELECT=99,keystone:INSERT=1 {{(pid=80425) stat_writer /usr/local/lib/python3.8/dist-packages/dbcounter.py:114}}
Jun 24 08:27:32.100723 dv-cinder-847131-2-iscsi devstack@keystone.service[80424]: DEBUG keystone.server.flask.request_processing.middleware.auth_context [None req-2335ebdf-46c2-4cbe-90ef-38a90a11da9e None None] Authenticating user token {{(pid=80424) process_request /usr/local/lib/python3.8/dist-packages/keystonemiddleware/auth_token/__init__.py:407}}
Jun 24 08:27:32.175311 dv-cinder-847131-2-iscsi devstack@keystone.service[80425]: DEBUG keystone.common.rbac_enforcer.enforcer [None req-530bfafe-4a2b-4c2d-b023-1f18e43bd619 None admin] RBAC: Authorizing `identity:validate_token()` {{(pid=80425) enforce_call /opt/stack/keystone/keystone/common/rbac_enforcer/enforcer.py:449}}
Jun 24 08:27:32.176801 dv-cinder-847131-2-iscsi devstack@keystone.service[80425]: DEBUG keystone.common.rbac_enforcer.enforcer [None req-530bfafe-4a2b-4c2d-b023-1f18e43bd619 None admin] RBAC: Authorization granted {{(pid=80425) enforce_call /opt/stack/keystone/keystone/common/rbac_enforcer/enforcer.py:457}}
Jun 24 08:27:32.226773 dv-cinder-847131-2-iscsi devstack@keystone.service[80424]: DEBUG dbcounter [-] [80424] Writing DB stats keystone:SELECT=100 {{(pid=80424) stat_writer /usr/local/lib/python3.8/dist-packages/dbcounter.py:114}}
Jun 24 08:27:32.292095 dv-cinder-847131-2-iscsi devstack@keystone.service[80425]: [pid: 80425|app: 0|req: 206/422] 10.222.0.13 () {58 vars in 1282 bytes} [Fri Jun 24 08:27:31 2022] GET /identity/v3/auth/tokens => generated 799 bytes in 424 msecs (HTTP/1.1 200) 6 headers in 358 bytes (1 switches on core 0)
Jun 24 08:27:32.293710 dv-cinder-847131-2-iscsi devstack@keystone.service[80424]: DEBUG keystone.server.flask.request_processing.middleware.auth_context [None req-2335ebdf-46c2-4cbe-90ef-38a90a11da9e None None] Validating token access rules against request {{(pid=80424) validate_allowed_request /usr/local/lib/python3.8/dist-packages/keystonemiddleware/auth_token/__init__.py:545}}
Jun 24 08:27:32.297469 dv-cinder-847131-2-iscsi devstack@keystone.service[80425]: DEBUG keystone.server.flask.request_processing.middleware.auth_context [None req-530bfafe-4a2b-4c2d-b023-1f18e43bd619 None admin] Authenticating user token {{(pid=80425) process_request /usr/local/lib/python3.8/dist-packages/keystonemiddleware/auth_token/__init__.py:407}}
Jun 24 08:27:32.370422 dv-cinder-847131-2-iscsi devstack@keystone.service[80424]: DEBUG keystone.server.flask.request_processing.middleware.auth_context [None req-66a43e03-7657-476d-8745-d07aca2a6da7 None admin] RBAC: auth_context: {'token': , 'domain_id': None, 'trust_id': None, 'trustor_id': None, 'trustee_id': None, 'domain_name': None, 'group_ids': [], 'user_id': '268e75b173ff435b8dfbe2517f69c015', 'user_domain_id': 'default', 'system_scope': 'all', 'project_id': None, 'project_domain_id': None, 'roles': ['admin', 'member', 'reader'], 'is_admin_project': True, 'service_user_id': None, 'service_user_domain_id': None, 'service_project_id': None, 'service_project_domain_id': None, 'service_roles': []} {{(pid=80424) fill_context /opt/stack/keystone/keystone/server/flask/request_processing/middleware/auth_context.py:478}}
Jun 24 08:27:32.371599 dv-cinder-847131-2-iscsi devstack@keystone.service[80424]: DEBUG keystone.server.flask.request_processing.req_logging [None req-66a43e03-7657-476d-8745-d07aca2a6da7 None admin] REQUEST_METHOD: `GET` {{(pid=80424) log_request_info /opt/stack/keystone/keystone/server/flask/request_processing/req_logging.py:27}}
Jun 24 08:27:32.372552 dv-cinder-847131-2-iscsi devstack@keystone.service[80424]: DEBUG keystone.server.flask.request_processing.req_logging [None req-66a43e03-7657-476d-8745-d07aca2a6da7 None admin] SCRIPT_NAME: `/identity` {{(pid=80424) log_request_info /opt/stack/keystone/keystone/server/flask/request_processing/req_logging.py:28}}
Jun 24 08:27:32.372552 dv-cinder-847131-2-iscsi devstack@keystone.service[80424]: DEBUG keystone.server.flask.request_processing.req_logging [None req-66a43e03-7657-476d-8745-d07aca2a6da7 None admin] PATH_INFO: `/v3/roles/member` {{(pid=80424) log_request_info /opt/stack/keystone/keystone/server/flask/request_processing/req_logging.py:29}}
Jun 24 08:27:32.374106 dv-cinder-847131-2-iscsi devstack@keystone.service[80425]: DEBUG dbcounter [-] [80425] Writing DB stats keystone:SELECT=100 {{(pid=80425) stat_writer /usr/local/lib/python3.8/dist-packages/dbcounter.py:114}}
Jun 24 08:27:32.413451 dv-cinder-847131-2-iscsi devstack@keystone.service[80425]: DEBUG keystone.server.flask.request_processing.middleware.auth_context [None req-530bfafe-4a2b-4c2d-b023-1f18e43bd619 None admin] Validating token access rules against request {{(pid=80425) validate_allowed_request /usr/local/lib/python3.8/dist-packages/keystonemiddleware/auth_token/__init__.py:545}}
Jun 24 08:27:32.414257 dv-cinder-847131-2-iscsi devstack@keystone.service[80424]: DEBUG keystone.common.rbac_enforcer.enforcer [None req-66a43e03-7657-476d-8745-d07aca2a6da7 None admin] Extracting inferred target data resulted in "NOT FOUND (404)". {{(pid=80424) enforce_call /opt/stack/keystone/keystone/common/rbac_enforcer/enforcer.py:409}}
Jun 24 08:27:32.422929 dv-cinder-847131-2-iscsi devstack@keystone.service[80424]: ERROR keystone.server.flask.application [None req-66a43e03-7657-476d-8745-d07aca2a6da7 None admin] Could not find role: member.: keystone.exception.RoleNotFound: Could not find role: member.
Jun 24 08:27:32.422929 dv-cinder-847131-2-iscsi devstack@keystone.service[80424]: ERROR keystone.server.flask.application
Traceback (most recent call last):
Jun 24 08:27:32.422929 dv-cinder-847131-2-iscsi devstack@keystone.service[80424]: ERROR keystone.server.flask.application
File "/usr/local/lib/python3.8/dist-packages/flask/app.py", line 1523, in full_dispatch_request
Jun 24 08:27:32.422929 dv-cinder-847131-2-iscsi devstack@keystone.service[80424]: ERROR keystone.server.flask.application rv = self.dispatch_request()
Jun 24 08:27:32.422929 dv-cinder-847131-2-iscsi devstack@keystone.service[80424]: ERROR keystone.server.flask.application
File "/usr/local/lib/python3.8/dist-packages/flask/app.py", line 1509, in dispatch_request
Jun 24 08:27:32.422929 dv-cinder-847131-2-iscsi devstack@keystone.service[80424]: ERROR keystone.server.flask.application return self.ensure_sync(self.view_functions[rule.endpoint])(**req.view_args)
Jun 24 08:27:32.422929 dv-cinder-847131-2-iscsi devstack@keystone.service[80424]: ERROR keystone.server.flask.application
File "/usr/local/lib/python3.8/dist-packages/flask_restful/__init__.py", line 467, in wrapper
Jun 24 08:27:32.422929 dv-cinder-847131-2-iscsi devstack@keystone.service[80424]: ERROR keystone.server.flask.application resp = resource(*args, **kwargs)
Jun 24 08:27:32.422929 dv-cinder-847131-2-iscsi devstack@keystone.service[80424]: ERROR keystone.server.flask.application
File "/usr/local/lib/python3.8/dist-packages/flask/views.py", line 84, in view
Jun 24 08:27:32.422929 dv-cinder-847131-2-iscsi devstack@keystone.service[80424]: ERROR keystone.server.flask.application return current_app.ensure_sync(self.dispatch_request)(*args, **kwargs)
Jun 24 08:27:32.422929 dv-cinder-847131-2-iscsi devstack@keystone.service[80424]: ERROR keystone.server.flask.application
File "/usr/local/lib/python3.8/dist-packages/flask_restful/__init__.py", line 582, in dispatch_request
Jun 24 08:27:32.422929 dv-cinder-847131-2-iscsi devstack@keystone.service[80424]: ERROR keystone.server.flask.application resp = meth(*args, **kwargs)
Jun 24 08:27:32.422929 dv-cinder-847131-2-iscsi devstack@keystone.service[80424]: ERROR keystone.server.flask.application
File "/opt/stack/keystone/keystone/api/roles.py", line 50, in get
