Jun 24 08:26:49.083784 dv-cinder-847131-2-iscsi devstack@keystone.service[80425]: DEBUG keystone.common.rbac_enforcer.enforcer [None req-f2669740-7e1e-4c43-a8c5-5226f87fa263 None admin] RBAC: Authorizing `identity:get_project(project_id=0a1cff337cd248ba94724654a9527e19)` {{(pid=80425) enforce_call /opt/stack/keystone/keystone/common/rbac_enforcer/enforcer.py:449}}
Jun 24 08:26:49.085448 dv-cinder-847131-2-iscsi devstack@keystone.service[80425]: DEBUG keystone.common.rbac_enforcer.enforcer [None req-f2669740-7e1e-4c43-a8c5-5226f87fa263 None admin] RBAC: Authorization granted {{(pid=80425) enforce_call /opt/stack/keystone/keystone/common/rbac_enforcer/enforcer.py:457}}
Jun 24 08:26:49.088076 dv-cinder-847131-2-iscsi devstack@keystone.service[80425]: [pid: 80425|app: 0|req: 42/91] 10.222.0.13 () {56 vars in 1186 bytes} [Fri Jun 24 08:26:48 2022] GET /identity/v3/projects/0a1cff337cd248ba94724654a9527e19 => generated 298 bytes in 176 msecs (HTTP/1.1 200) 5 headers in 177 bytes (1 switches on core 0)
Jun 24 08:26:49.088678 dv-cinder-847131-2-iscsi devstack@keystone.service[80424]: DEBUG dbcounter [-] [80424] Writing DB stats keystone:SELECT=100 {{(pid=80424) stat_writer /usr/local/lib/python3.8/dist-packages/dbcounter.py:114}}
Jun 24 08:26:49.089237 dv-cinder-847131-2-iscsi devstack@keystone.service[80425]: DEBUG keystone.server.flask.request_processing.middleware.auth_context [None req-f2669740-7e1e-4c43-a8c5-5226f87fa263 None admin] Authenticating user token {{(pid=80425) process_request /usr/local/lib/python3.8/dist-packages/keystonemiddleware/auth_token/__init__.py:407}}
Jun 24 08:26:49.122374 dv-cinder-847131-2-iscsi devstack@keystone.service[80424]: [pid: 80424|app: 0|req: 50/92] 10.222.0.13 () {58 vars in 1282 bytes} [Fri Jun 24 08:26:48 2022] GET /identity/v3/auth/tokens => generated 799 bytes in 486 msecs (HTTP/1.1 200) 6 headers in 358 bytes (1 switches on core 0)
Jun 24 08:26:49.123396 dv-cinder-847131-2-iscsi devstack@keystone.service[80424]: DEBUG keystone.server.flask.request_processing.middleware.auth_context [None req-f6adaae6-a6f4-419c-ae69-6923a1b58237 None admin] Authenticating user token {{(pid=80424) process_request /usr/local/lib/python3.8/dist-packages/keystonemiddleware/auth_token/__init__.py:407}}
Jun 24 08:26:49.208860 dv-cinder-847131-2-iscsi devstack@keystone.service[80425]: DEBUG keystone.server.flask.request_processing.middleware.auth_context [None req-f2669740-7e1e-4c43-a8c5-5226f87fa263 None admin] Validating token access rules against request {{(pid=80425) validate_allowed_request /usr/local/lib/python3.8/dist-packages/keystonemiddleware/auth_token/__init__.py:545}}
Jun 24 08:26:49.234769 dv-cinder-847131-2-iscsi devstack@keystone.service[80424]: DEBUG keystone.server.flask.request_processing.middleware.auth_context [None req-f6adaae6-a6f4-419c-ae69-6923a1b58237 None admin] Validating token access rules against request {{(pid=80424) validate_allowed_request /usr/local/lib/python3.8/dist-packages/keystonemiddleware/auth_token/__init__.py:545}}
Jun 24 08:26:49.239142 dv-cinder-847131-2-iscsi devstack@keystone.service[80425]: DEBUG dbcounter [-] [80425] Writing DB stats keystone:SELECT=100 {{(pid=80425) stat_writer /usr/local/lib/python3.8/dist-packages/dbcounter.py:114}}
Jun 24 08:26:49.249742 dv-cinder-847131-2-iscsi devstack@keystone.service[80425]: DEBUG keystone.server.flask.request_processing.middleware.auth_context [None req-eb250e37-1c90-431c-bf3e-7bd617eda288 None admin] RBAC: auth_context: {'token': , 'domain_id': None, 'trust_id': None, 'trustor_id': None, 'trustee_id': None, 'domain_name': None, 'group_ids': [], 'user_id': '268e75b173ff435b8dfbe2517f69c015', 'user_domain_id': 'default', 'system_scope': 'all', 'project_id': None, 'project_domain_id': None, 'roles': ['admin', 'member', 'reader'], 'is_admin_project': True, 'service_user_id': None, 'service_user_domain_id': None, 'service_project_id': None, 'service_project_domain_id': None, 'service_roles': []} {{(pid=80425) fill_context /opt/stack/keystone/keystone/server/flask/request_processing/middleware/auth_context.py:478}}
Jun 24 08:26:49.254775 dv-cinder-847131-2-iscsi devstack@keystone.service[80425]: DEBUG keystone.server.flask.request_processing.req_logging [None req-eb250e37-1c90-431c-bf3e-7bd617eda288 None admin] REQUEST_METHOD: `GET` {{(pid=80425) log_request_info /opt/stack/keystone/keystone/server/flask/request_processing/req_logging.py:27}}
Jun 24 08:26:49.255305 dv-cinder-847131-2-iscsi devstack@keystone.service[80425]: DEBUG keystone.server.flask.request_processing.req_logging [None req-eb250e37-1c90-431c-bf3e-7bd617eda288 None admin] SCRIPT_NAME: `/identity` {{(pid=80425) log_request_info /opt/stack/keystone/keystone/server/flask/request_processing/req_logging.py:28}}
Jun 24 08:26:49.255806 dv-cinder-847131-2-iscsi devstack@keystone.service[80425]: DEBUG keystone.server.flask.request_processing.req_logging [None req-eb250e37-1c90-431c-bf3e-7bd617eda288 None admin] PATH_INFO: `/v3/projects/0a1cff337cd248ba94724654a9527e19` {{(pid=80425) log_request_info /opt/stack/keystone/keystone/server/flask/request_processing/req_logging.py:29}}
Jun 24 08:26:49.257297 dv-cinder-847131-2-iscsi devstack@keystone.service[80425]: DEBUG keystone.common.rbac_enforcer.enforcer [None req-eb250e37-1c90-431c-bf3e-7bd617eda288 None admin] RBAC: Authorizing `identity:get_project(project_id=0a1cff337cd248ba94724654a9527e19)` {{(pid=80425) enforce_call /opt/stack/keystone/keystone/common/rbac_enforcer/enforcer.py:449}}
Jun 24 08:26:49.259778 dv-cinder-847131-2-iscsi devstack@keystone.service[80425]: DEBUG keystone.common.rbac_enforcer.enforcer [None req-eb250e37-1c90-431c-bf3e-7bd617eda288 None admin] RBAC: Authorization granted {{(pid=80425) enforce_call /opt/stack/keystone/keystone/common/rbac_enforcer/enforcer.py:457}}
Jun 24 08:26:49.262382 dv-cinder-847131-2-iscsi devstack@keystone.service[80425]: [pid: 80425|app: 0|req: 43/93] 10.222.0.13 () {56 vars in 1186 bytes} [Fri Jun 24 08:26:49 2022] GET /identity/v3/projects/0a1cff337cd248ba94724654a9527e19 => generated 298 bytes in 173 msecs (HTTP/1.1 200) 5 headers in 177 bytes (1 switches on core 0)
Jun 24 08:26:49.263354 dv-cinder-847131-2-iscsi devstack@keystone.service[80425]: DEBUG keystone.server.flask.request_processing.middleware.auth_context [None req-eb250e37-1c90-431c-bf3e-7bd617eda288 None admin] Authenticating user token {{(pid=80425) process_request /usr/local/lib/python3.8/dist-packages/keystonemiddleware/auth_token/__init__.py:407}}
Jun 24 08:26:49.275228 dv-cinder-847131-2-iscsi devstack@keystone.service[80424]: DEBUG keystone.server.flask.request_processing.middleware.auth_context [None req-7cfeb5c4-e712-4a5a-a54e-b5bd5f1ea807 None admin] RBAC: auth_context: {'token': , 'domain_id': None, 'trust_id': None, 'trustor_id': None, 'trustee_id': None, 'domain_name': None, 'group_ids': [], 'user_id': '268e75b173ff435b8dfbe2517f69c015', 'user_domain_id': 'default', 'system_scope': 'all', 'project_id': None, 'project_domain_id': None, 'roles': ['admin', 'member', 'reader'], 'is_admin_project': True, 'service_user_id': None, 'service_user_domain_id': None, 'service_project_id': None, 'service_project_domain_id': None, 'service_roles': []} {{(pid=80424) fill_context /opt/stack/keystone/keystone/server/flask/request_processing/middleware/auth_context.py:478}}
Jun 24 08:26:49.275908 dv-cinder-847131-2-iscsi devstack@keystone.service[80424]: DEBUG keystone.server.flask.request_processing.req_logging [None req-7cfeb5c4-e712-4a5a-a54e-b5bd5f1ea807 None admin] REQUEST_METHOD: `GET` {{(pid=80424) log_request_info /opt/stack/keystone/keystone/server/flask/request_processing/req_logging.py:27}}
Jun 24 08:26:49.276553 dv-cinder-847131-2-iscsi devstack@keystone.service[80424]: DEBUG keystone.server.flask.request_processing.req_logging [None req-7cfeb5c4-e712-4a5a-a54e-b5bd5f1ea807 None admin] SCRIPT_NAME: `/identity` {{(pid=80424) log_request_info /opt/stack/keystone/keystone/server/flask/request_processing/req_logging.py:28}}
Jun 24 08:26:49.276553 dv-cinder-847131-2-iscsi devstack@keystone.service[80424]: DEBUG keystone.server.flask.request_processing.req_logging [None req-7cfeb5c4-e712-4a5a-a54e-b5bd5f1ea807 None admin] PATH_INFO: `/v3/role_assignments` {{(pid=80424) log_request_info /opt/stack/keystone/keystone/server/flask/request_processing/req_logging.py:29}}
Jun 24 08:26:49.277317 dv-cinder-847131-2-iscsi devstack@keystone.service[80424]: DEBUG keystone.common.rbac_enforcer.enforcer [None req-7cfeb5c4-e712-4a5a-a54e-b5bd5f1ea807 None admin] RBAC: Adding query filter params (role.id=acfe707eee6944ad94d1915fc9ee7ea3, scope.project.id=0a1cff337cd248ba94724654a9527e19, user.id=268e75b173ff435b8dfbe2517f69c015) {{(pid=80424) _extract_filter_values /opt/stack/keystone/keystone/common/rbac_enforcer/enforcer.py:167}}
Jun 24 08:26:49.277638 dv-cinder-847131-2-iscsi devstack@keystone.service[80424]: DEBUG keystone.common.rbac_enforcer.enforcer [None req-7cfeb5c4-e712-4a5a-a54e-b5bd5f1ea807 None admin] RBAC: Authorizing `identity:list_role_assignments()` {{(pid=80424) enforce_call /opt/stack/keystone/keystone/common/rbac_enforcer/enforcer.py:449}}
Jun 24 08:26:49.279153 dv-cinder-847131-2-iscsi devstack@keystone.service[80424]: DEBUG keystone.common.rbac_enforcer.enforcer [None req-7cfeb5c4-e712-4a5a-a54e-b5bd5f1ea807 None admin] RBAC: Authorization granted {{(pid=80424) enforce_call /opt/stack/keystone/keystone/common/rbac_enforcer/enforcer.py:457}}
Jun 24 08:26:49.285295 dv-cinder-847131-2-iscsi devstack@keystone.service[80424]: [pid: 80424|app: 0|req: 51/94] 10.222.0.13 () {56 vars in 1374 bytes} [Fri Jun 24 08:26:49 2022] GET /identity/v3/role_assignments?user.id=268e75b173ff435b8dfbe2517f69c015&scope.project.id=0a1cff337cd248ba94724654a9527e19&role.id=acfe707eee6944ad94d1915fc9ee7ea3 => generated 259 bytes in 162 msecs (HTTP/1.1 200) 5 headers in 177 bytes (1 switches on core 0)
Jun 24 08:26:49.290502 dv-cinder-847131-2-iscsi devstack@keystone.service[80424]: DEBUG keystone.server.flask.request_processing.middleware.auth_context [None req-7cfeb5c4-e712-4a5a-a54e-b5bd5f1ea807 None admin] Authenticating user token {{(pid=80424) process_request /usr/local/lib/python3.8/dist-packages/keystonemiddleware/auth_token/__init__.py:407}}
Jun 24 08:26:49.361062 dv-cinder-847131-2-iscsi devstack@keystone.service[80424]: DEBUG dbcounter [-] [80424] Writing DB stats keystone:SELECT=100 {{(pid=80424) stat_writer /usr/local/lib/python3.8/dist-packages/dbcounter.py:114}}
Jun 24 08:26:49.412502 dv-cinder-847131-2-iscsi devstack@keystone.service[80425]: DEBUG keystone.server.flask.request_processing.middleware.auth_context [None req-eb250e37-1c90-431c-bf3e-7bd617eda288 None admin] Validating token access rules against request {{(pid=80425) validate_allowed_request /usr/local/lib/python3.8/dist-packages/keystonemiddleware/auth_token/__init__.py:545}}
Jun 24 08:26:49.452678 dv-cinder-847131-2-iscsi devstack@keystone.service[80425]: DEBUG keystone.server.flask.request_processing.middleware.auth_context [None req-c7d37cd5-2838-43d2-8ecd-9a5e8452f3bb None admin] RBAC: auth_context: {'token': , 'domain_id': None, 'trust_id': None, 'trustor_id': None, 'trustee_id': None, 'domain_name': None, 'group_ids': [], 'user_id': '268e75b173ff435b8dfbe2517f69c015', 'user_domain_id': 'default', 'system_scope': 'all', 'project_id': None, 'project_domain_id': None, 'roles': ['admin', 'member', 'reader'], 'is_admin_project': True, 'service_user_id': None, 'service_user_domain_id': None, 'service_project_id': None, 'service_project_domain_id': None, 'service_roles': []} {{(pid=80425) fill_context /opt/stack/keystone/keystone/server/flask/request_processing/middleware/auth_context.py:478}}
Jun 24 08:26:49.453567 dv-cinder-847131-2-iscsi devstack@keystone.service[80425]: DEBUG keystone.server.flask.request_processing.req_logging [None req-c7d37cd5-2838-43d2-8ecd-9a5e8452f3bb None admin] REQUEST_METHOD: `GET` {{(pid=80425) log_request_info /opt/stack/keystone/keystone/server/flask/request_processing/req_logging.py:27}}
Jun 24 08:26:49.453886 dv-cinder-847131-2-iscsi devstack@keystone.service[80425]: DEBUG keystone.server.flask.request_processing.req_logging [None req-c7d37cd5-2838-43d2-8ecd-9a5e8452f3bb None admin] SCRIPT_NAME: `/identity` {{(pid=80425) log_request_info /opt/stack/keystone/keystone/server/flask/request_processing/req_logging.py:28}}
Jun 24 08:26:49.454166 dv-cinder-847131-2-iscsi devstack@keystone.service[80425]: DEBUG keystone.server.flask.request_processing.req_logging [None req-c7d37cd5-2838-43d2-8ecd-9a5e8452f3bb None admin] PATH_INFO: `/v3/projects/2ce34355c4f84047a2f4e1d1adcee45f` {{(pid=80425) log_request_info /opt/stack/keystone/keystone/server/flask/request_processing/req_logging.py:29}}
Jun 24 08:26:49.455405 dv-cinder-847131-2-iscsi devstack@keystone.service[80425]: DEBUG keystone.common.rbac_enforcer.enforcer [None req-c7d37cd5-2838-43d2-8ecd-9a5e8452f3bb None admin] RBAC: Authorizing `identity:get_project(project_id=2ce34355c4f84047a2f4e1d1adcee45f)` {{(pid=80425) enforce_call /opt/stack/keystone/keystone/common/rbac_enforcer/enforcer.py:449}}
Jun 24 08:26:49.456889 dv-cinder-847131-2-iscsi devstack@keystone.service[80425]: DEBUG keystone.common.rbac_enforcer.enforcer [None req-c7d37cd5-2838-43d2-8ecd-9a5e8452f3bb None admin] RBAC: Authorization granted {{(pid=80425) enforce_call /opt/stack/keystone/keystone/common/rbac_enforcer/enforcer.py:457}}
Jun 24 08:26:49.458939 dv-cinder-847131-2-iscsi devstack@keystone.service[80425]: [pid: 80425|app: 0|req: 44/95] 10.222.0.13 () {56 vars in 1186 bytes} [Fri Jun 24 08:26:49 2022] GET /identity/v3/projects/2ce34355c4f84047a2f4e1d1adcee45f => generated 312 bytes in 196 msecs (HTTP/1.1 200) 5 headers in 177 bytes (1 switches on core 0)
Jun 24 08:26:49.465966 dv-cinder-847131-2-iscsi devstack@keystone.service[80425]: DEBUG keystone.server.flask.request_processing.middleware.auth_context [None req-c7d37cd5-2838-43d2-8ecd-9a5e8452f3bb None admin] Authenticating user token {{(pid=80425) process_request /usr/local/lib/python3.8/dist-packages/keystonemiddleware/auth_token/__init__.py:407}}
Jun 24 08:26:49.532428 dv-cinder-847131-2-iscsi devstack@keystone.service[80424]: DEBUG keystone.server.flask.request_processing.middleware.auth_context [None req-7cfeb5c4-e712-4a5a-a54e-b5bd5f1ea807 None admin] Validating token access rules against request {{(pid=80424) validate_allowed_request /usr/local/lib/python3.8/dist-packages/keystonemiddleware/auth_token/__init__.py:545}}
Jun 24 08:26:49.546170 dv-cinder-847131-2-iscsi devstack@keystone.service[80425]: DEBUG dbcounter [-] [80425] Writing DB stats keystone:SELECT=100 {{(pid=80425) stat_writer /usr/local/lib/python3.8/dist-packages/dbcounter.py:114}}
Jun 24 08:26:49.593459 dv-cinder-847131-2-iscsi devstack@keystone.service[80425]: DEBUG keystone.server.flask.request_processing.middleware.auth_context [None req-c7d37cd5-2838-43d2-8ecd-9a5e8452f3bb None admin] Validating token access rules against request {{(pid=80425) validate_allowed_request /usr/local/lib/python3.8/dist-packages/keystonemiddleware/auth_token/__init__.py:545}}
Jun 24 08:26:49.614428 dv-cinder-847131-2-iscsi devstack@keystone.service[80424]: DEBUG keystone.server.flask.request_processing.middleware.auth_context [None req-8f16422a-c18a-4471-abea-731fb084fe0f None admin] RBAC: auth_context: {'token': , 'domain_id': None, 'trust_id': None, 'trustor_id': None, 'trustee_id': None, 'domain_name': None, 'group_ids': [], 'user_id': '268e75b173ff435b8dfbe2517f69c015', 'user_domain_id': 'default', 'system_scope': 'all', 'project_id': None, 'project_domain_id': None, 'roles': ['admin', 'member', 'reader'], 'is_admin_project': True, 'service_user_id': None, 'service_user_domain_id': None, 'service_project_id': None, 'service_project_domain_id': None, 'service_roles': []} {{(pid=80424) fill_context /opt/stack/keystone/keystone/server/flask/request_processing/middleware/auth_context.py:478}}
Jun 24 08:26:49.615105 dv-cinder-847131-2-iscsi devstack@keystone.service[80424]: DEBUG keystone.server.flask.request_processing.req_logging [None req-8f16422a-c18a-4471-abea-731fb084fe0f None admin] REQUEST_METHOD: `GET` {{(pid=80424) log_request_info /opt/stack/keystone/keystone/server/flask/request_processing/req_logging.py:27}}
Jun 24 08:26:49.615390 dv-cinder-847131-2-iscsi devstack@keystone.service[80424]: DEBUG keystone.server.flask.request_processing.req_logging [None req-8f16422a-c18a-4471-abea-731fb084fe0f None admin] SCRIPT_NAME: `/identity` {{(pid=80424) log_request_info /opt/stack/keystone/keystone/server/flask/request_processing/req_logging.py:28}}
Jun 24 08:26:49.615667 dv-cinder-847131-2-iscsi devstack@keystone.service[80424]: DEBUG keystone.server.flask.request_processing.req_logging [None req-8f16422a-c18a-4471-abea-731fb084fe0f None admin] PATH_INFO: `/v3/role_assignments` {{(pid=80424) log_request_info /opt/stack/keystone/keystone/server/flask/request_processing/req_logging.py:29}}
Jun 24 08:26:49.616519 dv-cinder-847131-2-iscsi devstack@keystone.service[80424]: DEBUG keystone.common.rbac_enforcer.enforcer [None req-8f16422a-c18a-4471-abea-731fb084fe0f None admin] RBAC: Adding query filter params (role.id=d6ada62a74a94222b864a6c283f8d9b1, scope.project.id=0a1cff337cd248ba94724654a9527e19, user.id=8e322e2cfd9e4eca9f58d562b4da2dad) {{(pid=80424) _extract_filter_values /opt/stack/keystone/keystone/common/rbac_enforcer/enforcer.py:167}}
Jun 24 08:26:49.616833 dv-cinder-847131-2-iscsi devstack@keystone.service[80424]: DEBUG keystone.common.rbac_enforcer.enforcer [None req-8f16422a-c18a-4471-abea-731fb084fe0f None admin] RBAC: Authorizing `identity:list_role_assignments()` {{(pid=80424) enforce_call /opt/stack/keystone/keystone/common/rbac_enforcer/enforcer.py:449}}
Jun 24 08:26:49.619247 dv-cinder-847131-2-iscsi devstack@keystone.service[80424]: DEBUG keystone.common.rbac_enforcer.enforcer [None req-8f16422a-c18a-4471-abea-731fb084fe0f None admin] RBAC: Authorization granted {{(pid=80424) enforce_call /opt/stack/keystone/keystone/common/rbac_enforcer/enforcer.py:457}}
Jun 24 08:26:49.630856 dv-cinder-847131-2-iscsi devstack@keystone.service[80424]: [pid: 80424|app: 0|req: 52/96] 10.222.0.13 () {56 vars in 1374 bytes} [Fri Jun 24 08:26:49 2022] GET /identity/v3/role_assignments?user.id=8e322e2cfd9e4eca9f58d562b4da2dad&scope.project.id=0a1cff337cd248ba94724654a9527e19&role.id=d6ada62a74a94222b864a6c283f8d9b1 => generated 259 bytes in 345 msecs (HTTP/1.1 200) 5 headers in 177 bytes (1 switches on core 0)
Jun 24 08:26:49.654080 dv-cinder-847131-2-iscsi devstack@keystone.service[80425]: DEBUG keystone.server.flask.request_processing.middleware.auth_context [None req-5a954a6c-b436-4706-a887-ddc55da1693c None admin] RBAC: auth_context: {'token': , 'domain_id': None, 'trust_id': None, 'trustor_id': None, 'trustee_id': None, 'domain_name': None, 'group_ids': [], 'user_id': '268e75b173ff435b8dfbe2517f69c015', 'user_domain_id': 'default', 'system_scope': 'all', 'project_id': None, 'project_domain_id': None, 'roles': ['admin', 'member', 'reader'], 'is_admin_project': True, 'service_user_id': None, 'service_user_domain_id': None, 'service_project_id': None, 'service_project_domain_id': None, 'service_roles': []} {{(pid=80425) fill_context /opt/stack/keystone/keystone/server/flask/request_processing/middleware/auth_context.py:478}}
Jun 24 08:26:49.654807 dv-cinder-847131-2-iscsi devstack@keystone.service[80425]: DEBUG keystone.server.flask.request_processing.req_logging [None req-5a954a6c-b436-4706-a887-ddc55da1693c None admin] REQUEST_METHOD: `GET` {{(pid=80425) log_request_info /opt/stack/keystone/keystone/server/flask/request_processing/req_logging.py:27}}
Jun 24 08:26:49.655096 dv-cinder-847131-2-iscsi devstack@keystone.service[80425]: DEBUG keystone.server.flask.request_processing.req_logging [None req-5a954a6c-b436-4706-a887-ddc55da1693c None admin] SCRIPT_NAME: `/identity` {{(pid=80425) log_request_info /opt/stack/keystone/keystone/server/flask/request_processing/req_logging.py:28}}
Jun 24 08:26:49.655376 dv-cinder-847131-2-iscsi devstack@keystone.service[80425]: DEBUG keystone.server.flask.request_processing.req_logging [None req-5a954a6c-b436-4706-a887-ddc55da1693c None admin] PATH_INFO: `/v3/role_assignments` {{(pid=80425) log_request_info /opt/stack/keystone/keystone/server/flask/request_processing/req_logging.py:29}}
Jun 24 08:26:49.656290 dv-cinder-847131-2-iscsi devstack@keystone.service[80425]: DEBUG keystone.common.rbac_enforcer.enforcer [None req-5a954a6c-b436-4706-a887-ddc55da1693c None admin] RBAC: Adding query filter params (role.id=bd56838b71ec4a5781fe2df9f3f4f1ab, scope.project.id=2ce34355c4f84047a2f4e1d1adcee45f, user.id=8e322e2cfd9e4eca9f58d562b4da2dad) {{(pid=80425) _extract_filter_values /opt/stack/keystone/keystone/common/rbac_enforcer/enforcer.py:167}}
Jun 24 08:26:49.656656 dv-cinder-847131-2-iscsi devstack@keystone.service[80425]: DEBUG keystone.common.rbac_enforcer.enforcer [None req-5a954a6c-b436-4706-a887-ddc55da1693c None admin] RBAC: Authorizing `identity:list_role_assignments()` {{(pid=80425) enforce_call /opt/stack/keystone/keystone/common/rbac_enforcer/enforcer.py:449}}
Jun 24 08:26:49.658216 dv-cinder-847131-2-iscsi devstack@keystone.service[80425]: DEBUG keystone.common.rbac_enforcer.enforcer [None req-5a954a6c-b436-4706-a887-ddc55da1693c None admin] RBAC: Authorization granted {{(pid=80425) enforce_call /opt/stack/keystone/keystone/common/rbac_enforcer/enforcer.py:457}}
Jun 24 08:26:49.665640 dv-cinder-847131-2-iscsi devstack@keystone.service[80425]: [pid: 80425|app: 0|req: 45/97] 10.222.0.13 () {56 vars in 1374 bytes} [Fri Jun 24 08:26:49 2022] GET /identity/v3/role_assignments?user.id=8e322e2cfd9e4eca9f58d562b4da2dad&scope.project.id=2ce34355c4f84047a2f4e1d1adcee45f&role.id=bd56838b71ec4a5781fe2df9f3f4f1ab => generated 259 bytes in 199 msecs (HTTP/1.1 200) 5 headers in 177 bytes (2 switches on core 0)
Jun 24 08:26:51.588068 dv-cinder-847131-2-iscsi devstack@keystone.service[80424]: DEBUG keystone.server.flask.request_processing.req_logging [None req-cd388c9d-15f6-41d9-a09c-11d671cbf145 None None] REQUEST_METHOD: `GET` {{(pid=80424) log_request_info /opt/stack/keystone/keystone/server/flask/request_processing/req_logging.py:27}}
Jun 24 08:26:51.588068 dv-cinder-847131-2-iscsi devstack@keystone.service[80424]: DEBUG keystone.server.flask.request_processing.req_logging [None req-cd388c9d-15f6-41d9-a09c-11d671cbf145 None None] SCRIPT_NAME: `/identity` {{(pid=80424) log_request_info /opt/stack/keystone/keystone/server/flask/request_processing/req_logging.py:28}}
Jun 24 08:26:51.588068 dv-cinder-847131-2-iscsi devstack@keystone.service[80424]: DEBUG keystone.server.flask.request_processing.req_logging [None req-cd388c9d-15f6-41d9-a09c-11d671cbf145 None None] PATH_INFO: `/` {{(pid=80424) log_request_info /opt/stack/keystone/keystone/server/flask/request_processing/req_logging.py:29}}
Jun 24 08:26:51.588068 dv-cinder-847131-2-iscsi devstack@keystone.service[80424]: [pid: 80424|app: 0|req: 53/98] 10.222.0.13 () {54 vars in 926 bytes} [Fri Jun 24 08:26:51 2022] GET /identity => generated 270 bytes in 4 msecs (HTTP/1.1 300) 6 headers in 234 bytes (1 switches on core 0)
Jun 24 08:26:51.598941 dv-cinder-847131-2-iscsi devstack@keystone.service[80425]: DEBUG keystone.server.flask.request_processing.req_logging [None req-e18f67cb-8084-4bb1-b05f-a199c7210244 None None] REQUEST_METHOD: `GET` {{(pid=80425) log_request_info /opt/stack/keystone/keystone/server/flask/request_processing/req_logging.py:27}}
Jun 24 08:26:51.599771 dv-cinder-847131-2-iscsi devstack@keystone.service[80425]: DEBUG keystone.server.flask.request_processing.req_logging [None req-e18f67cb-8084-4bb1-b05f-a199c7210244 None None] SCRIPT_NAME: `/identity` {{(pid=80425) log_request_info /opt/stack/keystone/keystone/server/flask/request_processing/req_logging.py:28}}
Jun 24 08:26:51.600220 dv-cinder-847131-2-iscsi devstack@keystone.service[80425]: DEBUG keystone.server.flask.request_processing.req_logging [None req-e18f67cb-8084-4bb1-b05f-a199c7210244 None None] PATH_INFO: `/` {{(pid=80425) log_request_info /opt/stack/keystone/keystone/server/flask/request_processing/req_logging.py:29}}
Jun 24 08:26:51.601830 dv-cinder-847131-2-iscsi devstack@keystone.service[80425]: [pid: 80425|app: 0|req: 46/99] 10.222.0.13 () {54 vars in 926 bytes} [Fri Jun 24 08:26:51 2022] GET /identity => generated 270 bytes in 4 msecs (HTTP/1.1 300) 6 headers in 234 bytes (1 switches on core 0)
Jun 24 08:26:51.603479 dv-cinder-847131-2-iscsi devstack@keystone.service[80424]: DEBUG keystone.server.flask.request_processing.req_logging [None req-8715a4d9-c689-44ff-af32-57d1cd6252dd None None] REQUEST_METHOD: `POST` {{(pid=80424) log_request_info /opt/stack/keystone/keystone/server/flask/request_processing/req_logging.py:27}}
Jun 24 08:26:51.605101 dv-cinder-847131-2-iscsi devstack@keystone.service[80424]: DEBUG keystone.server.flask.request_processing.req_logging [None req-8715a4d9-c689-44ff-af32-57d1cd6252dd None None] SCRIPT_NAME: `/identity` {{(pid=80424) log_request_info /opt/stack/keystone/keystone/server/flask/request_processing/req_logging.py:28}}
Jun 24 08:26:51.605560 dv-cinder-847131-2-iscsi devstack@keystone.service[80424]: DEBUG keystone.server.flask.request_processing.req_logging [None req-8715a4d9-c689-44ff-af32-57d1cd6252dd None None] PATH_INFO: `/v3/auth/tokens` {{(pid=80424) log_request_info /opt/stack/keystone/keystone/server/flask/request_processing/req_logging.py:29}}
Jun 24 08:26:51.610965 dv-cinder-847131-2-iscsi devstack@keystone.service[80425]: DEBUG keystone.server.flask.request_processing.req_logging [None req-7fd46b7a-7721-456e-9f33-2981804d0218 None None] REQUEST_METHOD: `POST` {{(pid=80425) log_request_info /opt/stack/keystone/keystone/server/flask/request_processing/req_logging.py:27}}
Jun 24 08:26:51.611480 dv-cinder-847131-2-iscsi devstack@keystone.service[80425]: DEBUG keystone.server.flask.request_processing.req_logging [None req-7fd46b7a-7721-456e-9f33-2981804d0218 None None] SCRIPT_NAME: `/identity` {{(pid=80425) log_request_info /opt/stack/keystone/keystone/server/flask/request_processing/req_logging.py:28}}
Jun 24 08:26:51.611946 dv-cinder-847131-2-iscsi devstack@keystone.service[80425]: DEBUG keystone.server.flask.request_processing.req_logging [None req-7fd46b7a-7721-456e-9f33-2981804d0218 None None] PATH_INFO: `/v3/auth/tokens` {{(pid=80425) log_request_info /opt/stack/keystone/keystone/server/flask/request_processing/req_logging.py:29}}
Jun 24 08:26:51.658503 dv-cinder-847131-2-iscsi devstack@keystone.service[80425]: DEBUG keystone.auth.core [None req-7fd46b7a-7721-456e-9f33-2981804d0218 None None] MFA Rules not processed for user `268e75b173ff435b8dfbe2517f69c015`. Rule list: `[]` (Enabled: `True`). {{(pid=80425) check_auth_methods_against_rules /opt/stack/keystone/keystone/auth/core.py:438}}
Jun 24 08:26:51.659699 dv-cinder-847131-2-iscsi devstack@keystone.service[80424]: DEBUG keystone.auth.core [None req-8715a4d9-c689-44ff-af32-57d1cd6252dd None None] MFA Rules not processed for user `268e75b173ff435b8dfbe2517f69c015`. Rule list: `[]` (Enabled: `True`). {{(pid=80424) check_auth_methods_against_rules /opt/stack/keystone/keystone/auth/core.py:438}}
Jun 24 08:26:51.661085 dv-cinder-847131-2-iscsi devstack@keystone.service[80425]: DEBUG keystone.common.fernet_utils [None req-7fd46b7a-7721-456e-9f33-2981804d0218 None None] Loaded 2 Fernet keys from /etc/keystone/fernet-keys/, but `[fernet_tokens] max_active_keys = 3`; perhaps there have not been enough key rotations to reach `max_active_keys` yet? {{(pid=80425) load_keys /opt/stack/keystone/keystone/common/fernet_utils.py:286}}
Jun 24 08:26:51.662459 dv-cinder-847131-2-iscsi devstack@keystone.service[80424]: DEBUG keystone.common.fernet_utils [None req-8715a4d9-c689-44ff-af32-57d1cd6252dd None None] Loaded 2 Fernet keys from /etc/keystone/fernet-keys/, but `[fernet_tokens] max_active_keys = 3`; perhaps there have not been enough key rotations to reach `max_active_keys` yet? {{(pid=80424) load_keys /opt/stack/keystone/keystone/common/fernet_utils.py:286}}
Jun 24 08:26:51.795002 dv-cinder-847131-2-iscsi devstack@keystone.service[80425]: [pid: 80425|app: 0|req: 47/100] 10.222.0.13 () {58 vars in 1023 bytes} [Fri Jun 24 08:26:51 2022] POST /identity/v3/auth/tokens => generated 799 bytes in 185 msecs (HTTP/1.1 201) 6 headers in 363 bytes (2 switches on core 0)
Jun 24 08:26:51.802187 dv-cinder-847131-2-iscsi devstack@keystone.service[80424]: [pid: 80424|app: 0|req: 54/101] 10.222.0.13 () {58 vars in 1023 bytes} [Fri Jun 24 08:26:51 2022] POST /identity/v3/auth/tokens => generated 799 bytes in 199 msecs (HTTP/1.1 201) 6 headers in 363 bytes (1 switches on core 0)
Jun 24 08:26:51.803848 dv-cinder-847131-2-iscsi devstack@keystone.service[80424]: DEBUG keystone.server.flask.request_processing.req_logging [None req-3c8339ab-dc72-42a3-8d34-b2ed44de529b None None] REQUEST_METHOD: `GET` {{(pid=80424) log_request_info /opt/stack/keystone/keystone/server/flask/request_processing/req_logging.py:27}}
Jun 24 08:26:51.804344 dv-cinder-847131-2-iscsi devstack@keystone.service[80424]: DEBUG keystone.server.flask.request_processing.req_logging [None req-3c8339ab-dc72-42a3-8d34-b2ed44de529b None None] SCRIPT_NAME: `/identity` {{(pid=80424) log_request_info /opt/stack/keystone/keystone/server/flask/request_processing/req_logging.py:28}}
Jun 24 08:26:51.805407 dv-cinder-847131-2-iscsi devstack@keystone.service[80424]: DEBUG keystone.server.flask.request_processing.req_logging [None req-3c8339ab-dc72-42a3-8d34-b2ed44de529b None None] PATH_INFO: `/` {{(pid=80424) log_request_info /opt/stack/keystone/keystone/server/flask/request_processing/req_logging.py:29}}
Jun 24 08:26:51.807110 dv-cinder-847131-2-iscsi devstack@keystone.service[80424]: [pid: 80424|app: 0|req: 55/102] 10.222.0.13 () {54 vars in 926 bytes} [Fri Jun 24 08:26:51 2022] GET /identity => generated 270 bytes in 4 msecs (HTTP/1.1 300) 6 headers in 234 bytes (1 switches on core 0)
Jun 24 08:26:51.812701 dv-cinder-847131-2-iscsi devstack@keystone.service[80425]: DEBUG keystone.server.flask.request_processing.req_logging [None req-999a4237-c0c1-4afe-aaf0-dc4bedb69629 None None] REQUEST_METHOD: `POST` {{(pid=80425) log_request_info /opt/stack/keystone/keystone/server/flask/request_processing/req_logging.py:27}}
Jun 24 08:26:51.813272 dv-cinder-847131-2-iscsi devstack@keystone.service[80425]: DEBUG keystone.server.flask.request_processing.req_logging [None req-999a4237-c0c1-4afe-aaf0-dc4bedb69629 None None] SCRIPT_NAME: `/identity` {{(pid=80425) log_request_info /opt/stack/keystone/keystone/server/flask/request_processing/req_logging.py:28}}
Jun 24 08:26:51.813771 dv-cinder-847131-2-iscsi devstack@keystone.service[80425]: DEBUG keystone.server.flask.request_processing.req_logging [None req-999a4237-c0c1-4afe-aaf0-dc4bedb69629 None None] PATH_INFO: `/v3/auth/tokens` {{(pid=80425) log_request_info /opt/stack/keystone/keystone/server/flask/request_processing/req_logging.py:29}}
Jun 24 08:26:51.837390 dv-cinder-847131-2-iscsi devstack@keystone.service[80424]: DEBUG keystone.server.flask.request_processing.middleware.auth_context [None req-3c8339ab-dc72-42a3-8d34-b2ed44de529b None None] Authenticating user token {{(pid=80424) process_request /usr/local/lib/python3.8/dist-packages/keystonemiddleware/auth_token/__init__.py:407}}
Jun 24 08:26:51.857990 dv-cinder-847131-2-iscsi devstack@keystone.service[80425]: DEBUG keystone.auth.core [None req-999a4237-c0c1-4afe-aaf0-dc4bedb69629 None None] MFA Rules not processed for user `268e75b173ff435b8dfbe2517f69c015`. Rule list: `[]` (Enabled: `True`). {{(pid=80425) check_auth_methods_against_rules /opt/stack/keystone/keystone/auth/core.py:438}}
Jun 24 08:26:51.861027 dv-cinder-847131-2-iscsi devstack@keystone.service[80425]: DEBUG keystone.common.fernet_utils [None req-999a4237-c0c1-4afe-aaf0-dc4bedb69629 None None] Loaded 2 Fernet keys from /etc/keystone/fernet-keys/, but `[fernet_tokens] max_active_keys = 3`; perhaps there have not been enough key rotations to reach `max_active_keys` yet? {{(pid=80425) load_keys /opt/stack/keystone/keystone/common/fernet_utils.py:286}}
Jun 24 08:26:51.893309 dv-cinder-847131-2-iscsi devstack@keystone.service[80424]: DEBUG dbcounter [-] [80424] Writing DB stats keystone:SELECT=100 {{(pid=80424) stat_writer /usr/local/lib/python3.8/dist-packages/dbcounter.py:114}}
Jun 24 08:26:51.969008 dv-cinder-847131-2-iscsi devstack@keystone.service[80425]: DEBUG dbcounter [-] [80425] Writing DB stats keystone:SELECT=100 {{(pid=80425) stat_writer /usr/local/lib/python3.8/dist-packages/dbcounter.py:114}}
Jun 24 08:26:51.999514 dv-cinder-847131-2-iscsi devstack@keystone.service[80425]: [pid: 80425|app: 0|req: 48/103] 10.222.0.13 () {58 vars in 1023 bytes} [Fri Jun 24 08:26:51 2022] POST /identity/v3/auth/tokens => generated 799 bytes in 188 msecs (HTTP/1.1 201) 6 headers in 363 bytes (2 switches on core 0)
Jun 24 08:26:52.000834 dv-cinder-847131-2-iscsi devstack@keystone.service[80425]: DEBUG keystone.server.flask.request_processing.middleware.auth_context [None req-999a4237-c0c1-4afe-aaf0-dc4bedb69629 None None] Authenticating user token {{(pid=80425) process_request /usr/local/lib/python3.8/dist-packages/keystonemiddleware/auth_token/__init__.py:407}}
Jun 24 08:26:52.032534 dv-cinder-847131-2-iscsi devstack@keystone.service[80424]: DEBUG keystone.server.flask.request_processing.middleware.auth_context [None req-3c8339ab-dc72-42a3-8d34-b2ed44de529b None None] Validating token access rules against request {{(pid=80424) validate_allowed_request /usr/local/lib/python3.8/dist-packages/keystonemiddleware/auth_token/__init__.py:545}}
Jun 24 08:26:52.108201 dv-cinder-847131-2-iscsi devstack@keystone.service[80424]: DEBUG keystone.server.flask.request_processing.middleware.auth_context [None req-779865e1-14b5-4765-aab9-aaddc07022c2 None admin] RBAC: auth_context: {'token': , 'domain_id': None, 'trust_id': None, 'trustor_id': None, 'trustee_id': None, 'domain_name': None, 'group_ids': [], 'user_id': '268e75b173ff435b8dfbe2517f69c015', 'user_domain_id': 'default', 'system_scope': 'all', 'project_id': None, 'project_domain_id': None, 'roles': ['admin', 'member', 'reader'], 'is_admin_project': True, 'service_user_id': None, 'service_user_domain_id': None, 'service_project_id': None, 'service_project_domain_id': None, 'service_roles': []} {{(pid=80424) fill_context /opt/stack/keystone/keystone/server/flask/request_processing/middleware/auth_context.py:478}}
Jun 24 08:26:52.109636 dv-cinder-847131-2-iscsi devstack@keystone.service[80424]: DEBUG keystone.server.flask.request_processing.req_logging [None req-779865e1-14b5-4765-aab9-aaddc07022c2 None admin] REQUEST_METHOD: `GET` {{(pid=80424) log_request_info /opt/stack/keystone/keystone/server/flask/request_processing/req_logging.py:27}}
Jun 24 08:26:52.111516 dv-cinder-847131-2-iscsi devstack@keystone.service[80424]: DEBUG keystone.server.flask.request_processing.req_logging [None req-779865e1-14b5-4765-aab9-aaddc07022c2 None admin] SCRIPT_NAME: `/identity` {{(pid=80424) log_request_info /opt/stack/keystone/keystone/server/flask/request_processing/req_logging.py:28}}
Jun 24 08:26:52.112007 dv-cinder-847131-2-iscsi devstack@keystone.service[80424]: DEBUG keystone.server.flask.request_processing.req_logging [None req-779865e1-14b5-4765-aab9-aaddc07022c2 None admin] PATH_INFO: `/v3/roles/member` {{(pid=80424) log_request_info /opt/stack/keystone/keystone/server/flask/request_processing/req_logging.py:29}}
Jun 24 08:26:52.143756 dv-cinder-847131-2-iscsi devstack@keystone.service[80424]: DEBUG keystone.common.rbac_enforcer.enforcer [None req-779865e1-14b5-4765-aab9-aaddc07022c2 None admin] Extracting inferred target data resulted in "NOT FOUND (404)". {{(pid=80424) enforce_call /opt/stack/keystone/keystone/common/rbac_enforcer/enforcer.py:409}}
Jun 24 08:26:52.164024 dv-cinder-847131-2-iscsi devstack@keystone.service[80424]: ERROR keystone.server.flask.application [None req-779865e1-14b5-4765-aab9-aaddc07022c2 None admin] Could not find role: member.: keystone.exception.RoleNotFound: Could not find role: member.
Jun 24 08:26:52.164024 dv-cinder-847131-2-iscsi devstack@keystone.service[80424]: ERROR keystone.server.flask.application
Traceback (most recent call last):
Jun 24 08:26:52.164024 dv-cinder-847131-2-iscsi devstack@keystone.service[80424]: ERROR keystone.server.flask.application
File "/usr/local/lib/python3.8/dist-packages/flask/app.py", line 1523, in full_dispatch_request
Jun 24 08:26:52.164024 dv-cinder-847131-2-iscsi devstack@keystone.service[80424]: ERROR keystone.server.flask.application rv = self.dispatch_request()
Jun 24 08:26:52.164024 dv-cinder-847131-2-iscsi devstack@keystone.service[80424]: ERROR keystone.server.flask.application
File "/usr/local/lib/python3.8/dist-packages/flask/app.py", line 1509, in dispatch_request
Jun 24 08:26:52.164024 dv-cinder-847131-2-iscsi devstack@keystone.service[80424]: ERROR keystone.server.flask.application return self.ensure_sync(self.view_functions[rule.endpoint])(**req.view_args)
Jun 24 08:26:52.164024 dv-cinder-847131-2-iscsi devstack@keystone.service[80424]: ERROR keystone.server.flask.application
File "/usr/local/lib/python3.8/dist-packages/flask_restful/__init__.py", line 467, in wrapper
Jun 24 08:26:52.164024 dv-cinder-847131-2-iscsi devstack@keystone.service[80424]: ERROR keystone.server.flask.application resp = resource(*args, **kwargs)
Jun 24 08:26:52.164024 dv-cinder-847131-2-iscsi devstack@keystone.service[80424]: ERROR keystone.server.flask.application
File "/usr/local/lib/python3.8/dist-packages/flask/views.py", line 84, in view
Jun 24 08:26:52.164024 dv-cinder-847131-2-iscsi devstack@keystone.service[80424]: ERROR keystone.server.flask.application return current_app.ensure_sync(self.dispatch_request)(*args, **kwargs)
Jun 24 08:26:52.164024 dv-cinder-847131-2-iscsi devstack@keystone.service[80424]: ERROR keystone.server.flask.application
File "/usr/local/lib/python3.8/dist-packages/flask_restful/__init__.py", line 582, in dispatch_request
Jun 24 08:26:52.164024 dv-cinder-847131-2-iscsi devstack@keystone.service[80424]: ERROR keystone.server.flask.application resp = meth(*args, **kwargs)
Jun 24 08:26:52.164024 dv-cinder-847131-2-iscsi devstack@keystone.service[80424]: ERROR keystone.server.flask.application
File "/opt/stack/keystone/keystone/api/roles.py", line 50, in get
Jun 24 08:26:52.164024 dv-cinder-847131-2-iscsi devstack@keystone.service[80424]: ERROR keystone.server.flask.application return self._get_role(role_id)
Jun 24 08:26:52.164024 dv-cinder-847131-2-iscsi devstack@keystone.service[80424]: ERROR keystone.server.flask.application
File "/opt/stack/keystone/keystone/api/roles.py", line 70, in _get_role
Jun 24 08:26:52.164024 dv-cinder-847131-2-iscsi devstack@keystone.service[80424]: ERROR keystone.server.flask.application ENFORCER.enforce_call(action='identity:get_role')
Jun 24 08:26:52.165778 dv-cinder-847131-2-iscsi devstack@keystone.service[80424]: ERROR keystone.server.flask.application
File "/opt/stack/keystone/keystone/common/rbac_enforcer/enforcer.py", line 402, in enforce_call
Jun 24 08:26:52.165778 dv-cinder-847131-2-iscsi devstack@keystone.service[80424]: ERROR keystone.server.flask.application policy_dict.update(cls._extract_member_target_data(
Jun 24 08:26:52.165778 dv-cinder-847131-2-iscsi devstack@keystone.service[80424]: ERROR keystone.server.flask.application
File "/opt/stack/keystone/keystone/common/rbac_enforcer/enforcer.py", line 234, in _extract_member_target_data
Jun 24 08:26:52.165778 dv-cinder-847131-2-iscsi devstack@keystone.service[80424]: ERROR keystone.server.flask.application member_name: func(flask.request.view_args[key])
Jun 24 08:26:52.165778 dv-cinder-847131-2-iscsi devstack@keystone.service[80424]: ERROR keystone.server.flask.application
File "/opt/stack/keystone/keystone/common/manager.py", line 115, in wrapped
Jun 24 08:26:52.165778 dv-cinder-847131-2-iscsi devstack@keystone.service[80424]: ERROR keystone.server.flask.application __ret_val = __f(*args, **kwargs)
Jun 24 08:26:52.165778 dv-cinder-847131-2-iscsi devstack@keystone.service[80424]: ERROR keystone.server.flask.application
File "/usr/local/lib/python3.8/dist-packages/decorator.py", line 232, in fun
Jun 24 08:26:52.165778 dv-cinder-847131-2-iscsi devstack@keystone.service[80424]: ERROR keystone.server.flask.application return caller(func, *(extras + args), **kw)
Jun 24 08:26:52.165778 dv-cinder-847131-2-iscsi devstack@keystone.service[80424]: ERROR keystone.server.flask.application
File "/usr/local/lib/python3.8/dist-packages/dogpile/cache/region.py", line 1577, in get_or_create_for_user_func
Jun 24 08:26:52.165778 dv-cinder-847131-2-iscsi devstack@keystone.service[80424]: ERROR keystone.server.flask.application return self.get_or_create(
Jun 24 08:26:52.165778 dv-cinder-847131-2-iscsi devstack@keystone.service[80424]: ERROR keystone.server.flask.application
File "/usr/local/lib/python3.8/dist-packages/dogpile/cache/region.py", line 1042, in get_or_create
Jun 24 08:26:52.165778 dv-cinder-847131-2-iscsi devstack@keystone.service[80424]: ERROR keystone.server.flask.application with Lock(
Jun 24 08:26:52.165778 dv-cinder-847131-2-iscsi devstack@keystone.service[80424]: ERROR keystone.server.flask.application
File "/usr/local/lib/python3.8/dist-packages/dogpile/lock.py", line 185, in __enter__
Jun 24 08:26:52.165778 dv-cinder-847131-2-iscsi devstack@keystone.service[80424]: ERROR keystone.server.flask.application return self._enter()
Jun 24 08:26:52.165778 dv-cinder-847131-2-iscsi devstack@keystone.service[80424]: ERROR keystone.server.flask.application
File "/usr/local/lib/python3.8/dist-packages/dogpile/lock.py", line 94, in _enter
Jun 24 08:26:52.165778 dv-cinder-847131-2-iscsi devstack@keystone.service[80424]: ERROR keystone.server.flask.application generated = self._enter_create(value, createdtime)
Jun 24 08:26:52.166528 dv-cinder-847131-2-iscsi devstack@keystone.service[80424]: ERROR keystone.server.flask.application
File "/usr/local/lib/python3.8/dist-packages/dogpile/lock.py", line 178, in _enter_create
Jun 24 08:26:52.166528 dv-cinder-847131-2-iscsi devstack@keystone.service[80424]: ERROR keystone.server.flask.application return self.creator()
Jun 24 08:26:52.166528 dv-cinder-847131-2-iscsi devstack@keystone.service[80424]: ERROR keystone.server.flask.application
File "/usr/local/lib/python3.8/dist-packages/dogpile/cache/region.py", line 995, in gen_value
Jun 24 08:26:52.166528 dv-cinder-847131-2-iscsi devstack@keystone.service[80424]: ERROR keystone.server.flask.application created_value = creator(
Jun 24 08:26:52.166528 dv-cinder-847131-2-iscsi devstack@keystone.service[80424]: ERROR keystone.server.flask.application
File "/opt/stack/keystone/keystone/assignment/core.py", line 1276, in get_role
Jun 24 08:26:52.166528 dv-cinder-847131-2-iscsi devstack@keystone.service[80424]: ERROR keystone.server.flask.application return self.driver.get_role(role_id)
Jun 24 08:26:52.166528 dv-cinder-847131-2-iscsi devstack@keystone.service[80424]: ERROR keystone.server.flask.application
File "/opt/stack/keystone/keystone/assignment/role_backends/sql.py", line 70, in get_role
Jun 24 08:26:52.166528 dv-cinder-847131-2-iscsi devstack@keystone.service[80424]: ERROR keystone.server.flask.application return self._get_role(session, role_id).to_dict()
Jun 24 08:26:52.166528 dv-cinder-847131-2-iscsi devstack@keystone.service[80424]: ERROR keystone.server.flask.application
File "/opt/stack/keystone/keystone/assignment/role_backends/sql.py", line 65, in _get_role
Jun 24 08:26:52.166528 dv-cinder-847131-2-iscsi devstack@keystone.service[80424]: ERROR keystone.server.flask.application raise exception.RoleNotFound(role_id=role_id)
Jun 24 08:26:52.166528 dv-cinder-847131-2-iscsi devstack@keystone.service[80424]: ERROR keystone.server.flask.application keystone.exception.RoleNotFound: Could not find role: member.
Jun 24 08:26:52.166528 dv-cinder-847131-2-iscsi devstack@keystone.service[80424]: ERROR keystone.server.flask.application
Jun 24 08:26:52.171049 dv-cinder-847131-2-iscsi devstack@keystone.service[80424]: [pid: 80424|app: 0|req: 56/104] 10.222.0.13 () {56 vars in 1099 bytes} [Fri Jun 24 08:26:51 2022] GET /identity/v3/roles/member => generated 84 bytes in 335 msecs (HTTP/1.1 404) 5 headers in 183 bytes (2 switches on core 0)
Jun 24 08:26:52.174698 dv-cinder-847131-2-iscsi devstack@keystone.service[80424]: DEBUG keystone.server.flask.request_processing.middleware.auth_context [None req-779865e1-14b5-4765-aab9-aaddc07022c2 None admin] Authenticating user token {{(pid=80424) process_request /usr/local/lib/python3.8/dist-packages/keystonemiddleware/auth_token/__init__.py:407}}
Jun 24 08:26:52.228848 dv-cinder-847131-2-iscsi devstack@keystone.service[80425]: DEBUG keystone.server.flask.request_processing.middleware.auth_context [None req-999a4237-c0c1-4afe-aaf0-dc4bedb69629 None None] Validating token access rules against request {{(pid=80425) validate_allowed_request /usr/local/lib/python3.8/dist-packages/keystonemiddleware/auth_token/__init__.py:545}}
Jun 24 08:26:52.310572 dv-cinder-847131-2-iscsi devstack@keystone.service[80425]: DEBUG keystone.server.flask.request_processing.middleware.auth_context [None req-09077ff2-42a4-42a6-9085-285dc5d4e150 None admin] RBAC: auth_context: {'token': , 'domain_id': None, 'trust_id': None, 'trustor_id': None, 'trustee_id': None, 'domain_name': None, 'group_ids': [], 'user_id': '268e75b173ff435b8dfbe2517f69c015', 'user_domain_id': 'default', 'system_scope': 'all', 'project_id': None, 'project_domain_id': None, 'roles': ['admin', 'member', 'reader'], 'is_admin_project': True, 'service_user_id': None, 'service_user_domain_id': None, 'service_project_id': None, 'service_project_domain_id': None, 'service_roles': []} {{(pid=80425) fill_context /opt/stack/keystone/keystone/server/flask/request_processing/middleware/auth_context.py:478}}
Jun 24 08:26:52.313303 dv-cinder-847131-2-iscsi devstack@keystone.service[80425]: DEBUG keystone.server.flask.request_processing.req_logging [None req-09077ff2-42a4-42a6-9085-285dc5d4e150 None admin] REQUEST_METHOD: `GET` {{(pid=80425) log_request_info /opt/stack/keystone/keystone/server/flask/request_processing/req_logging.py:27}}
Jun 24 08:26:52.314444 dv-cinder-847131-2-iscsi devstack@keystone.service[80425]: DEBUG keystone.server.flask.request_processing.req_logging [None req-09077ff2-42a4-42a6-9085-285dc5d4e150 None admin] SCRIPT_NAME: `/identity` {{(pid=80425) log_request_info /opt/stack/keystone/keystone/server/flask/request_processing/req_logging.py:28}}
Jun 24 08:26:52.314918 dv-cinder-847131-2-iscsi devstack@keystone.service[80425]: DEBUG keystone.server.flask.request_processing.req_logging [None req-09077ff2-42a4-42a6-9085-285dc5d4e150 None admin] PATH_INFO: `/v3/domains/default` {{(pid=80425) log_request_info /opt/stack/keystone/keystone/server/flask/request_processing/req_logging.py:29}}
Jun 24 08:26:52.319009 dv-cinder-847131-2-iscsi devstack@keystone.service[80425]: DEBUG keystone.common.rbac_enforcer.enforcer [None req-09077ff2-42a4-42a6-9085-285dc5d4e150 None admin] RBAC: Authorizing `identity:get_domain(domain_id=default)` {{(pid=80425) enforce_call /opt/stack/keystone/keystone/common/rbac_enforcer/enforcer.py:449}}
Jun 24 08:26:52.321323 dv-cinder-847131-2-iscsi devstack@keystone.service[80425]: DEBUG keystone.common.rbac_enforcer.enforcer [None req-09077ff2-42a4-42a6-9085-285dc5d4e150 None admin] RBAC: Authorization granted {{(pid=80425) enforce_call /opt/stack/keystone/keystone/common/rbac_enforcer/enforcer.py:457}}
Jun 24 08:26:52.327911 dv-cinder-847131-2-iscsi devstack@keystone.service[80425]: [pid: 80425|app: 0|req: 49/105] 10.222.0.13 () {56 vars in 1108 bytes} [Fri Jun 24 08:26:51 2022] GET /identity/v3/domains/default => generated 199 bytes in 327 msecs (HTTP/1.1 200) 5 headers in 177 bytes (1 switches on core 0)
Jun 24 08:26:52.328955 dv-cinder-847131-2-iscsi devstack@keystone.service[80425]: DEBUG keystone.server.flask.request_processing.middleware.auth_context [None req-09077ff2-42a4-42a6-9085-285dc5d4e150 None admin] Authenticating user token {{(pid=80425) process_request /usr/local/lib/python3.8/dist-packages/keystonemiddleware/auth_token/__init__.py:407}}
Jun 24 08:26:52.362296 dv-cinder-847131-2-iscsi devstack@keystone.service[80424]: DEBUG dbcounter [-] [80424] Writing DB stats keystone:SELECT=100 {{(pid=80424) stat_writer /usr/local/lib/python3.8/dist-packages/dbcounter.py:114}}
Jun 24 08:26:52.372403 dv-cinder-847131-2-iscsi devstack@keystone.service[80424]: DEBUG keystone.server.flask.request_processing.middleware.auth_context [None req-779865e1-14b5-4765-aab9-aaddc07022c2 None admin] Validating token access rules against request {{(pid=80424) validate_allowed_request /usr/local/lib/python3.8/dist-packages/keystonemiddleware/auth_token/__init__.py:545}}
Jun 24 08:26:52.409828 dv-cinder-847131-2-iscsi devstack@keystone.service[80424]: DEBUG keystone.server.flask.request_processing.middleware.auth_context [None req-0ececb6b-d4c1-40f8-90a5-38e5dbd9c867 None admin] RBAC: auth_context: {'token': , 'domain_id': None, 'trust_id': None, 'trustor_id': None, 'trustee_id': None, 'domain_name': None, 'group_ids': [], 'user_id': '268e75b173ff435b8dfbe2517f69c015', 'user_domain_id': 'default', 'system_scope': 'all', 'project_id': None, 'project_domain_id': None, 'roles': ['admin', 'member', 'reader'], 'is_admin_project': True, 'service_user_id': None, 'service_user_domain_id': None, 'service_project_id': None, 'service_project_domain_id': None, 'service_roles': []} {{(pid=80424) fill_context /opt/stack/keystone/keystone/server/flask/request_processing/middleware/auth_context.py:478}}
