Jun 22 09:34:24.381276 dv-cinder-847131-1-smb devstack@keystone.service[91928]: DEBUG keystone.common.rbac_enforcer.enforcer [None req-2395ad44-0875-4693-9546-cc9519f2da3a None admin] RBAC: Adding query filter params (role.id=bffdc28d8b82401d8b95ce4a02706beb, scope.project.id=9c0f97176170458bb0000345de3bae3a, user.id=c5ff132e386044058df94d9d8e6f52cd) {{(pid=91928) _extract_filter_values /opt/stack/keystone/keystone/common/rbac_enforcer/enforcer.py:167}}
Jun 22 09:34:24.381594 dv-cinder-847131-1-smb devstack@keystone.service[91928]: DEBUG keystone.common.rbac_enforcer.enforcer [None req-2395ad44-0875-4693-9546-cc9519f2da3a None admin] RBAC: Authorizing `identity:list_role_assignments()` {{(pid=91928) enforce_call /opt/stack/keystone/keystone/common/rbac_enforcer/enforcer.py:449}}
Jun 22 09:34:24.383062 dv-cinder-847131-1-smb devstack@keystone.service[91928]: DEBUG keystone.common.rbac_enforcer.enforcer [None req-2395ad44-0875-4693-9546-cc9519f2da3a None admin] RBAC: Authorization granted {{(pid=91928) enforce_call /opt/stack/keystone/keystone/common/rbac_enforcer/enforcer.py:457}}
Jun 22 09:34:24.384032 dv-cinder-847131-1-smb devstack@keystone.service[91929]: ERROR keystone.server.flask.application [None req-e993b4f8-2c4e-40e5-9f7d-0f53347c0c88 None admin] Could not find role: reader.: keystone.exception.RoleNotFound: Could not find role: reader.
Jun 22 09:34:24.384032 dv-cinder-847131-1-smb devstack@keystone.service[91929]: ERROR keystone.server.flask.application
Traceback (most recent call last):
Jun 22 09:34:24.384032 dv-cinder-847131-1-smb devstack@keystone.service[91929]: ERROR keystone.server.flask.application
File "/usr/local/lib/python3.8/dist-packages/flask/app.py", line 1523, in full_dispatch_request
Jun 22 09:34:24.384032 dv-cinder-847131-1-smb devstack@keystone.service[91929]: ERROR keystone.server.flask.application rv = self.dispatch_request()
Jun 22 09:34:24.384032 dv-cinder-847131-1-smb devstack@keystone.service[91929]: ERROR keystone.server.flask.application
File "/usr/local/lib/python3.8/dist-packages/flask/app.py", line 1509, in dispatch_request
Jun 22 09:34:24.384032 dv-cinder-847131-1-smb devstack@keystone.service[91929]: ERROR keystone.server.flask.application return self.ensure_sync(self.view_functions[rule.endpoint])(**req.view_args)
Jun 22 09:34:24.384032 dv-cinder-847131-1-smb devstack@keystone.service[91929]: ERROR keystone.server.flask.application
File "/usr/local/lib/python3.8/dist-packages/flask_restful/__init__.py", line 467, in wrapper
Jun 22 09:34:24.384032 dv-cinder-847131-1-smb devstack@keystone.service[91929]: ERROR keystone.server.flask.application resp = resource(*args, **kwargs)
Jun 22 09:34:24.384032 dv-cinder-847131-1-smb devstack@keystone.service[91929]: ERROR keystone.server.flask.application
File "/usr/local/lib/python3.8/dist-packages/flask/views.py", line 84, in view
Jun 22 09:34:24.384032 dv-cinder-847131-1-smb devstack@keystone.service[91929]: ERROR keystone.server.flask.application return current_app.ensure_sync(self.dispatch_request)(*args, **kwargs)
Jun 22 09:34:24.384032 dv-cinder-847131-1-smb devstack@keystone.service[91929]: ERROR keystone.server.flask.application
File "/usr/local/lib/python3.8/dist-packages/flask_restful/__init__.py", line 582, in dispatch_request
Jun 22 09:34:24.384032 dv-cinder-847131-1-smb devstack@keystone.service[91929]: ERROR keystone.server.flask.application resp = meth(*args, **kwargs)
Jun 22 09:34:24.384032 dv-cinder-847131-1-smb devstack@keystone.service[91929]: ERROR keystone.server.flask.application
File "/opt/stack/keystone/keystone/api/roles.py", line 50, in get
Jun 22 09:34:24.384032 dv-cinder-847131-1-smb devstack@keystone.service[91929]: ERROR keystone.server.flask.application return self._get_role(role_id)
Jun 22 09:34:24.384032 dv-cinder-847131-1-smb devstack@keystone.service[91929]: ERROR keystone.server.flask.application
File "/opt/stack/keystone/keystone/api/roles.py", line 70, in _get_role
Jun 22 09:34:24.384032 dv-cinder-847131-1-smb devstack@keystone.service[91929]: ERROR keystone.server.flask.application ENFORCER.enforce_call(action='identity:get_role')
Jun 22 09:34:24.385069 dv-cinder-847131-1-smb devstack@keystone.service[91929]: ERROR keystone.server.flask.application
File "/opt/stack/keystone/keystone/common/rbac_enforcer/enforcer.py", line 402, in enforce_call
Jun 22 09:34:24.385069 dv-cinder-847131-1-smb devstack@keystone.service[91929]: ERROR keystone.server.flask.application policy_dict.update(cls._extract_member_target_data(
Jun 22 09:34:24.385069 dv-cinder-847131-1-smb devstack@keystone.service[91929]: ERROR keystone.server.flask.application
File "/opt/stack/keystone/keystone/common/rbac_enforcer/enforcer.py", line 234, in _extract_member_target_data
Jun 22 09:34:24.385069 dv-cinder-847131-1-smb devstack@keystone.service[91929]: ERROR keystone.server.flask.application member_name: func(flask.request.view_args[key])
Jun 22 09:34:24.385069 dv-cinder-847131-1-smb devstack@keystone.service[91929]: ERROR keystone.server.flask.application
File "/opt/stack/keystone/keystone/common/manager.py", line 115, in wrapped
Jun 22 09:34:24.385069 dv-cinder-847131-1-smb devstack@keystone.service[91929]: ERROR keystone.server.flask.application __ret_val = __f(*args, **kwargs)
Jun 22 09:34:24.385069 dv-cinder-847131-1-smb devstack@keystone.service[91929]: ERROR keystone.server.flask.application
File "/usr/local/lib/python3.8/dist-packages/decorator.py", line 232, in fun
Jun 22 09:34:24.385069 dv-cinder-847131-1-smb devstack@keystone.service[91929]: ERROR keystone.server.flask.application return caller(func, *(extras + args), **kw)
Jun 22 09:34:24.385069 dv-cinder-847131-1-smb devstack@keystone.service[91929]: ERROR keystone.server.flask.application
File "/usr/local/lib/python3.8/dist-packages/dogpile/cache/region.py", line 1577, in get_or_create_for_user_func
Jun 22 09:34:24.385069 dv-cinder-847131-1-smb devstack@keystone.service[91929]: ERROR keystone.server.flask.application return self.get_or_create(
Jun 22 09:34:24.385069 dv-cinder-847131-1-smb devstack@keystone.service[91929]: ERROR keystone.server.flask.application
File "/usr/local/lib/python3.8/dist-packages/dogpile/cache/region.py", line 1042, in get_or_create
Jun 22 09:34:24.385069 dv-cinder-847131-1-smb devstack@keystone.service[91929]: ERROR keystone.server.flask.application with Lock(
Jun 22 09:34:24.385069 dv-cinder-847131-1-smb devstack@keystone.service[91929]: ERROR keystone.server.flask.application
File "/usr/local/lib/python3.8/dist-packages/dogpile/lock.py", line 185, in __enter__
Jun 22 09:34:24.385069 dv-cinder-847131-1-smb devstack@keystone.service[91929]: ERROR keystone.server.flask.application return self._enter()
Jun 22 09:34:24.385069 dv-cinder-847131-1-smb devstack@keystone.service[91929]: ERROR keystone.server.flask.application
File "/usr/local/lib/python3.8/dist-packages/dogpile/lock.py", line 94, in _enter
Jun 22 09:34:24.385069 dv-cinder-847131-1-smb devstack@keystone.service[91929]: ERROR keystone.server.flask.application generated = self._enter_create(value, createdtime)
Jun 22 09:34:24.385964 dv-cinder-847131-1-smb devstack@keystone.service[91929]: ERROR keystone.server.flask.application
File "/usr/local/lib/python3.8/dist-packages/dogpile/lock.py", line 178, in _enter_create
Jun 22 09:34:24.385964 dv-cinder-847131-1-smb devstack@keystone.service[91929]: ERROR keystone.server.flask.application return self.creator()
Jun 22 09:34:24.385964 dv-cinder-847131-1-smb devstack@keystone.service[91929]: ERROR keystone.server.flask.application
File "/usr/local/lib/python3.8/dist-packages/dogpile/cache/region.py", line 995, in gen_value
Jun 22 09:34:24.385964 dv-cinder-847131-1-smb devstack@keystone.service[91929]: ERROR keystone.server.flask.application created_value = creator(
Jun 22 09:34:24.385964 dv-cinder-847131-1-smb devstack@keystone.service[91929]: ERROR keystone.server.flask.application
File "/opt/stack/keystone/keystone/assignment/core.py", line 1276, in get_role
Jun 22 09:34:24.385964 dv-cinder-847131-1-smb devstack@keystone.service[91929]: ERROR keystone.server.flask.application return self.driver.get_role(role_id)
Jun 22 09:34:24.385964 dv-cinder-847131-1-smb devstack@keystone.service[91929]: ERROR keystone.server.flask.application
File "/opt/stack/keystone/keystone/assignment/role_backends/sql.py", line 70, in get_role
Jun 22 09:34:24.385964 dv-cinder-847131-1-smb devstack@keystone.service[91929]: ERROR keystone.server.flask.application return self._get_role(session, role_id).to_dict()
Jun 22 09:34:24.385964 dv-cinder-847131-1-smb devstack@keystone.service[91929]: ERROR keystone.server.flask.application
File "/opt/stack/keystone/keystone/assignment/role_backends/sql.py", line 65, in _get_role
Jun 22 09:34:24.385964 dv-cinder-847131-1-smb devstack@keystone.service[91929]: ERROR keystone.server.flask.application raise exception.RoleNotFound(role_id=role_id)
Jun 22 09:34:24.385964 dv-cinder-847131-1-smb devstack@keystone.service[91929]: ERROR keystone.server.flask.application keystone.exception.RoleNotFound: Could not find role: reader.
Jun 22 09:34:24.385964 dv-cinder-847131-1-smb devstack@keystone.service[91929]: ERROR keystone.server.flask.application
Jun 22 09:34:24.385964 dv-cinder-847131-1-smb devstack@keystone.service[91929]: [pid: 91929|app: 0|req: 91/191] 10.222.0.52 () {56 vars in 1099 bytes} [Wed Jun 22 09:34:24 2022] GET /identity/v3/roles/reader => generated 84 bytes in 154 msecs (HTTP/1.1 404) 5 headers in 183 bytes (1 switches on core 0)
Jun 22 09:34:24.386642 dv-cinder-847131-1-smb devstack@keystone.service[91929]: DEBUG keystone.server.flask.request_processing.middleware.auth_context [None req-e993b4f8-2c4e-40e5-9f7d-0f53347c0c88 None admin] Authenticating user token {{(pid=91929) process_request /usr/local/lib/python3.8/dist-packages/keystonemiddleware/auth_token/__init__.py:407}}
Jun 22 09:34:24.405163 dv-cinder-847131-1-smb devstack@keystone.service[91928]: [pid: 91928|app: 0|req: 101/192] 10.222.0.52 () {56 vars in 1374 bytes} [Wed Jun 22 09:34:24 2022] GET /identity/v3/role_assignments?user.id=c5ff132e386044058df94d9d8e6f52cd&scope.project.id=9c0f97176170458bb0000345de3bae3a&role.id=bffdc28d8b82401d8b95ce4a02706beb => generated 608 bytes in 155 msecs (HTTP/1.1 200) 5 headers in 177 bytes (1 switches on core 0)
Jun 22 09:34:24.405163 dv-cinder-847131-1-smb devstack@keystone.service[91928]: DEBUG keystone.server.flask.request_processing.middleware.auth_context [None req-2395ad44-0875-4693-9546-cc9519f2da3a None admin] Authenticating user token {{(pid=91928) process_request /usr/local/lib/python3.8/dist-packages/keystonemiddleware/auth_token/__init__.py:407}}
Jun 22 09:34:24.500636 dv-cinder-847131-1-smb devstack@keystone.service[91929]: DEBUG keystone.server.flask.request_processing.middleware.auth_context [None req-e993b4f8-2c4e-40e5-9f7d-0f53347c0c88 None admin] Validating token access rules against request {{(pid=91929) validate_allowed_request /usr/local/lib/python3.8/dist-packages/keystonemiddleware/auth_token/__init__.py:545}}
Jun 22 09:34:24.503855 dv-cinder-847131-1-smb devstack@keystone.service[91928]: DEBUG keystone.server.flask.request_processing.middleware.auth_context [None req-2395ad44-0875-4693-9546-cc9519f2da3a None admin] Validating token access rules against request {{(pid=91928) validate_allowed_request /usr/local/lib/python3.8/dist-packages/keystonemiddleware/auth_token/__init__.py:545}}
Jun 22 09:34:24.526788 dv-cinder-847131-1-smb devstack@keystone.service[91929]: DEBUG dbcounter [-] [91929] Writing DB stats keystone:SELECT=100 {{(pid=91929) stat_writer /usr/local/lib/python3.8/dist-packages/dbcounter.py:114}}
Jun 22 09:34:24.540952 dv-cinder-847131-1-smb devstack@keystone.service[91928]: DEBUG keystone.server.flask.request_processing.middleware.auth_context [None req-b5e3de38-9f29-4c0c-97e9-10c9fa005b28 None admin] RBAC: auth_context: {'token': , 'domain_id': None, 'trust_id': None, 'trustor_id': None, 'trustee_id': None, 'domain_name': None, 'group_ids': [], 'user_id': 'c5ff132e386044058df94d9d8e6f52cd', 'user_domain_id': 'default', 'system_scope': 'all', 'project_id': None, 'project_domain_id': None, 'roles': ['admin', 'member', 'reader'], 'is_admin_project': True, 'service_user_id': None, 'service_user_domain_id': None, 'service_project_id': None, 'service_project_domain_id': None, 'service_roles': []} {{(pid=91928) fill_context /opt/stack/keystone/keystone/server/flask/request_processing/middleware/auth_context.py:478}}
Jun 22 09:34:24.541193 dv-cinder-847131-1-smb devstack@keystone.service[91929]: DEBUG keystone.server.flask.request_processing.middleware.auth_context [None req-773b89dd-3953-4d38-8529-da738783ac78 None admin] RBAC: auth_context: {'token': , 'domain_id': None, 'trust_id': None, 'trustor_id': None, 'trustee_id': None, 'domain_name': None, 'group_ids': [], 'user_id': 'c5ff132e386044058df94d9d8e6f52cd', 'user_domain_id': 'default', 'system_scope': 'all', 'project_id': None, 'project_domain_id': None, 'roles': ['admin', 'member', 'reader'], 'is_admin_project': True, 'service_user_id': None, 'service_user_domain_id': None, 'service_project_id': None, 'service_project_domain_id': None, 'service_roles': []} {{(pid=91929) fill_context /opt/stack/keystone/keystone/server/flask/request_processing/middleware/auth_context.py:478}}
Jun 22 09:34:24.541985 dv-cinder-847131-1-smb devstack@keystone.service[91928]: DEBUG keystone.server.flask.request_processing.req_logging [None req-b5e3de38-9f29-4c0c-97e9-10c9fa005b28 None admin] REQUEST_METHOD: `GET` {{(pid=91928) log_request_info /opt/stack/keystone/keystone/server/flask/request_processing/req_logging.py:27}}
Jun 22 09:34:24.542103 dv-cinder-847131-1-smb devstack@keystone.service[91929]: DEBUG keystone.server.flask.request_processing.req_logging [None req-773b89dd-3953-4d38-8529-da738783ac78 None admin] REQUEST_METHOD: `GET` {{(pid=91929) log_request_info /opt/stack/keystone/keystone/server/flask/request_processing/req_logging.py:27}}
Jun 22 09:34:24.542185 dv-cinder-847131-1-smb devstack@keystone.service[91928]: DEBUG keystone.server.flask.request_processing.req_logging [None req-b5e3de38-9f29-4c0c-97e9-10c9fa005b28 None admin] SCRIPT_NAME: `/identity` {{(pid=91928) log_request_info /opt/stack/keystone/keystone/server/flask/request_processing/req_logging.py:28}}
Jun 22 09:34:24.542185 dv-cinder-847131-1-smb devstack@keystone.service[91928]: DEBUG keystone.server.flask.request_processing.req_logging [None req-b5e3de38-9f29-4c0c-97e9-10c9fa005b28 None admin] PATH_INFO: `/v3/auth/tokens` {{(pid=91928) log_request_info /opt/stack/keystone/keystone/server/flask/request_processing/req_logging.py:29}}
Jun 22 09:34:24.542691 dv-cinder-847131-1-smb devstack@keystone.service[91929]: DEBUG keystone.server.flask.request_processing.req_logging [None req-773b89dd-3953-4d38-8529-da738783ac78 None admin] SCRIPT_NAME: `/identity` {{(pid=91929) log_request_info /opt/stack/keystone/keystone/server/flask/request_processing/req_logging.py:28}}
Jun 22 09:34:24.542958 dv-cinder-847131-1-smb devstack@keystone.service[91929]: DEBUG keystone.server.flask.request_processing.req_logging [None req-773b89dd-3953-4d38-8529-da738783ac78 None admin] PATH_INFO: `/v3/roles/anotherrole` {{(pid=91929) log_request_info /opt/stack/keystone/keystone/server/flask/request_processing/req_logging.py:29}}
Jun 22 09:34:24.558619 dv-cinder-847131-1-smb devstack@keystone.service[91929]: DEBUG keystone.common.rbac_enforcer.enforcer [None req-773b89dd-3953-4d38-8529-da738783ac78 None admin] Extracting inferred target data resulted in "NOT FOUND (404)". {{(pid=91929) enforce_call /opt/stack/keystone/keystone/common/rbac_enforcer/enforcer.py:409}}
Jun 22 09:34:24.567222 dv-cinder-847131-1-smb devstack@keystone.service[91929]: ERROR keystone.server.flask.application [None req-773b89dd-3953-4d38-8529-da738783ac78 None admin] Could not find role: anotherrole.: keystone.exception.RoleNotFound: Could not find role: anotherrole.
Jun 22 09:34:24.567222 dv-cinder-847131-1-smb devstack@keystone.service[91929]: ERROR keystone.server.flask.application
Traceback (most recent call last):
Jun 22 09:34:24.567222 dv-cinder-847131-1-smb devstack@keystone.service[91929]: ERROR keystone.server.flask.application
File "/usr/local/lib/python3.8/dist-packages/flask/app.py", line 1523, in full_dispatch_request
Jun 22 09:34:24.567222 dv-cinder-847131-1-smb devstack@keystone.service[91929]: ERROR keystone.server.flask.application rv = self.dispatch_request()
Jun 22 09:34:24.567222 dv-cinder-847131-1-smb devstack@keystone.service[91929]: ERROR keystone.server.flask.application
File "/usr/local/lib/python3.8/dist-packages/flask/app.py", line 1509, in dispatch_request
Jun 22 09:34:24.567222 dv-cinder-847131-1-smb devstack@keystone.service[91929]: ERROR keystone.server.flask.application return self.ensure_sync(self.view_functions[rule.endpoint])(**req.view_args)
Jun 22 09:34:24.567222 dv-cinder-847131-1-smb devstack@keystone.service[91929]: ERROR keystone.server.flask.application
File "/usr/local/lib/python3.8/dist-packages/flask_restful/__init__.py", line 467, in wrapper
Jun 22 09:34:24.567222 dv-cinder-847131-1-smb devstack@keystone.service[91929]: ERROR keystone.server.flask.application resp = resource(*args, **kwargs)
Jun 22 09:34:24.567222 dv-cinder-847131-1-smb devstack@keystone.service[91929]: ERROR keystone.server.flask.application
File "/usr/local/lib/python3.8/dist-packages/flask/views.py", line 84, in view
Jun 22 09:34:24.567222 dv-cinder-847131-1-smb devstack@keystone.service[91929]: ERROR keystone.server.flask.application return current_app.ensure_sync(self.dispatch_request)(*args, **kwargs)
Jun 22 09:34:24.567222 dv-cinder-847131-1-smb devstack@keystone.service[91929]: ERROR keystone.server.flask.application
File "/usr/local/lib/python3.8/dist-packages/flask_restful/__init__.py", line 582, in dispatch_request
Jun 22 09:34:24.567222 dv-cinder-847131-1-smb devstack@keystone.service[91929]: ERROR keystone.server.flask.application resp = meth(*args, **kwargs)
Jun 22 09:34:24.567222 dv-cinder-847131-1-smb devstack@keystone.service[91929]: ERROR keystone.server.flask.application
File "/opt/stack/keystone/keystone/api/roles.py", line 50, in get
Jun 22 09:34:24.567222 dv-cinder-847131-1-smb devstack@keystone.service[91929]: ERROR keystone.server.flask.application return self._get_role(role_id)
Jun 22 09:34:24.567222 dv-cinder-847131-1-smb devstack@keystone.service[91929]: ERROR keystone.server.flask.application
File "/opt/stack/keystone/keystone/api/roles.py", line 70, in _get_role
Jun 22 09:34:24.567222 dv-cinder-847131-1-smb devstack@keystone.service[91929]: ERROR keystone.server.flask.application ENFORCER.enforce_call(action='identity:get_role')
Jun 22 09:34:24.568129 dv-cinder-847131-1-smb devstack@keystone.service[91929]: ERROR keystone.server.flask.application
File "/opt/stack/keystone/keystone/common/rbac_enforcer/enforcer.py", line 402, in enforce_call
Jun 22 09:34:24.568129 dv-cinder-847131-1-smb devstack@keystone.service[91929]: ERROR keystone.server.flask.application policy_dict.update(cls._extract_member_target_data(
Jun 22 09:34:24.568129 dv-cinder-847131-1-smb devstack@keystone.service[91929]: ERROR keystone.server.flask.application
File "/opt/stack/keystone/keystone/common/rbac_enforcer/enforcer.py", line 234, in _extract_member_target_data
Jun 22 09:34:24.568129 dv-cinder-847131-1-smb devstack@keystone.service[91929]: ERROR keystone.server.flask.application member_name: func(flask.request.view_args[key])
Jun 22 09:34:24.568129 dv-cinder-847131-1-smb devstack@keystone.service[91929]: ERROR keystone.server.flask.application
File "/opt/stack/keystone/keystone/common/manager.py", line 115, in wrapped
Jun 22 09:34:24.568129 dv-cinder-847131-1-smb devstack@keystone.service[91929]: ERROR keystone.server.flask.application __ret_val = __f(*args, **kwargs)
Jun 22 09:34:24.568129 dv-cinder-847131-1-smb devstack@keystone.service[91929]: ERROR keystone.server.flask.application
File "/usr/local/lib/python3.8/dist-packages/decorator.py", line 232, in fun
Jun 22 09:34:24.568129 dv-cinder-847131-1-smb devstack@keystone.service[91929]: ERROR keystone.server.flask.application return caller(func, *(extras + args), **kw)
Jun 22 09:34:24.568129 dv-cinder-847131-1-smb devstack@keystone.service[91929]: ERROR keystone.server.flask.application
File "/usr/local/lib/python3.8/dist-packages/dogpile/cache/region.py", line 1577, in get_or_create_for_user_func
Jun 22 09:34:24.568129 dv-cinder-847131-1-smb devstack@keystone.service[91929]: ERROR keystone.server.flask.application return self.get_or_create(
Jun 22 09:34:24.568129 dv-cinder-847131-1-smb devstack@keystone.service[91929]: ERROR keystone.server.flask.application
File "/usr/local/lib/python3.8/dist-packages/dogpile/cache/region.py", line 1042, in get_or_create
Jun 22 09:34:24.568129 dv-cinder-847131-1-smb devstack@keystone.service[91929]: ERROR keystone.server.flask.application with Lock(
Jun 22 09:34:24.568129 dv-cinder-847131-1-smb devstack@keystone.service[91929]: ERROR keystone.server.flask.application
File "/usr/local/lib/python3.8/dist-packages/dogpile/lock.py", line 185, in __enter__
Jun 22 09:34:24.568129 dv-cinder-847131-1-smb devstack@keystone.service[91929]: ERROR keystone.server.flask.application return self._enter()
Jun 22 09:34:24.568129 dv-cinder-847131-1-smb devstack@keystone.service[91929]: ERROR keystone.server.flask.application
File "/usr/local/lib/python3.8/dist-packages/dogpile/lock.py", line 94, in _enter
Jun 22 09:34:24.568129 dv-cinder-847131-1-smb devstack@keystone.service[91929]: ERROR keystone.server.flask.application generated = self._enter_create(value, createdtime)
Jun 22 09:34:24.568960 dv-cinder-847131-1-smb devstack@keystone.service[91929]: ERROR keystone.server.flask.application
File "/usr/local/lib/python3.8/dist-packages/dogpile/lock.py", line 178, in _enter_create
Jun 22 09:34:24.568960 dv-cinder-847131-1-smb devstack@keystone.service[91929]: ERROR keystone.server.flask.application return self.creator()
Jun 22 09:34:24.568960 dv-cinder-847131-1-smb devstack@keystone.service[91929]: ERROR keystone.server.flask.application
File "/usr/local/lib/python3.8/dist-packages/dogpile/cache/region.py", line 995, in gen_value
Jun 22 09:34:24.568960 dv-cinder-847131-1-smb devstack@keystone.service[91929]: ERROR keystone.server.flask.application created_value = creator(
Jun 22 09:34:24.568960 dv-cinder-847131-1-smb devstack@keystone.service[91929]: ERROR keystone.server.flask.application
File "/opt/stack/keystone/keystone/assignment/core.py", line 1276, in get_role
Jun 22 09:34:24.568960 dv-cinder-847131-1-smb devstack@keystone.service[91929]: ERROR keystone.server.flask.application return self.driver.get_role(role_id)
Jun 22 09:34:24.568960 dv-cinder-847131-1-smb devstack@keystone.service[91929]: ERROR keystone.server.flask.application
File "/opt/stack/keystone/keystone/assignment/role_backends/sql.py", line 70, in get_role
Jun 22 09:34:24.568960 dv-cinder-847131-1-smb devstack@keystone.service[91929]: ERROR keystone.server.flask.application return self._get_role(session, role_id).to_dict()
Jun 22 09:34:24.568960 dv-cinder-847131-1-smb devstack@keystone.service[91929]: ERROR keystone.server.flask.application
File "/opt/stack/keystone/keystone/assignment/role_backends/sql.py", line 65, in _get_role
Jun 22 09:34:24.568960 dv-cinder-847131-1-smb devstack@keystone.service[91929]: ERROR keystone.server.flask.application raise exception.RoleNotFound(role_id=role_id)
Jun 22 09:34:24.568960 dv-cinder-847131-1-smb devstack@keystone.service[91929]: ERROR keystone.server.flask.application keystone.exception.RoleNotFound: Could not find role: anotherrole.
Jun 22 09:34:24.568960 dv-cinder-847131-1-smb devstack@keystone.service[91929]: ERROR keystone.server.flask.application
Jun 22 09:34:24.568960 dv-cinder-847131-1-smb devstack@keystone.service[91929]: [pid: 91929|app: 0|req: 92/193] 10.222.0.52 () {56 vars in 1114 bytes} [Wed Jun 22 09:34:24 2022] GET /identity/v3/roles/anotherrole => generated 89 bytes in 183 msecs (HTTP/1.1 404) 5 headers in 183 bytes (1 switches on core 0)
Jun 22 09:34:24.569708 dv-cinder-847131-1-smb devstack@keystone.service[91929]: DEBUG keystone.server.flask.request_processing.middleware.auth_context [None req-773b89dd-3953-4d38-8529-da738783ac78 None admin] Authenticating user token {{(pid=91929) process_request /usr/local/lib/python3.8/dist-packages/keystonemiddleware/auth_token/__init__.py:407}}
Jun 22 09:34:24.577463 dv-cinder-847131-1-smb devstack@keystone.service[91928]: DEBUG dbcounter [-] [91928] Writing DB stats keystone:SELECT=100 {{(pid=91928) stat_writer /usr/local/lib/python3.8/dist-packages/dbcounter.py:114}}
Jun 22 09:34:24.628321 dv-cinder-847131-1-smb devstack@keystone.service[91928]: DEBUG keystone.common.rbac_enforcer.enforcer [None req-b5e3de38-9f29-4c0c-97e9-10c9fa005b28 None admin] RBAC: Authorizing `identity:validate_token()` {{(pid=91928) enforce_call /opt/stack/keystone/keystone/common/rbac_enforcer/enforcer.py:449}}
Jun 22 09:34:24.629863 dv-cinder-847131-1-smb devstack@keystone.service[91928]: DEBUG keystone.common.rbac_enforcer.enforcer [None req-b5e3de38-9f29-4c0c-97e9-10c9fa005b28 None admin] RBAC: Authorization granted {{(pid=91928) enforce_call /opt/stack/keystone/keystone/common/rbac_enforcer/enforcer.py:457}}
Jun 22 09:34:24.675155 dv-cinder-847131-1-smb devstack@keystone.service[91929]: DEBUG keystone.server.flask.request_processing.middleware.auth_context [None req-773b89dd-3953-4d38-8529-da738783ac78 None admin] Validating token access rules against request {{(pid=91929) validate_allowed_request /usr/local/lib/python3.8/dist-packages/keystonemiddleware/auth_token/__init__.py:545}}
Jun 22 09:34:24.712635 dv-cinder-847131-1-smb devstack@keystone.service[91929]: DEBUG keystone.server.flask.request_processing.middleware.auth_context [None req-a407c6fa-347c-4cd5-80c8-7b55cf85f022 None admin] RBAC: auth_context: {'token': , 'domain_id': None, 'trust_id': None, 'trustor_id': None, 'trustee_id': None, 'domain_name': None, 'group_ids': [], 'user_id': 'c5ff132e386044058df94d9d8e6f52cd', 'user_domain_id': 'default', 'system_scope': 'all', 'project_id': None, 'project_domain_id': None, 'roles': ['admin', 'member', 'reader'], 'is_admin_project': True, 'service_user_id': None, 'service_user_domain_id': None, 'service_project_id': None, 'service_project_domain_id': None, 'service_roles': []} {{(pid=91929) fill_context /opt/stack/keystone/keystone/server/flask/request_processing/middleware/auth_context.py:478}}
Jun 22 09:34:24.713629 dv-cinder-847131-1-smb devstack@keystone.service[91929]: DEBUG keystone.server.flask.request_processing.req_logging [None req-a407c6fa-347c-4cd5-80c8-7b55cf85f022 None admin] REQUEST_METHOD: `GET` {{(pid=91929) log_request_info /opt/stack/keystone/keystone/server/flask/request_processing/req_logging.py:27}}
Jun 22 09:34:24.713910 dv-cinder-847131-1-smb devstack@keystone.service[91929]: DEBUG keystone.server.flask.request_processing.req_logging [None req-a407c6fa-347c-4cd5-80c8-7b55cf85f022 None admin] SCRIPT_NAME: `/identity` {{(pid=91929) log_request_info /opt/stack/keystone/keystone/server/flask/request_processing/req_logging.py:28}}
Jun 22 09:34:24.714177 dv-cinder-847131-1-smb devstack@keystone.service[91929]: DEBUG keystone.server.flask.request_processing.req_logging [None req-a407c6fa-347c-4cd5-80c8-7b55cf85f022 None admin] PATH_INFO: `/v3/domains/default` {{(pid=91929) log_request_info /opt/stack/keystone/keystone/server/flask/request_processing/req_logging.py:29}}
Jun 22 09:34:24.715344 dv-cinder-847131-1-smb devstack@keystone.service[91929]: DEBUG keystone.common.rbac_enforcer.enforcer [None req-a407c6fa-347c-4cd5-80c8-7b55cf85f022 None admin] RBAC: Authorizing `identity:get_domain(domain_id=default)` {{(pid=91929) enforce_call /opt/stack/keystone/keystone/common/rbac_enforcer/enforcer.py:449}}
Jun 22 09:34:24.716796 dv-cinder-847131-1-smb devstack@keystone.service[91929]: DEBUG keystone.common.rbac_enforcer.enforcer [None req-a407c6fa-347c-4cd5-80c8-7b55cf85f022 None admin] RBAC: Authorization granted {{(pid=91929) enforce_call /opt/stack/keystone/keystone/common/rbac_enforcer/enforcer.py:457}}
Jun 22 09:34:24.718446 dv-cinder-847131-1-smb devstack@keystone.service[91929]: [pid: 91929|app: 0|req: 93/194] 10.222.0.52 () {56 vars in 1108 bytes} [Wed Jun 22 09:34:24 2022] GET /identity/v3/domains/default => generated 199 bytes in 149 msecs (HTTP/1.1 200) 5 headers in 177 bytes (1 switches on core 0)
Jun 22 09:34:24.719203 dv-cinder-847131-1-smb devstack@keystone.service[91929]: DEBUG keystone.server.flask.request_processing.middleware.auth_context [None req-a407c6fa-347c-4cd5-80c8-7b55cf85f022 None admin] Authenticating user token {{(pid=91929) process_request /usr/local/lib/python3.8/dist-packages/keystonemiddleware/auth_token/__init__.py:407}}
Jun 22 09:34:24.731031 dv-cinder-847131-1-smb devstack@keystone.service[91928]: [pid: 91928|app: 0|req: 102/195] 10.222.0.52 () {58 vars in 1282 bytes} [Wed Jun 22 09:34:24 2022] GET /identity/v3/auth/tokens => generated 799 bytes in 338 msecs (HTTP/1.1 200) 6 headers in 358 bytes (1 switches on core 0)
Jun 22 09:34:24.731882 dv-cinder-847131-1-smb devstack@keystone.service[91928]: DEBUG keystone.server.flask.request_processing.middleware.auth_context [None req-b5e3de38-9f29-4c0c-97e9-10c9fa005b28 None admin] Authenticating user token {{(pid=91928) process_request /usr/local/lib/python3.8/dist-packages/keystonemiddleware/auth_token/__init__.py:407}}
Jun 22 09:34:24.776001 dv-cinder-847131-1-smb devstack@keystone.service[91929]: DEBUG dbcounter [-] [91929] Writing DB stats keystone:SELECT=100 {{(pid=91929) stat_writer /usr/local/lib/python3.8/dist-packages/dbcounter.py:114}}
Jun 22 09:34:24.788812 dv-cinder-847131-1-smb devstack@keystone.service[91928]: DEBUG dbcounter [-] [91928] Writing DB stats keystone:SELECT=100 {{(pid=91928) stat_writer /usr/local/lib/python3.8/dist-packages/dbcounter.py:114}}
Jun 22 09:34:24.824812 dv-cinder-847131-1-smb devstack@keystone.service[91929]: DEBUG keystone.server.flask.request_processing.middleware.auth_context [None req-a407c6fa-347c-4cd5-80c8-7b55cf85f022 None admin] Validating token access rules against request {{(pid=91929) validate_allowed_request /usr/local/lib/python3.8/dist-packages/keystonemiddleware/auth_token/__init__.py:545}}
Jun 22 09:34:24.830050 dv-cinder-847131-1-smb devstack@keystone.service[91928]: DEBUG keystone.server.flask.request_processing.middleware.auth_context [None req-b5e3de38-9f29-4c0c-97e9-10c9fa005b28 None admin] Validating token access rules against request {{(pid=91928) validate_allowed_request /usr/local/lib/python3.8/dist-packages/keystonemiddleware/auth_token/__init__.py:545}}
Jun 22 09:34:24.861640 dv-cinder-847131-1-smb devstack@keystone.service[91929]: DEBUG keystone.server.flask.request_processing.middleware.auth_context [None req-8cc8c807-8849-4b09-86c2-3dea833dde6e None admin] RBAC: auth_context: {'token': , 'domain_id': None, 'trust_id': None, 'trustor_id': None, 'trustee_id': None, 'domain_name': None, 'group_ids': [], 'user_id': 'c5ff132e386044058df94d9d8e6f52cd', 'user_domain_id': 'default', 'system_scope': 'all', 'project_id': None, 'project_domain_id': None, 'roles': ['admin', 'member', 'reader'], 'is_admin_project': True, 'service_user_id': None, 'service_user_domain_id': None, 'service_project_id': None, 'service_project_domain_id': None, 'service_roles': []} {{(pid=91929) fill_context /opt/stack/keystone/keystone/server/flask/request_processing/middleware/auth_context.py:478}}
Jun 22 09:34:24.862291 dv-cinder-847131-1-smb devstack@keystone.service[91929]: DEBUG keystone.server.flask.request_processing.req_logging [None req-8cc8c807-8849-4b09-86c2-3dea833dde6e None admin] REQUEST_METHOD: `GET` {{(pid=91929) log_request_info /opt/stack/keystone/keystone/server/flask/request_processing/req_logging.py:27}}
Jun 22 09:34:24.862591 dv-cinder-847131-1-smb devstack@keystone.service[91929]: DEBUG keystone.server.flask.request_processing.req_logging [None req-8cc8c807-8849-4b09-86c2-3dea833dde6e None admin] SCRIPT_NAME: `/identity` {{(pid=91929) log_request_info /opt/stack/keystone/keystone/server/flask/request_processing/req_logging.py:28}}
Jun 22 09:34:24.862872 dv-cinder-847131-1-smb devstack@keystone.service[91929]: DEBUG keystone.server.flask.request_processing.req_logging [None req-8cc8c807-8849-4b09-86c2-3dea833dde6e None admin] PATH_INFO: `/v3/roles` {{(pid=91929) log_request_info /opt/stack/keystone/keystone/server/flask/request_processing/req_logging.py:29}}
Jun 22 09:34:24.863631 dv-cinder-847131-1-smb devstack@keystone.service[91929]: DEBUG keystone.common.rbac_enforcer.enforcer [None req-8cc8c807-8849-4b09-86c2-3dea833dde6e None admin] RBAC: Adding query filter params (name=reader) {{(pid=91929) _extract_filter_values /opt/stack/keystone/keystone/common/rbac_enforcer/enforcer.py:167}}
Jun 22 09:34:24.863941 dv-cinder-847131-1-smb devstack@keystone.service[91929]: DEBUG keystone.common.rbac_enforcer.enforcer [None req-8cc8c807-8849-4b09-86c2-3dea833dde6e None admin] RBAC: Authorizing `identity:list_roles()` {{(pid=91929) enforce_call /opt/stack/keystone/keystone/common/rbac_enforcer/enforcer.py:449}}
Jun 22 09:34:24.865367 dv-cinder-847131-1-smb devstack@keystone.service[91929]: DEBUG keystone.common.rbac_enforcer.enforcer [None req-8cc8c807-8849-4b09-86c2-3dea833dde6e None admin] RBAC: Authorization granted {{(pid=91929) enforce_call /opt/stack/keystone/keystone/common/rbac_enforcer/enforcer.py:457}}
Jun 22 09:34:24.866946 dv-cinder-847131-1-smb devstack@keystone.service[91928]: DEBUG keystone.server.flask.request_processing.middleware.auth_context [None req-83f85ffb-f3ea-4283-8b25-da1a28a1a639 None admin] RBAC: auth_context: {'token': , 'domain_id': None, 'trust_id': None, 'trustor_id': None, 'trustee_id': None, 'domain_name': None, 'group_ids': [], 'user_id': 'c5ff132e386044058df94d9d8e6f52cd', 'user_domain_id': 'default', 'system_scope': 'all', 'project_id': None, 'project_domain_id': None, 'roles': ['admin', 'member', 'reader'], 'is_admin_project': True, 'service_user_id': None, 'service_user_domain_id': None, 'service_project_id': None, 'service_project_domain_id': None, 'service_roles': []} {{(pid=91928) fill_context /opt/stack/keystone/keystone/server/flask/request_processing/middleware/auth_context.py:478}}
Jun 22 09:34:24.867615 dv-cinder-847131-1-smb devstack@keystone.service[91928]: DEBUG keystone.server.flask.request_processing.req_logging [None req-83f85ffb-f3ea-4283-8b25-da1a28a1a639 None admin] REQUEST_METHOD: `GET` {{(pid=91928) log_request_info /opt/stack/keystone/keystone/server/flask/request_processing/req_logging.py:27}}
Jun 22 09:34:24.867906 dv-cinder-847131-1-smb devstack@keystone.service[91928]: DEBUG keystone.server.flask.request_processing.req_logging [None req-83f85ffb-f3ea-4283-8b25-da1a28a1a639 None admin] SCRIPT_NAME: `/identity` {{(pid=91928) log_request_info /opt/stack/keystone/keystone/server/flask/request_processing/req_logging.py:28}}
Jun 22 09:34:24.868179 dv-cinder-847131-1-smb devstack@keystone.service[91928]: DEBUG keystone.server.flask.request_processing.req_logging [None req-83f85ffb-f3ea-4283-8b25-da1a28a1a639 None admin] PATH_INFO: `/v3/roles` {{(pid=91928) log_request_info /opt/stack/keystone/keystone/server/flask/request_processing/req_logging.py:29}}
Jun 22 09:34:24.868921 dv-cinder-847131-1-smb devstack@keystone.service[91928]: DEBUG keystone.common.rbac_enforcer.enforcer [None req-83f85ffb-f3ea-4283-8b25-da1a28a1a639 None admin] RBAC: Adding query filter params (name=anotherrole) {{(pid=91928) _extract_filter_values /opt/stack/keystone/keystone/common/rbac_enforcer/enforcer.py:167}}
Jun 22 09:34:24.869258 dv-cinder-847131-1-smb devstack@keystone.service[91928]: DEBUG keystone.common.rbac_enforcer.enforcer [None req-83f85ffb-f3ea-4283-8b25-da1a28a1a639 None admin] RBAC: Authorizing `identity:list_roles()` {{(pid=91928) enforce_call /opt/stack/keystone/keystone/common/rbac_enforcer/enforcer.py:449}}
Jun 22 09:34:24.870740 dv-cinder-847131-1-smb devstack@keystone.service[91928]: DEBUG keystone.common.rbac_enforcer.enforcer [None req-83f85ffb-f3ea-4283-8b25-da1a28a1a639 None admin] RBAC: Authorization granted {{(pid=91928) enforce_call /opt/stack/keystone/keystone/common/rbac_enforcer/enforcer.py:457}}
Jun 22 09:34:24.873878 dv-cinder-847131-1-smb devstack@keystone.service[91929]: [pid: 91929|app: 0|req: 94/196] 10.222.0.52 () {56 vars in 1101 bytes} [Wed Jun 22 09:34:24 2022] GET /identity/v3/roles?name=reader => generated 341 bytes in 155 msecs (HTTP/1.1 200) 5 headers in 177 bytes (1 switches on core 0)
Jun 22 09:34:24.874654 dv-cinder-847131-1-smb devstack@keystone.service[91929]: DEBUG keystone.server.flask.request_processing.middleware.auth_context [None req-8cc8c807-8849-4b09-86c2-3dea833dde6e None admin] Authenticating user token {{(pid=91929) process_request /usr/local/lib/python3.8/dist-packages/keystonemiddleware/auth_token/__init__.py:407}}
Jun 22 09:34:24.879593 dv-cinder-847131-1-smb devstack@keystone.service[91928]: [pid: 91928|app: 0|req: 103/197] 10.222.0.52 () {56 vars in 1111 bytes} [Wed Jun 22 09:34:24 2022] GET /identity/v3/roles?name=anotherrole => generated 334 bytes in 148 msecs (HTTP/1.1 200) 5 headers in 177 bytes (1 switches on core 0)
Jun 22 09:34:24.880397 dv-cinder-847131-1-smb devstack@keystone.service[91928]: DEBUG keystone.server.flask.request_processing.middleware.auth_context [None req-83f85ffb-f3ea-4283-8b25-da1a28a1a639 None admin] Authenticating user token {{(pid=91928) process_request /usr/local/lib/python3.8/dist-packages/keystonemiddleware/auth_token/__init__.py:407}}
Jun 22 09:34:24.977948 dv-cinder-847131-1-smb devstack@keystone.service[91929]: DEBUG keystone.server.flask.request_processing.middleware.auth_context [None req-8cc8c807-8849-4b09-86c2-3dea833dde6e None admin] Validating token access rules against request {{(pid=91929) validate_allowed_request /usr/local/lib/python3.8/dist-packages/keystonemiddleware/auth_token/__init__.py:545}}
Jun 22 09:34:24.979395 dv-cinder-847131-1-smb devstack@keystone.service[91928]: DEBUG keystone.server.flask.request_processing.middleware.auth_context [None req-83f85ffb-f3ea-4283-8b25-da1a28a1a639 None admin] Validating token access rules against request {{(pid=91928) validate_allowed_request /usr/local/lib/python3.8/dist-packages/keystonemiddleware/auth_token/__init__.py:545}}
Jun 22 09:34:24.994182 dv-cinder-847131-1-smb devstack@keystone.service[91929]: DEBUG dbcounter [-] [91929] Writing DB stats keystone:SELECT=100 {{(pid=91929) stat_writer /usr/local/lib/python3.8/dist-packages/dbcounter.py:114}}
Jun 22 09:34:25.002106 dv-cinder-847131-1-smb devstack@keystone.service[91928]: DEBUG dbcounter [-] [91928] Writing DB stats keystone:SELECT=100 {{(pid=91928) stat_writer /usr/local/lib/python3.8/dist-packages/dbcounter.py:114}}
Jun 22 09:34:25.013813 dv-cinder-847131-1-smb devstack@keystone.service[91928]: DEBUG keystone.server.flask.request_processing.middleware.auth_context [None req-8d4616e8-aadb-4022-b325-5a7da2e1f1f5 None admin] RBAC: auth_context: {'token': , 'domain_id': None, 'trust_id': None, 'trustor_id': None, 'trustee_id': None, 'domain_name': None, 'group_ids': [], 'user_id': 'c5ff132e386044058df94d9d8e6f52cd', 'user_domain_id': 'default', 'system_scope': 'all', 'project_id': None, 'project_domain_id': None, 'roles': ['admin', 'member', 'reader'], 'is_admin_project': True, 'service_user_id': None, 'service_user_domain_id': None, 'service_project_id': None, 'service_project_domain_id': None, 'service_roles': []} {{(pid=91928) fill_context /opt/stack/keystone/keystone/server/flask/request_processing/middleware/auth_context.py:478}}
Jun 22 09:34:25.014744 dv-cinder-847131-1-smb devstack@keystone.service[91928]: DEBUG keystone.server.flask.request_processing.req_logging [None req-8d4616e8-aadb-4022-b325-5a7da2e1f1f5 None admin] REQUEST_METHOD: `GET` {{(pid=91928) log_request_info /opt/stack/keystone/keystone/server/flask/request_processing/req_logging.py:27}}
Jun 22 09:34:25.015027 dv-cinder-847131-1-smb devstack@keystone.service[91928]: DEBUG keystone.server.flask.request_processing.req_logging [None req-8d4616e8-aadb-4022-b325-5a7da2e1f1f5 None admin] SCRIPT_NAME: `/identity` {{(pid=91928) log_request_info /opt/stack/keystone/keystone/server/flask/request_processing/req_logging.py:28}}
Jun 22 09:34:25.015114 dv-cinder-847131-1-smb devstack@keystone.service[91929]: DEBUG keystone.server.flask.request_processing.middleware.auth_context [None req-efa2ff4a-368d-4ada-bc91-6df3402da5bb None admin] RBAC: auth_context: {'token': , 'domain_id': None, 'trust_id': None, 'trustor_id': None, 'trustee_id': None, 'domain_name': None, 'group_ids': [], 'user_id': 'c5ff132e386044058df94d9d8e6f52cd', 'user_domain_id': 'default', 'system_scope': 'all', 'project_id': None, 'project_domain_id': None, 'roles': ['admin', 'member', 'reader'], 'is_admin_project': True, 'service_user_id': None, 'service_user_domain_id': None, 'service_project_id': None, 'service_project_domain_id': None, 'service_roles': []} {{(pid=91929) fill_context /opt/stack/keystone/keystone/server/flask/request_processing/middleware/auth_context.py:478}}
Jun 22 09:34:25.015324 dv-cinder-847131-1-smb devstack@keystone.service[91928]: DEBUG keystone.server.flask.request_processing.req_logging [None req-8d4616e8-aadb-4022-b325-5a7da2e1f1f5 None admin] PATH_INFO: `/v3/projects/809bf8052e9e417091138ffc2d5ff119` {{(pid=91928) log_request_info /opt/stack/keystone/keystone/server/flask/request_processing/req_logging.py:29}}
Jun 22 09:34:25.015741 dv-cinder-847131-1-smb devstack@keystone.service[91929]: DEBUG keystone.server.flask.request_processing.req_logging [None req-efa2ff4a-368d-4ada-bc91-6df3402da5bb None admin] REQUEST_METHOD: `POST` {{(pid=91929) log_request_info /opt/stack/keystone/keystone/server/flask/request_processing/req_logging.py:27}}
Jun 22 09:34:25.016026 dv-cinder-847131-1-smb devstack@keystone.service[91929]: DEBUG keystone.server.flask.request_processing.req_logging [None req-efa2ff4a-368d-4ada-bc91-6df3402da5bb None admin] SCRIPT_NAME: `/identity` {{(pid=91929) log_request_info /opt/stack/keystone/keystone/server/flask/request_processing/req_logging.py:28}}
Jun 22 09:34:25.016305 dv-cinder-847131-1-smb devstack@keystone.service[91929]: DEBUG keystone.server.flask.request_processing.req_logging [None req-efa2ff4a-368d-4ada-bc91-6df3402da5bb None admin] PATH_INFO: `/v3/users` {{(pid=91929) log_request_info /opt/stack/keystone/keystone/server/flask/request_processing/req_logging.py:29}}
Jun 22 09:34:25.016522 dv-cinder-847131-1-smb devstack@keystone.service[91928]: DEBUG keystone.common.rbac_enforcer.enforcer [None req-8d4616e8-aadb-4022-b325-5a7da2e1f1f5 None admin] RBAC: Authorizing `identity:get_project(project_id=809bf8052e9e417091138ffc2d5ff119)` {{(pid=91928) enforce_call /opt/stack/keystone/keystone/common/rbac_enforcer/enforcer.py:449}}
Jun 22 09:34:25.017026 dv-cinder-847131-1-smb devstack@keystone.service[91929]: DEBUG keystone.common.rbac_enforcer.enforcer [None req-efa2ff4a-368d-4ada-bc91-6df3402da5bb None admin] RBAC: Authorizing `identity:create_user()` {{(pid=91929) enforce_call /opt/stack/keystone/keystone/common/rbac_enforcer/enforcer.py:449}}
Jun 22 09:34:25.018000 dv-cinder-847131-1-smb devstack@keystone.service[91928]: DEBUG keystone.common.rbac_enforcer.enforcer [None req-8d4616e8-aadb-4022-b325-5a7da2e1f1f5 None admin] RBAC: Authorization granted {{(pid=91928) enforce_call /opt/stack/keystone/keystone/common/rbac_enforcer/enforcer.py:457}}
Jun 22 09:34:25.018510 dv-cinder-847131-1-smb devstack@keystone.service[91929]: DEBUG keystone.common.rbac_enforcer.enforcer [None req-efa2ff4a-368d-4ada-bc91-6df3402da5bb None admin] RBAC: Authorization granted {{(pid=91929) enforce_call /opt/stack/keystone/keystone/common/rbac_enforcer/enforcer.py:457}}
Jun 22 09:34:25.019718 dv-cinder-847131-1-smb devstack@keystone.service[91928]: [pid: 91928|app: 0|req: 104/198] 10.222.0.52 () {56 vars in 1186 bytes} [Wed Jun 22 09:34:24 2022] GET /identity/v3/projects/809bf8052e9e417091138ffc2d5ff119 => generated 302 bytes in 140 msecs (HTTP/1.1 200) 5 headers in 177 bytes (1 switches on core 0)
Jun 22 09:34:25.020484 dv-cinder-847131-1-smb devstack@keystone.service[91928]: DEBUG keystone.server.flask.request_processing.middleware.auth_context [None req-8d4616e8-aadb-4022-b325-5a7da2e1f1f5 None admin] Authenticating user token {{(pid=91928) process_request /usr/local/lib/python3.8/dist-packages/keystonemiddleware/auth_token/__init__.py:407}}
Jun 22 09:34:25.038390 dv-cinder-847131-1-smb devstack@keystone.service[91929]: [pid: 91929|app: 0|req: 95/199] 10.222.0.52 () {60 vars in 1132 bytes} [Wed Jun 22 09:34:24 2022] POST /identity/v3/users => generated 297 bytes in 164 msecs (HTTP/1.1 201) 5 headers in 182 bytes (1 switches on core 0)
Jun 22 09:34:25.039142 dv-cinder-847131-1-smb devstack@keystone.service[91929]: DEBUG keystone.server.flask.request_processing.middleware.auth_context [None req-efa2ff4a-368d-4ada-bc91-6df3402da5bb None admin] Authenticating user token {{(pid=91929) process_request /usr/local/lib/python3.8/dist-packages/keystonemiddleware/auth_token/__init__.py:407}}
Jun 22 09:34:25.147062 dv-cinder-847131-1-smb devstack@keystone.service[91928]: DEBUG keystone.server.flask.request_processing.middleware.auth_context [None req-8d4616e8-aadb-4022-b325-5a7da2e1f1f5 None admin] Validating token access rules against request {{(pid=91928) validate_allowed_request /usr/local/lib/python3.8/dist-packages/keystonemiddleware/auth_token/__init__.py:545}}
Jun 22 09:34:25.157053 dv-cinder-847131-1-smb devstack@keystone.service[91929]: DEBUG keystone.server.flask.request_processing.middleware.auth_context [None req-efa2ff4a-368d-4ada-bc91-6df3402da5bb None admin] Validating token access rules against request {{(pid=91929) validate_allowed_request /usr/local/lib/python3.8/dist-packages/keystonemiddleware/auth_token/__init__.py:545}}
Jun 22 09:34:25.186236 dv-cinder-847131-1-smb devstack@keystone.service[91928]: DEBUG keystone.server.flask.request_processing.middleware.auth_context [None req-31b59fb3-fdc0-4bea-9d3c-37c95723a149 None admin] RBAC: auth_context: {'token': , 'domain_id': None, 'trust_id': None, 'trustor_id': None, 'trustee_id': None, 'domain_name': None, 'group_ids': [], 'user_id': 'c5ff132e386044058df94d9d8e6f52cd', 'user_domain_id': 'default', 'system_scope': 'all', 'project_id': None, 'project_domain_id': None, 'roles': ['admin', 'member', 'reader'], 'is_admin_project': True, 'service_user_id': None, 'service_user_domain_id': None, 'service_project_id': None, 'service_project_domain_id': None, 'service_roles': []} {{(pid=91928) fill_context /opt/stack/keystone/keystone/server/flask/request_processing/middleware/auth_context.py:478}}
Jun 22 09:34:25.186894 dv-cinder-847131-1-smb devstack@keystone.service[91928]: DEBUG keystone.server.flask.request_processing.req_logging [None req-31b59fb3-fdc0-4bea-9d3c-37c95723a149 None admin] REQUEST_METHOD: `GET` {{(pid=91928) log_request_info /opt/stack/keystone/keystone/server/flask/request_processing/req_logging.py:27}}
Jun 22 09:34:25.187180 dv-cinder-847131-1-smb devstack@keystone.service[91928]: DEBUG keystone.server.flask.request_processing.req_logging [None req-31b59fb3-fdc0-4bea-9d3c-37c95723a149 None admin] SCRIPT_NAME: `/identity` {{(pid=91928) log_request_info /opt/stack/keystone/keystone/server/flask/request_processing/req_logging.py:28}}
Jun 22 09:34:25.187458 dv-cinder-847131-1-smb devstack@keystone.service[91928]: DEBUG keystone.server.flask.request_processing.req_logging [None req-31b59fb3-fdc0-4bea-9d3c-37c95723a149 None admin] PATH_INFO: `/v3/users/af95aaa5c61447cfb09aec4fbf99a75b` {{(pid=91928) log_request_info /opt/stack/keystone/keystone/server/flask/request_processing/req_logging.py:29}}
Jun 22 09:34:25.188799 dv-cinder-847131-1-smb devstack@keystone.service[91928]: DEBUG keystone.common.rbac_enforcer.enforcer [None req-31b59fb3-fdc0-4bea-9d3c-37c95723a149 None admin] RBAC: Authorizing `identity:get_user(user_id=af95aaa5c61447cfb09aec4fbf99a75b)` {{(pid=91928) enforce_call /opt/stack/keystone/keystone/common/rbac_enforcer/enforcer.py:449}}
Jun 22 09:34:25.190337 dv-cinder-847131-1-smb devstack@keystone.service[91928]: DEBUG keystone.common.rbac_enforcer.enforcer [None req-31b59fb3-fdc0-4bea-9d3c-37c95723a149 None admin] RBAC: Authorization granted {{(pid=91928) enforce_call /opt/stack/keystone/keystone/common/rbac_enforcer/enforcer.py:457}}
Jun 22 09:34:25.192033 dv-cinder-847131-1-smb devstack@keystone.service[91928]: [pid: 91928|app: 0|req: 105/200] 10.222.0.52 () {56 vars in 1177 bytes} [Wed Jun 22 09:34:25 2022] GET /identity/v3/users/af95aaa5c61447cfb09aec4fbf99a75b => generated 289 bytes in 172 msecs (HTTP/1.1 200) 5 headers in 177 bytes (1 switches on core 0)
Jun 22 09:34:25.192033 dv-cinder-847131-1-smb devstack@keystone.service[91928]: DEBUG keystone.server.flask.request_processing.middleware.auth_context [None req-31b59fb3-fdc0-4bea-9d3c-37c95723a149 None admin] Authenticating user token {{(pid=91928) process_request /usr/local/lib/python3.8/dist-packages/keystonemiddleware/auth_token/__init__.py:407}}
