Oct 17 03:12:13.261955 dv-cinder-846977-2-smb devstack@c-api.service[111713]: DEBUG cinder.api.openstack.wsgi [None req-d10e7c9b-e962-4611-8411-01c3494d0b02 tempest-GroupSnapshotsV319Test-1931856639 tempest-GroupSnapshotsV319Test-1931856639-project] Empty body provided in request {{(pid=111713) get_body /opt/stack/cinder/cinder/api/openstack/wsgi.py:715}}
Oct 17 03:12:13.262807 dv-cinder-846977-2-smb devstack@c-api.service[111713]: DEBUG cinder.api.openstack.wsgi [None req-d10e7c9b-e962-4611-8411-01c3494d0b02 tempest-GroupSnapshotsV319Test-1931856639 tempest-GroupSnapshotsV319Test-1931856639-project] Calling method 'version_select' {{(pid=111713) _process_stack /opt/stack/cinder/cinder/api/openstack/wsgi.py:868}}
Oct 17 03:12:13.263368 dv-cinder-846977-2-smb devstack@c-api.service[111713]: DEBUG cinder.api.v3.group_snapshots [None req-d10e7c9b-e962-4611-8411-01c3494d0b02 tempest-GroupSnapshotsV319Test-1931856639 tempest-GroupSnapshotsV319Test-1931856639-project] show called for member e3556895-216a-415d-aeac-5fb9491c7819 {{(pid=111713) show /opt/stack/cinder/cinder/api/v3/group_snapshots.py:58}}
Oct 17 03:12:13.271755 dv-cinder-846977-2-smb devstack@c-api.service[111713]: /usr/local/lib/python3.8/dist-packages/oslo_context/context.py:100: DeprecationWarning: Policy enforcement is depending on the value of is_admin. This key is deprecated. Please update your policy file to use the standard policy values.
Oct 17 03:12:13.271755 dv-cinder-846977-2-smb devstack@c-api.service[111713]: warnings.warn('Policy enforcement is depending on the value of '
Oct 17 03:12:13.280639 dv-cinder-846977-2-smb devstack@c-api.service[111713]: INFO cinder.api.openstack.wsgi [None req-d10e7c9b-e962-4611-8411-01c3494d0b02 tempest-GroupSnapshotsV319Test-1931856639 tempest-GroupSnapshotsV319Test-1931856639-project] http://10.222.0.20/volume/v3/caace1fba8634f239a037c138c829192/group_snapshots/e3556895-216a-415d-aeac-5fb9491c7819 returned with HTTP 200
Oct 17 03:12:13.282572 dv-cinder-846977-2-smb devstack@c-api.service[111713]: [pid: 111713|app: 0|req: 85/184] 10.222.0.20 () {60 vars in 1390 bytes} [Mon Oct 17 03:12:13 2022] GET /volume/v3/caace1fba8634f239a037c138c829192/group_snapshots/e3556895-216a-415d-aeac-5fb9491c7819 => generated 326 bytes in 29 msecs (HTTP/1.1 200) 7 headers in 286 bytes (1 switches on core 0)
Oct 17 03:12:13.291087 dv-cinder-846977-2-smb devstack@c-api.service[111713]: DEBUG cinder.api.middleware.request_id [None req-a7171451-c0fa-475a-a5d6-7e3b07f33cec None None] RequestId filter calling following filter/app {{(pid=111713) _context_setter /opt/stack/cinder/cinder/api/middleware/request_id.py:62}}
Oct 17 03:12:13.296235 dv-cinder-846977-2-smb devstack@c-api.service[111713]: INFO cinder.api.openstack.wsgi [None req-a7171451-c0fa-475a-a5d6-7e3b07f33cec tempest-GroupSnapshotsV319Test-1148523435 tempest-GroupSnapshotsV319Test-1148523435-project-admin] POST http://10.222.0.20/volume/v3/1842f1c0bb5247c2854134ae79d622e3/group_snapshots/e3556895-216a-415d-aeac-5fb9491c7819/action
Oct 17 03:12:13.297250 dv-cinder-846977-2-smb devstack@c-api.service[111713]: DEBUG cinder.api.openstack.wsgi [None req-a7171451-c0fa-475a-a5d6-7e3b07f33cec tempest-GroupSnapshotsV319Test-1148523435 tempest-GroupSnapshotsV319Test-1148523435-project-admin] Action body: b'{"reset_status": {"status": "available"}}' {{(pid=111713) get_method /opt/stack/cinder/cinder/api/openstack/wsgi.py:983}}
Oct 17 03:12:13.297648 dv-cinder-846977-2-smb devstack@c-api.service[111713]: DEBUG cinder.api.openstack.wsgi [None req-a7171451-c0fa-475a-a5d6-7e3b07f33cec tempest-GroupSnapshotsV319Test-1148523435 tempest-GroupSnapshotsV319Test-1148523435-project-admin] Action: 'action', calling method: reset_status, body: {"reset_status": {"status": "available"}} {{(pid=111713) _process_stack /opt/stack/cinder/cinder/api/openstack/wsgi.py:866}}
Oct 17 03:12:13.299992 dv-cinder-846977-2-smb devstack@c-api.service[111713]: DEBUG cinder.api.v3.group_snapshots [None req-a7171451-c0fa-475a-a5d6-7e3b07f33cec tempest-GroupSnapshotsV319Test-1148523435 tempest-GroupSnapshotsV319Test-1148523435-project-admin] Updating group 'e3556895-216a-415d-aeac-5fb9491c7819' with 'available' {{(pid=111713) _reset_status /opt/stack/cinder/cinder/api/v3/group_snapshots.py:194}}
Oct 17 03:12:13.306196 dv-cinder-846977-2-smb devstack@c-api.service[111713]: /usr/local/lib/python3.8/dist-packages/oslo_context/context.py:100: DeprecationWarning: Policy enforcement is depending on the value of is_admin. This key is deprecated. Please update your policy file to use the standard policy values.
Oct 17 03:12:13.306196 dv-cinder-846977-2-smb devstack@c-api.service[111713]: warnings.warn('Policy enforcement is depending on the value of '
Oct 17 03:12:13.319117 dv-cinder-846977-2-smb devstack@c-api.service[111713]: INFO cinder.api.openstack.wsgi [None req-a7171451-c0fa-475a-a5d6-7e3b07f33cec tempest-GroupSnapshotsV319Test-1148523435 tempest-GroupSnapshotsV319Test-1148523435-project-admin] http://10.222.0.20/volume/v3/1842f1c0bb5247c2854134ae79d622e3/group_snapshots/e3556895-216a-415d-aeac-5fb9491c7819/action returned with HTTP 202
Oct 17 03:12:13.320220 dv-cinder-846977-2-smb devstack@c-api.service[111713]: [pid: 111713|app: 0|req: 86/185] 10.222.0.20 () {62 vars in 1432 bytes} [Mon Oct 17 03:12:13 2022] POST /volume/v3/1842f1c0bb5247c2854134ae79d622e3/group_snapshots/e3556895-216a-415d-aeac-5fb9491c7819/action => generated 0 bytes in 30 msecs (HTTP/1.1 202) 6 headers in 234 bytes (2 switches on core 0)
Oct 17 03:12:13.322803 dv-cinder-846977-2-smb devstack@c-api.service[111714]: DEBUG cinder.quota [None req-65eeb657-0ad8-46da-8ea9-c8068adaf8a6 tempest-UserMessagesTest-962339378 tempest-UserMessagesTest-962339378-project] Created reservations ['07c6a662-034e-4efa-bf83-8342adecd27c', '537f6233-3477-45eb-ad28-75f201eb472a', '65ef41f9-71f3-4eb5-8c3d-1d9a2c243649', '4233660d-9994-4cab-9d3b-fd336a2d2b65'] {{(pid=111714) reserve /opt/stack/cinder/cinder/quota.py:755}}
Oct 17 03:12:13.326055 dv-cinder-846977-2-smb devstack@c-api.service[111714]: DEBUG cinder.volume.api [None req-65eeb657-0ad8-46da-8ea9-c8068adaf8a6 tempest-UserMessagesTest-962339378 tempest-UserMessagesTest-962339378-project] Task 'cinder.volume.flows.api.create_volume.QuotaReserveTask;volume:create' (d85372c8-c687-4224-afc3-1bcd58dcf398) transitioned into state 'SUCCESS' from state 'RUNNING' with result '{'reservations': ['07c6a662-034e-4efa-bf83-8342adecd27c', '537f6233-3477-45eb-ad28-75f201eb472a', '65ef41f9-71f3-4eb5-8c3d-1d9a2c243649', '4233660d-9994-4cab-9d3b-fd336a2d2b65']}' {{(pid=111714) _task_receiver /usr/local/lib/python3.8/dist-packages/taskflow/listeners/logging.py:178}}
Oct 17 03:12:13.326498 dv-cinder-846977-2-smb devstack@c-api.service[111713]: DEBUG cinder.api.middleware.request_id [None req-8ce79ddc-5638-4579-8bc4-02dc0ae2e7f4 None None] RequestId filter calling following filter/app {{(pid=111713) _context_setter /opt/stack/cinder/cinder/api/middleware/request_id.py:62}}
Oct 17 03:12:13.328812 dv-cinder-846977-2-smb devstack@c-api.service[111714]: DEBUG cinder.volume.api [None req-65eeb657-0ad8-46da-8ea9-c8068adaf8a6 tempest-UserMessagesTest-962339378 tempest-UserMessagesTest-962339378-project] Task 'cinder.volume.flows.api.create_volume.EntryCreateTask;volume:create' (2a3ecf09-fee0-4c43-8512-8ab6957c2588) transitioned into state 'RUNNING' from state 'PENDING' {{(pid=111714) _task_receiver /usr/local/lib/python3.8/dist-packages/taskflow/listeners/logging.py:190}}
Oct 17 03:12:13.331604 dv-cinder-846977-2-smb devstack@c-api.service[111713]: INFO cinder.api.openstack.wsgi [None req-8ce79ddc-5638-4579-8bc4-02dc0ae2e7f4 tempest-GroupSnapshotsV319Test-1931856639 tempest-GroupSnapshotsV319Test-1931856639-project] GET http://10.222.0.20/volume/v3/caace1fba8634f239a037c138c829192/group_snapshots/e3556895-216a-415d-aeac-5fb9491c7819
Oct 17 03:12:13.332322 dv-cinder-846977-2-smb devstack@c-api.service[111713]: DEBUG cinder.api.openstack.wsgi [None req-8ce79ddc-5638-4579-8bc4-02dc0ae2e7f4 tempest-GroupSnapshotsV319Test-1931856639 tempest-GroupSnapshotsV319Test-1931856639-project] Empty body provided in request {{(pid=111713) get_body /opt/stack/cinder/cinder/api/openstack/wsgi.py:715}}
Oct 17 03:12:13.333493 dv-cinder-846977-2-smb devstack@c-api.service[111713]: DEBUG cinder.api.openstack.wsgi [None req-8ce79ddc-5638-4579-8bc4-02dc0ae2e7f4 tempest-GroupSnapshotsV319Test-1931856639 tempest-GroupSnapshotsV319Test-1931856639-project] Calling method 'version_select' {{(pid=111713) _process_stack /opt/stack/cinder/cinder/api/openstack/wsgi.py:868}}
Oct 17 03:12:13.334034 dv-cinder-846977-2-smb devstack@c-api.service[111713]: DEBUG cinder.api.v3.group_snapshots [None req-8ce79ddc-5638-4579-8bc4-02dc0ae2e7f4 tempest-GroupSnapshotsV319Test-1931856639 tempest-GroupSnapshotsV319Test-1931856639-project] show called for member e3556895-216a-415d-aeac-5fb9491c7819 {{(pid=111713) show /opt/stack/cinder/cinder/api/v3/group_snapshots.py:58}}
Oct 17 03:12:13.343275 dv-cinder-846977-2-smb devstack@c-api.service[111713]: /usr/local/lib/python3.8/dist-packages/oslo_context/context.py:100: DeprecationWarning: Policy enforcement is depending on the value of is_admin. This key is deprecated. Please update your policy file to use the standard policy values.
Oct 17 03:12:13.343275 dv-cinder-846977-2-smb devstack@c-api.service[111713]: warnings.warn('Policy enforcement is depending on the value of '
Oct 17 03:12:13.352274 dv-cinder-846977-2-smb devstack@c-api.service[111713]: INFO cinder.api.openstack.wsgi [None req-8ce79ddc-5638-4579-8bc4-02dc0ae2e7f4 tempest-GroupSnapshotsV319Test-1931856639 tempest-GroupSnapshotsV319Test-1931856639-project] http://10.222.0.20/volume/v3/caace1fba8634f239a037c138c829192/group_snapshots/e3556895-216a-415d-aeac-5fb9491c7819 returned with HTTP 200
Oct 17 03:12:13.354537 dv-cinder-846977-2-smb devstack@c-api.service[111713]: [pid: 111713|app: 0|req: 87/186] 10.222.0.20 () {60 vars in 1390 bytes} [Mon Oct 17 03:12:13 2022] GET /volume/v3/caace1fba8634f239a037c138c829192/group_snapshots/e3556895-216a-415d-aeac-5fb9491c7819 => generated 330 bytes in 30 msecs (HTTP/1.1 200) 7 headers in 286 bytes (1 switches on core 0)
Oct 17 03:12:13.362735 dv-cinder-846977-2-smb devstack@c-api.service[111714]: DEBUG cinder.volume.api [None req-65eeb657-0ad8-46da-8ea9-c8068adaf8a6 tempest-UserMessagesTest-962339378 tempest-UserMessagesTest-962339378-project] Task 'cinder.volume.flows.api.create_volume.EntryCreateTask;volume:create' (2a3ecf09-fee0-4c43-8512-8ab6957c2588) transitioned into state 'SUCCESS' from state 'RUNNING' with result '{'volume_id': 'ea8b9e7a-af9c-4fc6-8542-127604a89f08', 'volume_properties': VolumeProperties(attach_status='detached',availability_zone='nova',cgsnapshot_id=None,consistencygroup_id=None,display_description=None,display_name='tempest-UserMessagesTest-Volume-871782724',encryption_key_id=None,group_id=None,group_type_id=,metadata={},multiattach=False,project_id='8dc458d683934588942bd3edaeb3f7bc',qos_specs=None,replication_status=,reservations=['07c6a662-034e-4efa-bf83-8342adecd27c','537f6233-3477-45eb-ad28-75f201eb472a','65ef41f9-71f3-4eb5-8c3d-1d9a2c243649','4233660d-9994-4cab-9d3b-fd336a2d2b65'],size=1,snapshot_id=None,source_replicaid=,source_volid=None,status='creating',user_id='a97b49b42fdf4fcc8d4cf94f52f33110',volume_type_id=38777225-f138-4709-9d9f-4560e3bf9326), 'volume': Volume(_name_id=None,admin_metadata=,attach_status='detached',availability_zone='nova',bootable=False,cluster=,cluster_name=None,consistencygroup=,consistencygroup_id=None,created_at=2022-10-17T03:12:13Z,deleted=False,deleted_at=None,display_description=None,display_name='tempest-UserMessagesTest-Volume-871782724',ec2_id=None,encryption_key_id=None,glance_metadata=,group=,group_id=None,host=None,id=ea8b9e7a-af9c-4fc6-8542-127604a89f08,launched_at=None,metadata={},migration_status=None,multiattach=False,previous_status=None,project_id='8dc458d683934588942bd3edaeb3f7bc',provider_auth=None,provider_geometry=None,provider_id=None,provider_location=None,replication_driver_data=None,replication_extended_status=None,replication_status=None,scheduled_at=None,service_uuid=None,shared_targets=True,size=1,snapshot_id=None,snapshots=,source_volid=None,status='creating',terminated_at=None,updated_at=None,use_quota=True,user_id='a97b49b42fdf4fcc8d4cf94f52f33110',volume_attachment=VolumeAttachmentList,volume_type=VolumeType(38777225-f138-4709-9d9f-4560e3bf9326),volume_type_id=38777225-f138-4709-9d9f-4560e3bf9326)}' {{(pid=111714) _task_receiver /usr/local/lib/python3.8/dist-packages/taskflow/listeners/logging.py:178}}
Oct 17 03:12:13.364342 dv-cinder-846977-2-smb devstack@c-api.service[111713]: DEBUG cinder.api.middleware.request_id [None req-92db23b1-77af-4c7f-b90b-07266f169470 None None] RequestId filter calling following filter/app {{(pid=111713) _context_setter /opt/stack/cinder/cinder/api/middleware/request_id.py:62}}
Oct 17 03:12:13.365090 dv-cinder-846977-2-smb devstack@c-api.service[111714]: DEBUG cinder.volume.api [None req-65eeb657-0ad8-46da-8ea9-c8068adaf8a6 tempest-UserMessagesTest-962339378 tempest-UserMessagesTest-962339378-project] Task 'cinder.volume.flows.api.create_volume.QuotaCommitTask;volume:create' (3ffdfc55-4fd4-4fdd-89dc-1264c868966f) transitioned into state 'RUNNING' from state 'PENDING' {{(pid=111714) _task_receiver /usr/local/lib/python3.8/dist-packages/taskflow/listeners/logging.py:190}}
Oct 17 03:12:13.370176 dv-cinder-846977-2-smb devstack@c-api.service[111713]: INFO cinder.api.openstack.wsgi [None req-92db23b1-77af-4c7f-b90b-07266f169470 tempest-GroupSnapshotsV319Test-1931856639 tempest-GroupSnapshotsV319Test-1931856639-project] DELETE http://10.222.0.20/volume/v3/caace1fba8634f239a037c138c829192/group_snapshots/e3556895-216a-415d-aeac-5fb9491c7819
Oct 17 03:12:13.370676 dv-cinder-846977-2-smb devstack@c-api.service[111713]: DEBUG cinder.api.openstack.wsgi [None req-92db23b1-77af-4c7f-b90b-07266f169470 tempest-GroupSnapshotsV319Test-1931856639 tempest-GroupSnapshotsV319Test-1931856639-project] Empty body provided in request {{(pid=111713) get_body /opt/stack/cinder/cinder/api/openstack/wsgi.py:715}}
Oct 17 03:12:13.371356 dv-cinder-846977-2-smb devstack@c-api.service[111713]: DEBUG cinder.api.openstack.wsgi [None req-92db23b1-77af-4c7f-b90b-07266f169470 tempest-GroupSnapshotsV319Test-1931856639 tempest-GroupSnapshotsV319Test-1931856639-project] Calling method 'version_select' {{(pid=111713) _process_stack /opt/stack/cinder/cinder/api/openstack/wsgi.py:868}}
Oct 17 03:12:13.371716 dv-cinder-846977-2-smb devstack@c-api.service[111713]: DEBUG cinder.api.v3.group_snapshots [None req-92db23b1-77af-4c7f-b90b-07266f169470 tempest-GroupSnapshotsV319Test-1931856639 tempest-GroupSnapshotsV319Test-1931856639-project] delete called for member e3556895-216a-415d-aeac-5fb9491c7819 {{(pid=111713) delete /opt/stack/cinder/cinder/api/v3/group_snapshots.py:72}}
Oct 17 03:12:13.372632 dv-cinder-846977-2-smb devstack@c-api.service[111713]: INFO cinder.api.v3.group_snapshots [None req-92db23b1-77af-4c7f-b90b-07266f169470 tempest-GroupSnapshotsV319Test-1931856639 tempest-GroupSnapshotsV319Test-1931856639-project] Delete group_snapshot with id: e3556895-216a-415d-aeac-5fb9491c7819
Oct 17 03:12:13.382196 dv-cinder-846977-2-smb devstack@c-api.service[111713]: /usr/local/lib/python3.8/dist-packages/oslo_context/context.py:100: DeprecationWarning: Policy enforcement is depending on the value of is_admin. This key is deprecated. Please update your policy file to use the standard policy values.
Oct 17 03:12:13.382196 dv-cinder-846977-2-smb devstack@c-api.service[111713]: warnings.warn('Policy enforcement is depending on the value of '
Oct 17 03:12:13.407347 dv-cinder-846977-2-smb devstack@c-api.service[111714]: DEBUG cinder.volume.api [None req-65eeb657-0ad8-46da-8ea9-c8068adaf8a6 tempest-UserMessagesTest-962339378 tempest-UserMessagesTest-962339378-project] Task 'cinder.volume.flows.api.create_volume.QuotaCommitTask;volume:create' (3ffdfc55-4fd4-4fdd-89dc-1264c868966f) transitioned into state 'SUCCESS' from state 'RUNNING' with result '{'volume_properties': VolumeProperties(attach_status='detached',availability_zone='nova',cgsnapshot_id=None,consistencygroup_id=None,display_description=None,display_name='tempest-UserMessagesTest-Volume-871782724',encryption_key_id=None,group_id=None,group_type_id=,metadata={},multiattach=False,project_id='8dc458d683934588942bd3edaeb3f7bc',qos_specs=None,replication_status=,reservations=['07c6a662-034e-4efa-bf83-8342adecd27c','537f6233-3477-45eb-ad28-75f201eb472a','65ef41f9-71f3-4eb5-8c3d-1d9a2c243649','4233660d-9994-4cab-9d3b-fd336a2d2b65'],size=1,snapshot_id=None,source_replicaid=,source_volid=None,status='creating',user_id='a97b49b42fdf4fcc8d4cf94f52f33110',volume_type_id=38777225-f138-4709-9d9f-4560e3bf9326)}' {{(pid=111714) _task_receiver /usr/local/lib/python3.8/dist-packages/taskflow/listeners/logging.py:178}}
Oct 17 03:12:13.430617 dv-cinder-846977-2-smb devstack@c-api.service[111714]: DEBUG cinder.volume.api [None req-65eeb657-0ad8-46da-8ea9-c8068adaf8a6 tempest-UserMessagesTest-962339378 tempest-UserMessagesTest-962339378-project] Task 'cinder.volume.flows.api.create_volume.VolumeCastTask;volume:create' (9ab3a737-8f21-44b8-8adf-598c9c4946ba) transitioned into state 'RUNNING' from state 'PENDING' {{(pid=111714) _task_receiver /usr/local/lib/python3.8/dist-packages/taskflow/listeners/logging.py:190}}
Oct 17 03:12:13.472480 dv-cinder-846977-2-smb devstack@c-api.service[111714]: DEBUG cinder.volume.api [None req-65eeb657-0ad8-46da-8ea9-c8068adaf8a6 tempest-UserMessagesTest-962339378 tempest-UserMessagesTest-962339378-project] Task 'cinder.volume.flows.api.create_volume.VolumeCastTask;volume:create' (9ab3a737-8f21-44b8-8adf-598c9c4946ba) transitioned into state 'SUCCESS' from state 'RUNNING' with result 'None' {{(pid=111714) _task_receiver /usr/local/lib/python3.8/dist-packages/taskflow/listeners/logging.py:178}}
Oct 17 03:12:13.475761 dv-cinder-846977-2-smb devstack@c-api.service[111713]: INFO cinder.api.openstack.wsgi [None req-92db23b1-77af-4c7f-b90b-07266f169470 tempest-GroupSnapshotsV319Test-1931856639 tempest-GroupSnapshotsV319Test-1931856639-project] http://10.222.0.20/volume/v3/caace1fba8634f239a037c138c829192/group_snapshots/e3556895-216a-415d-aeac-5fb9491c7819 returned with HTTP 202
Oct 17 03:12:13.476984 dv-cinder-846977-2-smb devstack@c-api.service[111713]: [pid: 111713|app: 0|req: 88/187] 10.222.0.20 () {60 vars in 1393 bytes} [Mon Oct 17 03:12:13 2022] DELETE /volume/v3/caace1fba8634f239a037c138c829192/group_snapshots/e3556895-216a-415d-aeac-5fb9491c7819 => generated 0 bytes in 114 msecs (HTTP/1.1 202) 6 headers in 234 bytes (1 switches on core 0)
Oct 17 03:12:13.479579 dv-cinder-846977-2-smb devstack@c-api.service[111713]: DEBUG cinder.api.middleware.request_id [None req-07d65104-90c4-4b6d-8814-ab2d8b32b022 None None] RequestId filter calling following filter/app {{(pid=111713) _context_setter /opt/stack/cinder/cinder/api/middleware/request_id.py:62}}
Oct 17 03:12:13.480240 dv-cinder-846977-2-smb devstack@c-api.service[111714]: DEBUG cinder.volume.api [None req-65eeb657-0ad8-46da-8ea9-c8068adaf8a6 tempest-UserMessagesTest-962339378 tempest-UserMessagesTest-962339378-project] Flow 'volume_create_api' (6ae55387-e4f1-4f82-9894-24b0daa0e299) transitioned into state 'SUCCESS' from state 'RUNNING' {{(pid=111714) _flow_receiver /usr/local/lib/python3.8/dist-packages/taskflow/listeners/logging.py:141}}
Oct 17 03:12:13.481268 dv-cinder-846977-2-smb devstack@c-api.service[111714]: INFO cinder.volume.api [None req-65eeb657-0ad8-46da-8ea9-c8068adaf8a6 tempest-UserMessagesTest-962339378 tempest-UserMessagesTest-962339378-project] Create volume request issued successfully.
Oct 17 03:12:13.483495 dv-cinder-846977-2-smb devstack@c-api.service[111714]: INFO cinder.api.openstack.wsgi [None req-65eeb657-0ad8-46da-8ea9-c8068adaf8a6 tempest-UserMessagesTest-962339378 tempest-UserMessagesTest-962339378-project] http://10.222.0.20/volume/v3/8dc458d683934588942bd3edaeb3f7bc/volumes returned with HTTP 202
Oct 17 03:12:13.496095 dv-cinder-846977-2-smb devstack@c-api.service[111714]: [pid: 111714|app: 0|req: 100/188] 10.222.0.20 () {62 vars in 1276 bytes} [Mon Oct 17 03:12:12 2022] POST /volume/v3/8dc458d683934588942bd3edaeb3f7bc/volumes => generated 850 bytes in 580 msecs (HTTP/1.1 202) 7 headers in 291 bytes (1 switches on core 0)
Oct 17 03:12:13.503283 dv-cinder-846977-2-smb devstack@c-api.service[111713]: INFO cinder.api.openstack.wsgi [None req-07d65104-90c4-4b6d-8814-ab2d8b32b022 tempest-GroupSnapshotsTest-2068192588 tempest-GroupSnapshotsTest-2068192588-project] GET http://10.222.0.20/volume/v3/ac4beaf1f7b44210b4d3cc21a83c34b5/volumes/2d919ae3-9cf1-46a5-b7be-737c440c48cc
Oct 17 03:12:13.503283 dv-cinder-846977-2-smb devstack@c-api.service[111713]: DEBUG cinder.api.openstack.wsgi [None req-07d65104-90c4-4b6d-8814-ab2d8b32b022 tempest-GroupSnapshotsTest-2068192588 tempest-GroupSnapshotsTest-2068192588-project] Empty body provided in request {{(pid=111713) get_body /opt/stack/cinder/cinder/api/openstack/wsgi.py:715}}
Oct 17 03:12:13.503283 dv-cinder-846977-2-smb devstack@c-api.service[111713]: DEBUG cinder.api.openstack.wsgi [None req-07d65104-90c4-4b6d-8814-ab2d8b32b022 tempest-GroupSnapshotsTest-2068192588 tempest-GroupSnapshotsTest-2068192588-project] Calling method 'show' {{(pid=111713) _process_stack /opt/stack/cinder/cinder/api/openstack/wsgi.py:868}}
Oct 17 03:12:13.505886 dv-cinder-846977-2-smb devstack@c-api.service[111714]: DEBUG cinder.api.middleware.request_id [None req-3e6c69ec-deb9-472c-aeb8-7e20022b3b66 None None] RequestId filter calling following filter/app {{(pid=111714) _context_setter /opt/stack/cinder/cinder/api/middleware/request_id.py:62}}
Oct 17 03:12:13.510165 dv-cinder-846977-2-smb devstack@c-api.service[111714]: INFO cinder.api.openstack.wsgi [None req-3e6c69ec-deb9-472c-aeb8-7e20022b3b66 tempest-GroupSnapshotsV319Test-1931856639 tempest-GroupSnapshotsV319Test-1931856639-project] GET http://10.222.0.20/volume/v3/caace1fba8634f239a037c138c829192/volumes/detail
Oct 17 03:12:13.510731 dv-cinder-846977-2-smb devstack@c-api.service[111714]: DEBUG cinder.api.openstack.wsgi [None req-3e6c69ec-deb9-472c-aeb8-7e20022b3b66 tempest-GroupSnapshotsV319Test-1931856639 tempest-GroupSnapshotsV319Test-1931856639-project] Empty body provided in request {{(pid=111714) get_body /opt/stack/cinder/cinder/api/openstack/wsgi.py:715}}
Oct 17 03:12:13.511407 dv-cinder-846977-2-smb devstack@c-api.service[111714]: DEBUG cinder.api.openstack.wsgi [None req-3e6c69ec-deb9-472c-aeb8-7e20022b3b66 tempest-GroupSnapshotsV319Test-1931856639 tempest-GroupSnapshotsV319Test-1931856639-project] Calling method 'detail' {{(pid=111714) _process_stack /opt/stack/cinder/cinder/api/openstack/wsgi.py:868}}
Oct 17 03:12:13.512365 dv-cinder-846977-2-smb devstack@c-api.service[111714]: DEBUG cinder.api.api_utils [None req-3e6c69ec-deb9-472c-aeb8-7e20022b3b66 tempest-GroupSnapshotsV319Test-1931856639 tempest-GroupSnapshotsV319Test-1931856639-project] Removing options '' from query. {{(pid=111714) remove_invalid_filter_options /opt/stack/cinder/cinder/api/api_utils.py:83}}
Oct 17 03:12:13.513375 dv-cinder-846977-2-smb devstack@c-api.service[111714]: /usr/local/lib/python3.8/dist-packages/oslo_context/context.py:100: DeprecationWarning: Policy enforcement is depending on the value of is_admin. This key is deprecated. Please update your policy file to use the standard policy values.
Oct 17 03:12:13.513375 dv-cinder-846977-2-smb devstack@c-api.service[111714]: warnings.warn('Policy enforcement is depending on the value of '
Oct 17 03:12:13.514819 dv-cinder-846977-2-smb devstack@c-api.service[111714]: DEBUG cinder.volume.api [None req-3e6c69ec-deb9-472c-aeb8-7e20022b3b66 tempest-GroupSnapshotsV319Test-1931856639 tempest-GroupSnapshotsV319Test-1931856639-project] Searching by: MultiDict([('no_migration_targets', True)]). {{(pid=111714) get_all /opt/stack/cinder/cinder/volume/api.py:664}}
Oct 17 03:12:13.525608 dv-cinder-846977-2-smb devstack@c-api.service[111713]: INFO cinder.api.openstack.wsgi [None req-07d65104-90c4-4b6d-8814-ab2d8b32b022 tempest-GroupSnapshotsTest-2068192588 tempest-GroupSnapshotsTest-2068192588-project] http://10.222.0.20/volume/v3/ac4beaf1f7b44210b4d3cc21a83c34b5/volumes/2d919ae3-9cf1-46a5-b7be-737c440c48cc returned with HTTP 404
Oct 17 03:12:13.527347 dv-cinder-846977-2-smb devstack@c-api.service[111713]: [pid: 111713|app: 0|req: 89/189] 10.222.0.20 () {60 vars in 1366 bytes} [Mon Oct 17 03:12:13 2022] GET /volume/v3/ac4beaf1f7b44210b4d3cc21a83c34b5/volumes/2d919ae3-9cf1-46a5-b7be-737c440c48cc => generated 109 bytes in 49 msecs (HTTP/1.1 404) 7 headers in 293 bytes (1 switches on core 0)
Oct 17 03:12:13.528965 dv-cinder-846977-2-smb devstack@c-api.service[111713]: DEBUG cinder.api.middleware.request_id [None req-aeebf3bb-7ea9-4508-addc-507e54328d73 None None] RequestId filter calling following filter/app {{(pid=111713) _context_setter /opt/stack/cinder/cinder/api/middleware/request_id.py:62}}
Oct 17 03:12:13.537698 dv-cinder-846977-2-smb devstack@c-api.service[111713]: INFO cinder.api.openstack.wsgi [None req-aeebf3bb-7ea9-4508-addc-507e54328d73 tempest-UserMessagesTest-962339378 tempest-UserMessagesTest-962339378-project] GET http://10.222.0.20/volume/v3/8dc458d683934588942bd3edaeb3f7bc/volumes/ea8b9e7a-af9c-4fc6-8542-127604a89f08
Oct 17 03:12:13.540380 dv-cinder-846977-2-smb devstack@c-api.service[111713]: DEBUG cinder.api.openstack.wsgi [None req-aeebf3bb-7ea9-4508-addc-507e54328d73 tempest-UserMessagesTest-962339378 tempest-UserMessagesTest-962339378-project] Empty body provided in request {{(pid=111713) get_body /opt/stack/cinder/cinder/api/openstack/wsgi.py:715}}
Oct 17 03:12:13.540864 dv-cinder-846977-2-smb devstack@c-api.service[111713]: DEBUG cinder.api.openstack.wsgi [None req-aeebf3bb-7ea9-4508-addc-507e54328d73 tempest-UserMessagesTest-962339378 tempest-UserMessagesTest-962339378-project] Calling method 'show' {{(pid=111713) _process_stack /opt/stack/cinder/cinder/api/openstack/wsgi.py:868}}
Oct 17 03:12:13.559828 dv-cinder-846977-2-smb devstack@c-api.service[111713]: /usr/local/lib/python3.8/dist-packages/oslo_context/context.py:100: DeprecationWarning: Policy enforcement is depending on the value of is_admin. This key is deprecated. Please update your policy file to use the standard policy values.
Oct 17 03:12:13.559828 dv-cinder-846977-2-smb devstack@c-api.service[111713]: warnings.warn('Policy enforcement is depending on the value of '
Oct 17 03:12:13.568669 dv-cinder-846977-2-smb devstack@c-api.service[111713]: INFO cinder.volume.api [None req-aeebf3bb-7ea9-4508-addc-507e54328d73 tempest-UserMessagesTest-962339378 tempest-UserMessagesTest-962339378-project] Volume info retrieved successfully.
Oct 17 03:12:13.575571 dv-cinder-846977-2-smb devstack@c-api.service[111713]: DEBUG dbcounter [-] [111713] Writing DB stats cinder:SELECT=88,cinder:UPDATE=8,cinder:INSERT=4 {{(pid=111713) stat_writer /usr/local/lib/python3.8/dist-packages/dbcounter.py:114}}
Oct 17 03:12:13.585509 dv-cinder-846977-2-smb devstack@c-api.service[111713]: INFO cinder.api.openstack.wsgi [None req-aeebf3bb-7ea9-4508-addc-507e54328d73 tempest-UserMessagesTest-962339378 tempest-UserMessagesTest-962339378-project] http://10.222.0.20/volume/v3/8dc458d683934588942bd3edaeb3f7bc/volumes/ea8b9e7a-af9c-4fc6-8542-127604a89f08 returned with HTTP 200
Oct 17 03:12:13.588116 dv-cinder-846977-2-smb devstack@c-api.service[111713]: [pid: 111713|app: 0|req: 90/190] 10.222.0.20 () {60 vars in 1365 bytes} [Mon Oct 17 03:12:13 2022] GET /volume/v3/8dc458d683934588942bd3edaeb3f7bc/volumes/ea8b9e7a-af9c-4fc6-8542-127604a89f08 => generated 918 bytes in 60 msecs (HTTP/1.1 200) 7 headers in 285 bytes (1 switches on core 0)
Oct 17 03:12:13.588116 dv-cinder-846977-2-smb devstack@c-api.service[111713]: DEBUG cinder.api.middleware.request_id [None req-2b618206-f65b-433f-8c7a-3b87161d6b28 None None] RequestId filter calling following filter/app {{(pid=111713) _context_setter /opt/stack/cinder/cinder/api/middleware/request_id.py:62}}
Oct 17 03:12:13.602739 dv-cinder-846977-2-smb devstack@c-api.service[111713]: INFO cinder.api.openstack.wsgi [None req-2b618206-f65b-433f-8c7a-3b87161d6b28 tempest-GroupSnapshotsTest-2068192588 tempest-GroupSnapshotsTest-2068192588-project] GET http://10.222.0.20/volume/v3/ac4beaf1f7b44210b4d3cc21a83c34b5/groups/aea30c0a-8a77-4871-a1ff-c52728526ad8
Oct 17 03:12:13.602993 dv-cinder-846977-2-smb devstack@c-api.service[111713]: DEBUG cinder.api.openstack.wsgi [None req-2b618206-f65b-433f-8c7a-3b87161d6b28 tempest-GroupSnapshotsTest-2068192588 tempest-GroupSnapshotsTest-2068192588-project] Empty body provided in request {{(pid=111713) get_body /opt/stack/cinder/cinder/api/openstack/wsgi.py:715}}
Oct 17 03:12:13.604776 dv-cinder-846977-2-smb devstack@c-api.service[111713]: DEBUG cinder.api.openstack.wsgi [None req-2b618206-f65b-433f-8c7a-3b87161d6b28 tempest-GroupSnapshotsTest-2068192588 tempest-GroupSnapshotsTest-2068192588-project] Calling method 'version_select' {{(pid=111713) _process_stack /opt/stack/cinder/cinder/api/openstack/wsgi.py:868}}
Oct 17 03:12:13.606322 dv-cinder-846977-2-smb devstack@c-api.service[111713]: DEBUG cinder.api.v3.groups [None req-2b618206-f65b-433f-8c7a-3b87161d6b28 tempest-GroupSnapshotsTest-2068192588 tempest-GroupSnapshotsTest-2068192588-project] show called for member aea30c0a-8a77-4871-a1ff-c52728526ad8 {{(pid=111713) show /opt/stack/cinder/cinder/api/v3/groups.py:58}}
Oct 17 03:12:13.607113 dv-cinder-846977-2-smb devstack@c-api.service[111714]: INFO cinder.volume.api [None req-3e6c69ec-deb9-472c-aeb8-7e20022b3b66 tempest-GroupSnapshotsV319Test-1931856639 tempest-GroupSnapshotsV319Test-1931856639-project] Get all volumes completed successfully.
Oct 17 03:12:13.608817 dv-cinder-846977-2-smb devstack@c-api.service[111714]: WARNING stevedore.named [None req-3e6c69ec-deb9-472c-aeb8-7e20022b3b66 tempest-GroupSnapshotsV319Test-1931856639 tempest-GroupSnapshotsV319Test-1931856639-project] Could not load cinder.keymgr.conf_key_mgr.ConfKeyManager
Oct 17 03:12:13.609209 dv-cinder-846977-2-smb devstack@c-api.service[111714]: WARNING castellan.key_manager [None req-3e6c69ec-deb9-472c-aeb8-7e20022b3b66 tempest-GroupSnapshotsV319Test-1931856639 tempest-GroupSnapshotsV319Test-1931856639-project] Deprecation Warning : cinder.keymgr.conf_key_mgr.ConfKeyManager is not a stevedore based driver, trying to load it as a class: stevedore.exception.NoMatches: No 'castellan.drivers' driver found, looking for 'cinder.keymgr.conf_key_mgr.ConfKeyManager'
Oct 17 03:12:13.618518 dv-cinder-846977-2-smb devstack@c-api.service[111714]: DEBUG oslo_db.sqlalchemy.engines [None req-3e6c69ec-deb9-472c-aeb8-7e20022b3b66 tempest-GroupSnapshotsV319Test-1931856639 tempest-GroupSnapshotsV319Test-1931856639-project] MySQL server mode set to STRICT_TRANS_TABLES,STRICT_ALL_TABLES,NO_ZERO_IN_DATE,NO_ZERO_DATE,ERROR_FOR_DIVISION_BY_ZERO,TRADITIONAL,NO_ENGINE_SUBSTITUTION {{(pid=111714) _check_effective_sql_mode /usr/local/lib/python3.8/dist-packages/oslo_db/sqlalchemy/engines.py:314}}
Oct 17 03:12:13.619524 dv-cinder-846977-2-smb devstack@c-api.service[111713]: INFO cinder.api.openstack.wsgi [None req-2b618206-f65b-433f-8c7a-3b87161d6b28 tempest-GroupSnapshotsTest-2068192588 tempest-GroupSnapshotsTest-2068192588-project] http://10.222.0.20/volume/v3/ac4beaf1f7b44210b4d3cc21a83c34b5/groups/aea30c0a-8a77-4871-a1ff-c52728526ad8 returned with HTTP 404
Oct 17 03:12:13.624514 dv-cinder-846977-2-smb devstack@c-api.service[111713]: [pid: 111713|app: 0|req: 91/191] 10.222.0.20 () {60 vars in 1363 bytes} [Mon Oct 17 03:12:13 2022] GET /volume/v3/ac4beaf1f7b44210b4d3cc21a83c34b5/groups/aea30c0a-8a77-4871-a1ff-c52728526ad8 => generated 108 bytes in 36 msecs (HTTP/1.1 404) 7 headers in 293 bytes (1 switches on core 0)
Oct 17 03:12:13.626030 dv-cinder-846977-2-smb devstack@c-api.service[111714]: /usr/local/lib/python3.8/dist-packages/oslo_context/context.py:100: DeprecationWarning: Policy enforcement is depending on the value of is_admin. This key is deprecated. Please update your policy file to use the standard policy values.
Oct 17 03:12:13.626030 dv-cinder-846977-2-smb devstack@c-api.service[111714]: warnings.warn('Policy enforcement is depending on the value of '
Oct 17 03:12:13.626889 dv-cinder-846977-2-smb devstack@c-api.service[111713]: DEBUG cinder.api.middleware.request_id [None req-0991382f-af33-4329-b2fd-6cdfb3d9efe4 None None] RequestId filter calling following filter/app {{(pid=111713) _context_setter /opt/stack/cinder/cinder/api/middleware/request_id.py:62}}
Oct 17 03:12:13.631286 dv-cinder-846977-2-smb devstack@c-api.service[111713]: INFO cinder.api.openstack.wsgi [None req-0991382f-af33-4329-b2fd-6cdfb3d9efe4 tempest-GroupsTest-1645884904 tempest-GroupsTest-1645884904-project] GET http://10.222.0.20/volume/v3/e75d9fd385424e1cad7d865a6e1a7207/volumes/26c617f3-bc56-4d89-a923-cdefa383d410
Oct 17 03:12:13.631863 dv-cinder-846977-2-smb devstack@c-api.service[111713]: DEBUG cinder.api.openstack.wsgi [None req-0991382f-af33-4329-b2fd-6cdfb3d9efe4 tempest-GroupsTest-1645884904 tempest-GroupsTest-1645884904-project] Empty body provided in request {{(pid=111713) get_body /opt/stack/cinder/cinder/api/openstack/wsgi.py:715}}
Oct 17 03:12:13.632665 dv-cinder-846977-2-smb devstack@c-api.service[111713]: DEBUG cinder.api.openstack.wsgi [None req-0991382f-af33-4329-b2fd-6cdfb3d9efe4 tempest-GroupsTest-1645884904 tempest-GroupsTest-1645884904-project] Calling method 'show' {{(pid=111713) _process_stack /opt/stack/cinder/cinder/api/openstack/wsgi.py:868}}
Oct 17 03:12:13.644679 dv-cinder-846977-2-smb devstack@c-api.service[111714]: INFO cinder.api.openstack.wsgi [None req-3e6c69ec-deb9-472c-aeb8-7e20022b3b66 tempest-GroupSnapshotsV319Test-1931856639 tempest-GroupSnapshotsV319Test-1931856639-project] http://10.222.0.20/volume/v3/caace1fba8634f239a037c138c829192/volumes/detail returned with HTTP 200
Oct 17 03:12:13.645972 dv-cinder-846977-2-smb devstack@c-api.service[111714]: [pid: 111714|app: 0|req: 101/192] 10.222.0.20 () {60 vars in 1276 bytes} [Mon Oct 17 03:12:13 2022] GET /volume/v3/caace1fba8634f239a037c138c829192/volumes/detail => generated 1010 bytes in 149 msecs (HTTP/1.1 200) 7 headers in 287 bytes (1 switches on core 0)
Oct 17 03:12:13.646990 dv-cinder-846977-2-smb devstack@c-api.service[111713]: INFO cinder.api.openstack.wsgi [None req-0991382f-af33-4329-b2fd-6cdfb3d9efe4 tempest-GroupsTest-1645884904 tempest-GroupsTest-1645884904-project] http://10.222.0.20/volume/v3/e75d9fd385424e1cad7d865a6e1a7207/volumes/26c617f3-bc56-4d89-a923-cdefa383d410 returned with HTTP 404
Oct 17 03:12:13.647118 dv-cinder-846977-2-smb devstack@c-api.service[111714]: DEBUG cinder.api.middleware.request_id [None req-88c1b7d1-28f6-4248-8533-acbd12c9c244 None None] RequestId filter calling following filter/app {{(pid=111714) _context_setter /opt/stack/cinder/cinder/api/middleware/request_id.py:62}}
Oct 17 03:12:13.648450 dv-cinder-846977-2-smb devstack@c-api.service[111713]: [pid: 111713|app: 0|req: 92/193] 10.222.0.20 () {60 vars in 1366 bytes} [Mon Oct 17 03:12:13 2022] GET /volume/v3/e75d9fd385424e1cad7d865a6e1a7207/volumes/26c617f3-bc56-4d89-a923-cdefa383d410 => generated 109 bytes in 23 msecs (HTTP/1.1 404) 7 headers in 293 bytes (1 switches on core 0)
Oct 17 03:12:13.651755 dv-cinder-846977-2-smb devstack@c-api.service[111714]: INFO cinder.api.openstack.wsgi [None req-88c1b7d1-28f6-4248-8533-acbd12c9c244 tempest-GroupSnapshotsTest-2068192588 tempest-GroupSnapshotsTest-2068192588-project] DELETE http://10.222.0.20/volume/v3/ac4beaf1f7b44210b4d3cc21a83c34b5/group_snapshots/80a29572-f0ef-4580-a494-c87b7c2c32df
Oct 17 03:12:13.652774 dv-cinder-846977-2-smb devstack@c-api.service[111714]: DEBUG cinder.api.openstack.wsgi [None req-88c1b7d1-28f6-4248-8533-acbd12c9c244 tempest-GroupSnapshotsTest-2068192588 tempest-GroupSnapshotsTest-2068192588-project] Empty body provided in request {{(pid=111714) get_body /opt/stack/cinder/cinder/api/openstack/wsgi.py:715}}
Oct 17 03:12:13.652909 dv-cinder-846977-2-smb devstack@c-api.service[111714]: DEBUG cinder.api.openstack.wsgi [None req-88c1b7d1-28f6-4248-8533-acbd12c9c244 tempest-GroupSnapshotsTest-2068192588 tempest-GroupSnapshotsTest-2068192588-project] Calling method 'version_select' {{(pid=111714) _process_stack /opt/stack/cinder/cinder/api/openstack/wsgi.py:868}}
Oct 17 03:12:13.653201 dv-cinder-846977-2-smb devstack@c-api.service[111714]: DEBUG cinder.api.v3.group_snapshots [None req-88c1b7d1-28f6-4248-8533-acbd12c9c244 tempest-GroupSnapshotsTest-2068192588 tempest-GroupSnapshotsTest-2068192588-project] delete called for member 80a29572-f0ef-4580-a494-c87b7c2c32df {{(pid=111714) delete /opt/stack/cinder/cinder/api/v3/group_snapshots.py:72}}
Oct 17 03:12:13.653644 dv-cinder-846977-2-smb devstack@c-api.service[111714]: INFO cinder.api.v3.group_snapshots [None req-88c1b7d1-28f6-4248-8533-acbd12c9c244 tempest-GroupSnapshotsTest-2068192588 tempest-GroupSnapshotsTest-2068192588-project] Delete group_snapshot with id: 80a29572-f0ef-4580-a494-c87b7c2c32df
Oct 17 03:12:13.655033 dv-cinder-846977-2-smb devstack@c-api.service[111713]: DEBUG cinder.api.middleware.request_id [None req-c4b1d2ce-930e-4e8c-b1bc-d8b7542945d1 None None] RequestId filter calling following filter/app {{(pid=111713) _context_setter /opt/stack/cinder/cinder/api/middleware/request_id.py:62}}
Oct 17 03:12:13.659996 dv-cinder-846977-2-smb devstack@c-api.service[111714]: /usr/local/lib/python3.8/dist-packages/oslo_context/context.py:100: DeprecationWarning: Policy enforcement is depending on the value of is_admin. This key is deprecated. Please update your policy file to use the standard policy values.
Oct 17 03:12:13.659996 dv-cinder-846977-2-smb devstack@c-api.service[111714]: warnings.warn('Policy enforcement is depending on the value of '
Oct 17 03:12:13.667151 dv-cinder-846977-2-smb devstack@c-api.service[111713]: INFO cinder.api.openstack.wsgi [None req-c4b1d2ce-930e-4e8c-b1bc-d8b7542945d1 tempest-GroupsTest-1645884904 tempest-GroupsTest-1645884904-project] GET http://10.222.0.20/volume/v3/e75d9fd385424e1cad7d865a6e1a7207/groups/b84e8e94-6f7a-478a-8ac0-16be85b829ef
Oct 17 03:12:13.667667 dv-cinder-846977-2-smb devstack@c-api.service[111713]: DEBUG cinder.api.openstack.wsgi [None req-c4b1d2ce-930e-4e8c-b1bc-d8b7542945d1 tempest-GroupsTest-1645884904 tempest-GroupsTest-1645884904-project] Empty body provided in request {{(pid=111713) get_body /opt/stack/cinder/cinder/api/openstack/wsgi.py:715}}
Oct 17 03:12:13.668553 dv-cinder-846977-2-smb devstack@c-api.service[111713]: DEBUG cinder.api.openstack.wsgi [None req-c4b1d2ce-930e-4e8c-b1bc-d8b7542945d1 tempest-GroupsTest-1645884904 tempest-GroupsTest-1645884904-project] Calling method 'version_select' {{(pid=111713) _process_stack /opt/stack/cinder/cinder/api/openstack/wsgi.py:868}}
Oct 17 03:12:13.671425 dv-cinder-846977-2-smb devstack@c-api.service[111713]: DEBUG cinder.api.v3.groups [None req-c4b1d2ce-930e-4e8c-b1bc-d8b7542945d1 tempest-GroupsTest-1645884904 tempest-GroupsTest-1645884904-project] show called for member b84e8e94-6f7a-478a-8ac0-16be85b829ef {{(pid=111713) show /opt/stack/cinder/cinder/api/v3/groups.py:58}}
Oct 17 03:12:13.680112 dv-cinder-846977-2-smb devstack@c-api.service[111713]: INFO cinder.api.openstack.wsgi [None req-c4b1d2ce-930e-4e8c-b1bc-d8b7542945d1 tempest-GroupsTest-1645884904 tempest-GroupsTest-1645884904-project] http://10.222.0.20/volume/v3/e75d9fd385424e1cad7d865a6e1a7207/groups/b84e8e94-6f7a-478a-8ac0-16be85b829ef returned with HTTP 404
Oct 17 03:12:13.681054 dv-cinder-846977-2-smb devstack@c-api.service[111713]: [pid: 111713|app: 0|req: 93/194] 10.222.0.20 () {60 vars in 1363 bytes} [Mon Oct 17 03:12:13 2022] GET /volume/v3/e75d9fd385424e1cad7d865a6e1a7207/groups/b84e8e94-6f7a-478a-8ac0-16be85b829ef => generated 108 bytes in 29 msecs (HTTP/1.1 404) 7 headers in 293 bytes (2 switches on core 0)
Oct 17 03:12:13.681537 dv-cinder-846977-2-smb devstack@c-api.service[111714]: DEBUG dbcounter [-] [111714] Writing DB stats cinder:SELECT=73,cinder:UPDATE=14,cinder:INSERT=13 {{(pid=111714) stat_writer /usr/local/lib/python3.8/dist-packages/dbcounter.py:114}}
Oct 17 03:12:13.682430 dv-cinder-846977-2-smb devstack@c-api.service[111713]: DEBUG cinder.api.middleware.request_id [None req-b5aa5853-85cc-47b6-b8e7-8aff59e65cf0 None None] RequestId filter calling following filter/app {{(pid=111713) _context_setter /opt/stack/cinder/cinder/api/middleware/request_id.py:62}}
Oct 17 03:12:13.689959 dv-cinder-846977-2-smb devstack@c-api.service[111713]: INFO cinder.api.openstack.wsgi [None req-b5aa5853-85cc-47b6-b8e7-8aff59e65cf0 tempest-GroupSnapshotsV319Test-1931856639 tempest-GroupSnapshotsV319Test-1931856639-project] GET http://10.222.0.20/volume/v3/caace1fba8634f239a037c138c829192/snapshots/detail
Oct 17 03:12:13.690392 dv-cinder-846977-2-smb devstack@c-api.service[111713]: DEBUG cinder.api.openstack.wsgi [None req-b5aa5853-85cc-47b6-b8e7-8aff59e65cf0 tempest-GroupSnapshotsV319Test-1931856639 tempest-GroupSnapshotsV319Test-1931856639-project] Empty body provided in request {{(pid=111713) get_body /opt/stack/cinder/cinder/api/openstack/wsgi.py:715}}
Oct 17 03:12:13.690850 dv-cinder-846977-2-smb devstack@c-api.service[111713]: DEBUG cinder.api.openstack.wsgi [None req-b5aa5853-85cc-47b6-b8e7-8aff59e65cf0 tempest-GroupSnapshotsV319Test-1931856639 tempest-GroupSnapshotsV319Test-1931856639-project] Calling method 'detail' {{(pid=111713) _process_stack /opt/stack/cinder/cinder/api/openstack/wsgi.py:868}}
Oct 17 03:12:13.691413 dv-cinder-846977-2-smb devstack@c-api.service[111713]: DEBUG cinder.api.api_utils [None req-b5aa5853-85cc-47b6-b8e7-8aff59e65cf0 tempest-GroupSnapshotsV319Test-1931856639 tempest-GroupSnapshotsV319Test-1931856639-project] Removing options '' from query. {{(pid=111713) remove_invalid_filter_options /opt/stack/cinder/cinder/api/api_utils.py:83}}
Oct 17 03:12:13.693508 dv-cinder-846977-2-smb devstack@c-api.service[111713]: DEBUG cinder.db.sqlalchemy.api [None req-b5aa5853-85cc-47b6-b8e7-8aff59e65cf0 tempest-GroupSnapshotsV319Test-1931856639 tempest-GroupSnapshotsV319Test-1931856639-project] Building query based on filter {{(pid=111713) _process_snaps_filters /opt/stack/cinder/cinder/db/sqlalchemy/api.py:3885}}
Oct 17 03:12:13.702728 dv-cinder-846977-2-smb devstack@c-api.service[111713]: INFO cinder.volume.api [None req-b5aa5853-85cc-47b6-b8e7-8aff59e65cf0 tempest-GroupSnapshotsV319Test-1931856639 tempest-GroupSnapshotsV319Test-1931856639-project] Get all snapshots completed successfully.
Oct 17 03:12:13.704307 dv-cinder-846977-2-smb devstack@c-api.service[111713]: /usr/local/lib/python3.8/dist-packages/oslo_context/context.py:100: DeprecationWarning: Policy enforcement is depending on the value of is_admin. This key is deprecated. Please update your policy file to use the standard policy values.
Oct 17 03:12:13.704307 dv-cinder-846977-2-smb devstack@c-api.service[111713]: warnings.warn('Policy enforcement is depending on the value of '
Oct 17 03:12:13.705712 dv-cinder-846977-2-smb devstack@c-api.service[111713]: INFO cinder.api.openstack.wsgi [None req-b5aa5853-85cc-47b6-b8e7-8aff59e65cf0 tempest-GroupSnapshotsV319Test-1931856639 tempest-GroupSnapshotsV319Test-1931856639-project] http://10.222.0.20/volume/v3/caace1fba8634f239a037c138c829192/snapshots/detail returned with HTTP 200
Oct 17 03:12:13.714526 dv-cinder-846977-2-smb devstack@c-api.service[111713]: [pid: 111713|app: 0|req: 94/195] 10.222.0.20 () {58 vars in 1241 bytes} [Mon Oct 17 03:12:13 2022] GET /volume/v3/caace1fba8634f239a037c138c829192/snapshots/detail => generated 540 bytes in 25 msecs (HTTP/1.1 200) 7 headers in 285 bytes (1 switches on core 0)
Oct 17 03:12:13.714526 dv-cinder-846977-2-smb devstack@c-api.service[111713]: DEBUG cinder.api.middleware.request_id [None req-b7158f42-f375-483d-b7df-3d1e02ed8be7 None None] RequestId filter calling following filter/app {{(pid=111713) _context_setter /opt/stack/cinder/cinder/api/middleware/request_id.py:62}}
Oct 17 03:12:13.714526 dv-cinder-846977-2-smb devstack@c-api.service[111713]: INFO cinder.api.openstack.wsgi [None req-b7158f42-f375-483d-b7df-3d1e02ed8be7 tempest-GroupsTest-1645884904 tempest-GroupsTest-1645884904-project] POST http://10.222.0.20/volume/v3/e75d9fd385424e1cad7d865a6e1a7207/groups/d18b9cdb-e445-4a0f-9b94-29a0a1743d19/action
Oct 17 03:12:13.714526 dv-cinder-846977-2-smb devstack@c-api.service[111713]: DEBUG cinder.api.openstack.wsgi [None req-b7158f42-f375-483d-b7df-3d1e02ed8be7 tempest-GroupsTest-1645884904 tempest-GroupsTest-1645884904-project] Action body: b'{"delete": {"delete-volumes": false}}' {{(pid=111713) get_method /opt/stack/cinder/cinder/api/openstack/wsgi.py:983}}
Oct 17 03:12:13.714526 dv-cinder-846977-2-smb devstack@c-api.service[111713]: DEBUG cinder.api.openstack.wsgi [None req-b7158f42-f375-483d-b7df-3d1e02ed8be7 tempest-GroupsTest-1645884904 tempest-GroupsTest-1645884904-project] Action: 'action', calling method: delete_group, body: {"delete": {"delete-volumes": false}} {{(pid=111713) _process_stack /opt/stack/cinder/cinder/api/openstack/wsgi.py:866}}
Oct 17 03:12:13.716131 dv-cinder-846977-2-smb devstack@c-api.service[111713]: DEBUG cinder.api.v3.groups [None req-b7158f42-f375-483d-b7df-3d1e02ed8be7 tempest-GroupsTest-1645884904 tempest-GroupsTest-1645884904-project] delete called for group d18b9cdb-e445-4a0f-9b94-29a0a1743d19 {{(pid=111713) _delete /opt/stack/cinder/cinder/api/v3/groups.py:117}}
Oct 17 03:12:13.717859 dv-cinder-846977-2-smb devstack@c-api.service[111713]: INFO cinder.api.v3.groups [None req-b7158f42-f375-483d-b7df-3d1e02ed8be7 tempest-GroupsTest-1645884904 tempest-GroupsTest-1645884904-project] Delete group with id: d18b9cdb-e445-4a0f-9b94-29a0a1743d19
Oct 17 03:12:13.724653 dv-cinder-846977-2-smb devstack@c-api.service[111713]: /usr/local/lib/python3.8/dist-packages/oslo_context/context.py:100: DeprecationWarning: Policy enforcement is depending on the value of is_admin. This key is deprecated. Please update your policy file to use the standard policy values.
Oct 17 03:12:13.724653 dv-cinder-846977-2-smb devstack@c-api.service[111713]: warnings.warn('Policy enforcement is depending on the value of '
Oct 17 03:12:13.773408 dv-cinder-846977-2-smb devstack@c-api.service[111714]: INFO cinder.api.openstack.wsgi [None req-88c1b7d1-28f6-4248-8533-acbd12c9c244 tempest-GroupSnapshotsTest-2068192588 tempest-GroupSnapshotsTest-2068192588-project] http://10.222.0.20/volume/v3/ac4beaf1f7b44210b4d3cc21a83c34b5/group_snapshots/80a29572-f0ef-4580-a494-c87b7c2c32df returned with HTTP 202
Oct 17 03:12:13.778248 dv-cinder-846977-2-smb devstack@c-api.service[111714]: [pid: 111714|app: 0|req: 102/196] 10.222.0.20 () {60 vars in 1393 bytes} [Mon Oct 17 03:12:13 2022] DELETE /volume/v3/ac4beaf1f7b44210b4d3cc21a83c34b5/group_snapshots/80a29572-f0ef-4580-a494-c87b7c2c32df => generated 0 bytes in 129 msecs (HTTP/1.1 202) 6 headers in 234 bytes (1 switches on core 0)
Oct 17 03:12:13.778248 dv-cinder-846977-2-smb devstack@c-api.service[111714]: DEBUG cinder.api.middleware.request_id [None req-ff70f383-ac9d-4f69-bb8e-51883ece9b5a None None] RequestId filter calling following filter/app {{(pid=111714) _context_setter /opt/stack/cinder/cinder/api/middleware/request_id.py:62}}
Oct 17 03:12:13.786704 dv-cinder-846977-2-smb devstack@c-api.service[111713]: INFO cinder.api.openstack.wsgi [None req-b7158f42-f375-483d-b7df-3d1e02ed8be7 tempest-GroupsTest-1645884904 tempest-GroupsTest-1645884904-project] http://10.222.0.20/volume/v3/e75d9fd385424e1cad7d865a6e1a7207/groups/d18b9cdb-e445-4a0f-9b94-29a0a1743d19/action returned with HTTP 202
Oct 17 03:12:13.791051 dv-cinder-846977-2-smb devstack@c-api.service[111713]: [pid: 111713|app: 0|req: 95/197] 10.222.0.20 () {62 vars in 1405 bytes} [Mon Oct 17 03:12:13 2022] POST /volume/v3/e75d9fd385424e1cad7d865a6e1a7207/groups/d18b9cdb-e445-4a0f-9b94-29a0a1743d19/action => generated 0 bytes in 81 msecs (HTTP/1.1 202) 6 headers in 234 bytes (1 switches on core 0)
Oct 17 03:12:13.791051 dv-cinder-846977-2-smb devstack@c-api.service[111713]: DEBUG cinder.api.middleware.request_id [None req-b73ccd37-260a-4afc-80c3-d1bb2229a456 None None] RequestId filter calling following filter/app {{(pid=111713) _context_setter /opt/stack/cinder/cinder/api/middleware/request_id.py:62}}
Oct 17 03:12:13.792000 dv-cinder-846977-2-smb devstack@c-api.service[111714]: INFO cinder.api.openstack.wsgi [None req-ff70f383-ac9d-4f69-bb8e-51883ece9b5a tempest-GroupSnapshotsV319Test-1931856639 tempest-GroupSnapshotsV319Test-1931856639-project] GET http://10.222.0.20/volume/v3/caace1fba8634f239a037c138c829192/snapshots/bc36b93a-a18d-44fb-b846-37b7639e026d
Oct 17 03:12:13.792000 dv-cinder-846977-2-smb devstack@c-api.service[111714]: DEBUG cinder.api.openstack.wsgi [None req-ff70f383-ac9d-4f69-bb8e-51883ece9b5a tempest-GroupSnapshotsV319Test-1931856639 tempest-GroupSnapshotsV319Test-1931856639-project] Empty body provided in request {{(pid=111714) get_body /opt/stack/cinder/cinder/api/openstack/wsgi.py:715}}
Oct 17 03:12:13.792138 dv-cinder-846977-2-smb devstack@c-api.service[111714]: DEBUG cinder.api.openstack.wsgi [None req-ff70f383-ac9d-4f69-bb8e-51883ece9b5a tempest-GroupSnapshotsV319Test-1931856639 tempest-GroupSnapshotsV319Test-1931856639-project] Calling method 'show' {{(pid=111714) _process_stack /opt/stack/cinder/cinder/api/openstack/wsgi.py:868}}
Oct 17 03:12:13.798994 dv-cinder-846977-2-smb devstack@c-api.service[111713]: INFO cinder.api.openstack.wsgi [None req-b73ccd37-260a-4afc-80c3-d1bb2229a456 tempest-GroupSnapshotsTest-2068192588 tempest-GroupSnapshotsTest-2068192588-project] GET http://10.222.0.20/volume/v3/ac4beaf1f7b44210b4d3cc21a83c34b5/volumes/detail
