Oct 17 03:11:47.195637 dv-cinder-846977-2-smb devstack@c-api.service[111713]: DEBUG cinder.volume.api [None req-fcd1fd9e-625e-42b7-82fd-7b30ff20dae5 tempest-VolumeManageAdminTest-1290025577 tempest-VolumeManageAdminTest-1290025577-project-admin] Task 'cinder.volume.flows.api.create_volume.QuotaReserveTask;volume:create' (7e9286f0-7b79-4e26-b3a4-f90cc7b1fcb2) transitioned into state 'SUCCESS' from state 'RUNNING' with result '{'reservations': ['51fce3d9-799e-4a04-84df-ade3e07a8507', '5c5fb47e-f057-4a2b-8084-be89593a229f', 'c4f52af5-67c6-4041-a2c2-cec0240dd26c', '9bdc7fdd-2d00-4939-9d40-63a9631811e4']}' {{(pid=111713) _task_receiver /usr/local/lib/python3.8/dist-packages/taskflow/listeners/logging.py:178}}
Oct 17 03:11:47.197727 dv-cinder-846977-2-smb devstack@c-api.service[111713]: DEBUG cinder.volume.api [None req-fcd1fd9e-625e-42b7-82fd-7b30ff20dae5 tempest-VolumeManageAdminTest-1290025577 tempest-VolumeManageAdminTest-1290025577-project-admin] Task 'cinder.volume.flows.api.manage_existing.EntryCreateTask;volume:manage_existing' (b5ad192c-2edc-4989-b5a5-c13b66cb41bb) transitioned into state 'RUNNING' from state 'PENDING' {{(pid=111713) _task_receiver /usr/local/lib/python3.8/dist-packages/taskflow/listeners/logging.py:190}}
Oct 17 03:11:47.257983 dv-cinder-846977-2-smb devstack@c-api.service[111713]: DEBUG cinder.volume.api [None req-fcd1fd9e-625e-42b7-82fd-7b30ff20dae5 tempest-VolumeManageAdminTest-1290025577 tempest-VolumeManageAdminTest-1290025577-project-admin] Task 'cinder.volume.flows.api.manage_existing.EntryCreateTask;volume:manage_existing' (b5ad192c-2edc-4989-b5a5-c13b66cb41bb) transitioned into state 'SUCCESS' from state 'RUNNING' with result '{'volume_properties': {'size': 0, 'user_id': '513b118c8c884c54977c18ec2fd19491', 'project_id': 'b6bd39ef3e9742d288ff648f23a4656a', 'status': 'managing', 'attach_status': 'detached', 'display_description': None, 'display_name': 'tempest-VolumeManageAdminTest-volume-1686093085', 'host': 'hv-cinder-84697@wincnd#smbshare', 'cluster_name': None, 'availability_zone': 'nova', 'volume_type_id': 'a0c78229-4773-4504-b633-a466b1d81847', 'metadata': {}, 'bootable': False, 'multiattach': False}, 'volume': Volume(_name_id=None,admin_metadata={},attach_status='detached',availability_zone='nova',bootable=False,cluster=,cluster_name=None,consistencygroup=,consistencygroup_id=None,created_at=2022-10-17T03:11:47Z,deleted=False,deleted_at=None,display_description=None,display_name='tempest-VolumeManageAdminTest-volume-1686093085',ec2_id=None,encryption_key_id=None,glance_metadata=,group=,group_id=None,host='hv-cinder-84697@wincnd#smbshare',id=47716caa-8550-4a14-9627-d8268070c526,launched_at=None,metadata={},migration_status=None,multiattach=False,previous_status=None,project_id='b6bd39ef3e9742d288ff648f23a4656a',provider_auth=None,provider_geometry=None,provider_id=None,provider_location=None,replication_driver_data=None,replication_extended_status=None,replication_status=None,scheduled_at=None,service_uuid=None,shared_targets=True,size=0,snapshot_id=None,snapshots=,source_volid=None,status='managing',terminated_at=None,updated_at=None,use_quota=True,user_id='513b118c8c884c54977c18ec2fd19491',volume_attachment=VolumeAttachmentList,volume_type=VolumeType(a0c78229-4773-4504-b633-a466b1d81847),volume_type_id=a0c78229-4773-4504-b633-a466b1d81847)}' {{(pid=111713) _task_receiver /usr/local/lib/python3.8/dist-packages/taskflow/listeners/logging.py:178}}
Oct 17 03:11:47.267122 dv-cinder-846977-2-smb devstack@c-api.service[111713]: DEBUG cinder.volume.api [None req-fcd1fd9e-625e-42b7-82fd-7b30ff20dae5 tempest-VolumeManageAdminTest-1290025577 tempest-VolumeManageAdminTest-1290025577-project-admin] Task 'cinder.volume.flows.api.create_volume.QuotaCommitTask;volume:create' (a681030a-6485-4de4-ac66-dc179a407517) transitioned into state 'RUNNING' from state 'PENDING' {{(pid=111713) _task_receiver /usr/local/lib/python3.8/dist-packages/taskflow/listeners/logging.py:190}}
Oct 17 03:11:47.348617 dv-cinder-846977-2-smb devstack@c-api.service[111713]: DEBUG cinder.volume.api [None req-fcd1fd9e-625e-42b7-82fd-7b30ff20dae5 tempest-VolumeManageAdminTest-1290025577 tempest-VolumeManageAdminTest-1290025577-project-admin] Task 'cinder.volume.flows.api.create_volume.QuotaCommitTask;volume:create' (a681030a-6485-4de4-ac66-dc179a407517) transitioned into state 'SUCCESS' from state 'RUNNING' with result '{'volume_properties': {'size': 0, 'user_id': '513b118c8c884c54977c18ec2fd19491', 'project_id': 'b6bd39ef3e9742d288ff648f23a4656a', 'status': 'managing', 'attach_status': 'detached', 'display_description': None, 'display_name': 'tempest-VolumeManageAdminTest-volume-1686093085', 'host': 'hv-cinder-84697@wincnd#smbshare', 'cluster_name': None, 'availability_zone': 'nova', 'volume_type_id': 'a0c78229-4773-4504-b633-a466b1d81847', 'metadata': {}, 'bootable': False, 'multiattach': False}}' {{(pid=111713) _task_receiver /usr/local/lib/python3.8/dist-packages/taskflow/listeners/logging.py:178}}
Oct 17 03:11:47.351119 dv-cinder-846977-2-smb devstack@c-api.service[111713]: DEBUG cinder.volume.api [None req-fcd1fd9e-625e-42b7-82fd-7b30ff20dae5 tempest-VolumeManageAdminTest-1290025577 tempest-VolumeManageAdminTest-1290025577-project-admin] Task 'cinder.volume.flows.api.manage_existing.ManageCastTask;volume:manage_existing' (c486478c-980f-4dbd-83d8-f293f0981674) transitioned into state 'RUNNING' from state 'PENDING' {{(pid=111713) _task_receiver /usr/local/lib/python3.8/dist-packages/taskflow/listeners/logging.py:190}}
Oct 17 03:11:47.367195 dv-cinder-846977-2-smb devstack@c-api.service[111713]: DEBUG cinder.volume.api [None req-fcd1fd9e-625e-42b7-82fd-7b30ff20dae5 tempest-VolumeManageAdminTest-1290025577 tempest-VolumeManageAdminTest-1290025577-project-admin] Task 'cinder.volume.flows.api.manage_existing.ManageCastTask;volume:manage_existing' (c486478c-980f-4dbd-83d8-f293f0981674) transitioned into state 'SUCCESS' from state 'RUNNING' with result 'None' {{(pid=111713) _task_receiver /usr/local/lib/python3.8/dist-packages/taskflow/listeners/logging.py:178}}
Oct 17 03:11:47.374387 dv-cinder-846977-2-smb devstack@c-api.service[111713]: DEBUG cinder.volume.api [None req-fcd1fd9e-625e-42b7-82fd-7b30ff20dae5 tempest-VolumeManageAdminTest-1290025577 tempest-VolumeManageAdminTest-1290025577-project-admin] Flow 'volume_manage_existing_api' (2cb83845-4840-4259-bb0e-abca20fd3027) transitioned into state 'SUCCESS' from state 'RUNNING' {{(pid=111713) _flow_receiver /usr/local/lib/python3.8/dist-packages/taskflow/listeners/logging.py:141}}
Oct 17 03:11:47.378797 dv-cinder-846977-2-smb devstack@c-api.service[111713]: INFO cinder.volume.api [None req-fcd1fd9e-625e-42b7-82fd-7b30ff20dae5 tempest-VolumeManageAdminTest-1290025577 tempest-VolumeManageAdminTest-1290025577-project-admin] Manage volume request issued successfully.
Oct 17 03:11:47.382988 dv-cinder-846977-2-smb devstack@c-api.service[111713]: INFO cinder.api.openstack.wsgi [None req-fcd1fd9e-625e-42b7-82fd-7b30ff20dae5 tempest-VolumeManageAdminTest-1290025577 tempest-VolumeManageAdminTest-1290025577-project-admin] http://10.222.0.20/volume/v3/b6bd39ef3e9742d288ff648f23a4656a/os-volume-manage returned with HTTP 202
Oct 17 03:11:47.398588 dv-cinder-846977-2-smb devstack@c-api.service[111713]: [pid: 111713|app: 0|req: 23/54] 10.222.0.20 () {60 vars in 1263 bytes} [Mon Oct 17 03:11:46 2022] POST /volume/v3/b6bd39ef3e9742d288ff648f23a4656a/os-volume-manage => generated 847 bytes in 525 msecs (HTTP/1.1 202) 7 headers in 291 bytes (1 switches on core 0)
Oct 17 03:11:47.402852 dv-cinder-846977-2-smb devstack@c-api.service[111714]: DEBUG cinder.api.middleware.request_id [None req-be26af04-b0bd-4114-932a-8c814896f909 None None] RequestId filter calling following filter/app {{(pid=111714) _context_setter /opt/stack/cinder/cinder/api/middleware/request_id.py:62}}
Oct 17 03:11:47.408834 dv-cinder-846977-2-smb devstack@c-api.service[111714]: INFO cinder.api.openstack.wsgi [None req-be26af04-b0bd-4114-932a-8c814896f909 tempest-VolumeManageAdminTest-1290025577 tempest-VolumeManageAdminTest-1290025577-project-admin] GET http://10.222.0.20/volume/v3/b6bd39ef3e9742d288ff648f23a4656a/volumes/47716caa-8550-4a14-9627-d8268070c526
Oct 17 03:11:47.409659 dv-cinder-846977-2-smb devstack@c-api.service[111714]: DEBUG cinder.api.openstack.wsgi [None req-be26af04-b0bd-4114-932a-8c814896f909 tempest-VolumeManageAdminTest-1290025577 tempest-VolumeManageAdminTest-1290025577-project-admin] Empty body provided in request {{(pid=111714) get_body /opt/stack/cinder/cinder/api/openstack/wsgi.py:715}}
Oct 17 03:11:47.410389 dv-cinder-846977-2-smb devstack@c-api.service[111714]: DEBUG cinder.api.openstack.wsgi [None req-be26af04-b0bd-4114-932a-8c814896f909 tempest-VolumeManageAdminTest-1290025577 tempest-VolumeManageAdminTest-1290025577-project-admin] Calling method 'show' {{(pid=111714) _process_stack /opt/stack/cinder/cinder/api/openstack/wsgi.py:868}}
Oct 17 03:11:47.446484 dv-cinder-846977-2-smb devstack@c-api.service[111714]: /usr/local/lib/python3.8/dist-packages/oslo_context/context.py:100: DeprecationWarning: Policy enforcement is depending on the value of is_admin. This key is deprecated. Please update your policy file to use the standard policy values.
Oct 17 03:11:47.446484 dv-cinder-846977-2-smb devstack@c-api.service[111714]: warnings.warn('Policy enforcement is depending on the value of '
Oct 17 03:11:47.465750 dv-cinder-846977-2-smb devstack@c-api.service[111714]: INFO cinder.volume.api [None req-be26af04-b0bd-4114-932a-8c814896f909 tempest-VolumeManageAdminTest-1290025577 tempest-VolumeManageAdminTest-1290025577-project-admin] Volume info retrieved successfully.
Oct 17 03:11:47.491241 dv-cinder-846977-2-smb devstack@c-api.service[111714]: INFO cinder.api.openstack.wsgi [None req-be26af04-b0bd-4114-932a-8c814896f909 tempest-VolumeManageAdminTest-1290025577 tempest-VolumeManageAdminTest-1290025577-project-admin] http://10.222.0.20/volume/v3/b6bd39ef3e9742d288ff648f23a4656a/volumes/47716caa-8550-4a14-9627-d8268070c526 returned with HTTP 200
Oct 17 03:11:47.495190 dv-cinder-846977-2-smb devstack@c-api.service[111714]: [pid: 111714|app: 0|req: 32/55] 10.222.0.20 () {58 vars in 1325 bytes} [Mon Oct 17 03:11:47 2022] GET /volume/v3/b6bd39ef3e9742d288ff648f23a4656a/volumes/47716caa-8550-4a14-9627-d8268070c526 => generated 1079 bytes in 94 msecs (HTTP/1.1 200) 7 headers in 286 bytes (1 switches on core 0)
Oct 17 03:11:47.958064 dv-cinder-846977-2-smb devstack@c-api.service[111713]: DEBUG cinder.api.middleware.request_id [None req-fd3b6013-b3b1-4c3a-809d-edcb8aead842 None None] RequestId filter calling following filter/app {{(pid=111713) _context_setter /opt/stack/cinder/cinder/api/middleware/request_id.py:62}}
Oct 17 03:11:47.964023 dv-cinder-846977-2-smb devstack@c-api.service[111713]: INFO cinder.api.openstack.wsgi [None req-fd3b6013-b3b1-4c3a-809d-edcb8aead842 tempest-VolumesTestJSON-728849625 tempest-VolumesTestJSON-728849625-project] GET http://10.222.0.20/volume/v3/267350ef5a1f4008817dd1908050c578/volumes/7669bbbb-1b45-4ef8-821e-e42575ffc1ea
Oct 17 03:11:47.964542 dv-cinder-846977-2-smb devstack@c-api.service[111713]: DEBUG cinder.api.openstack.wsgi [None req-fd3b6013-b3b1-4c3a-809d-edcb8aead842 tempest-VolumesTestJSON-728849625 tempest-VolumesTestJSON-728849625-project] Empty body provided in request {{(pid=111713) get_body /opt/stack/cinder/cinder/api/openstack/wsgi.py:715}}
Oct 17 03:11:47.965014 dv-cinder-846977-2-smb devstack@c-api.service[111713]: DEBUG cinder.api.openstack.wsgi [None req-fd3b6013-b3b1-4c3a-809d-edcb8aead842 tempest-VolumesTestJSON-728849625 tempest-VolumesTestJSON-728849625-project] Calling method 'show' {{(pid=111713) _process_stack /opt/stack/cinder/cinder/api/openstack/wsgi.py:868}}
Oct 17 03:11:48.010554 dv-cinder-846977-2-smb devstack@c-api.service[111713]: /usr/local/lib/python3.8/dist-packages/oslo_context/context.py:100: DeprecationWarning: Policy enforcement is depending on the value of is_admin. This key is deprecated. Please update your policy file to use the standard policy values.
Oct 17 03:11:48.010554 dv-cinder-846977-2-smb devstack@c-api.service[111713]: warnings.warn('Policy enforcement is depending on the value of '
Oct 17 03:11:48.035635 dv-cinder-846977-2-smb devstack@c-api.service[111713]: INFO cinder.volume.api [None req-fd3b6013-b3b1-4c3a-809d-edcb8aead842 tempest-VolumesTestJSON-728849625 tempest-VolumesTestJSON-728849625-project] Volume info retrieved successfully.
Oct 17 03:11:48.076197 dv-cinder-846977-2-smb devstack@c-api.service[111713]: INFO cinder.api.openstack.wsgi [None req-fd3b6013-b3b1-4c3a-809d-edcb8aead842 tempest-VolumesTestJSON-728849625 tempest-VolumesTestJSON-728849625-project] http://10.222.0.20/volume/v3/267350ef5a1f4008817dd1908050c578/volumes/7669bbbb-1b45-4ef8-821e-e42575ffc1ea returned with HTTP 200
Oct 17 03:11:48.081139 dv-cinder-846977-2-smb devstack@c-api.service[111714]: DEBUG cinder.api.middleware.request_id [req-55e97176-8a64-42c6-af09-b8a589be28f7 req-a8be54b4-0052-44d1-8c10-68e49646b287 None None] RequestId filter calling following filter/app {{(pid=111714) _context_setter /opt/stack/cinder/cinder/api/middleware/request_id.py:62}}
Oct 17 03:11:48.081693 dv-cinder-846977-2-smb devstack@c-api.service[111713]: [pid: 111713|app: 0|req: 24/56] 10.222.0.20 () {58 vars in 1325 bytes} [Mon Oct 17 03:11:47 2022] GET /volume/v3/267350ef5a1f4008817dd1908050c578/volumes/7669bbbb-1b45-4ef8-821e-e42575ffc1ea => generated 922 bytes in 125 msecs (HTTP/1.1 200) 7 headers in 285 bytes (1 switches on core 0)
Oct 17 03:11:48.088795 dv-cinder-846977-2-smb devstack@c-api.service[111714]: INFO cinder.api.openstack.wsgi [req-55e97176-8a64-42c6-af09-b8a589be28f7 req-a8be54b4-0052-44d1-8c10-68e49646b287 tempest-VolumesSnapshotsTestJSON-557609983 tempest-VolumesSnapshotsTestJSON-557609983-project] GET http://10.222.0.20/volume/v3/e85521421f9d4b89809560c75e6dc728/volumes/3f1456a6-4af5-4f42-a7f6-247443d84af3
Oct 17 03:11:48.090023 dv-cinder-846977-2-smb devstack@c-api.service[111714]: DEBUG cinder.api.openstack.wsgi [req-55e97176-8a64-42c6-af09-b8a589be28f7 req-a8be54b4-0052-44d1-8c10-68e49646b287 tempest-VolumesSnapshotsTestJSON-557609983 tempest-VolumesSnapshotsTestJSON-557609983-project] Empty body provided in request {{(pid=111714) get_body /opt/stack/cinder/cinder/api/openstack/wsgi.py:715}}
Oct 17 03:11:48.091371 dv-cinder-846977-2-smb devstack@c-api.service[111714]: DEBUG cinder.api.openstack.wsgi [req-55e97176-8a64-42c6-af09-b8a589be28f7 req-a8be54b4-0052-44d1-8c10-68e49646b287 tempest-VolumesSnapshotsTestJSON-557609983 tempest-VolumesSnapshotsTestJSON-557609983-project] Calling method 'show' {{(pid=111714) _process_stack /opt/stack/cinder/cinder/api/openstack/wsgi.py:868}}
Oct 17 03:11:48.112131 dv-cinder-846977-2-smb devstack@c-api.service[111714]: INFO cinder.api.openstack.wsgi [req-55e97176-8a64-42c6-af09-b8a589be28f7 req-a8be54b4-0052-44d1-8c10-68e49646b287 tempest-VolumesSnapshotsTestJSON-557609983 tempest-VolumesSnapshotsTestJSON-557609983-project] http://10.222.0.20/volume/v3/e85521421f9d4b89809560c75e6dc728/volumes/3f1456a6-4af5-4f42-a7f6-247443d84af3 returned with HTTP 404
Oct 17 03:11:48.114263 dv-cinder-846977-2-smb devstack@c-api.service[111714]: [pid: 111714|app: 0|req: 33/57] 10.222.0.20 () {60 vars in 1578 bytes} [Mon Oct 17 03:11:48 2022] GET /volume/v3/e85521421f9d4b89809560c75e6dc728/volumes/3f1456a6-4af5-4f42-a7f6-247443d84af3 => generated 109 bytes in 35 msecs (HTTP/1.1 404) 7 headers in 292 bytes (2 switches on core 0)
Oct 17 03:11:48.131589 dv-cinder-846977-2-smb devstack@c-api.service[111713]: DEBUG cinder.api.middleware.request_id [req-0b41cb5d-d19b-451e-a631-22414e7dda9a req-99908693-a437-4e66-8c1f-38bdf47e6caa None None] RequestId filter calling following filter/app {{(pid=111713) _context_setter /opt/stack/cinder/cinder/api/middleware/request_id.py:62}}
Oct 17 03:11:48.135617 dv-cinder-846977-2-smb devstack@c-api.service[111713]: INFO cinder.api.openstack.wsgi [req-0b41cb5d-d19b-451e-a631-22414e7dda9a req-99908693-a437-4e66-8c1f-38bdf47e6caa tempest-VolumesTestJSON-728849625 tempest-VolumesTestJSON-728849625-project] GET http://10.222.0.20/volume/v3/267350ef5a1f4008817dd1908050c578/volumes/7669bbbb-1b45-4ef8-821e-e42575ffc1ea
Oct 17 03:11:48.136561 dv-cinder-846977-2-smb devstack@c-api.service[111713]: DEBUG cinder.api.openstack.wsgi [req-0b41cb5d-d19b-451e-a631-22414e7dda9a req-99908693-a437-4e66-8c1f-38bdf47e6caa tempest-VolumesTestJSON-728849625 tempest-VolumesTestJSON-728849625-project] Empty body provided in request {{(pid=111713) get_body /opt/stack/cinder/cinder/api/openstack/wsgi.py:715}}
Oct 17 03:11:48.136561 dv-cinder-846977-2-smb devstack@c-api.service[111713]: DEBUG cinder.api.openstack.wsgi [req-0b41cb5d-d19b-451e-a631-22414e7dda9a req-99908693-a437-4e66-8c1f-38bdf47e6caa tempest-VolumesTestJSON-728849625 tempest-VolumesTestJSON-728849625-project] Calling method 'show' {{(pid=111713) _process_stack /opt/stack/cinder/cinder/api/openstack/wsgi.py:868}}
Oct 17 03:11:48.162016 dv-cinder-846977-2-smb devstack@c-api.service[111714]: DEBUG cinder.api.middleware.request_id [req-47014161-3eb1-403e-903a-25c9bdfed162 req-e6fb8da2-fb52-422d-a092-7c7cd8aee76f None None] RequestId filter calling following filter/app {{(pid=111714) _context_setter /opt/stack/cinder/cinder/api/middleware/request_id.py:62}}
Oct 17 03:11:48.167830 dv-cinder-846977-2-smb devstack@c-api.service[111714]: INFO cinder.api.openstack.wsgi [req-47014161-3eb1-403e-903a-25c9bdfed162 req-e6fb8da2-fb52-422d-a092-7c7cd8aee76f tempest-VolumesSnapshotsTestJSON-557609983 tempest-VolumesSnapshotsTestJSON-557609983-project] DELETE http://10.222.0.20/volume/v3/e85521421f9d4b89809560c75e6dc728/volumes/3f1456a6-4af5-4f42-a7f6-247443d84af3
Oct 17 03:11:48.168447 dv-cinder-846977-2-smb devstack@c-api.service[111714]: DEBUG cinder.api.openstack.wsgi [req-47014161-3eb1-403e-903a-25c9bdfed162 req-e6fb8da2-fb52-422d-a092-7c7cd8aee76f tempest-VolumesSnapshotsTestJSON-557609983 tempest-VolumesSnapshotsTestJSON-557609983-project] Empty body provided in request {{(pid=111714) get_body /opt/stack/cinder/cinder/api/openstack/wsgi.py:715}}
Oct 17 03:11:48.169063 dv-cinder-846977-2-smb devstack@c-api.service[111714]: DEBUG cinder.api.openstack.wsgi [req-47014161-3eb1-403e-903a-25c9bdfed162 req-e6fb8da2-fb52-422d-a092-7c7cd8aee76f tempest-VolumesSnapshotsTestJSON-557609983 tempest-VolumesSnapshotsTestJSON-557609983-project] Calling method 'delete' {{(pid=111714) _process_stack /opt/stack/cinder/cinder/api/openstack/wsgi.py:868}}
Oct 17 03:11:48.169610 dv-cinder-846977-2-smb devstack@c-api.service[111714]: INFO cinder.api.v3.volumes [req-47014161-3eb1-403e-903a-25c9bdfed162 req-e6fb8da2-fb52-422d-a092-7c7cd8aee76f tempest-VolumesSnapshotsTestJSON-557609983 tempest-VolumesSnapshotsTestJSON-557609983-project] Delete volume with id: 3f1456a6-4af5-4f42-a7f6-247443d84af3
Oct 17 03:11:48.178999 dv-cinder-846977-2-smb devstack@c-api.service[111713]: /usr/local/lib/python3.8/dist-packages/oslo_context/context.py:100: DeprecationWarning: Policy enforcement is depending on the value of is_admin. This key is deprecated. Please update your policy file to use the standard policy values.
Oct 17 03:11:48.178999 dv-cinder-846977-2-smb devstack@c-api.service[111713]: warnings.warn('Policy enforcement is depending on the value of '
Oct 17 03:11:48.214422 dv-cinder-846977-2-smb devstack@c-api.service[111714]: INFO cinder.api.openstack.wsgi [req-47014161-3eb1-403e-903a-25c9bdfed162 req-e6fb8da2-fb52-422d-a092-7c7cd8aee76f tempest-VolumesSnapshotsTestJSON-557609983 tempest-VolumesSnapshotsTestJSON-557609983-project] http://10.222.0.20/volume/v3/e85521421f9d4b89809560c75e6dc728/volumes/3f1456a6-4af5-4f42-a7f6-247443d84af3 returned with HTTP 404
Oct 17 03:11:48.218234 dv-cinder-846977-2-smb devstack@c-api.service[111713]: INFO cinder.volume.api [req-0b41cb5d-d19b-451e-a631-22414e7dda9a req-99908693-a437-4e66-8c1f-38bdf47e6caa tempest-VolumesTestJSON-728849625 tempest-VolumesTestJSON-728849625-project] Volume info retrieved successfully.
Oct 17 03:11:48.222143 dv-cinder-846977-2-smb devstack@c-api.service[111714]: [pid: 111714|app: 0|req: 34/58] 10.222.0.20 () {62 vars in 1600 bytes} [Mon Oct 17 03:11:48 2022] DELETE /volume/v3/e85521421f9d4b89809560c75e6dc728/volumes/3f1456a6-4af5-4f42-a7f6-247443d84af3 => generated 109 bytes in 61 msecs (HTTP/1.1 404) 7 headers in 292 bytes (1 switches on core 0)
Oct 17 03:11:48.251073 dv-cinder-846977-2-smb devstack@c-api.service[111714]: DEBUG cinder.api.middleware.request_id [req-96fc203e-3d8e-4cf6-9ea0-8f0fada62e16 req-c9b29b60-cf34-4b4f-941d-f8081409e809 None None] RequestId filter calling following filter/app {{(pid=111714) _context_setter /opt/stack/cinder/cinder/api/middleware/request_id.py:62}}
Oct 17 03:11:48.260635 dv-cinder-846977-2-smb devstack@c-api.service[111713]: INFO cinder.api.openstack.wsgi [req-0b41cb5d-d19b-451e-a631-22414e7dda9a req-99908693-a437-4e66-8c1f-38bdf47e6caa tempest-VolumesTestJSON-728849625 tempest-VolumesTestJSON-728849625-project] http://10.222.0.20/volume/v3/267350ef5a1f4008817dd1908050c578/volumes/7669bbbb-1b45-4ef8-821e-e42575ffc1ea returned with HTTP 200
Oct 17 03:11:48.261282 dv-cinder-846977-2-smb devstack@c-api.service[111714]: INFO cinder.api.openstack.wsgi [req-96fc203e-3d8e-4cf6-9ea0-8f0fada62e16 req-c9b29b60-cf34-4b4f-941d-f8081409e809 tempest-VolumesSnapshotsTestJSON-557609983 tempest-VolumesSnapshotsTestJSON-557609983-project] GET http://10.222.0.20/volume/v3/e85521421f9d4b89809560c75e6dc728/volumes/3f1456a6-4af5-4f42-a7f6-247443d84af3
Oct 17 03:11:48.262375 dv-cinder-846977-2-smb devstack@c-api.service[111714]: DEBUG cinder.api.openstack.wsgi [req-96fc203e-3d8e-4cf6-9ea0-8f0fada62e16 req-c9b29b60-cf34-4b4f-941d-f8081409e809 tempest-VolumesSnapshotsTestJSON-557609983 tempest-VolumesSnapshotsTestJSON-557609983-project] Empty body provided in request {{(pid=111714) get_body /opt/stack/cinder/cinder/api/openstack/wsgi.py:715}}
Oct 17 03:11:48.265315 dv-cinder-846977-2-smb devstack@c-api.service[111714]: DEBUG cinder.api.openstack.wsgi [req-96fc203e-3d8e-4cf6-9ea0-8f0fada62e16 req-c9b29b60-cf34-4b4f-941d-f8081409e809 tempest-VolumesSnapshotsTestJSON-557609983 tempest-VolumesSnapshotsTestJSON-557609983-project] Calling method 'show' {{(pid=111714) _process_stack /opt/stack/cinder/cinder/api/openstack/wsgi.py:868}}
Oct 17 03:11:48.268146 dv-cinder-846977-2-smb devstack@c-api.service[111713]: [pid: 111713|app: 0|req: 25/59] 10.222.0.20 () {60 vars in 1578 bytes} [Mon Oct 17 03:11:48 2022] GET /volume/v3/267350ef5a1f4008817dd1908050c578/volumes/7669bbbb-1b45-4ef8-821e-e42575ffc1ea => generated 922 bytes in 138 msecs (HTTP/1.1 200) 7 headers in 285 bytes (1 switches on core 0)
Oct 17 03:11:48.328247 dv-cinder-846977-2-smb devstack@c-api.service[111713]: DEBUG cinder.api.middleware.request_id [req-4f6c8d14-efc7-4e7b-8a1a-05881b42512d req-5b7ba085-8d78-4063-9b9d-9260d205e167 None None] RequestId filter calling following filter/app {{(pid=111713) _context_setter /opt/stack/cinder/cinder/api/middleware/request_id.py:62}}
Oct 17 03:11:48.332368 dv-cinder-846977-2-smb devstack@c-api.service[111714]: INFO cinder.api.openstack.wsgi [req-96fc203e-3d8e-4cf6-9ea0-8f0fada62e16 req-c9b29b60-cf34-4b4f-941d-f8081409e809 tempest-VolumesSnapshotsTestJSON-557609983 tempest-VolumesSnapshotsTestJSON-557609983-project] http://10.222.0.20/volume/v3/e85521421f9d4b89809560c75e6dc728/volumes/3f1456a6-4af5-4f42-a7f6-247443d84af3 returned with HTTP 404
Oct 17 03:11:48.334977 dv-cinder-846977-2-smb devstack@c-api.service[111713]: INFO cinder.api.openstack.wsgi [req-4f6c8d14-efc7-4e7b-8a1a-05881b42512d req-5b7ba085-8d78-4063-9b9d-9260d205e167 tempest-VolumesTestJSON-728849625 tempest-VolumesTestJSON-728849625-project] GET http://10.222.0.20/volume/v3/267350ef5a1f4008817dd1908050c578/volumes/detail
Oct 17 03:11:48.335919 dv-cinder-846977-2-smb devstack@c-api.service[111713]: DEBUG cinder.api.openstack.wsgi [req-4f6c8d14-efc7-4e7b-8a1a-05881b42512d req-5b7ba085-8d78-4063-9b9d-9260d205e167 tempest-VolumesTestJSON-728849625 tempest-VolumesTestJSON-728849625-project] Empty body provided in request {{(pid=111713) get_body /opt/stack/cinder/cinder/api/openstack/wsgi.py:715}}
Oct 17 03:11:48.336570 dv-cinder-846977-2-smb devstack@c-api.service[111713]: DEBUG cinder.api.openstack.wsgi [req-4f6c8d14-efc7-4e7b-8a1a-05881b42512d req-5b7ba085-8d78-4063-9b9d-9260d205e167 tempest-VolumesTestJSON-728849625 tempest-VolumesTestJSON-728849625-project] Calling method 'detail' {{(pid=111713) _process_stack /opt/stack/cinder/cinder/api/openstack/wsgi.py:868}}
Oct 17 03:11:48.338196 dv-cinder-846977-2-smb devstack@c-api.service[111713]: DEBUG cinder.api.api_utils [req-4f6c8d14-efc7-4e7b-8a1a-05881b42512d req-5b7ba085-8d78-4063-9b9d-9260d205e167 tempest-VolumesTestJSON-728849625 tempest-VolumesTestJSON-728849625-project] Removing options '' from query. {{(pid=111713) remove_invalid_filter_options /opt/stack/cinder/cinder/api/api_utils.py:83}}
Oct 17 03:11:48.346744 dv-cinder-846977-2-smb devstack@c-api.service[111713]: DEBUG cinder.volume.api [req-4f6c8d14-efc7-4e7b-8a1a-05881b42512d req-5b7ba085-8d78-4063-9b9d-9260d205e167 tempest-VolumesTestJSON-728849625 tempest-VolumesTestJSON-728849625-project] Searching by: MultiDict([('no_migration_targets', True)]). {{(pid=111713) get_all /opt/stack/cinder/cinder/volume/api.py:664}}
Oct 17 03:11:48.350876 dv-cinder-846977-2-smb devstack@c-api.service[111714]: [pid: 111714|app: 0|req: 35/60] 10.222.0.20 () {60 vars in 1578 bytes} [Mon Oct 17 03:11:48 2022] GET /volume/v3/e85521421f9d4b89809560c75e6dc728/volumes/3f1456a6-4af5-4f42-a7f6-247443d84af3 => generated 109 bytes in 101 msecs (HTTP/1.1 404) 7 headers in 292 bytes (1 switches on core 0)
Oct 17 03:11:48.512039 dv-cinder-846977-2-smb devstack@c-api.service[111714]: DEBUG cinder.api.middleware.request_id [None req-bce98a4b-9b63-4e7f-b15b-816f246ebbd0 None None] RequestId filter calling following filter/app {{(pid=111714) _context_setter /opt/stack/cinder/cinder/api/middleware/request_id.py:62}}
Oct 17 03:11:48.515727 dv-cinder-846977-2-smb devstack@c-api.service[111714]: INFO cinder.api.openstack.wsgi [None req-bce98a4b-9b63-4e7f-b15b-816f246ebbd0 tempest-VolumeManageAdminTest-1290025577 tempest-VolumeManageAdminTest-1290025577-project-admin] GET http://10.222.0.20/volume/v3/b6bd39ef3e9742d288ff648f23a4656a/volumes/47716caa-8550-4a14-9627-d8268070c526
Oct 17 03:11:48.516227 dv-cinder-846977-2-smb devstack@c-api.service[111714]: DEBUG cinder.api.openstack.wsgi [None req-bce98a4b-9b63-4e7f-b15b-816f246ebbd0 tempest-VolumeManageAdminTest-1290025577 tempest-VolumeManageAdminTest-1290025577-project-admin] Empty body provided in request {{(pid=111714) get_body /opt/stack/cinder/cinder/api/openstack/wsgi.py:715}}
Oct 17 03:11:48.516662 dv-cinder-846977-2-smb devstack@c-api.service[111714]: DEBUG cinder.api.openstack.wsgi [None req-bce98a4b-9b63-4e7f-b15b-816f246ebbd0 tempest-VolumeManageAdminTest-1290025577 tempest-VolumeManageAdminTest-1290025577-project-admin] Calling method 'show' {{(pid=111714) _process_stack /opt/stack/cinder/cinder/api/openstack/wsgi.py:868}}
Oct 17 03:11:48.548841 dv-cinder-846977-2-smb devstack@c-api.service[111714]: /usr/local/lib/python3.8/dist-packages/oslo_context/context.py:100: DeprecationWarning: Policy enforcement is depending on the value of is_admin. This key is deprecated. Please update your policy file to use the standard policy values.
Oct 17 03:11:48.548841 dv-cinder-846977-2-smb devstack@c-api.service[111714]: warnings.warn('Policy enforcement is depending on the value of '
Oct 17 03:11:48.565704 dv-cinder-846977-2-smb devstack@c-api.service[111714]: DEBUG dbcounter [-] [111714] Writing DB stats cinder:SELECT=78,cinder:INSERT=7,cinder:UPDATE=15 {{(pid=111714) stat_writer /usr/local/lib/python3.8/dist-packages/dbcounter.py:114}}
Oct 17 03:11:48.579962 dv-cinder-846977-2-smb devstack@c-api.service[111714]: INFO cinder.volume.api [None req-bce98a4b-9b63-4e7f-b15b-816f246ebbd0 tempest-VolumeManageAdminTest-1290025577 tempest-VolumeManageAdminTest-1290025577-project-admin] Volume info retrieved successfully.
Oct 17 03:11:48.602677 dv-cinder-846977-2-smb devstack@c-api.service[111714]: INFO cinder.api.openstack.wsgi [None req-bce98a4b-9b63-4e7f-b15b-816f246ebbd0 tempest-VolumeManageAdminTest-1290025577 tempest-VolumeManageAdminTest-1290025577-project-admin] http://10.222.0.20/volume/v3/b6bd39ef3e9742d288ff648f23a4656a/volumes/47716caa-8550-4a14-9627-d8268070c526 returned with HTTP 200
Oct 17 03:11:48.604560 dv-cinder-846977-2-smb devstack@c-api.service[111713]: INFO cinder.volume.api [req-4f6c8d14-efc7-4e7b-8a1a-05881b42512d req-5b7ba085-8d78-4063-9b9d-9260d205e167 tempest-VolumesTestJSON-728849625 tempest-VolumesTestJSON-728849625-project] Get all volumes completed successfully.
Oct 17 03:11:48.607687 dv-cinder-846977-2-smb devstack@c-api.service[111714]: [pid: 111714|app: 0|req: 36/61] 10.222.0.20 () {58 vars in 1325 bytes} [Mon Oct 17 03:11:48 2022] GET /volume/v3/b6bd39ef3e9742d288ff648f23a4656a/volumes/47716caa-8550-4a14-9627-d8268070c526 => generated 1080 bytes in 97 msecs (HTTP/1.1 200) 7 headers in 286 bytes (1 switches on core 0)
Oct 17 03:11:48.613908 dv-cinder-846977-2-smb devstack@c-api.service[111713]: /usr/local/lib/python3.8/dist-packages/oslo_context/context.py:100: DeprecationWarning: Policy enforcement is depending on the value of is_admin. This key is deprecated. Please update your policy file to use the standard policy values.
Oct 17 03:11:48.613908 dv-cinder-846977-2-smb devstack@c-api.service[111713]: warnings.warn('Policy enforcement is depending on the value of '
Oct 17 03:11:48.624715 dv-cinder-846977-2-smb devstack@c-api.service[111714]: DEBUG cinder.api.middleware.request_id [None req-21d1475e-3c14-4f0d-a4ea-20981235315a None None] RequestId filter calling following filter/app {{(pid=111714) _context_setter /opt/stack/cinder/cinder/api/middleware/request_id.py:62}}
Oct 17 03:11:48.629309 dv-cinder-846977-2-smb devstack@c-api.service[111714]: INFO cinder.api.openstack.wsgi [None req-21d1475e-3c14-4f0d-a4ea-20981235315a tempest-VolumeManageAdminTest-1290025577 tempest-VolumeManageAdminTest-1290025577-project-admin] GET http://10.222.0.20/volume/v3/b6bd39ef3e9742d288ff648f23a4656a/volumes/47716caa-8550-4a14-9627-d8268070c526
Oct 17 03:11:48.629847 dv-cinder-846977-2-smb devstack@c-api.service[111714]: DEBUG cinder.api.openstack.wsgi [None req-21d1475e-3c14-4f0d-a4ea-20981235315a tempest-VolumeManageAdminTest-1290025577 tempest-VolumeManageAdminTest-1290025577-project-admin] Empty body provided in request {{(pid=111714) get_body /opt/stack/cinder/cinder/api/openstack/wsgi.py:715}}
Oct 17 03:11:48.630209 dv-cinder-846977-2-smb devstack@c-api.service[111714]: DEBUG cinder.api.openstack.wsgi [None req-21d1475e-3c14-4f0d-a4ea-20981235315a tempest-VolumeManageAdminTest-1290025577 tempest-VolumeManageAdminTest-1290025577-project-admin] Calling method 'show' {{(pid=111714) _process_stack /opt/stack/cinder/cinder/api/openstack/wsgi.py:868}}
Oct 17 03:11:48.648739 dv-cinder-846977-2-smb devstack@c-api.service[111713]: INFO cinder.api.openstack.wsgi [req-4f6c8d14-efc7-4e7b-8a1a-05881b42512d req-5b7ba085-8d78-4063-9b9d-9260d205e167 tempest-VolumesTestJSON-728849625 tempest-VolumesTestJSON-728849625-project] http://10.222.0.20/volume/v3/267350ef5a1f4008817dd1908050c578/volumes/detail returned with HTTP 200
Oct 17 03:11:48.655306 dv-cinder-846977-2-smb devstack@c-api.service[111713]: [pid: 111713|app: 0|req: 26/62] 10.222.0.20 () {60 vars in 1488 bytes} [Mon Oct 17 03:11:48 2022] GET /volume/v3/267350ef5a1f4008817dd1908050c578/volumes/detail => generated 2749 bytes in 328 msecs (HTTP/1.1 200) 7 headers in 286 bytes (2 switches on core 0)
Oct 17 03:11:48.683262 dv-cinder-846977-2-smb devstack@c-api.service[111713]: DEBUG cinder.api.middleware.request_id [req-e21df8e6-34ea-4d3c-8fde-37b0e18719f1 req-12a16ff5-c975-4aa4-8fab-fade51a2b383 None None] RequestId filter calling following filter/app {{(pid=111713) _context_setter /opt/stack/cinder/cinder/api/middleware/request_id.py:62}}
Oct 17 03:11:48.692500 dv-cinder-846977-2-smb devstack@c-api.service[111713]: INFO cinder.api.openstack.wsgi [req-e21df8e6-34ea-4d3c-8fde-37b0e18719f1 req-12a16ff5-c975-4aa4-8fab-fade51a2b383 tempest-VolumesTestJSON-728849625 tempest-VolumesTestJSON-728849625-project] GET http://10.222.0.20/volume/v3/267350ef5a1f4008817dd1908050c578/volumes/detail
Oct 17 03:11:48.693204 dv-cinder-846977-2-smb devstack@c-api.service[111713]: DEBUG cinder.api.openstack.wsgi [req-e21df8e6-34ea-4d3c-8fde-37b0e18719f1 req-12a16ff5-c975-4aa4-8fab-fade51a2b383 tempest-VolumesTestJSON-728849625 tempest-VolumesTestJSON-728849625-project] Empty body provided in request {{(pid=111713) get_body /opt/stack/cinder/cinder/api/openstack/wsgi.py:715}}
Oct 17 03:11:48.694048 dv-cinder-846977-2-smb devstack@c-api.service[111713]: DEBUG cinder.api.openstack.wsgi [req-e21df8e6-34ea-4d3c-8fde-37b0e18719f1 req-12a16ff5-c975-4aa4-8fab-fade51a2b383 tempest-VolumesTestJSON-728849625 tempest-VolumesTestJSON-728849625-project] Calling method 'detail' {{(pid=111713) _process_stack /opt/stack/cinder/cinder/api/openstack/wsgi.py:868}}
Oct 17 03:11:48.694823 dv-cinder-846977-2-smb devstack@c-api.service[111713]: DEBUG cinder.api.api_utils [req-e21df8e6-34ea-4d3c-8fde-37b0e18719f1 req-12a16ff5-c975-4aa4-8fab-fade51a2b383 tempest-VolumesTestJSON-728849625 tempest-VolumesTestJSON-728849625-project] Removing options '' from query. {{(pid=111713) remove_invalid_filter_options /opt/stack/cinder/cinder/api/api_utils.py:83}}
Oct 17 03:11:48.699861 dv-cinder-846977-2-smb devstack@c-api.service[111714]: /usr/local/lib/python3.8/dist-packages/oslo_context/context.py:100: DeprecationWarning: Policy enforcement is depending on the value of is_admin. This key is deprecated. Please update your policy file to use the standard policy values.
Oct 17 03:11:48.699861 dv-cinder-846977-2-smb devstack@c-api.service[111714]: warnings.warn('Policy enforcement is depending on the value of '
Oct 17 03:11:48.703427 dv-cinder-846977-2-smb devstack@c-api.service[111713]: DEBUG cinder.volume.api [req-e21df8e6-34ea-4d3c-8fde-37b0e18719f1 req-12a16ff5-c975-4aa4-8fab-fade51a2b383 tempest-VolumesTestJSON-728849625 tempest-VolumesTestJSON-728849625-project] Searching by: MultiDict([('no_migration_targets', True)]). {{(pid=111713) get_all /opt/stack/cinder/cinder/volume/api.py:664}}
Oct 17 03:11:48.718549 dv-cinder-846977-2-smb devstack@c-api.service[111714]: INFO cinder.volume.api [None req-21d1475e-3c14-4f0d-a4ea-20981235315a tempest-VolumeManageAdminTest-1290025577 tempest-VolumeManageAdminTest-1290025577-project-admin] Volume info retrieved successfully.
Oct 17 03:11:48.743131 dv-cinder-846977-2-smb devstack@c-api.service[111714]: INFO cinder.api.openstack.wsgi [None req-21d1475e-3c14-4f0d-a4ea-20981235315a tempest-VolumeManageAdminTest-1290025577 tempest-VolumeManageAdminTest-1290025577-project-admin] http://10.222.0.20/volume/v3/b6bd39ef3e9742d288ff648f23a4656a/volumes/47716caa-8550-4a14-9627-d8268070c526 returned with HTTP 200
Oct 17 03:11:48.744184 dv-cinder-846977-2-smb devstack@c-api.service[111714]: [pid: 111714|app: 0|req: 37/63] 10.222.0.20 () {58 vars in 1325 bytes} [Mon Oct 17 03:11:48 2022] GET /volume/v3/b6bd39ef3e9742d288ff648f23a4656a/volumes/47716caa-8550-4a14-9627-d8268070c526 => generated 1080 bytes in 120 msecs (HTTP/1.1 200) 7 headers in 286 bytes (1 switches on core 0)
Oct 17 03:11:48.764140 dv-cinder-846977-2-smb devstack@c-api.service[111714]: DEBUG cinder.api.middleware.request_id [None req-435afd62-f750-4c2b-a5f9-b8b4ab14d388 None None] RequestId filter calling following filter/app {{(pid=111714) _context_setter /opt/stack/cinder/cinder/api/middleware/request_id.py:62}}
Oct 17 03:11:48.767833 dv-cinder-846977-2-smb devstack@c-api.service[111714]: INFO cinder.api.openstack.wsgi [None req-435afd62-f750-4c2b-a5f9-b8b4ab14d388 tempest-VolumeManageAdminTest-1290025577 tempest-VolumeManageAdminTest-1290025577-project-admin] DELETE http://10.222.0.20/volume/v3/b6bd39ef3e9742d288ff648f23a4656a/volumes/47716caa-8550-4a14-9627-d8268070c526
Oct 17 03:11:48.768319 dv-cinder-846977-2-smb devstack@c-api.service[111714]: DEBUG cinder.api.openstack.wsgi [None req-435afd62-f750-4c2b-a5f9-b8b4ab14d388 tempest-VolumeManageAdminTest-1290025577 tempest-VolumeManageAdminTest-1290025577-project-admin] Empty body provided in request {{(pid=111714) get_body /opt/stack/cinder/cinder/api/openstack/wsgi.py:715}}
Oct 17 03:11:48.768783 dv-cinder-846977-2-smb devstack@c-api.service[111714]: DEBUG cinder.api.openstack.wsgi [None req-435afd62-f750-4c2b-a5f9-b8b4ab14d388 tempest-VolumeManageAdminTest-1290025577 tempest-VolumeManageAdminTest-1290025577-project-admin] Calling method 'delete' {{(pid=111714) _process_stack /opt/stack/cinder/cinder/api/openstack/wsgi.py:868}}
Oct 17 03:11:48.769184 dv-cinder-846977-2-smb devstack@c-api.service[111714]: INFO cinder.api.v3.volumes [None req-435afd62-f750-4c2b-a5f9-b8b4ab14d388 tempest-VolumeManageAdminTest-1290025577 tempest-VolumeManageAdminTest-1290025577-project-admin] Delete volume with id: 47716caa-8550-4a14-9627-d8268070c526
Oct 17 03:11:48.820670 dv-cinder-846977-2-smb devstack@c-api.service[111714]: /usr/local/lib/python3.8/dist-packages/oslo_context/context.py:100: DeprecationWarning: Policy enforcement is depending on the value of is_admin. This key is deprecated. Please update your policy file to use the standard policy values.
Oct 17 03:11:48.820670 dv-cinder-846977-2-smb devstack@c-api.service[111714]: warnings.warn('Policy enforcement is depending on the value of '
Oct 17 03:11:48.821480 dv-cinder-846977-2-smb devstack@c-api.service[111714]: INFO cinder.volume.api [None req-435afd62-f750-4c2b-a5f9-b8b4ab14d388 tempest-VolumeManageAdminTest-1290025577 tempest-VolumeManageAdminTest-1290025577-project-admin] Volume info retrieved successfully.
Oct 17 03:11:48.892365 dv-cinder-846977-2-smb devstack@c-api.service[111713]: INFO cinder.volume.api [req-e21df8e6-34ea-4d3c-8fde-37b0e18719f1 req-12a16ff5-c975-4aa4-8fab-fade51a2b383 tempest-VolumesTestJSON-728849625 tempest-VolumesTestJSON-728849625-project] Get all volumes completed successfully.
Oct 17 03:11:48.900596 dv-cinder-846977-2-smb devstack@c-api.service[111713]: /usr/local/lib/python3.8/dist-packages/oslo_context/context.py:100: DeprecationWarning: Policy enforcement is depending on the value of is_admin. This key is deprecated. Please update your policy file to use the standard policy values.
Oct 17 03:11:48.900596 dv-cinder-846977-2-smb devstack@c-api.service[111713]: warnings.warn('Policy enforcement is depending on the value of '
Oct 17 03:11:48.922786 dv-cinder-846977-2-smb devstack@c-api.service[111714]: INFO cinder.volume.api [None req-435afd62-f750-4c2b-a5f9-b8b4ab14d388 tempest-VolumeManageAdminTest-1290025577 tempest-VolumeManageAdminTest-1290025577-project-admin] Delete volume request issued successfully.
Oct 17 03:11:48.923794 dv-cinder-846977-2-smb devstack@c-api.service[111714]: INFO cinder.api.openstack.wsgi [None req-435afd62-f750-4c2b-a5f9-b8b4ab14d388 tempest-VolumeManageAdminTest-1290025577 tempest-VolumeManageAdminTest-1290025577-project-admin] http://10.222.0.20/volume/v3/b6bd39ef3e9742d288ff648f23a4656a/volumes/47716caa-8550-4a14-9627-d8268070c526 returned with HTTP 202
Oct 17 03:11:48.924633 dv-cinder-846977-2-smb devstack@c-api.service[111714]: [pid: 111714|app: 0|req: 38/64] 10.222.0.20 () {58 vars in 1328 bytes} [Mon Oct 17 03:11:48 2022] DELETE /volume/v3/b6bd39ef3e9742d288ff648f23a4656a/volumes/47716caa-8550-4a14-9627-d8268070c526 => generated 0 bytes in 162 msecs (HTTP/1.1 202) 6 headers in 233 bytes (2 switches on core 0)
Oct 17 03:11:48.926753 dv-cinder-846977-2-smb devstack@c-api.service[111713]: INFO cinder.api.openstack.wsgi [req-e21df8e6-34ea-4d3c-8fde-37b0e18719f1 req-12a16ff5-c975-4aa4-8fab-fade51a2b383 tempest-VolumesTestJSON-728849625 tempest-VolumesTestJSON-728849625-project] http://10.222.0.20/volume/v3/267350ef5a1f4008817dd1908050c578/volumes/detail returned with HTTP 200
Oct 17 03:11:48.931226 dv-cinder-846977-2-smb devstack@c-api.service[111713]: [pid: 111713|app: 0|req: 27/65] 10.222.0.20 () {60 vars in 1488 bytes} [Mon Oct 17 03:11:48 2022] GET /volume/v3/267350ef5a1f4008817dd1908050c578/volumes/detail => generated 2749 bytes in 248 msecs (HTTP/1.1 200) 7 headers in 286 bytes (2 switches on core 0)
Oct 17 03:11:48.943054 dv-cinder-846977-2-smb devstack@c-api.service[111714]: DEBUG cinder.api.middleware.request_id [None req-b869b048-4a41-4664-91d1-ba0e7f63a2a0 None None] RequestId filter calling following filter/app {{(pid=111714) _context_setter /opt/stack/cinder/cinder/api/middleware/request_id.py:62}}
Oct 17 03:11:48.950990 dv-cinder-846977-2-smb devstack@c-api.service[111714]: INFO cinder.api.openstack.wsgi [None req-b869b048-4a41-4664-91d1-ba0e7f63a2a0 tempest-VolumeManageAdminTest-1290025577 tempest-VolumeManageAdminTest-1290025577-project-admin] GET http://10.222.0.20/volume/v3/b6bd39ef3e9742d288ff648f23a4656a/volumes/47716caa-8550-4a14-9627-d8268070c526
Oct 17 03:11:48.951807 dv-cinder-846977-2-smb devstack@c-api.service[111714]: DEBUG cinder.api.openstack.wsgi [None req-b869b048-4a41-4664-91d1-ba0e7f63a2a0 tempest-VolumeManageAdminTest-1290025577 tempest-VolumeManageAdminTest-1290025577-project-admin] Empty body provided in request {{(pid=111714) get_body /opt/stack/cinder/cinder/api/openstack/wsgi.py:715}}
Oct 17 03:11:48.958066 dv-cinder-846977-2-smb devstack@c-api.service[111714]: DEBUG cinder.api.openstack.wsgi [None req-b869b048-4a41-4664-91d1-ba0e7f63a2a0 tempest-VolumeManageAdminTest-1290025577 tempest-VolumeManageAdminTest-1290025577-project-admin] Calling method 'show' {{(pid=111714) _process_stack /opt/stack/cinder/cinder/api/openstack/wsgi.py:868}}
Oct 17 03:11:48.979040 dv-cinder-846977-2-smb devstack@c-api.service[111713]: DEBUG cinder.api.middleware.request_id [req-a823806a-7c89-4cc5-b9e1-cb023c164425 req-f12be01e-47fd-4da8-9fb1-7d8c5d28b7ad None None] RequestId filter calling following filter/app {{(pid=111713) _context_setter /opt/stack/cinder/cinder/api/middleware/request_id.py:62}}
Oct 17 03:11:48.987773 dv-cinder-846977-2-smb devstack@c-api.service[111713]: INFO cinder.api.openstack.wsgi [req-a823806a-7c89-4cc5-b9e1-cb023c164425 req-f12be01e-47fd-4da8-9fb1-7d8c5d28b7ad tempest-VolumesTestJSON-728849625 tempest-VolumesTestJSON-728849625-project] GET http://10.222.0.20/volume/v3/267350ef5a1f4008817dd1908050c578/volumes/detail
Oct 17 03:11:48.989021 dv-cinder-846977-2-smb devstack@c-api.service[111713]: DEBUG cinder.api.openstack.wsgi [req-a823806a-7c89-4cc5-b9e1-cb023c164425 req-f12be01e-47fd-4da8-9fb1-7d8c5d28b7ad tempest-VolumesTestJSON-728849625 tempest-VolumesTestJSON-728849625-project] Empty body provided in request {{(pid=111713) get_body /opt/stack/cinder/cinder/api/openstack/wsgi.py:715}}
Oct 17 03:11:48.989776 dv-cinder-846977-2-smb devstack@c-api.service[111713]: DEBUG cinder.api.openstack.wsgi [req-a823806a-7c89-4cc5-b9e1-cb023c164425 req-f12be01e-47fd-4da8-9fb1-7d8c5d28b7ad tempest-VolumesTestJSON-728849625 tempest-VolumesTestJSON-728849625-project] Calling method 'detail' {{(pid=111713) _process_stack /opt/stack/cinder/cinder/api/openstack/wsgi.py:868}}
Oct 17 03:11:48.990752 dv-cinder-846977-2-smb devstack@c-api.service[111713]: DEBUG cinder.api.api_utils [req-a823806a-7c89-4cc5-b9e1-cb023c164425 req-f12be01e-47fd-4da8-9fb1-7d8c5d28b7ad tempest-VolumesTestJSON-728849625 tempest-VolumesTestJSON-728849625-project] Removing options '' from query. {{(pid=111713) remove_invalid_filter_options /opt/stack/cinder/cinder/api/api_utils.py:83}}
Oct 17 03:11:48.993449 dv-cinder-846977-2-smb devstack@c-api.service[111714]: /usr/local/lib/python3.8/dist-packages/oslo_context/context.py:100: DeprecationWarning: Policy enforcement is depending on the value of is_admin. This key is deprecated. Please update your policy file to use the standard policy values.
Oct 17 03:11:48.993449 dv-cinder-846977-2-smb devstack@c-api.service[111714]: warnings.warn('Policy enforcement is depending on the value of '
Oct 17 03:11:48.997117 dv-cinder-846977-2-smb devstack@c-api.service[111713]: DEBUG cinder.volume.api [req-a823806a-7c89-4cc5-b9e1-cb023c164425 req-f12be01e-47fd-4da8-9fb1-7d8c5d28b7ad tempest-VolumesTestJSON-728849625 tempest-VolumesTestJSON-728849625-project] Searching by: MultiDict([('no_migration_targets', True)]). {{(pid=111713) get_all /opt/stack/cinder/cinder/volume/api.py:664}}
Oct 17 03:11:49.010756 dv-cinder-846977-2-smb devstack@c-api.service[111714]: INFO cinder.volume.api [None req-b869b048-4a41-4664-91d1-ba0e7f63a2a0 tempest-VolumeManageAdminTest-1290025577 tempest-VolumeManageAdminTest-1290025577-project-admin] Volume info retrieved successfully.
Oct 17 03:11:49.026721 dv-cinder-846977-2-smb devstack@c-api.service[111714]: INFO cinder.api.openstack.wsgi [None req-b869b048-4a41-4664-91d1-ba0e7f63a2a0 tempest-VolumeManageAdminTest-1290025577 tempest-VolumeManageAdminTest-1290025577-project-admin] http://10.222.0.20/volume/v3/b6bd39ef3e9742d288ff648f23a4656a/volumes/47716caa-8550-4a14-9627-d8268070c526 returned with HTTP 200
Oct 17 03:11:49.029978 dv-cinder-846977-2-smb devstack@c-api.service[111714]: [pid: 111714|app: 0|req: 39/66] 10.222.0.20 () {58 vars in 1325 bytes} [Mon Oct 17 03:11:48 2022] GET /volume/v3/b6bd39ef3e9742d288ff648f23a4656a/volumes/47716caa-8550-4a14-9627-d8268070c526 => generated 1079 bytes in 101 msecs (HTTP/1.1 200) 7 headers in 286 bytes (1 switches on core 0)
Oct 17 03:11:49.169043 dv-cinder-846977-2-smb devstack@c-api.service[111713]: INFO cinder.volume.api [req-a823806a-7c89-4cc5-b9e1-cb023c164425 req-f12be01e-47fd-4da8-9fb1-7d8c5d28b7ad tempest-VolumesTestJSON-728849625 tempest-VolumesTestJSON-728849625-project] Get all volumes completed successfully.
Oct 17 03:11:49.180378 dv-cinder-846977-2-smb devstack@c-api.service[111713]: /usr/local/lib/python3.8/dist-packages/oslo_context/context.py:100: DeprecationWarning: Policy enforcement is depending on the value of is_admin. This key is deprecated. Please update your policy file to use the standard policy values.
Oct 17 03:11:49.180378 dv-cinder-846977-2-smb devstack@c-api.service[111713]: warnings.warn('Policy enforcement is depending on the value of '
Oct 17 03:11:49.208223 dv-cinder-846977-2-smb devstack@c-api.service[111713]: INFO cinder.api.openstack.wsgi [req-a823806a-7c89-4cc5-b9e1-cb023c164425 req-f12be01e-47fd-4da8-9fb1-7d8c5d28b7ad tempest-VolumesTestJSON-728849625 tempest-VolumesTestJSON-728849625-project] http://10.222.0.20/volume/v3/267350ef5a1f4008817dd1908050c578/volumes/detail returned with HTTP 200
Oct 17 03:11:49.209330 dv-cinder-846977-2-smb devstack@c-api.service[111713]: [pid: 111713|app: 0|req: 28/67] 10.222.0.20 () {60 vars in 1488 bytes} [Mon Oct 17 03:11:48 2022] GET /volume/v3/267350ef5a1f4008817dd1908050c578/volumes/detail => generated 2749 bytes in 232 msecs (HTTP/1.1 200) 7 headers in 286 bytes (1 switches on core 0)
Oct 17 03:11:49.261562 dv-cinder-846977-2-smb devstack@c-api.service[111714]: DEBUG cinder.api.middleware.request_id [req-0dd4a590-1194-40f2-ac9b-03593e82839b req-2258ffb4-2d89-4811-90f7-85cc15215630 None None] RequestId filter calling following filter/app {{(pid=111714) _context_setter /opt/stack/cinder/cinder/api/middleware/request_id.py:62}}
Oct 17 03:11:49.270640 dv-cinder-846977-2-smb devstack@c-api.service[111714]: INFO cinder.api.openstack.wsgi [req-0dd4a590-1194-40f2-ac9b-03593e82839b req-2258ffb4-2d89-4811-90f7-85cc15215630 tempest-VolumesTestJSON-728849625 tempest-VolumesTestJSON-728849625-project] GET http://10.222.0.20/volume/v3/267350ef5a1f4008817dd1908050c578/volumes/detail
Oct 17 03:11:49.271342 dv-cinder-846977-2-smb devstack@c-api.service[111714]: DEBUG cinder.api.openstack.wsgi [req-0dd4a590-1194-40f2-ac9b-03593e82839b req-2258ffb4-2d89-4811-90f7-85cc15215630 tempest-VolumesTestJSON-728849625 tempest-VolumesTestJSON-728849625-project] Empty body provided in request {{(pid=111714) get_body /opt/stack/cinder/cinder/api/openstack/wsgi.py:715}}
Oct 17 03:11:49.272092 dv-cinder-846977-2-smb devstack@c-api.service[111714]: DEBUG cinder.api.openstack.wsgi [req-0dd4a590-1194-40f2-ac9b-03593e82839b req-2258ffb4-2d89-4811-90f7-85cc15215630 tempest-VolumesTestJSON-728849625 tempest-VolumesTestJSON-728849625-project] Calling method 'detail' {{(pid=111714) _process_stack /opt/stack/cinder/cinder/api/openstack/wsgi.py:868}}
Oct 17 03:11:49.273128 dv-cinder-846977-2-smb devstack@c-api.service[111714]: DEBUG cinder.api.api_utils [req-0dd4a590-1194-40f2-ac9b-03593e82839b req-2258ffb4-2d89-4811-90f7-85cc15215630 tempest-VolumesTestJSON-728849625 tempest-VolumesTestJSON-728849625-project] Removing options '' from query. {{(pid=111714) remove_invalid_filter_options /opt/stack/cinder/cinder/api/api_utils.py:83}}
Oct 17 03:11:49.276372 dv-cinder-846977-2-smb devstack@c-api.service[111714]: DEBUG cinder.volume.api [req-0dd4a590-1194-40f2-ac9b-03593e82839b req-2258ffb4-2d89-4811-90f7-85cc15215630 tempest-VolumesTestJSON-728849625 tempest-VolumesTestJSON-728849625-project] Searching by: MultiDict([('no_migration_targets', True)]). {{(pid=111714) get_all /opt/stack/cinder/cinder/volume/api.py:664}}
Oct 17 03:11:49.388425 dv-cinder-846977-2-smb devstack@c-api.service[111714]: INFO cinder.volume.api [req-0dd4a590-1194-40f2-ac9b-03593e82839b req-2258ffb4-2d89-4811-90f7-85cc15215630 tempest-VolumesTestJSON-728849625 tempest-VolumesTestJSON-728849625-project] Get all volumes completed successfully.
Oct 17 03:11:49.392261 dv-cinder-846977-2-smb devstack@c-api.service[111714]: /usr/local/lib/python3.8/dist-packages/oslo_context/context.py:100: DeprecationWarning: Policy enforcement is depending on the value of is_admin. This key is deprecated. Please update your policy file to use the standard policy values.
Oct 17 03:11:49.392261 dv-cinder-846977-2-smb devstack@c-api.service[111714]: warnings.warn('Policy enforcement is depending on the value of '
