Oct 17 02:58:47.249602 dv-cinder-846977-2-iscsi devstack@keystone.service[81582]: DEBUG keystone.server.flask.request_processing.middleware.auth_context [None req-da3216cb-0700-48a6-8f31-776f9cc66769 None admin] Validating token access rules against request {{(pid=81582) validate_allowed_request /usr/local/lib/python3.8/dist-packages/keystonemiddleware/auth_token/__init__.py:545}}
Oct 17 02:58:47.256515 dv-cinder-846977-2-iscsi devstack@keystone.service[81581]: [pid: 81581|app: 0|req: 50/109] 10.222.0.27 () {58 vars in 1024 bytes} [Mon Oct 17 02:58:47 2022] POST /identity/v3/auth/tokens => generated 799 bytes in 97 msecs (HTTP/1.1 201) 6 headers in 363 bytes (1 switches on core 0)
Oct 17 02:58:47.257840 dv-cinder-846977-2-iscsi devstack@keystone.service[81581]: DEBUG keystone.server.flask.request_processing.req_logging [None req-9339806a-bd3a-4126-b251-798cd12f2d02 None None] REQUEST_METHOD: `POST` {{(pid=81581) log_request_info /opt/stack/keystone/keystone/server/flask/request_processing/req_logging.py:27}}
Oct 17 02:58:47.258138 dv-cinder-846977-2-iscsi devstack@keystone.service[81581]: DEBUG keystone.server.flask.request_processing.req_logging [None req-9339806a-bd3a-4126-b251-798cd12f2d02 None None] SCRIPT_NAME: `/identity` {{(pid=81581) log_request_info /opt/stack/keystone/keystone/server/flask/request_processing/req_logging.py:28}}
Oct 17 02:58:47.258419 dv-cinder-846977-2-iscsi devstack@keystone.service[81581]: DEBUG keystone.server.flask.request_processing.req_logging [None req-9339806a-bd3a-4126-b251-798cd12f2d02 None None] PATH_INFO: `/v3/auth/tokens` {{(pid=81581) log_request_info /opt/stack/keystone/keystone/server/flask/request_processing/req_logging.py:29}}
Oct 17 02:58:47.276276 dv-cinder-846977-2-iscsi devstack@keystone.service[81581]: DEBUG keystone.auth.core [None req-9339806a-bd3a-4126-b251-798cd12f2d02 None None] MFA Rules not processed for user `f84d693b9d0643c69861a5541952b43b`. Rule list: `[]` (Enabled: `True`). {{(pid=81581) check_auth_methods_against_rules /opt/stack/keystone/keystone/auth/core.py:438}}
Oct 17 02:58:47.277500 dv-cinder-846977-2-iscsi devstack@keystone.service[81581]: DEBUG keystone.common.fernet_utils [None req-9339806a-bd3a-4126-b251-798cd12f2d02 None None] Loaded 2 Fernet keys from /etc/keystone/fernet-keys/, but `[fernet_tokens] max_active_keys = 3`; perhaps there have not been enough key rotations to reach `max_active_keys` yet? {{(pid=81581) load_keys /opt/stack/keystone/keystone/common/fernet_utils.py:286}}
Oct 17 02:58:47.296267 dv-cinder-846977-2-iscsi devstack@keystone.service[81582]: DEBUG keystone.server.flask.request_processing.middleware.auth_context [None req-bb635990-fc32-43db-be8c-04c66e8bc080 None admin] RBAC: auth_context: {'token': , 'domain_id': None, 'trust_id': None, 'trustor_id': None, 'trustee_id': None, 'domain_name': None, 'group_ids': [], 'user_id': 'f84d693b9d0643c69861a5541952b43b', 'user_domain_id': 'default', 'system_scope': 'all', 'project_id': None, 'project_domain_id': None, 'roles': ['admin', 'member', 'reader'], 'is_admin_project': True, 'service_user_id': None, 'service_user_domain_id': None, 'service_project_id': None, 'service_project_domain_id': None, 'service_roles': []} {{(pid=81582) fill_context /opt/stack/keystone/keystone/server/flask/request_processing/middleware/auth_context.py:478}}
Oct 17 02:58:47.297134 dv-cinder-846977-2-iscsi devstack@keystone.service[81582]: DEBUG keystone.server.flask.request_processing.req_logging [None req-bb635990-fc32-43db-be8c-04c66e8bc080 None admin] REQUEST_METHOD: `GET` {{(pid=81582) log_request_info /opt/stack/keystone/keystone/server/flask/request_processing/req_logging.py:27}}
Oct 17 02:58:47.297422 dv-cinder-846977-2-iscsi devstack@keystone.service[81582]: DEBUG keystone.server.flask.request_processing.req_logging [None req-bb635990-fc32-43db-be8c-04c66e8bc080 None admin] SCRIPT_NAME: `/identity` {{(pid=81582) log_request_info /opt/stack/keystone/keystone/server/flask/request_processing/req_logging.py:28}}
Oct 17 02:58:47.297698 dv-cinder-846977-2-iscsi devstack@keystone.service[81582]: DEBUG keystone.server.flask.request_processing.req_logging [None req-bb635990-fc32-43db-be8c-04c66e8bc080 None admin] PATH_INFO: `/v3/auth/tokens` {{(pid=81582) log_request_info /opt/stack/keystone/keystone/server/flask/request_processing/req_logging.py:29}}
Oct 17 02:58:47.346499 dv-cinder-846977-2-iscsi devstack@keystone.service[81582]: DEBUG dbcounter [-] [81582] Writing DB stats keystone:SELECT=100 {{(pid=81582) stat_writer /usr/local/lib/python3.8/dist-packages/dbcounter.py:114}}
Oct 17 02:58:47.349172 dv-cinder-846977-2-iscsi devstack@keystone.service[81581]: [pid: 81581|app: 0|req: 51/110] 10.222.0.27 () {58 vars in 1024 bytes} [Mon Oct 17 02:58:47 2022] POST /identity/v3/auth/tokens => generated 799 bytes in 92 msecs (HTTP/1.1 201) 6 headers in 363 bytes (1 switches on core 0)
Oct 17 02:58:47.350397 dv-cinder-846977-2-iscsi devstack@keystone.service[81581]: DEBUG keystone.server.flask.request_processing.middleware.auth_context [None req-9339806a-bd3a-4126-b251-798cd12f2d02 None None] Authenticating user token {{(pid=81581) process_request /usr/local/lib/python3.8/dist-packages/keystonemiddleware/auth_token/__init__.py:407}}
Oct 17 02:58:47.376733 dv-cinder-846977-2-iscsi devstack@keystone.service[81582]: DEBUG keystone.common.rbac_enforcer.enforcer [None req-bb635990-fc32-43db-be8c-04c66e8bc080 None admin] RBAC: Authorizing `identity:validate_token()` {{(pid=81582) enforce_call /opt/stack/keystone/keystone/common/rbac_enforcer/enforcer.py:449}}
Oct 17 02:58:47.378840 dv-cinder-846977-2-iscsi devstack@keystone.service[81582]: DEBUG keystone.common.rbac_enforcer.enforcer [None req-bb635990-fc32-43db-be8c-04c66e8bc080 None admin] RBAC: Authorization granted {{(pid=81582) enforce_call /opt/stack/keystone/keystone/common/rbac_enforcer/enforcer.py:457}}
Oct 17 02:58:47.454327 dv-cinder-846977-2-iscsi devstack@keystone.service[81581]: DEBUG keystone.server.flask.request_processing.middleware.auth_context [None req-9339806a-bd3a-4126-b251-798cd12f2d02 None None] Validating token access rules against request {{(pid=81581) validate_allowed_request /usr/local/lib/python3.8/dist-packages/keystonemiddleware/auth_token/__init__.py:545}}
Oct 17 02:58:47.478025 dv-cinder-846977-2-iscsi devstack@keystone.service[81581]: DEBUG dbcounter [-] [81581] Writing DB stats keystone:SELECT=100 {{(pid=81581) stat_writer /usr/local/lib/python3.8/dist-packages/dbcounter.py:114}}
Oct 17 02:58:47.490642 dv-cinder-846977-2-iscsi devstack@keystone.service[81581]: DEBUG keystone.server.flask.request_processing.middleware.auth_context [None req-7020fd9c-6d4a-4620-924b-3a4a16092553 None admin] RBAC: auth_context: {'token': , 'domain_id': None, 'trust_id': None, 'trustor_id': None, 'trustee_id': None, 'domain_name': None, 'group_ids': [], 'user_id': 'f84d693b9d0643c69861a5541952b43b', 'user_domain_id': 'default', 'system_scope': 'all', 'project_id': None, 'project_domain_id': None, 'roles': ['admin', 'member', 'reader'], 'is_admin_project': True, 'service_user_id': None, 'service_user_domain_id': None, 'service_project_id': None, 'service_project_domain_id': None, 'service_roles': []} {{(pid=81581) fill_context /opt/stack/keystone/keystone/server/flask/request_processing/middleware/auth_context.py:478}}
Oct 17 02:58:47.491294 dv-cinder-846977-2-iscsi devstack@keystone.service[81581]: DEBUG keystone.server.flask.request_processing.req_logging [None req-7020fd9c-6d4a-4620-924b-3a4a16092553 None admin] REQUEST_METHOD: `GET` {{(pid=81581) log_request_info /opt/stack/keystone/keystone/server/flask/request_processing/req_logging.py:27}}
Oct 17 02:58:47.491583 dv-cinder-846977-2-iscsi devstack@keystone.service[81581]: DEBUG keystone.server.flask.request_processing.req_logging [None req-7020fd9c-6d4a-4620-924b-3a4a16092553 None admin] SCRIPT_NAME: `/identity` {{(pid=81581) log_request_info /opt/stack/keystone/keystone/server/flask/request_processing/req_logging.py:28}}
Oct 17 02:58:47.491862 dv-cinder-846977-2-iscsi devstack@keystone.service[81581]: DEBUG keystone.server.flask.request_processing.req_logging [None req-7020fd9c-6d4a-4620-924b-3a4a16092553 None admin] PATH_INFO: `/v3/role_assignments` {{(pid=81581) log_request_info /opt/stack/keystone/keystone/server/flask/request_processing/req_logging.py:29}}
Oct 17 02:58:47.492598 dv-cinder-846977-2-iscsi devstack@keystone.service[81581]: DEBUG keystone.common.rbac_enforcer.enforcer [None req-7020fd9c-6d4a-4620-924b-3a4a16092553 None admin] RBAC: Adding query filter params (role.id=ea0fd0c10f2f4e529270edbe3525d4c6, scope.project.id=f64aa9442bc9483987f3c997119762af, user.id=f84d693b9d0643c69861a5541952b43b) {{(pid=81581) _extract_filter_values /opt/stack/keystone/keystone/common/rbac_enforcer/enforcer.py:167}}
Oct 17 02:58:47.492912 dv-cinder-846977-2-iscsi devstack@keystone.service[81581]: DEBUG keystone.common.rbac_enforcer.enforcer [None req-7020fd9c-6d4a-4620-924b-3a4a16092553 None admin] RBAC: Authorizing `identity:list_role_assignments()` {{(pid=81581) enforce_call /opt/stack/keystone/keystone/common/rbac_enforcer/enforcer.py:449}}
Oct 17 02:58:47.493970 dv-cinder-846977-2-iscsi devstack@keystone.service[81582]: [pid: 81582|app: 0|req: 60/111] 10.222.0.27 () {58 vars in 1282 bytes} [Mon Oct 17 02:58:47 2022] GET /identity/v3/auth/tokens => generated 799 bytes in 344 msecs (HTTP/1.1 200) 6 headers in 358 bytes (1 switches on core 0)
Oct 17 02:58:47.498551 dv-cinder-846977-2-iscsi devstack@keystone.service[81581]: DEBUG keystone.common.rbac_enforcer.enforcer [None req-7020fd9c-6d4a-4620-924b-3a4a16092553 None admin] RBAC: Authorization granted {{(pid=81581) enforce_call /opt/stack/keystone/keystone/common/rbac_enforcer/enforcer.py:457}}
Oct 17 02:58:47.499784 dv-cinder-846977-2-iscsi devstack@keystone.service[81582]: DEBUG keystone.server.flask.request_processing.middleware.auth_context [None req-bb635990-fc32-43db-be8c-04c66e8bc080 None admin] Authenticating user token {{(pid=81582) process_request /usr/local/lib/python3.8/dist-packages/keystonemiddleware/auth_token/__init__.py:407}}
Oct 17 02:58:47.501728 dv-cinder-846977-2-iscsi devstack@keystone.service[81581]: [pid: 81581|app: 0|req: 52/112] 10.222.0.27 () {56 vars in 1374 bytes} [Mon Oct 17 02:58:47 2022] GET /identity/v3/role_assignments?user.id=f84d693b9d0643c69861a5541952b43b&scope.project.id=f64aa9442bc9483987f3c997119762af&role.id=ea0fd0c10f2f4e529270edbe3525d4c6 => generated 608 bytes in 152 msecs (HTTP/1.1 200) 5 headers in 177 bytes (1 switches on core 0)
Oct 17 02:58:47.502584 dv-cinder-846977-2-iscsi devstack@keystone.service[81581]: DEBUG keystone.server.flask.request_processing.middleware.auth_context [None req-7020fd9c-6d4a-4620-924b-3a4a16092553 None admin] Authenticating user token {{(pid=81581) process_request /usr/local/lib/python3.8/dist-packages/keystonemiddleware/auth_token/__init__.py:407}}
Oct 17 02:58:47.603434 dv-cinder-846977-2-iscsi devstack@keystone.service[81582]: DEBUG dbcounter [-] [81582] Writing DB stats keystone:SELECT=100 {{(pid=81582) stat_writer /usr/local/lib/python3.8/dist-packages/dbcounter.py:114}}
Oct 17 02:58:47.615833 dv-cinder-846977-2-iscsi devstack@keystone.service[81581]: DEBUG keystone.server.flask.request_processing.middleware.auth_context [None req-7020fd9c-6d4a-4620-924b-3a4a16092553 None admin] Validating token access rules against request {{(pid=81581) validate_allowed_request /usr/local/lib/python3.8/dist-packages/keystonemiddleware/auth_token/__init__.py:545}}
Oct 17 02:58:47.631043 dv-cinder-846977-2-iscsi devstack@keystone.service[81582]: DEBUG keystone.server.flask.request_processing.middleware.auth_context [None req-bb635990-fc32-43db-be8c-04c66e8bc080 None admin] Validating token access rules against request {{(pid=81582) validate_allowed_request /usr/local/lib/python3.8/dist-packages/keystonemiddleware/auth_token/__init__.py:545}}
Oct 17 02:58:47.661028 dv-cinder-846977-2-iscsi devstack@keystone.service[81581]: DEBUG keystone.server.flask.request_processing.middleware.auth_context [None req-846588b3-dfed-44d3-802e-cde70939d34b None admin] RBAC: auth_context: {'token': , 'domain_id': None, 'trust_id': None, 'trustor_id': None, 'trustee_id': None, 'domain_name': None, 'group_ids': [], 'user_id': 'f84d693b9d0643c69861a5541952b43b', 'user_domain_id': 'default', 'system_scope': 'all', 'project_id': None, 'project_domain_id': None, 'roles': ['admin', 'member', 'reader'], 'is_admin_project': True, 'service_user_id': None, 'service_user_domain_id': None, 'service_project_id': None, 'service_project_domain_id': None, 'service_roles': []} {{(pid=81581) fill_context /opt/stack/keystone/keystone/server/flask/request_processing/middleware/auth_context.py:478}}
Oct 17 02:58:47.661683 dv-cinder-846977-2-iscsi devstack@keystone.service[81581]: DEBUG keystone.server.flask.request_processing.req_logging [None req-846588b3-dfed-44d3-802e-cde70939d34b None admin] REQUEST_METHOD: `GET` {{(pid=81581) log_request_info /opt/stack/keystone/keystone/server/flask/request_processing/req_logging.py:27}}
Oct 17 02:58:47.661968 dv-cinder-846977-2-iscsi devstack@keystone.service[81581]: DEBUG keystone.server.flask.request_processing.req_logging [None req-846588b3-dfed-44d3-802e-cde70939d34b None admin] SCRIPT_NAME: `/identity` {{(pid=81581) log_request_info /opt/stack/keystone/keystone/server/flask/request_processing/req_logging.py:28}}
Oct 17 02:58:47.662245 dv-cinder-846977-2-iscsi devstack@keystone.service[81581]: DEBUG keystone.server.flask.request_processing.req_logging [None req-846588b3-dfed-44d3-802e-cde70939d34b None admin] PATH_INFO: `/v3/users/f5d5caad74e9468ca5bba4cd444b7404` {{(pid=81581) log_request_info /opt/stack/keystone/keystone/server/flask/request_processing/req_logging.py:29}}
Oct 17 02:58:47.663491 dv-cinder-846977-2-iscsi devstack@keystone.service[81581]: DEBUG keystone.common.rbac_enforcer.enforcer [None req-846588b3-dfed-44d3-802e-cde70939d34b None admin] RBAC: Authorizing `identity:get_user(user_id=f5d5caad74e9468ca5bba4cd444b7404)` {{(pid=81581) enforce_call /opt/stack/keystone/keystone/common/rbac_enforcer/enforcer.py:449}}
Oct 17 02:58:47.665009 dv-cinder-846977-2-iscsi devstack@keystone.service[81581]: DEBUG keystone.common.rbac_enforcer.enforcer [None req-846588b3-dfed-44d3-802e-cde70939d34b None admin] RBAC: Authorization granted {{(pid=81581) enforce_call /opt/stack/keystone/keystone/common/rbac_enforcer/enforcer.py:457}}
Oct 17 02:58:47.666710 dv-cinder-846977-2-iscsi devstack@keystone.service[81581]: [pid: 81581|app: 0|req: 53/113] 10.222.0.27 () {56 vars in 1177 bytes} [Mon Oct 17 02:58:47 2022] GET /identity/v3/users/f5d5caad74e9468ca5bba4cd444b7404 => generated 275 bytes in 164 msecs (HTTP/1.1 200) 5 headers in 177 bytes (1 switches on core 0)
Oct 17 02:58:47.667526 dv-cinder-846977-2-iscsi devstack@keystone.service[81581]: DEBUG keystone.server.flask.request_processing.middleware.auth_context [None req-846588b3-dfed-44d3-802e-cde70939d34b None admin] Authenticating user token {{(pid=81581) process_request /usr/local/lib/python3.8/dist-packages/keystonemiddleware/auth_token/__init__.py:407}}
Oct 17 02:58:47.677218 dv-cinder-846977-2-iscsi devstack@keystone.service[81582]: DEBUG keystone.server.flask.request_processing.middleware.auth_context [None req-7bf9b060-f99e-4cfd-bca9-c7aa3b6a05a0 None admin] RBAC: auth_context: {'token': , 'domain_id': None, 'trust_id': None, 'trustor_id': None, 'trustee_id': None, 'domain_name': None, 'group_ids': [], 'user_id': 'f84d693b9d0643c69861a5541952b43b', 'user_domain_id': 'default', 'system_scope': 'all', 'project_id': None, 'project_domain_id': None, 'roles': ['admin', 'member', 'reader'], 'is_admin_project': True, 'service_user_id': None, 'service_user_domain_id': None, 'service_project_id': None, 'service_project_domain_id': None, 'service_roles': []} {{(pid=81582) fill_context /opt/stack/keystone/keystone/server/flask/request_processing/middleware/auth_context.py:478}}
Oct 17 02:58:47.678099 dv-cinder-846977-2-iscsi devstack@keystone.service[81582]: DEBUG keystone.server.flask.request_processing.req_logging [None req-7bf9b060-f99e-4cfd-bca9-c7aa3b6a05a0 None admin] REQUEST_METHOD: `GET` {{(pid=81582) log_request_info /opt/stack/keystone/keystone/server/flask/request_processing/req_logging.py:27}}
Oct 17 02:58:47.678382 dv-cinder-846977-2-iscsi devstack@keystone.service[81582]: DEBUG keystone.server.flask.request_processing.req_logging [None req-7bf9b060-f99e-4cfd-bca9-c7aa3b6a05a0 None admin] SCRIPT_NAME: `/identity` {{(pid=81582) log_request_info /opt/stack/keystone/keystone/server/flask/request_processing/req_logging.py:28}}
Oct 17 02:58:47.678659 dv-cinder-846977-2-iscsi devstack@keystone.service[81582]: DEBUG keystone.server.flask.request_processing.req_logging [None req-7bf9b060-f99e-4cfd-bca9-c7aa3b6a05a0 None admin] PATH_INFO: `/v3/users/f5d5caad74e9468ca5bba4cd444b7404` {{(pid=81582) log_request_info /opt/stack/keystone/keystone/server/flask/request_processing/req_logging.py:29}}
Oct 17 02:58:47.679904 dv-cinder-846977-2-iscsi devstack@keystone.service[81582]: DEBUG keystone.common.rbac_enforcer.enforcer [None req-7bf9b060-f99e-4cfd-bca9-c7aa3b6a05a0 None admin] RBAC: Authorizing `identity:get_user(user_id=f5d5caad74e9468ca5bba4cd444b7404)` {{(pid=81582) enforce_call /opt/stack/keystone/keystone/common/rbac_enforcer/enforcer.py:449}}
Oct 17 02:58:47.681699 dv-cinder-846977-2-iscsi devstack@keystone.service[81582]: DEBUG keystone.common.rbac_enforcer.enforcer [None req-7bf9b060-f99e-4cfd-bca9-c7aa3b6a05a0 None admin] RBAC: Authorization granted {{(pid=81582) enforce_call /opt/stack/keystone/keystone/common/rbac_enforcer/enforcer.py:457}}
Oct 17 02:58:47.683584 dv-cinder-846977-2-iscsi devstack@keystone.service[81582]: [pid: 81582|app: 0|req: 61/114] 10.222.0.27 () {56 vars in 1177 bytes} [Mon Oct 17 02:58:47 2022] GET /identity/v3/users/f5d5caad74e9468ca5bba4cd444b7404 => generated 275 bytes in 184 msecs (HTTP/1.1 200) 5 headers in 177 bytes (1 switches on core 0)
Oct 17 02:58:47.684307 dv-cinder-846977-2-iscsi devstack@keystone.service[81582]: DEBUG keystone.server.flask.request_processing.middleware.auth_context [None req-7bf9b060-f99e-4cfd-bca9-c7aa3b6a05a0 None admin] Authenticating user token {{(pid=81582) process_request /usr/local/lib/python3.8/dist-packages/keystonemiddleware/auth_token/__init__.py:407}}
Oct 17 02:58:47.739750 dv-cinder-846977-2-iscsi devstack@keystone.service[81581]: DEBUG dbcounter [-] [81581] Writing DB stats keystone:SELECT=100 {{(pid=81581) stat_writer /usr/local/lib/python3.8/dist-packages/dbcounter.py:114}}
Oct 17 02:58:47.789940 dv-cinder-846977-2-iscsi devstack@keystone.service[81581]: DEBUG keystone.server.flask.request_processing.middleware.auth_context [None req-846588b3-dfed-44d3-802e-cde70939d34b None admin] Validating token access rules against request {{(pid=81581) validate_allowed_request /usr/local/lib/python3.8/dist-packages/keystonemiddleware/auth_token/__init__.py:545}}
Oct 17 02:58:47.796196 dv-cinder-846977-2-iscsi devstack@keystone.service[81582]: DEBUG keystone.server.flask.request_processing.middleware.auth_context [None req-7bf9b060-f99e-4cfd-bca9-c7aa3b6a05a0 None admin] Validating token access rules against request {{(pid=81582) validate_allowed_request /usr/local/lib/python3.8/dist-packages/keystonemiddleware/auth_token/__init__.py:545}}
Oct 17 02:58:47.824730 dv-cinder-846977-2-iscsi devstack@keystone.service[81581]: DEBUG keystone.server.flask.request_processing.middleware.auth_context [None req-f6655f47-b6e4-43ae-9646-a86011c6dfec None admin] RBAC: auth_context: {'token': , 'domain_id': None, 'trust_id': None, 'trustor_id': None, 'trustee_id': None, 'domain_name': None, 'group_ids': [], 'user_id': 'f84d693b9d0643c69861a5541952b43b', 'user_domain_id': 'default', 'system_scope': 'all', 'project_id': None, 'project_domain_id': None, 'roles': ['admin', 'member', 'reader'], 'is_admin_project': True, 'service_user_id': None, 'service_user_domain_id': None, 'service_project_id': None, 'service_project_domain_id': None, 'service_roles': []} {{(pid=81581) fill_context /opt/stack/keystone/keystone/server/flask/request_processing/middleware/auth_context.py:478}}
Oct 17 02:58:47.825363 dv-cinder-846977-2-iscsi devstack@keystone.service[81581]: DEBUG keystone.server.flask.request_processing.req_logging [None req-f6655f47-b6e4-43ae-9646-a86011c6dfec None admin] REQUEST_METHOD: `GET` {{(pid=81581) log_request_info /opt/stack/keystone/keystone/server/flask/request_processing/req_logging.py:27}}
Oct 17 02:58:47.825651 dv-cinder-846977-2-iscsi devstack@keystone.service[81581]: DEBUG keystone.server.flask.request_processing.req_logging [None req-f6655f47-b6e4-43ae-9646-a86011c6dfec None admin] SCRIPT_NAME: `/identity` {{(pid=81581) log_request_info /opt/stack/keystone/keystone/server/flask/request_processing/req_logging.py:28}}
Oct 17 02:58:47.825928 dv-cinder-846977-2-iscsi devstack@keystone.service[81581]: DEBUG keystone.server.flask.request_processing.req_logging [None req-f6655f47-b6e4-43ae-9646-a86011c6dfec None admin] PATH_INFO: `/v3/projects/f64aa9442bc9483987f3c997119762af` {{(pid=81581) log_request_info /opt/stack/keystone/keystone/server/flask/request_processing/req_logging.py:29}}
Oct 17 02:58:47.827090 dv-cinder-846977-2-iscsi devstack@keystone.service[81581]: DEBUG keystone.common.rbac_enforcer.enforcer [None req-f6655f47-b6e4-43ae-9646-a86011c6dfec None admin] RBAC: Authorizing `identity:get_project(project_id=f64aa9442bc9483987f3c997119762af)` {{(pid=81581) enforce_call /opt/stack/keystone/keystone/common/rbac_enforcer/enforcer.py:449}}
Oct 17 02:58:47.828540 dv-cinder-846977-2-iscsi devstack@keystone.service[81581]: DEBUG keystone.common.rbac_enforcer.enforcer [None req-f6655f47-b6e4-43ae-9646-a86011c6dfec None admin] RBAC: Authorization granted {{(pid=81581) enforce_call /opt/stack/keystone/keystone/common/rbac_enforcer/enforcer.py:457}}
Oct 17 02:58:47.830078 dv-cinder-846977-2-iscsi devstack@keystone.service[81582]: DEBUG keystone.server.flask.request_processing.middleware.auth_context [None req-7f682ac1-fa26-4124-97ad-d699cccf45c0 None admin] RBAC: auth_context: {'token': , 'domain_id': None, 'trust_id': None, 'trustor_id': None, 'trustee_id': None, 'domain_name': None, 'group_ids': [], 'user_id': 'f84d693b9d0643c69861a5541952b43b', 'user_domain_id': 'default', 'system_scope': 'all', 'project_id': None, 'project_domain_id': None, 'roles': ['admin', 'member', 'reader'], 'is_admin_project': True, 'service_user_id': None, 'service_user_domain_id': None, 'service_project_id': None, 'service_project_domain_id': None, 'service_roles': []} {{(pid=81582) fill_context /opt/stack/keystone/keystone/server/flask/request_processing/middleware/auth_context.py:478}}
Oct 17 02:58:47.830175 dv-cinder-846977-2-iscsi devstack@keystone.service[81581]: [pid: 81581|app: 0|req: 54/115] 10.222.0.27 () {56 vars in 1186 bytes} [Mon Oct 17 02:58:47 2022] GET /identity/v3/projects/f64aa9442bc9483987f3c997119762af => generated 298 bytes in 163 msecs (HTTP/1.1 200) 5 headers in 177 bytes (1 switches on core 0)
Oct 17 02:58:47.830718 dv-cinder-846977-2-iscsi devstack@keystone.service[81582]: DEBUG keystone.server.flask.request_processing.req_logging [None req-7f682ac1-fa26-4124-97ad-d699cccf45c0 None admin] REQUEST_METHOD: `GET` {{(pid=81582) log_request_info /opt/stack/keystone/keystone/server/flask/request_processing/req_logging.py:27}}
Oct 17 02:58:47.830946 dv-cinder-846977-2-iscsi devstack@keystone.service[81581]: DEBUG keystone.server.flask.request_processing.middleware.auth_context [None req-f6655f47-b6e4-43ae-9646-a86011c6dfec None admin] Authenticating user token {{(pid=81581) process_request /usr/local/lib/python3.8/dist-packages/keystonemiddleware/auth_token/__init__.py:407}}
Oct 17 02:58:47.831037 dv-cinder-846977-2-iscsi devstack@keystone.service[81582]: DEBUG keystone.server.flask.request_processing.req_logging [None req-7f682ac1-fa26-4124-97ad-d699cccf45c0 None admin] SCRIPT_NAME: `/identity` {{(pid=81582) log_request_info /opt/stack/keystone/keystone/server/flask/request_processing/req_logging.py:28}}
Oct 17 02:58:47.831315 dv-cinder-846977-2-iscsi devstack@keystone.service[81582]: DEBUG keystone.server.flask.request_processing.req_logging [None req-7f682ac1-fa26-4124-97ad-d699cccf45c0 None admin] PATH_INFO: `/v3/roles/reader` {{(pid=81582) log_request_info /opt/stack/keystone/keystone/server/flask/request_processing/req_logging.py:29}}
Oct 17 02:58:47.844640 dv-cinder-846977-2-iscsi devstack@keystone.service[81582]: DEBUG keystone.common.rbac_enforcer.enforcer [None req-7f682ac1-fa26-4124-97ad-d699cccf45c0 None admin] Extracting inferred target data resulted in "NOT FOUND (404)". {{(pid=81582) enforce_call /opt/stack/keystone/keystone/common/rbac_enforcer/enforcer.py:409}}
Oct 17 02:58:47.850057 dv-cinder-846977-2-iscsi devstack@keystone.service[81582]: ERROR keystone.server.flask.application [None req-7f682ac1-fa26-4124-97ad-d699cccf45c0 None admin] Could not find role: reader.: keystone.exception.RoleNotFound: Could not find role: reader.
Oct 17 02:58:47.850057 dv-cinder-846977-2-iscsi devstack@keystone.service[81582]: ERROR keystone.server.flask.application
Traceback (most recent call last):
Oct 17 02:58:47.850057 dv-cinder-846977-2-iscsi devstack@keystone.service[81582]: ERROR keystone.server.flask.application
File "/usr/local/lib/python3.8/dist-packages/flask/app.py", line 1820, in full_dispatch_request
Oct 17 02:58:47.850057 dv-cinder-846977-2-iscsi devstack@keystone.service[81582]: ERROR keystone.server.flask.application rv = self.dispatch_request()
Oct 17 02:58:47.850057 dv-cinder-846977-2-iscsi devstack@keystone.service[81582]: ERROR keystone.server.flask.application
File "/usr/local/lib/python3.8/dist-packages/flask/app.py", line 1796, in dispatch_request
Oct 17 02:58:47.850057 dv-cinder-846977-2-iscsi devstack@keystone.service[81582]: ERROR keystone.server.flask.application return self.ensure_sync(self.view_functions[rule.endpoint])(**view_args)
Oct 17 02:58:47.850057 dv-cinder-846977-2-iscsi devstack@keystone.service[81582]: ERROR keystone.server.flask.application
File "/usr/local/lib/python3.8/dist-packages/flask_restful/__init__.py", line 467, in wrapper
Oct 17 02:58:47.850057 dv-cinder-846977-2-iscsi devstack@keystone.service[81582]: ERROR keystone.server.flask.application resp = resource(*args, **kwargs)
Oct 17 02:58:47.850057 dv-cinder-846977-2-iscsi devstack@keystone.service[81582]: ERROR keystone.server.flask.application
File "/usr/local/lib/python3.8/dist-packages/flask/views.py", line 107, in view
Oct 17 02:58:47.850057 dv-cinder-846977-2-iscsi devstack@keystone.service[81582]: ERROR keystone.server.flask.application return current_app.ensure_sync(self.dispatch_request)(**kwargs)
Oct 17 02:58:47.850057 dv-cinder-846977-2-iscsi devstack@keystone.service[81582]: ERROR keystone.server.flask.application
File "/usr/local/lib/python3.8/dist-packages/flask_restful/__init__.py", line 582, in dispatch_request
Oct 17 02:58:47.850057 dv-cinder-846977-2-iscsi devstack@keystone.service[81582]: ERROR keystone.server.flask.application resp = meth(*args, **kwargs)
Oct 17 02:58:47.850057 dv-cinder-846977-2-iscsi devstack@keystone.service[81582]: ERROR keystone.server.flask.application
File "/opt/stack/keystone/keystone/api/roles.py", line 50, in get
Oct 17 02:58:47.850057 dv-cinder-846977-2-iscsi devstack@keystone.service[81582]: ERROR keystone.server.flask.application return self._get_role(role_id)
Oct 17 02:58:47.850057 dv-cinder-846977-2-iscsi devstack@keystone.service[81582]: ERROR keystone.server.flask.application
File "/opt/stack/keystone/keystone/api/roles.py", line 70, in _get_role
Oct 17 02:58:47.850057 dv-cinder-846977-2-iscsi devstack@keystone.service[81582]: ERROR keystone.server.flask.application ENFORCER.enforce_call(action='identity:get_role')
Oct 17 02:58:47.851126 dv-cinder-846977-2-iscsi devstack@keystone.service[81582]: ERROR keystone.server.flask.application
File "/opt/stack/keystone/keystone/common/rbac_enforcer/enforcer.py", line 402, in enforce_call
Oct 17 02:58:47.851126 dv-cinder-846977-2-iscsi devstack@keystone.service[81582]: ERROR keystone.server.flask.application policy_dict.update(cls._extract_member_target_data(
Oct 17 02:58:47.851126 dv-cinder-846977-2-iscsi devstack@keystone.service[81582]: ERROR keystone.server.flask.application
File "/opt/stack/keystone/keystone/common/rbac_enforcer/enforcer.py", line 234, in _extract_member_target_data
Oct 17 02:58:47.851126 dv-cinder-846977-2-iscsi devstack@keystone.service[81582]: ERROR keystone.server.flask.application member_name: func(flask.request.view_args[key])
Oct 17 02:58:47.851126 dv-cinder-846977-2-iscsi devstack@keystone.service[81582]: ERROR keystone.server.flask.application
File "/opt/stack/keystone/keystone/common/manager.py", line 115, in wrapped
Oct 17 02:58:47.851126 dv-cinder-846977-2-iscsi devstack@keystone.service[81582]: ERROR keystone.server.flask.application __ret_val = __f(*args, **kwargs)
Oct 17 02:58:47.851126 dv-cinder-846977-2-iscsi devstack@keystone.service[81582]: ERROR keystone.server.flask.application
File "/usr/local/lib/python3.8/dist-packages/decorator.py", line 232, in fun
Oct 17 02:58:47.851126 dv-cinder-846977-2-iscsi devstack@keystone.service[81582]: ERROR keystone.server.flask.application return caller(func, *(extras + args), **kw)
Oct 17 02:58:47.851126 dv-cinder-846977-2-iscsi devstack@keystone.service[81582]: ERROR keystone.server.flask.application
File "/usr/local/lib/python3.8/dist-packages/dogpile/cache/region.py", line 1577, in get_or_create_for_user_func
Oct 17 02:58:47.851126 dv-cinder-846977-2-iscsi devstack@keystone.service[81582]: ERROR keystone.server.flask.application return self.get_or_create(
Oct 17 02:58:47.851126 dv-cinder-846977-2-iscsi devstack@keystone.service[81582]: ERROR keystone.server.flask.application
File "/usr/local/lib/python3.8/dist-packages/dogpile/cache/region.py", line 1042, in get_or_create
Oct 17 02:58:47.851126 dv-cinder-846977-2-iscsi devstack@keystone.service[81582]: ERROR keystone.server.flask.application with Lock(
Oct 17 02:58:47.851126 dv-cinder-846977-2-iscsi devstack@keystone.service[81582]: ERROR keystone.server.flask.application
File "/usr/local/lib/python3.8/dist-packages/dogpile/lock.py", line 185, in __enter__
Oct 17 02:58:47.851126 dv-cinder-846977-2-iscsi devstack@keystone.service[81582]: ERROR keystone.server.flask.application return self._enter()
Oct 17 02:58:47.851126 dv-cinder-846977-2-iscsi devstack@keystone.service[81582]: ERROR keystone.server.flask.application
File "/usr/local/lib/python3.8/dist-packages/dogpile/lock.py", line 94, in _enter
Oct 17 02:58:47.851126 dv-cinder-846977-2-iscsi devstack@keystone.service[81582]: ERROR keystone.server.flask.application generated = self._enter_create(value, createdtime)
Oct 17 02:58:47.855700 dv-cinder-846977-2-iscsi devstack@keystone.service[81582]: ERROR keystone.server.flask.application
File "/usr/local/lib/python3.8/dist-packages/dogpile/lock.py", line 178, in _enter_create
Oct 17 02:58:47.855700 dv-cinder-846977-2-iscsi devstack@keystone.service[81582]: ERROR keystone.server.flask.application return self.creator()
Oct 17 02:58:47.855700 dv-cinder-846977-2-iscsi devstack@keystone.service[81582]: ERROR keystone.server.flask.application
File "/usr/local/lib/python3.8/dist-packages/dogpile/cache/region.py", line 995, in gen_value
Oct 17 02:58:47.855700 dv-cinder-846977-2-iscsi devstack@keystone.service[81582]: ERROR keystone.server.flask.application created_value = creator(
Oct 17 02:58:47.855700 dv-cinder-846977-2-iscsi devstack@keystone.service[81582]: ERROR keystone.server.flask.application
File "/opt/stack/keystone/keystone/assignment/core.py", line 1276, in get_role
Oct 17 02:58:47.855700 dv-cinder-846977-2-iscsi devstack@keystone.service[81582]: ERROR keystone.server.flask.application return self.driver.get_role(role_id)
Oct 17 02:58:47.855700 dv-cinder-846977-2-iscsi devstack@keystone.service[81582]: ERROR keystone.server.flask.application
File "/opt/stack/keystone/keystone/assignment/role_backends/sql.py", line 70, in get_role
Oct 17 02:58:47.855700 dv-cinder-846977-2-iscsi devstack@keystone.service[81582]: ERROR keystone.server.flask.application return self._get_role(session, role_id).to_dict()
Oct 17 02:58:47.855700 dv-cinder-846977-2-iscsi devstack@keystone.service[81582]: ERROR keystone.server.flask.application
File "/opt/stack/keystone/keystone/assignment/role_backends/sql.py", line 65, in _get_role
Oct 17 02:58:47.855700 dv-cinder-846977-2-iscsi devstack@keystone.service[81582]: ERROR keystone.server.flask.application raise exception.RoleNotFound(role_id=role_id)
Oct 17 02:58:47.855700 dv-cinder-846977-2-iscsi devstack@keystone.service[81582]: ERROR keystone.server.flask.application keystone.exception.RoleNotFound: Could not find role: reader.
Oct 17 02:58:47.855700 dv-cinder-846977-2-iscsi devstack@keystone.service[81582]: ERROR keystone.server.flask.application
Oct 17 02:58:47.855700 dv-cinder-846977-2-iscsi devstack@keystone.service[81582]: [pid: 81582|app: 0|req: 62/116] 10.222.0.27 () {56 vars in 1099 bytes} [Mon Oct 17 02:58:47 2022] GET /identity/v3/roles/reader => generated 84 bytes in 167 msecs (HTTP/1.1 404) 5 headers in 183 bytes (1 switches on core 0)
Oct 17 02:58:47.855700 dv-cinder-846977-2-iscsi devstack@keystone.service[81582]: DEBUG keystone.server.flask.request_processing.middleware.auth_context [None req-7f682ac1-fa26-4124-97ad-d699cccf45c0 None admin] Authenticating user token {{(pid=81582) process_request /usr/local/lib/python3.8/dist-packages/keystonemiddleware/auth_token/__init__.py:407}}
Oct 17 02:58:47.856395 dv-cinder-846977-2-iscsi devstack@keystone.service[81582]: DEBUG dbcounter [-] [81582] Writing DB stats keystone:SELECT=100 {{(pid=81582) stat_writer /usr/local/lib/python3.8/dist-packages/dbcounter.py:114}}
Oct 17 02:58:47.936835 dv-cinder-846977-2-iscsi devstack@keystone.service[81581]: DEBUG keystone.server.flask.request_processing.middleware.auth_context [None req-f6655f47-b6e4-43ae-9646-a86011c6dfec None admin] Validating token access rules against request {{(pid=81581) validate_allowed_request /usr/local/lib/python3.8/dist-packages/keystonemiddleware/auth_token/__init__.py:545}}
Oct 17 02:58:47.951355 dv-cinder-846977-2-iscsi devstack@keystone.service[81582]: DEBUG keystone.server.flask.request_processing.middleware.auth_context [None req-7f682ac1-fa26-4124-97ad-d699cccf45c0 None admin] Validating token access rules against request {{(pid=81582) validate_allowed_request /usr/local/lib/python3.8/dist-packages/keystonemiddleware/auth_token/__init__.py:545}}
Oct 17 02:58:47.958435 dv-cinder-846977-2-iscsi devstack@keystone.service[81581]: DEBUG dbcounter [-] [81581] Writing DB stats keystone:SELECT=100 {{(pid=81581) stat_writer /usr/local/lib/python3.8/dist-packages/dbcounter.py:114}}
Oct 17 02:58:47.971043 dv-cinder-846977-2-iscsi devstack@keystone.service[81581]: DEBUG keystone.server.flask.request_processing.middleware.auth_context [None req-da264383-9809-419c-9f81-a09e882532f6 None admin] RBAC: auth_context: {'token': , 'domain_id': None, 'trust_id': None, 'trustor_id': None, 'trustee_id': None, 'domain_name': None, 'group_ids': [], 'user_id': 'f84d693b9d0643c69861a5541952b43b', 'user_domain_id': 'default', 'system_scope': 'all', 'project_id': None, 'project_domain_id': None, 'roles': ['admin', 'member', 'reader'], 'is_admin_project': True, 'service_user_id': None, 'service_user_domain_id': None, 'service_project_id': None, 'service_project_domain_id': None, 'service_roles': []} {{(pid=81581) fill_context /opt/stack/keystone/keystone/server/flask/request_processing/middleware/auth_context.py:478}}
Oct 17 02:58:47.971752 dv-cinder-846977-2-iscsi devstack@keystone.service[81581]: DEBUG keystone.server.flask.request_processing.req_logging [None req-da264383-9809-419c-9f81-a09e882532f6 None admin] REQUEST_METHOD: `GET` {{(pid=81581) log_request_info /opt/stack/keystone/keystone/server/flask/request_processing/req_logging.py:27}}
Oct 17 02:58:47.972041 dv-cinder-846977-2-iscsi devstack@keystone.service[81581]: DEBUG keystone.server.flask.request_processing.req_logging [None req-da264383-9809-419c-9f81-a09e882532f6 None admin] SCRIPT_NAME: `/identity` {{(pid=81581) log_request_info /opt/stack/keystone/keystone/server/flask/request_processing/req_logging.py:28}}
Oct 17 02:58:47.972317 dv-cinder-846977-2-iscsi devstack@keystone.service[81581]: DEBUG keystone.server.flask.request_processing.req_logging [None req-da264383-9809-419c-9f81-a09e882532f6 None admin] PATH_INFO: `/v3/domains/default` {{(pid=81581) log_request_info /opt/stack/keystone/keystone/server/flask/request_processing/req_logging.py:29}}
Oct 17 02:58:47.974104 dv-cinder-846977-2-iscsi devstack@keystone.service[81581]: DEBUG keystone.common.rbac_enforcer.enforcer [None req-da264383-9809-419c-9f81-a09e882532f6 None admin] RBAC: Authorizing `identity:get_domain(domain_id=default)` {{(pid=81581) enforce_call /opt/stack/keystone/keystone/common/rbac_enforcer/enforcer.py:449}}
Oct 17 02:58:47.975610 dv-cinder-846977-2-iscsi devstack@keystone.service[81581]: DEBUG keystone.common.rbac_enforcer.enforcer [None req-da264383-9809-419c-9f81-a09e882532f6 None admin] RBAC: Authorization granted {{(pid=81581) enforce_call /opt/stack/keystone/keystone/common/rbac_enforcer/enforcer.py:457}}
Oct 17 02:58:47.977354 dv-cinder-846977-2-iscsi devstack@keystone.service[81581]: [pid: 81581|app: 0|req: 55/117] 10.222.0.27 () {56 vars in 1108 bytes} [Mon Oct 17 02:58:47 2022] GET /identity/v3/domains/default => generated 199 bytes in 146 msecs (HTTP/1.1 200) 5 headers in 177 bytes (1 switches on core 0)
Oct 17 02:58:47.977914 dv-cinder-846977-2-iscsi devstack@keystone.service[81581]: DEBUG keystone.server.flask.request_processing.middleware.auth_context [None req-da264383-9809-419c-9f81-a09e882532f6 None admin] Authenticating user token {{(pid=81581) process_request /usr/local/lib/python3.8/dist-packages/keystonemiddleware/auth_token/__init__.py:407}}
Oct 17 02:58:47.985773 dv-cinder-846977-2-iscsi devstack@keystone.service[81582]: DEBUG keystone.server.flask.request_processing.middleware.auth_context [None req-a64b16a6-8def-4551-8b61-1e8f93428406 None admin] RBAC: auth_context: {'token': , 'domain_id': None, 'trust_id': None, 'trustor_id': None, 'trustee_id': None, 'domain_name': None, 'group_ids': [], 'user_id': 'f84d693b9d0643c69861a5541952b43b', 'user_domain_id': 'default', 'system_scope': 'all', 'project_id': None, 'project_domain_id': None, 'roles': ['admin', 'member', 'reader'], 'is_admin_project': True, 'service_user_id': None, 'service_user_domain_id': None, 'service_project_id': None, 'service_project_domain_id': None, 'service_roles': []} {{(pid=81582) fill_context /opt/stack/keystone/keystone/server/flask/request_processing/middleware/auth_context.py:478}}
Oct 17 02:58:47.986392 dv-cinder-846977-2-iscsi devstack@keystone.service[81582]: DEBUG keystone.server.flask.request_processing.req_logging [None req-a64b16a6-8def-4551-8b61-1e8f93428406 None admin] REQUEST_METHOD: `GET` {{(pid=81582) log_request_info /opt/stack/keystone/keystone/server/flask/request_processing/req_logging.py:27}}
Oct 17 02:58:47.986679 dv-cinder-846977-2-iscsi devstack@keystone.service[81582]: DEBUG keystone.server.flask.request_processing.req_logging [None req-a64b16a6-8def-4551-8b61-1e8f93428406 None admin] SCRIPT_NAME: `/identity` {{(pid=81582) log_request_info /opt/stack/keystone/keystone/server/flask/request_processing/req_logging.py:28}}
Oct 17 02:58:47.986986 dv-cinder-846977-2-iscsi devstack@keystone.service[81582]: DEBUG keystone.server.flask.request_processing.req_logging [None req-a64b16a6-8def-4551-8b61-1e8f93428406 None admin] PATH_INFO: `/v3/auth/tokens` {{(pid=81582) log_request_info /opt/stack/keystone/keystone/server/flask/request_processing/req_logging.py:29}}
Oct 17 02:58:48.055459 dv-cinder-846977-2-iscsi devstack@keystone.service[81582]: DEBUG keystone.common.rbac_enforcer.enforcer [None req-a64b16a6-8def-4551-8b61-1e8f93428406 None admin] RBAC: Authorizing `identity:validate_token()` {{(pid=81582) enforce_call /opt/stack/keystone/keystone/common/rbac_enforcer/enforcer.py:449}}
Oct 17 02:58:48.056946 dv-cinder-846977-2-iscsi devstack@keystone.service[81582]: DEBUG keystone.common.rbac_enforcer.enforcer [None req-a64b16a6-8def-4551-8b61-1e8f93428406 None admin] RBAC: Authorization granted {{(pid=81582) enforce_call /opt/stack/keystone/keystone/common/rbac_enforcer/enforcer.py:457}}
Oct 17 02:58:48.059569 dv-cinder-846977-2-iscsi devstack@keystone.service[81582]: DEBUG dbcounter [-] [81582] Writing DB stats keystone:SELECT=100 {{(pid=81582) stat_writer /usr/local/lib/python3.8/dist-packages/dbcounter.py:114}}
Oct 17 02:58:48.078705 dv-cinder-846977-2-iscsi devstack@keystone.service[81581]: DEBUG keystone.server.flask.request_processing.middleware.auth_context [None req-da264383-9809-419c-9f81-a09e882532f6 None admin] Validating token access rules against request {{(pid=81581) validate_allowed_request /usr/local/lib/python3.8/dist-packages/keystonemiddleware/auth_token/__init__.py:545}}
Oct 17 02:58:48.111392 dv-cinder-846977-2-iscsi devstack@keystone.service[81581]: DEBUG keystone.server.flask.request_processing.middleware.auth_context [None req-3babc8bf-265d-4597-ac76-3bf7f0c24d9c None admin] RBAC: auth_context: {'token': , 'domain_id': None, 'trust_id': None, 'trustor_id': None, 'trustee_id': None, 'domain_name': None, 'group_ids': [], 'user_id': 'f84d693b9d0643c69861a5541952b43b', 'user_domain_id': 'default', 'system_scope': 'all', 'project_id': None, 'project_domain_id': None, 'roles': ['admin', 'member', 'reader'], 'is_admin_project': True, 'service_user_id': None, 'service_user_domain_id': None, 'service_project_id': None, 'service_project_domain_id': None, 'service_roles': []} {{(pid=81581) fill_context /opt/stack/keystone/keystone/server/flask/request_processing/middleware/auth_context.py:478}}
Oct 17 02:58:48.111992 dv-cinder-846977-2-iscsi devstack@keystone.service[81581]: DEBUG keystone.server.flask.request_processing.req_logging [None req-3babc8bf-265d-4597-ac76-3bf7f0c24d9c None admin] REQUEST_METHOD: `GET` {{(pid=81581) log_request_info /opt/stack/keystone/keystone/server/flask/request_processing/req_logging.py:27}}
Oct 17 02:58:48.112276 dv-cinder-846977-2-iscsi devstack@keystone.service[81581]: DEBUG keystone.server.flask.request_processing.req_logging [None req-3babc8bf-265d-4597-ac76-3bf7f0c24d9c None admin] SCRIPT_NAME: `/identity` {{(pid=81581) log_request_info /opt/stack/keystone/keystone/server/flask/request_processing/req_logging.py:28}}
Oct 17 02:58:48.112552 dv-cinder-846977-2-iscsi devstack@keystone.service[81581]: DEBUG keystone.server.flask.request_processing.req_logging [None req-3babc8bf-265d-4597-ac76-3bf7f0c24d9c None admin] PATH_INFO: `/v3/auth/tokens` {{(pid=81581) log_request_info /opt/stack/keystone/keystone/server/flask/request_processing/req_logging.py:29}}
Oct 17 02:58:48.157043 dv-cinder-846977-2-iscsi devstack@keystone.service[81582]: [pid: 81582|app: 0|req: 63/118] 10.222.0.27 () {58 vars in 1282 bytes} [Mon Oct 17 02:58:47 2022] GET /identity/v3/auth/tokens => generated 799 bytes in 305 msecs (HTTP/1.1 200) 6 headers in 358 bytes (1 switches on core 0)
Oct 17 02:58:48.157884 dv-cinder-846977-2-iscsi devstack@keystone.service[81582]: DEBUG keystone.server.flask.request_processing.middleware.auth_context [None req-a64b16a6-8def-4551-8b61-1e8f93428406 None admin] Authenticating user token {{(pid=81582) process_request /usr/local/lib/python3.8/dist-packages/keystonemiddleware/auth_token/__init__.py:407}}
Oct 17 02:58:48.177820 dv-cinder-846977-2-iscsi devstack@keystone.service[81581]: DEBUG dbcounter [-] [81581] Writing DB stats keystone:SELECT=100 {{(pid=81581) stat_writer /usr/local/lib/python3.8/dist-packages/dbcounter.py:114}}
Oct 17 02:58:48.188589 dv-cinder-846977-2-iscsi devstack@keystone.service[81581]: DEBUG keystone.common.rbac_enforcer.enforcer [None req-3babc8bf-265d-4597-ac76-3bf7f0c24d9c None admin] RBAC: Authorizing `identity:validate_token()` {{(pid=81581) enforce_call /opt/stack/keystone/keystone/common/rbac_enforcer/enforcer.py:449}}
Oct 17 02:58:48.189994 dv-cinder-846977-2-iscsi devstack@keystone.service[81581]: DEBUG keystone.common.rbac_enforcer.enforcer [None req-3babc8bf-265d-4597-ac76-3bf7f0c24d9c None admin] RBAC: Authorization granted {{(pid=81581) enforce_call /opt/stack/keystone/keystone/common/rbac_enforcer/enforcer.py:457}}
Oct 17 02:58:48.261639 dv-cinder-846977-2-iscsi devstack@keystone.service[81582]: DEBUG keystone.server.flask.request_processing.middleware.auth_context [None req-a64b16a6-8def-4551-8b61-1e8f93428406 None admin] Validating token access rules against request {{(pid=81582) validate_allowed_request /usr/local/lib/python3.8/dist-packages/keystonemiddleware/auth_token/__init__.py:545}}
Oct 17 02:58:48.263923 dv-cinder-846977-2-iscsi devstack@keystone.service[81582]: DEBUG dbcounter [-] [81582] Writing DB stats keystone:SELECT=100 {{(pid=81582) stat_writer /usr/local/lib/python3.8/dist-packages/dbcounter.py:114}}
Oct 17 02:58:48.296590 dv-cinder-846977-2-iscsi devstack@keystone.service[81582]: DEBUG keystone.server.flask.request_processing.middleware.auth_context [None req-78ba37b1-03e8-46ab-8788-85f4992cd7ea None admin] RBAC: auth_context: {'token': , 'domain_id': None, 'trust_id': None, 'trustor_id': None, 'trustee_id': None, 'domain_name': None, 'group_ids': [], 'user_id': 'f84d693b9d0643c69861a5541952b43b', 'user_domain_id': 'default', 'system_scope': 'all', 'project_id': None, 'project_domain_id': None, 'roles': ['admin', 'member', 'reader'], 'is_admin_project': True, 'service_user_id': None, 'service_user_domain_id': None, 'service_project_id': None, 'service_project_domain_id': None, 'service_roles': []} {{(pid=81582) fill_context /opt/stack/keystone/keystone/server/flask/request_processing/middleware/auth_context.py:478}}
Oct 17 02:58:48.297201 dv-cinder-846977-2-iscsi devstack@keystone.service[81582]: DEBUG keystone.server.flask.request_processing.req_logging [None req-78ba37b1-03e8-46ab-8788-85f4992cd7ea None admin] REQUEST_METHOD: `GET` {{(pid=81582) log_request_info /opt/stack/keystone/keystone/server/flask/request_processing/req_logging.py:27}}
Oct 17 02:58:48.297370 dv-cinder-846977-2-iscsi devstack@keystone.service[81581]: [pid: 81581|app: 0|req: 56/119] 10.222.0.27 () {58 vars in 1282 bytes} [Mon Oct 17 02:58:47 2022] GET /identity/v3/auth/tokens => generated 799 bytes in 320 msecs (HTTP/1.1 200) 6 headers in 358 bytes (1 switches on core 0)
Oct 17 02:58:48.297464 dv-cinder-846977-2-iscsi devstack@keystone.service[81582]: DEBUG keystone.server.flask.request_processing.req_logging [None req-78ba37b1-03e8-46ab-8788-85f4992cd7ea None admin] SCRIPT_NAME: `/identity` {{(pid=81582) log_request_info /opt/stack/keystone/keystone/server/flask/request_processing/req_logging.py:28}}
Oct 17 02:58:48.297741 dv-cinder-846977-2-iscsi devstack@keystone.service[81582]: DEBUG keystone.server.flask.request_processing.req_logging [None req-78ba37b1-03e8-46ab-8788-85f4992cd7ea None admin] PATH_INFO: `/v3/role_assignments` {{(pid=81582) log_request_info /opt/stack/keystone/keystone/server/flask/request_processing/req_logging.py:29}}
Oct 17 02:58:48.298210 dv-cinder-846977-2-iscsi devstack@keystone.service[81581]: DEBUG keystone.server.flask.request_processing.middleware.auth_context [None req-3babc8bf-265d-4597-ac76-3bf7f0c24d9c None admin] Authenticating user token {{(pid=81581) process_request /usr/local/lib/python3.8/dist-packages/keystonemiddleware/auth_token/__init__.py:407}}
Oct 17 02:58:48.298537 dv-cinder-846977-2-iscsi devstack@keystone.service[81582]: DEBUG keystone.common.rbac_enforcer.enforcer [None req-78ba37b1-03e8-46ab-8788-85f4992cd7ea None admin] RBAC: Adding query filter params (role.id=11de9783bae3450ea53955de9ebcc9d1, scope.project.id=f64aa9442bc9483987f3c997119762af, user.id=f5d5caad74e9468ca5bba4cd444b7404) {{(pid=81582) _extract_filter_values /opt/stack/keystone/keystone/common/rbac_enforcer/enforcer.py:167}}
Oct 17 02:58:48.298849 dv-cinder-846977-2-iscsi devstack@keystone.service[81582]: DEBUG keystone.common.rbac_enforcer.enforcer [None req-78ba37b1-03e8-46ab-8788-85f4992cd7ea None admin] RBAC: Authorizing `identity:list_role_assignments()` {{(pid=81582) enforce_call /opt/stack/keystone/keystone/common/rbac_enforcer/enforcer.py:449}}
Oct 17 02:58:48.300325 dv-cinder-846977-2-iscsi devstack@keystone.service[81582]: DEBUG keystone.common.rbac_enforcer.enforcer [None req-78ba37b1-03e8-46ab-8788-85f4992cd7ea None admin] RBAC: Authorization granted {{(pid=81582) enforce_call /opt/stack/keystone/keystone/common/rbac_enforcer/enforcer.py:457}}
Oct 17 02:58:48.308583 dv-cinder-846977-2-iscsi devstack@keystone.service[81582]: [pid: 81582|app: 0|req: 64/120] 10.222.0.27 () {56 vars in 1374 bytes} [Mon Oct 17 02:58:48 2022] GET /identity/v3/role_assignments?user.id=f5d5caad74e9468ca5bba4cd444b7404&scope.project.id=f64aa9442bc9483987f3c997119762af&role.id=11de9783bae3450ea53955de9ebcc9d1 => generated 608 bytes in 151 msecs (HTTP/1.1 200) 5 headers in 177 bytes (1 switches on core 0)
Oct 17 02:58:48.309409 dv-cinder-846977-2-iscsi devstack@keystone.service[81582]: DEBUG keystone.server.flask.request_processing.middleware.auth_context [None req-78ba37b1-03e8-46ab-8788-85f4992cd7ea None admin] Authenticating user token {{(pid=81582) process_request /usr/local/lib/python3.8/dist-packages/keystonemiddleware/auth_token/__init__.py:407}}
Oct 17 02:58:48.400162 dv-cinder-846977-2-iscsi devstack@keystone.service[81581]: DEBUG dbcounter [-] [81581] Writing DB stats keystone:SELECT=100 {{(pid=81581) stat_writer /usr/local/lib/python3.8/dist-packages/dbcounter.py:114}}
