Oct 17 02:59:21.035041 dv-cinder-846977-2-iscsi devstack@keystone.service[81582]: ERROR keystone.server.flask.application
File "/opt/stack/keystone/keystone/assignment/role_backends/sql.py", line 70, in get_role
Oct 17 02:59:21.035041 dv-cinder-846977-2-iscsi devstack@keystone.service[81582]: ERROR keystone.server.flask.application return self._get_role(session, role_id).to_dict()
Oct 17 02:59:21.035041 dv-cinder-846977-2-iscsi devstack@keystone.service[81582]: ERROR keystone.server.flask.application
File "/opt/stack/keystone/keystone/assignment/role_backends/sql.py", line 65, in _get_role
Oct 17 02:59:21.035041 dv-cinder-846977-2-iscsi devstack@keystone.service[81582]: ERROR keystone.server.flask.application raise exception.RoleNotFound(role_id=role_id)
Oct 17 02:59:21.035041 dv-cinder-846977-2-iscsi devstack@keystone.service[81582]: ERROR keystone.server.flask.application keystone.exception.RoleNotFound: Could not find role: anotherrole.
Oct 17 02:59:21.035041 dv-cinder-846977-2-iscsi devstack@keystone.service[81582]: ERROR keystone.server.flask.application
Oct 17 02:59:21.035041 dv-cinder-846977-2-iscsi devstack@keystone.service[81582]: [pid: 81582|app: 0|req: 168/325] 10.222.0.27 () {56 vars in 1114 bytes} [Mon Oct 17 02:59:20 2022] GET /identity/v3/roles/anotherrole => generated 89 bytes in 206 msecs (HTTP/1.1 404) 5 headers in 183 bytes (1 switches on core 0)
Oct 17 02:59:21.041318 dv-cinder-846977-2-iscsi devstack@keystone.service[81581]: DEBUG keystone.server.flask.request_processing.middleware.auth_context [None req-ee7d16d3-daf6-4053-9afd-d4941df63f24 None admin] Authenticating user token {{(pid=81581) process_request /usr/local/lib/python3.8/dist-packages/keystonemiddleware/auth_token/__init__.py:407}}
Oct 17 02:59:21.056291 dv-cinder-846977-2-iscsi devstack@keystone.service[81582]: DEBUG keystone.server.flask.request_processing.middleware.auth_context [None req-821cdf25-0747-433f-8219-9eab6b34e3da None admin] Authenticating user token {{(pid=81582) process_request /usr/local/lib/python3.8/dist-packages/keystonemiddleware/auth_token/__init__.py:407}}
Oct 17 02:59:21.135140 dv-cinder-846977-2-iscsi devstack@keystone.service[81582]: DEBUG dbcounter [-] [81582] Writing DB stats keystone:SELECT=100 {{(pid=81582) stat_writer /usr/local/lib/python3.8/dist-packages/dbcounter.py:114}}
Oct 17 02:59:21.188830 dv-cinder-846977-2-iscsi devstack@keystone.service[81581]: DEBUG keystone.server.flask.request_processing.middleware.auth_context [None req-ee7d16d3-daf6-4053-9afd-d4941df63f24 None admin] Validating token access rules against request {{(pid=81581) validate_allowed_request /usr/local/lib/python3.8/dist-packages/keystonemiddleware/auth_token/__init__.py:545}}
Oct 17 02:59:21.189653 dv-cinder-846977-2-iscsi devstack@keystone.service[81582]: DEBUG keystone.server.flask.request_processing.middleware.auth_context [None req-821cdf25-0747-433f-8219-9eab6b34e3da None admin] Validating token access rules against request {{(pid=81582) validate_allowed_request /usr/local/lib/python3.8/dist-packages/keystonemiddleware/auth_token/__init__.py:545}}
Oct 17 02:59:21.236401 dv-cinder-846977-2-iscsi devstack@keystone.service[81582]: DEBUG keystone.server.flask.request_processing.middleware.auth_context [None req-2b62d631-d0da-47cd-9156-fce9b2b5d73c None admin] RBAC: auth_context: {'token': , 'domain_id': None, 'trust_id': None, 'trustor_id': None, 'trustee_id': None, 'domain_name': None, 'group_ids': [], 'user_id': 'f84d693b9d0643c69861a5541952b43b', 'user_domain_id': 'default', 'system_scope': 'all', 'project_id': None, 'project_domain_id': None, 'roles': ['admin', 'member', 'reader'], 'is_admin_project': True, 'service_user_id': None, 'service_user_domain_id': None, 'service_project_id': None, 'service_project_domain_id': None, 'service_roles': []} {{(pid=81582) fill_context /opt/stack/keystone/keystone/server/flask/request_processing/middleware/auth_context.py:478}}
Oct 17 02:59:21.236826 dv-cinder-846977-2-iscsi devstack@keystone.service[81581]: DEBUG keystone.server.flask.request_processing.middleware.auth_context [None req-b798d6f1-1236-4340-9f31-2c12747d1ba4 None admin] RBAC: auth_context: {'token': , 'domain_id': None, 'trust_id': None, 'trustor_id': None, 'trustee_id': None, 'domain_name': None, 'group_ids': [], 'user_id': 'f84d693b9d0643c69861a5541952b43b', 'user_domain_id': 'default', 'system_scope': 'all', 'project_id': None, 'project_domain_id': None, 'roles': ['admin', 'member', 'reader'], 'is_admin_project': True, 'service_user_id': None, 'service_user_domain_id': None, 'service_project_id': None, 'service_project_domain_id': None, 'service_roles': []} {{(pid=81581) fill_context /opt/stack/keystone/keystone/server/flask/request_processing/middleware/auth_context.py:478}}
Oct 17 02:59:21.237269 dv-cinder-846977-2-iscsi devstack@keystone.service[81582]: DEBUG keystone.server.flask.request_processing.req_logging [None req-2b62d631-d0da-47cd-9156-fce9b2b5d73c None admin] REQUEST_METHOD: `GET` {{(pid=81582) log_request_info /opt/stack/keystone/keystone/server/flask/request_processing/req_logging.py:27}}
Oct 17 02:59:21.237358 dv-cinder-846977-2-iscsi devstack@keystone.service[81582]: DEBUG keystone.server.flask.request_processing.req_logging [None req-2b62d631-d0da-47cd-9156-fce9b2b5d73c None admin] SCRIPT_NAME: `/identity` {{(pid=81582) log_request_info /opt/stack/keystone/keystone/server/flask/request_processing/req_logging.py:28}}
Oct 17 02:59:21.237428 dv-cinder-846977-2-iscsi devstack@keystone.service[81581]: DEBUG keystone.server.flask.request_processing.req_logging [None req-b798d6f1-1236-4340-9f31-2c12747d1ba4 None admin] REQUEST_METHOD: `GET` {{(pid=81581) log_request_info /opt/stack/keystone/keystone/server/flask/request_processing/req_logging.py:27}}
Oct 17 02:59:21.237641 dv-cinder-846977-2-iscsi devstack@keystone.service[81582]: DEBUG keystone.server.flask.request_processing.req_logging [None req-2b62d631-d0da-47cd-9156-fce9b2b5d73c None admin] PATH_INFO: `/v3/roles/admin` {{(pid=81582) log_request_info /opt/stack/keystone/keystone/server/flask/request_processing/req_logging.py:29}}
Oct 17 02:59:21.237737 dv-cinder-846977-2-iscsi devstack@keystone.service[81581]: DEBUG keystone.server.flask.request_processing.req_logging [None req-b798d6f1-1236-4340-9f31-2c12747d1ba4 None admin] SCRIPT_NAME: `/identity` {{(pid=81581) log_request_info /opt/stack/keystone/keystone/server/flask/request_processing/req_logging.py:28}}
Oct 17 02:59:21.237949 dv-cinder-846977-2-iscsi devstack@keystone.service[81581]: DEBUG keystone.server.flask.request_processing.req_logging [None req-b798d6f1-1236-4340-9f31-2c12747d1ba4 None admin] PATH_INFO: `/v3/roles` {{(pid=81581) log_request_info /opt/stack/keystone/keystone/server/flask/request_processing/req_logging.py:29}}
Oct 17 02:59:21.239956 dv-cinder-846977-2-iscsi devstack@keystone.service[81581]: DEBUG keystone.common.rbac_enforcer.enforcer [None req-b798d6f1-1236-4340-9f31-2c12747d1ba4 None admin] RBAC: Adding query filter params (name=anotherrole) {{(pid=81581) _extract_filter_values /opt/stack/keystone/keystone/common/rbac_enforcer/enforcer.py:167}}
Oct 17 02:59:21.240264 dv-cinder-846977-2-iscsi devstack@keystone.service[81581]: DEBUG keystone.common.rbac_enforcer.enforcer [None req-b798d6f1-1236-4340-9f31-2c12747d1ba4 None admin] RBAC: Authorizing `identity:list_roles()` {{(pid=81581) enforce_call /opt/stack/keystone/keystone/common/rbac_enforcer/enforcer.py:449}}
Oct 17 02:59:21.241650 dv-cinder-846977-2-iscsi devstack@keystone.service[81581]: DEBUG keystone.common.rbac_enforcer.enforcer [None req-b798d6f1-1236-4340-9f31-2c12747d1ba4 None admin] RBAC: Authorization granted {{(pid=81581) enforce_call /opt/stack/keystone/keystone/common/rbac_enforcer/enforcer.py:457}}
Oct 17 02:59:21.251251 dv-cinder-846977-2-iscsi devstack@keystone.service[81581]: [pid: 81581|app: 0|req: 158/326] 10.222.0.27 () {56 vars in 1111 bytes} [Mon Oct 17 02:59:21 2022] GET /identity/v3/roles?name=anotherrole => generated 334 bytes in 210 msecs (HTTP/1.1 200) 5 headers in 177 bytes (1 switches on core 0)
Oct 17 02:59:21.252280 dv-cinder-846977-2-iscsi devstack@keystone.service[81582]: DEBUG keystone.common.rbac_enforcer.enforcer [None req-2b62d631-d0da-47cd-9156-fce9b2b5d73c None admin] Extracting inferred target data resulted in "NOT FOUND (404)". {{(pid=81582) enforce_call /opt/stack/keystone/keystone/common/rbac_enforcer/enforcer.py:409}}
Oct 17 02:59:21.257620 dv-cinder-846977-2-iscsi devstack@keystone.service[81581]: DEBUG keystone.server.flask.request_processing.middleware.auth_context [None req-b798d6f1-1236-4340-9f31-2c12747d1ba4 None admin] Authenticating user token {{(pid=81581) process_request /usr/local/lib/python3.8/dist-packages/keystonemiddleware/auth_token/__init__.py:407}}
Oct 17 02:59:21.257769 dv-cinder-846977-2-iscsi devstack@keystone.service[81582]: ERROR keystone.server.flask.application [None req-2b62d631-d0da-47cd-9156-fce9b2b5d73c None admin] Could not find role: admin.: keystone.exception.RoleNotFound: Could not find role: admin.
Oct 17 02:59:21.257769 dv-cinder-846977-2-iscsi devstack@keystone.service[81582]: ERROR keystone.server.flask.application
Traceback (most recent call last):
Oct 17 02:59:21.257769 dv-cinder-846977-2-iscsi devstack@keystone.service[81582]: ERROR keystone.server.flask.application
File "/usr/local/lib/python3.8/dist-packages/flask/app.py", line 1820, in full_dispatch_request
Oct 17 02:59:21.257769 dv-cinder-846977-2-iscsi devstack@keystone.service[81582]: ERROR keystone.server.flask.application rv = self.dispatch_request()
Oct 17 02:59:21.257769 dv-cinder-846977-2-iscsi devstack@keystone.service[81582]: ERROR keystone.server.flask.application
File "/usr/local/lib/python3.8/dist-packages/flask/app.py", line 1796, in dispatch_request
Oct 17 02:59:21.257769 dv-cinder-846977-2-iscsi devstack@keystone.service[81582]: ERROR keystone.server.flask.application return self.ensure_sync(self.view_functions[rule.endpoint])(**view_args)
Oct 17 02:59:21.257769 dv-cinder-846977-2-iscsi devstack@keystone.service[81582]: ERROR keystone.server.flask.application
File "/usr/local/lib/python3.8/dist-packages/flask_restful/__init__.py", line 467, in wrapper
Oct 17 02:59:21.257769 dv-cinder-846977-2-iscsi devstack@keystone.service[81582]: ERROR keystone.server.flask.application resp = resource(*args, **kwargs)
Oct 17 02:59:21.257769 dv-cinder-846977-2-iscsi devstack@keystone.service[81582]: ERROR keystone.server.flask.application
File "/usr/local/lib/python3.8/dist-packages/flask/views.py", line 107, in view
Oct 17 02:59:21.257769 dv-cinder-846977-2-iscsi devstack@keystone.service[81582]: ERROR keystone.server.flask.application return current_app.ensure_sync(self.dispatch_request)(**kwargs)
Oct 17 02:59:21.257769 dv-cinder-846977-2-iscsi devstack@keystone.service[81582]: ERROR keystone.server.flask.application
File "/usr/local/lib/python3.8/dist-packages/flask_restful/__init__.py", line 582, in dispatch_request
Oct 17 02:59:21.257769 dv-cinder-846977-2-iscsi devstack@keystone.service[81582]: ERROR keystone.server.flask.application resp = meth(*args, **kwargs)
Oct 17 02:59:21.257769 dv-cinder-846977-2-iscsi devstack@keystone.service[81582]: ERROR keystone.server.flask.application
File "/opt/stack/keystone/keystone/api/roles.py", line 50, in get
Oct 17 02:59:21.257769 dv-cinder-846977-2-iscsi devstack@keystone.service[81582]: ERROR keystone.server.flask.application return self._get_role(role_id)
Oct 17 02:59:21.257769 dv-cinder-846977-2-iscsi devstack@keystone.service[81582]: ERROR keystone.server.flask.application
File "/opt/stack/keystone/keystone/api/roles.py", line 70, in _get_role
Oct 17 02:59:21.257769 dv-cinder-846977-2-iscsi devstack@keystone.service[81582]: ERROR keystone.server.flask.application ENFORCER.enforce_call(action='identity:get_role')
Oct 17 02:59:21.258601 dv-cinder-846977-2-iscsi devstack@keystone.service[81582]: ERROR keystone.server.flask.application
File "/opt/stack/keystone/keystone/common/rbac_enforcer/enforcer.py", line 402, in enforce_call
Oct 17 02:59:21.258601 dv-cinder-846977-2-iscsi devstack@keystone.service[81582]: ERROR keystone.server.flask.application policy_dict.update(cls._extract_member_target_data(
Oct 17 02:59:21.258601 dv-cinder-846977-2-iscsi devstack@keystone.service[81582]: ERROR keystone.server.flask.application
File "/opt/stack/keystone/keystone/common/rbac_enforcer/enforcer.py", line 234, in _extract_member_target_data
Oct 17 02:59:21.258601 dv-cinder-846977-2-iscsi devstack@keystone.service[81582]: ERROR keystone.server.flask.application member_name: func(flask.request.view_args[key])
Oct 17 02:59:21.258601 dv-cinder-846977-2-iscsi devstack@keystone.service[81582]: ERROR keystone.server.flask.application
File "/opt/stack/keystone/keystone/common/manager.py", line 115, in wrapped
Oct 17 02:59:21.258601 dv-cinder-846977-2-iscsi devstack@keystone.service[81582]: ERROR keystone.server.flask.application __ret_val = __f(*args, **kwargs)
Oct 17 02:59:21.258601 dv-cinder-846977-2-iscsi devstack@keystone.service[81582]: ERROR keystone.server.flask.application
File "/usr/local/lib/python3.8/dist-packages/decorator.py", line 232, in fun
Oct 17 02:59:21.258601 dv-cinder-846977-2-iscsi devstack@keystone.service[81582]: ERROR keystone.server.flask.application return caller(func, *(extras + args), **kw)
Oct 17 02:59:21.258601 dv-cinder-846977-2-iscsi devstack@keystone.service[81582]: ERROR keystone.server.flask.application
File "/usr/local/lib/python3.8/dist-packages/dogpile/cache/region.py", line 1577, in get_or_create_for_user_func
Oct 17 02:59:21.258601 dv-cinder-846977-2-iscsi devstack@keystone.service[81582]: ERROR keystone.server.flask.application return self.get_or_create(
Oct 17 02:59:21.258601 dv-cinder-846977-2-iscsi devstack@keystone.service[81582]: ERROR keystone.server.flask.application
File "/usr/local/lib/python3.8/dist-packages/dogpile/cache/region.py", line 1042, in get_or_create
Oct 17 02:59:21.258601 dv-cinder-846977-2-iscsi devstack@keystone.service[81582]: ERROR keystone.server.flask.application with Lock(
Oct 17 02:59:21.258601 dv-cinder-846977-2-iscsi devstack@keystone.service[81582]: ERROR keystone.server.flask.application
File "/usr/local/lib/python3.8/dist-packages/dogpile/lock.py", line 185, in __enter__
Oct 17 02:59:21.258601 dv-cinder-846977-2-iscsi devstack@keystone.service[81582]: ERROR keystone.server.flask.application return self._enter()
Oct 17 02:59:21.258601 dv-cinder-846977-2-iscsi devstack@keystone.service[81582]: ERROR keystone.server.flask.application
File "/usr/local/lib/python3.8/dist-packages/dogpile/lock.py", line 94, in _enter
Oct 17 02:59:21.258601 dv-cinder-846977-2-iscsi devstack@keystone.service[81582]: ERROR keystone.server.flask.application generated = self._enter_create(value, createdtime)
Oct 17 02:59:21.259440 dv-cinder-846977-2-iscsi devstack@keystone.service[81582]: ERROR keystone.server.flask.application
File "/usr/local/lib/python3.8/dist-packages/dogpile/lock.py", line 178, in _enter_create
Oct 17 02:59:21.259440 dv-cinder-846977-2-iscsi devstack@keystone.service[81582]: ERROR keystone.server.flask.application return self.creator()
Oct 17 02:59:21.259440 dv-cinder-846977-2-iscsi devstack@keystone.service[81582]: ERROR keystone.server.flask.application
File "/usr/local/lib/python3.8/dist-packages/dogpile/cache/region.py", line 995, in gen_value
Oct 17 02:59:21.259440 dv-cinder-846977-2-iscsi devstack@keystone.service[81582]: ERROR keystone.server.flask.application created_value = creator(
Oct 17 02:59:21.259440 dv-cinder-846977-2-iscsi devstack@keystone.service[81582]: ERROR keystone.server.flask.application
File "/opt/stack/keystone/keystone/assignment/core.py", line 1276, in get_role
Oct 17 02:59:21.259440 dv-cinder-846977-2-iscsi devstack@keystone.service[81582]: ERROR keystone.server.flask.application return self.driver.get_role(role_id)
Oct 17 02:59:21.259440 dv-cinder-846977-2-iscsi devstack@keystone.service[81582]: ERROR keystone.server.flask.application
File "/opt/stack/keystone/keystone/assignment/role_backends/sql.py", line 70, in get_role
Oct 17 02:59:21.259440 dv-cinder-846977-2-iscsi devstack@keystone.service[81582]: ERROR keystone.server.flask.application return self._get_role(session, role_id).to_dict()
Oct 17 02:59:21.259440 dv-cinder-846977-2-iscsi devstack@keystone.service[81582]: ERROR keystone.server.flask.application
File "/opt/stack/keystone/keystone/assignment/role_backends/sql.py", line 65, in _get_role
Oct 17 02:59:21.259440 dv-cinder-846977-2-iscsi devstack@keystone.service[81582]: ERROR keystone.server.flask.application raise exception.RoleNotFound(role_id=role_id)
Oct 17 02:59:21.259440 dv-cinder-846977-2-iscsi devstack@keystone.service[81582]: ERROR keystone.server.flask.application keystone.exception.RoleNotFound: Could not find role: admin.
Oct 17 02:59:21.259440 dv-cinder-846977-2-iscsi devstack@keystone.service[81582]: ERROR keystone.server.flask.application
Oct 17 02:59:21.260083 dv-cinder-846977-2-iscsi devstack@keystone.service[81582]: [pid: 81582|app: 0|req: 169/327] 10.222.0.27 () {56 vars in 1096 bytes} [Mon Oct 17 02:59:21 2022] GET /identity/v3/roles/admin => generated 83 bytes in 204 msecs (HTTP/1.1 404) 5 headers in 183 bytes (2 switches on core 0)
Oct 17 02:59:21.266387 dv-cinder-846977-2-iscsi devstack@keystone.service[81582]: DEBUG keystone.server.flask.request_processing.middleware.auth_context [None req-2b62d631-d0da-47cd-9156-fce9b2b5d73c None admin] Authenticating user token {{(pid=81582) process_request /usr/local/lib/python3.8/dist-packages/keystonemiddleware/auth_token/__init__.py:407}}
Oct 17 02:59:21.300781 dv-cinder-846977-2-iscsi devstack@keystone.service[81581]: DEBUG dbcounter [-] [81581] Writing DB stats keystone:SELECT=100 {{(pid=81581) stat_writer /usr/local/lib/python3.8/dist-packages/dbcounter.py:114}}
Oct 17 02:59:21.384289 dv-cinder-846977-2-iscsi devstack@keystone.service[81581]: DEBUG keystone.server.flask.request_processing.middleware.auth_context [None req-b798d6f1-1236-4340-9f31-2c12747d1ba4 None admin] Validating token access rules against request {{(pid=81581) validate_allowed_request /usr/local/lib/python3.8/dist-packages/keystonemiddleware/auth_token/__init__.py:545}}
Oct 17 02:59:21.396809 dv-cinder-846977-2-iscsi devstack@keystone.service[81582]: DEBUG keystone.server.flask.request_processing.middleware.auth_context [None req-2b62d631-d0da-47cd-9156-fce9b2b5d73c None admin] Validating token access rules against request {{(pid=81582) validate_allowed_request /usr/local/lib/python3.8/dist-packages/keystonemiddleware/auth_token/__init__.py:545}}
Oct 17 02:59:21.417151 dv-cinder-846977-2-iscsi devstack@keystone.service[81582]: DEBUG dbcounter [-] [81582] Writing DB stats keystone:SELECT=100 {{(pid=81582) stat_writer /usr/local/lib/python3.8/dist-packages/dbcounter.py:114}}
Oct 17 02:59:21.427488 dv-cinder-846977-2-iscsi devstack@keystone.service[81581]: DEBUG keystone.server.flask.request_processing.middleware.auth_context [None req-2acc0e8a-0b25-4c01-ae76-1cecf9e8009d None admin] RBAC: auth_context: {'token': , 'domain_id': None, 'trust_id': None, 'trustor_id': None, 'trustee_id': None, 'domain_name': None, 'group_ids': [], 'user_id': 'f84d693b9d0643c69861a5541952b43b', 'user_domain_id': 'default', 'system_scope': 'all', 'project_id': None, 'project_domain_id': None, 'roles': ['admin', 'member', 'reader'], 'is_admin_project': True, 'service_user_id': None, 'service_user_domain_id': None, 'service_project_id': None, 'service_project_domain_id': None, 'service_roles': []} {{(pid=81581) fill_context /opt/stack/keystone/keystone/server/flask/request_processing/middleware/auth_context.py:478}}
Oct 17 02:59:21.427488 dv-cinder-846977-2-iscsi devstack@keystone.service[81581]: DEBUG keystone.server.flask.request_processing.req_logging [None req-2acc0e8a-0b25-4c01-ae76-1cecf9e8009d None admin] REQUEST_METHOD: `GET` {{(pid=81581) log_request_info /opt/stack/keystone/keystone/server/flask/request_processing/req_logging.py:27}}
Oct 17 02:59:21.427488 dv-cinder-846977-2-iscsi devstack@keystone.service[81581]: DEBUG keystone.server.flask.request_processing.req_logging [None req-2acc0e8a-0b25-4c01-ae76-1cecf9e8009d None admin] SCRIPT_NAME: `/identity` {{(pid=81581) log_request_info /opt/stack/keystone/keystone/server/flask/request_processing/req_logging.py:28}}
Oct 17 02:59:21.427865 dv-cinder-846977-2-iscsi devstack@keystone.service[81581]: DEBUG keystone.server.flask.request_processing.req_logging [None req-2acc0e8a-0b25-4c01-ae76-1cecf9e8009d None admin] PATH_INFO: `/v3/auth/tokens` {{(pid=81581) log_request_info /opt/stack/keystone/keystone/server/flask/request_processing/req_logging.py:29}}
Oct 17 02:59:21.439949 dv-cinder-846977-2-iscsi devstack@keystone.service[81582]: DEBUG keystone.server.flask.request_processing.middleware.auth_context [None req-01443e92-82be-4046-9563-4dad68388a94 None admin] RBAC: auth_context: {'token': , 'domain_id': None, 'trust_id': None, 'trustor_id': None, 'trustee_id': None, 'domain_name': None, 'group_ids': [], 'user_id': 'f84d693b9d0643c69861a5541952b43b', 'user_domain_id': 'default', 'system_scope': 'all', 'project_id': None, 'project_domain_id': None, 'roles': ['admin', 'member', 'reader'], 'is_admin_project': True, 'service_user_id': None, 'service_user_domain_id': None, 'service_project_id': None, 'service_project_domain_id': None, 'service_roles': []} {{(pid=81582) fill_context /opt/stack/keystone/keystone/server/flask/request_processing/middleware/auth_context.py:478}}
Oct 17 02:59:21.440695 dv-cinder-846977-2-iscsi devstack@keystone.service[81582]: DEBUG keystone.server.flask.request_processing.req_logging [None req-01443e92-82be-4046-9563-4dad68388a94 None admin] REQUEST_METHOD: `GET` {{(pid=81582) log_request_info /opt/stack/keystone/keystone/server/flask/request_processing/req_logging.py:27}}
Oct 17 02:59:21.440899 dv-cinder-846977-2-iscsi devstack@keystone.service[81582]: DEBUG keystone.server.flask.request_processing.req_logging [None req-01443e92-82be-4046-9563-4dad68388a94 None admin] SCRIPT_NAME: `/identity` {{(pid=81582) log_request_info /opt/stack/keystone/keystone/server/flask/request_processing/req_logging.py:28}}
Oct 17 02:59:21.441176 dv-cinder-846977-2-iscsi devstack@keystone.service[81582]: DEBUG keystone.server.flask.request_processing.req_logging [None req-01443e92-82be-4046-9563-4dad68388a94 None admin] PATH_INFO: `/v3/roles` {{(pid=81582) log_request_info /opt/stack/keystone/keystone/server/flask/request_processing/req_logging.py:29}}
Oct 17 02:59:21.442390 dv-cinder-846977-2-iscsi devstack@keystone.service[81582]: DEBUG keystone.common.rbac_enforcer.enforcer [None req-01443e92-82be-4046-9563-4dad68388a94 None admin] RBAC: Adding query filter params (name=admin) {{(pid=81582) _extract_filter_values /opt/stack/keystone/keystone/common/rbac_enforcer/enforcer.py:167}}
Oct 17 02:59:21.442691 dv-cinder-846977-2-iscsi devstack@keystone.service[81582]: DEBUG keystone.common.rbac_enforcer.enforcer [None req-01443e92-82be-4046-9563-4dad68388a94 None admin] RBAC: Authorizing `identity:list_roles()` {{(pid=81582) enforce_call /opt/stack/keystone/keystone/common/rbac_enforcer/enforcer.py:449}}
Oct 17 02:59:21.444099 dv-cinder-846977-2-iscsi devstack@keystone.service[81582]: DEBUG keystone.common.rbac_enforcer.enforcer [None req-01443e92-82be-4046-9563-4dad68388a94 None admin] RBAC: Authorization granted {{(pid=81582) enforce_call /opt/stack/keystone/keystone/common/rbac_enforcer/enforcer.py:457}}
Oct 17 02:59:21.453559 dv-cinder-846977-2-iscsi devstack@keystone.service[81582]: [pid: 81582|app: 0|req: 170/328] 10.222.0.27 () {56 vars in 1099 bytes} [Mon Oct 17 02:59:21 2022] GET /identity/v3/roles?name=admin => generated 339 bytes in 188 msecs (HTTP/1.1 200) 5 headers in 177 bytes (1 switches on core 0)
Oct 17 02:59:21.459824 dv-cinder-846977-2-iscsi devstack@keystone.service[81582]: DEBUG keystone.server.flask.request_processing.middleware.auth_context [None req-01443e92-82be-4046-9563-4dad68388a94 None admin] Authenticating user token {{(pid=81582) process_request /usr/local/lib/python3.8/dist-packages/keystonemiddleware/auth_token/__init__.py:407}}
Oct 17 02:59:21.511847 dv-cinder-846977-2-iscsi devstack@keystone.service[81581]: DEBUG keystone.common.rbac_enforcer.enforcer [None req-2acc0e8a-0b25-4c01-ae76-1cecf9e8009d None admin] RBAC: Authorizing `identity:validate_token()` {{(pid=81581) enforce_call /opt/stack/keystone/keystone/common/rbac_enforcer/enforcer.py:449}}
Oct 17 02:59:21.513357 dv-cinder-846977-2-iscsi devstack@keystone.service[81581]: DEBUG keystone.common.rbac_enforcer.enforcer [None req-2acc0e8a-0b25-4c01-ae76-1cecf9e8009d None admin] RBAC: Authorization granted {{(pid=81581) enforce_call /opt/stack/keystone/keystone/common/rbac_enforcer/enforcer.py:457}}
Oct 17 02:59:21.554915 dv-cinder-846977-2-iscsi devstack@keystone.service[81581]: DEBUG dbcounter [-] [81581] Writing DB stats keystone:SELECT=100 {{(pid=81581) stat_writer /usr/local/lib/python3.8/dist-packages/dbcounter.py:114}}
Oct 17 02:59:21.579432 dv-cinder-846977-2-iscsi devstack@keystone.service[81582]: DEBUG keystone.server.flask.request_processing.middleware.auth_context [None req-01443e92-82be-4046-9563-4dad68388a94 None admin] Validating token access rules against request {{(pid=81582) validate_allowed_request /usr/local/lib/python3.8/dist-packages/keystonemiddleware/auth_token/__init__.py:545}}
Oct 17 02:59:21.620562 dv-cinder-846977-2-iscsi devstack@keystone.service[81582]: DEBUG keystone.server.flask.request_processing.middleware.auth_context [None req-7cb202eb-59b6-44cf-9c31-39c565e7594a None admin] RBAC: auth_context: {'token': , 'domain_id': None, 'trust_id': None, 'trustor_id': None, 'trustee_id': None, 'domain_name': None, 'group_ids': [], 'user_id': 'f84d693b9d0643c69861a5541952b43b', 'user_domain_id': 'default', 'system_scope': 'all', 'project_id': None, 'project_domain_id': None, 'roles': ['admin', 'member', 'reader'], 'is_admin_project': True, 'service_user_id': None, 'service_user_domain_id': None, 'service_project_id': None, 'service_project_domain_id': None, 'service_roles': []} {{(pid=81582) fill_context /opt/stack/keystone/keystone/server/flask/request_processing/middleware/auth_context.py:478}}
Oct 17 02:59:21.621299 dv-cinder-846977-2-iscsi devstack@keystone.service[81582]: DEBUG keystone.server.flask.request_processing.req_logging [None req-7cb202eb-59b6-44cf-9c31-39c565e7594a None admin] REQUEST_METHOD: `GET` {{(pid=81582) log_request_info /opt/stack/keystone/keystone/server/flask/request_processing/req_logging.py:27}}
Oct 17 02:59:21.621574 dv-cinder-846977-2-iscsi devstack@keystone.service[81582]: DEBUG keystone.server.flask.request_processing.req_logging [None req-7cb202eb-59b6-44cf-9c31-39c565e7594a None admin] SCRIPT_NAME: `/identity` {{(pid=81582) log_request_info /opt/stack/keystone/keystone/server/flask/request_processing/req_logging.py:28}}
Oct 17 02:59:21.621841 dv-cinder-846977-2-iscsi devstack@keystone.service[81582]: DEBUG keystone.server.flask.request_processing.req_logging [None req-7cb202eb-59b6-44cf-9c31-39c565e7594a None admin] PATH_INFO: `/v3/auth/tokens` {{(pid=81582) log_request_info /opt/stack/keystone/keystone/server/flask/request_processing/req_logging.py:29}}
Oct 17 02:59:21.639724 dv-cinder-846977-2-iscsi devstack@keystone.service[81581]: [pid: 81581|app: 0|req: 159/329] 10.222.0.27 () {58 vars in 1282 bytes} [Mon Oct 17 02:59:21 2022] GET /identity/v3/auth/tokens => generated 799 bytes in 382 msecs (HTTP/1.1 200) 6 headers in 358 bytes (1 switches on core 0)
Oct 17 02:59:21.646123 dv-cinder-846977-2-iscsi devstack@keystone.service[81581]: DEBUG keystone.server.flask.request_processing.middleware.auth_context [None req-2acc0e8a-0b25-4c01-ae76-1cecf9e8009d None admin] Authenticating user token {{(pid=81581) process_request /usr/local/lib/python3.8/dist-packages/keystonemiddleware/auth_token/__init__.py:407}}
Oct 17 02:59:21.680097 dv-cinder-846977-2-iscsi devstack@keystone.service[81582]: DEBUG dbcounter [-] [81582] Writing DB stats keystone:SELECT=100 {{(pid=81582) stat_writer /usr/local/lib/python3.8/dist-packages/dbcounter.py:114}}
Oct 17 02:59:21.706320 dv-cinder-846977-2-iscsi devstack@keystone.service[81582]: DEBUG keystone.common.rbac_enforcer.enforcer [None req-7cb202eb-59b6-44cf-9c31-39c565e7594a None admin] RBAC: Authorizing `identity:validate_token()` {{(pid=81582) enforce_call /opt/stack/keystone/keystone/common/rbac_enforcer/enforcer.py:449}}
Oct 17 02:59:21.707806 dv-cinder-846977-2-iscsi devstack@keystone.service[81582]: DEBUG keystone.common.rbac_enforcer.enforcer [None req-7cb202eb-59b6-44cf-9c31-39c565e7594a None admin] RBAC: Authorization granted {{(pid=81582) enforce_call /opt/stack/keystone/keystone/common/rbac_enforcer/enforcer.py:457}}
Oct 17 02:59:21.764313 dv-cinder-846977-2-iscsi devstack@keystone.service[81581]: DEBUG keystone.server.flask.request_processing.middleware.auth_context [None req-2acc0e8a-0b25-4c01-ae76-1cecf9e8009d None admin] Validating token access rules against request {{(pid=81581) validate_allowed_request /usr/local/lib/python3.8/dist-packages/keystonemiddleware/auth_token/__init__.py:545}}
Oct 17 02:59:21.804113 dv-cinder-846977-2-iscsi devstack@keystone.service[81581]: DEBUG keystone.server.flask.request_processing.middleware.auth_context [None req-e3c42395-d18b-4bf5-95ea-acbad385f03a None admin] RBAC: auth_context: {'token': , 'domain_id': None, 'trust_id': None, 'trustor_id': None, 'trustee_id': None, 'domain_name': None, 'group_ids': [], 'user_id': 'f84d693b9d0643c69861a5541952b43b', 'user_domain_id': 'default', 'system_scope': 'all', 'project_id': None, 'project_domain_id': None, 'roles': ['admin', 'member', 'reader'], 'is_admin_project': True, 'service_user_id': None, 'service_user_domain_id': None, 'service_project_id': None, 'service_project_domain_id': None, 'service_roles': []} {{(pid=81581) fill_context /opt/stack/keystone/keystone/server/flask/request_processing/middleware/auth_context.py:478}}
Oct 17 02:59:21.804811 dv-cinder-846977-2-iscsi devstack@keystone.service[81581]: DEBUG keystone.server.flask.request_processing.req_logging [None req-e3c42395-d18b-4bf5-95ea-acbad385f03a None admin] REQUEST_METHOD: `GET` {{(pid=81581) log_request_info /opt/stack/keystone/keystone/server/flask/request_processing/req_logging.py:27}}
Oct 17 02:59:21.805096 dv-cinder-846977-2-iscsi devstack@keystone.service[81581]: DEBUG keystone.server.flask.request_processing.req_logging [None req-e3c42395-d18b-4bf5-95ea-acbad385f03a None admin] SCRIPT_NAME: `/identity` {{(pid=81581) log_request_info /opt/stack/keystone/keystone/server/flask/request_processing/req_logging.py:28}}
Oct 17 02:59:21.805369 dv-cinder-846977-2-iscsi devstack@keystone.service[81581]: DEBUG keystone.server.flask.request_processing.req_logging [None req-e3c42395-d18b-4bf5-95ea-acbad385f03a None admin] PATH_INFO: `/v3/projects/615d529fe91a4c82b4d4fe25f10a0478` {{(pid=81581) log_request_info /opt/stack/keystone/keystone/server/flask/request_processing/req_logging.py:29}}
Oct 17 02:59:21.806776 dv-cinder-846977-2-iscsi devstack@keystone.service[81581]: DEBUG keystone.common.rbac_enforcer.enforcer [None req-e3c42395-d18b-4bf5-95ea-acbad385f03a None admin] RBAC: Authorizing `identity:get_project(project_id=615d529fe91a4c82b4d4fe25f10a0478)` {{(pid=81581) enforce_call /opt/stack/keystone/keystone/common/rbac_enforcer/enforcer.py:449}}
Oct 17 02:59:21.808335 dv-cinder-846977-2-iscsi devstack@keystone.service[81581]: DEBUG keystone.common.rbac_enforcer.enforcer [None req-e3c42395-d18b-4bf5-95ea-acbad385f03a None admin] RBAC: Authorization granted {{(pid=81581) enforce_call /opt/stack/keystone/keystone/common/rbac_enforcer/enforcer.py:457}}
Oct 17 02:59:21.810270 dv-cinder-846977-2-iscsi devstack@keystone.service[81581]: [pid: 81581|app: 0|req: 160/330] 10.222.0.27 () {56 vars in 1186 bytes} [Mon Oct 17 02:59:21 2022] GET /identity/v3/projects/615d529fe91a4c82b4d4fe25f10a0478 => generated 302 bytes in 165 msecs (HTTP/1.1 200) 5 headers in 177 bytes (2 switches on core 0)
Oct 17 02:59:21.815576 dv-cinder-846977-2-iscsi devstack@keystone.service[81581]: DEBUG keystone.server.flask.request_processing.middleware.auth_context [None req-e3c42395-d18b-4bf5-95ea-acbad385f03a None admin] Authenticating user token {{(pid=81581) process_request /usr/local/lib/python3.8/dist-packages/keystonemiddleware/auth_token/__init__.py:407}}
Oct 17 02:59:21.819685 dv-cinder-846977-2-iscsi devstack@keystone.service[81581]: DEBUG dbcounter [-] [81581] Writing DB stats keystone:SELECT=100 {{(pid=81581) stat_writer /usr/local/lib/python3.8/dist-packages/dbcounter.py:114}}
Oct 17 02:59:21.831643 dv-cinder-846977-2-iscsi devstack@keystone.service[81582]: [pid: 81582|app: 0|req: 171/331] 10.222.0.27 () {58 vars in 1282 bytes} [Mon Oct 17 02:59:21 2022] GET /identity/v3/auth/tokens => generated 799 bytes in 372 msecs (HTTP/1.1 200) 6 headers in 358 bytes (2 switches on core 0)
Oct 17 02:59:21.838015 dv-cinder-846977-2-iscsi devstack@keystone.service[81582]: DEBUG keystone.server.flask.request_processing.middleware.auth_context [None req-7cb202eb-59b6-44cf-9c31-39c565e7594a None admin] Authenticating user token {{(pid=81582) process_request /usr/local/lib/python3.8/dist-packages/keystonemiddleware/auth_token/__init__.py:407}}
Oct 17 02:59:21.915420 dv-cinder-846977-2-iscsi devstack@keystone.service[81582]: DEBUG dbcounter [-] [81582] Writing DB stats keystone:SELECT=100 {{(pid=81582) stat_writer /usr/local/lib/python3.8/dist-packages/dbcounter.py:114}}
Oct 17 02:59:21.917553 dv-cinder-846977-2-iscsi devstack@keystone.service[81581]: DEBUG keystone.server.flask.request_processing.middleware.auth_context [None req-e3c42395-d18b-4bf5-95ea-acbad385f03a None admin] Validating token access rules against request {{(pid=81581) validate_allowed_request /usr/local/lib/python3.8/dist-packages/keystonemiddleware/auth_token/__init__.py:545}}
Oct 17 02:59:21.935380 dv-cinder-846977-2-iscsi devstack@keystone.service[81582]: DEBUG keystone.server.flask.request_processing.middleware.auth_context [None req-7cb202eb-59b6-44cf-9c31-39c565e7594a None admin] Validating token access rules against request {{(pid=81582) validate_allowed_request /usr/local/lib/python3.8/dist-packages/keystonemiddleware/auth_token/__init__.py:545}}
Oct 17 02:59:21.950882 dv-cinder-846977-2-iscsi devstack@keystone.service[81581]: DEBUG keystone.server.flask.request_processing.middleware.auth_context [None req-5427c301-b224-46d0-8435-0cc0e703158d None admin] RBAC: auth_context: {'token': , 'domain_id': None, 'trust_id': None, 'trustor_id': None, 'trustee_id': None, 'domain_name': None, 'group_ids': [], 'user_id': 'f84d693b9d0643c69861a5541952b43b', 'user_domain_id': 'default', 'system_scope': 'all', 'project_id': None, 'project_domain_id': None, 'roles': ['admin', 'member', 'reader'], 'is_admin_project': True, 'service_user_id': None, 'service_user_domain_id': None, 'service_project_id': None, 'service_project_domain_id': None, 'service_roles': []} {{(pid=81581) fill_context /opt/stack/keystone/keystone/server/flask/request_processing/middleware/auth_context.py:478}}
Oct 17 02:59:21.951520 dv-cinder-846977-2-iscsi devstack@keystone.service[81581]: DEBUG keystone.server.flask.request_processing.req_logging [None req-5427c301-b224-46d0-8435-0cc0e703158d None admin] REQUEST_METHOD: `GET` {{(pid=81581) log_request_info /opt/stack/keystone/keystone/server/flask/request_processing/req_logging.py:27}}
Oct 17 02:59:21.951800 dv-cinder-846977-2-iscsi devstack@keystone.service[81581]: DEBUG keystone.server.flask.request_processing.req_logging [None req-5427c301-b224-46d0-8435-0cc0e703158d None admin] SCRIPT_NAME: `/identity` {{(pid=81581) log_request_info /opt/stack/keystone/keystone/server/flask/request_processing/req_logging.py:28}}
Oct 17 02:59:21.952079 dv-cinder-846977-2-iscsi devstack@keystone.service[81581]: DEBUG keystone.server.flask.request_processing.req_logging [None req-5427c301-b224-46d0-8435-0cc0e703158d None admin] PATH_INFO: `/v3/groups/68a2a5a679e94871a407cedec669a34b` {{(pid=81581) log_request_info /opt/stack/keystone/keystone/server/flask/request_processing/req_logging.py:29}}
Oct 17 02:59:21.953180 dv-cinder-846977-2-iscsi devstack@keystone.service[81581]: DEBUG keystone.common.rbac_enforcer.enforcer [None req-5427c301-b224-46d0-8435-0cc0e703158d None admin] RBAC: Authorizing `identity:get_group(group_id=68a2a5a679e94871a407cedec669a34b)` {{(pid=81581) enforce_call /opt/stack/keystone/keystone/common/rbac_enforcer/enforcer.py:449}}
Oct 17 02:59:21.954639 dv-cinder-846977-2-iscsi devstack@keystone.service[81581]: DEBUG keystone.common.rbac_enforcer.enforcer [None req-5427c301-b224-46d0-8435-0cc0e703158d None admin] RBAC: Authorization granted {{(pid=81581) enforce_call /opt/stack/keystone/keystone/common/rbac_enforcer/enforcer.py:457}}
Oct 17 02:59:21.956310 dv-cinder-846977-2-iscsi devstack@keystone.service[81581]: [pid: 81581|app: 0|req: 161/332] 10.222.0.27 () {56 vars in 1180 bytes} [Mon Oct 17 02:59:21 2022] GET /identity/v3/groups/68a2a5a679e94871a407cedec669a34b => generated 226 bytes in 141 msecs (HTTP/1.1 200) 5 headers in 177 bytes (2 switches on core 0)
Oct 17 02:59:21.962747 dv-cinder-846977-2-iscsi devstack@keystone.service[81581]: DEBUG keystone.server.flask.request_processing.middleware.auth_context [None req-5427c301-b224-46d0-8435-0cc0e703158d None admin] Authenticating user token {{(pid=81581) process_request /usr/local/lib/python3.8/dist-packages/keystonemiddleware/auth_token/__init__.py:407}}
Oct 17 02:59:21.969117 dv-cinder-846977-2-iscsi devstack@keystone.service[81582]: DEBUG keystone.server.flask.request_processing.middleware.auth_context [None req-5ef0361c-bcd4-4380-9bb3-82e5d5f688ac None admin] RBAC: auth_context: {'token': , 'domain_id': None, 'trust_id': None, 'trustor_id': None, 'trustee_id': None, 'domain_name': None, 'group_ids': [], 'user_id': 'f84d693b9d0643c69861a5541952b43b', 'user_domain_id': 'default', 'system_scope': 'all', 'project_id': None, 'project_domain_id': None, 'roles': ['admin', 'member', 'reader'], 'is_admin_project': True, 'service_user_id': None, 'service_user_domain_id': None, 'service_project_id': None, 'service_project_domain_id': None, 'service_roles': []} {{(pid=81582) fill_context /opt/stack/keystone/keystone/server/flask/request_processing/middleware/auth_context.py:478}}
Oct 17 02:59:21.969749 dv-cinder-846977-2-iscsi devstack@keystone.service[81582]: DEBUG keystone.server.flask.request_processing.req_logging [None req-5ef0361c-bcd4-4380-9bb3-82e5d5f688ac None admin] REQUEST_METHOD: `GET` {{(pid=81582) log_request_info /opt/stack/keystone/keystone/server/flask/request_processing/req_logging.py:27}}
Oct 17 02:59:21.970032 dv-cinder-846977-2-iscsi devstack@keystone.service[81582]: DEBUG keystone.server.flask.request_processing.req_logging [None req-5ef0361c-bcd4-4380-9bb3-82e5d5f688ac None admin] SCRIPT_NAME: `/identity` {{(pid=81582) log_request_info /opt/stack/keystone/keystone/server/flask/request_processing/req_logging.py:28}}
Oct 17 02:59:21.970303 dv-cinder-846977-2-iscsi devstack@keystone.service[81582]: DEBUG keystone.server.flask.request_processing.req_logging [None req-5ef0361c-bcd4-4380-9bb3-82e5d5f688ac None admin] PATH_INFO: `/v3/projects/eb6be797d9e4443fad02ceee69bd83a7` {{(pid=81582) log_request_info /opt/stack/keystone/keystone/server/flask/request_processing/req_logging.py:29}}
Oct 17 02:59:21.971444 dv-cinder-846977-2-iscsi devstack@keystone.service[81582]: DEBUG keystone.common.rbac_enforcer.enforcer [None req-5ef0361c-bcd4-4380-9bb3-82e5d5f688ac None admin] RBAC: Authorizing `identity:get_project(project_id=eb6be797d9e4443fad02ceee69bd83a7)` {{(pid=81582) enforce_call /opt/stack/keystone/keystone/common/rbac_enforcer/enforcer.py:449}}
Oct 17 02:59:21.973455 dv-cinder-846977-2-iscsi devstack@keystone.service[81582]: DEBUG keystone.common.rbac_enforcer.enforcer [None req-5ef0361c-bcd4-4380-9bb3-82e5d5f688ac None admin] RBAC: Authorization granted {{(pid=81582) enforce_call /opt/stack/keystone/keystone/common/rbac_enforcer/enforcer.py:457}}
Oct 17 02:59:21.979365 dv-cinder-846977-2-iscsi devstack@keystone.service[81582]: [pid: 81582|app: 0|req: 172/333] 10.222.0.27 () {56 vars in 1186 bytes} [Mon Oct 17 02:59:21 2022] GET /identity/v3/projects/eb6be797d9e4443fad02ceee69bd83a7 => generated 344 bytes in 137 msecs (HTTP/1.1 200) 5 headers in 177 bytes (2 switches on core 0)
Oct 17 02:59:21.980509 dv-cinder-846977-2-iscsi devstack@keystone.service[81582]: DEBUG keystone.server.flask.request_processing.middleware.auth_context [None req-5ef0361c-bcd4-4380-9bb3-82e5d5f688ac None admin] Authenticating user token {{(pid=81582) process_request /usr/local/lib/python3.8/dist-packages/keystonemiddleware/auth_token/__init__.py:407}}
Oct 17 02:59:22.032974 dv-cinder-846977-2-iscsi devstack@keystone.service[81581]: DEBUG dbcounter [-] [81581] Writing DB stats keystone:SELECT=100 {{(pid=81581) stat_writer /usr/local/lib/python3.8/dist-packages/dbcounter.py:114}}
Oct 17 02:59:22.062643 dv-cinder-846977-2-iscsi devstack@keystone.service[81581]: DEBUG keystone.server.flask.request_processing.middleware.auth_context [None req-5427c301-b224-46d0-8435-0cc0e703158d None admin] Validating token access rules against request {{(pid=81581) validate_allowed_request /usr/local/lib/python3.8/dist-packages/keystonemiddleware/auth_token/__init__.py:545}}
Oct 17 02:59:22.077488 dv-cinder-846977-2-iscsi devstack@keystone.service[81582]: DEBUG keystone.server.flask.request_processing.middleware.auth_context [None req-5ef0361c-bcd4-4380-9bb3-82e5d5f688ac None admin] Validating token access rules against request {{(pid=81582) validate_allowed_request /usr/local/lib/python3.8/dist-packages/keystonemiddleware/auth_token/__init__.py:545}}
Oct 17 02:59:22.096018 dv-cinder-846977-2-iscsi devstack@keystone.service[81581]: DEBUG keystone.server.flask.request_processing.middleware.auth_context [None req-94f78307-7e3b-4587-9911-80dbf99e910f None admin] RBAC: auth_context: {'token': , 'domain_id': None, 'trust_id': None, 'trustor_id': None, 'trustee_id': None, 'domain_name': None, 'group_ids': [], 'user_id': 'f84d693b9d0643c69861a5541952b43b', 'user_domain_id': 'default', 'system_scope': 'all', 'project_id': None, 'project_domain_id': None, 'roles': ['admin', 'member', 'reader'], 'is_admin_project': True, 'service_user_id': None, 'service_user_domain_id': None, 'service_project_id': None, 'service_project_domain_id': None, 'service_roles': []} {{(pid=81581) fill_context /opt/stack/keystone/keystone/server/flask/request_processing/middleware/auth_context.py:478}}
Oct 17 02:59:22.096610 dv-cinder-846977-2-iscsi devstack@keystone.service[81581]: DEBUG keystone.server.flask.request_processing.req_logging [None req-94f78307-7e3b-4587-9911-80dbf99e910f None admin] REQUEST_METHOD: `GET` {{(pid=81581) log_request_info /opt/stack/keystone/keystone/server/flask/request_processing/req_logging.py:27}}
Oct 17 02:59:22.096887 dv-cinder-846977-2-iscsi devstack@keystone.service[81581]: DEBUG keystone.server.flask.request_processing.req_logging [None req-94f78307-7e3b-4587-9911-80dbf99e910f None admin] SCRIPT_NAME: `/identity` {{(pid=81581) log_request_info /opt/stack/keystone/keystone/server/flask/request_processing/req_logging.py:28}}
Oct 17 02:59:22.097159 dv-cinder-846977-2-iscsi devstack@keystone.service[81581]: DEBUG keystone.server.flask.request_processing.req_logging [None req-94f78307-7e3b-4587-9911-80dbf99e910f None admin] PATH_INFO: `/v3/role_assignments` {{(pid=81581) log_request_info /opt/stack/keystone/keystone/server/flask/request_processing/req_logging.py:29}}
Oct 17 02:59:22.098404 dv-cinder-846977-2-iscsi devstack@keystone.service[81581]: DEBUG keystone.common.rbac_enforcer.enforcer [None req-94f78307-7e3b-4587-9911-80dbf99e910f None admin] RBAC: Adding query filter params (group.id=68a2a5a679e94871a407cedec669a34b, role.id=baf207ce98e448f1a2e10c3310a0e33b, scope.project.id=615d529fe91a4c82b4d4fe25f10a0478) {{(pid=81581) _extract_filter_values /opt/stack/keystone/keystone/common/rbac_enforcer/enforcer.py:167}}
Oct 17 02:59:22.098715 dv-cinder-846977-2-iscsi devstack@keystone.service[81581]: DEBUG keystone.common.rbac_enforcer.enforcer [None req-94f78307-7e3b-4587-9911-80dbf99e910f None admin] RBAC: Authorizing `identity:list_role_assignments()` {{(pid=81581) enforce_call /opt/stack/keystone/keystone/common/rbac_enforcer/enforcer.py:449}}
Oct 17 02:59:22.100170 dv-cinder-846977-2-iscsi devstack@keystone.service[81581]: DEBUG keystone.common.rbac_enforcer.enforcer [None req-94f78307-7e3b-4587-9911-80dbf99e910f None admin] RBAC: Authorization granted {{(pid=81581) enforce_call /opt/stack/keystone/keystone/common/rbac_enforcer/enforcer.py:457}}
Oct 17 02:59:22.105749 dv-cinder-846977-2-iscsi devstack@keystone.service[81581]: [pid: 81581|app: 0|req: 162/334] 10.222.0.27 () {56 vars in 1376 bytes} [Mon Oct 17 02:59:21 2022] GET /identity/v3/role_assignments?group.id=68a2a5a679e94871a407cedec669a34b&scope.project.id=615d529fe91a4c82b4d4fe25f10a0478&role.id=baf207ce98e448f1a2e10c3310a0e33b => generated 611 bytes in 143 msecs (HTTP/1.1 200) 5 headers in 177 bytes (2 switches on core 0)
Oct 17 02:59:22.111524 dv-cinder-846977-2-iscsi devstack@keystone.service[81582]: DEBUG keystone.server.flask.request_processing.middleware.auth_context [None req-8a138479-dc95-4872-a892-6c0a726c1eca None admin] RBAC: auth_context: {'token': , 'domain_id': None, 'trust_id': None, 'trustor_id': None, 'trustee_id': None, 'domain_name': None, 'group_ids': [], 'user_id': 'f84d693b9d0643c69861a5541952b43b', 'user_domain_id': 'default', 'system_scope': 'all', 'project_id': None, 'project_domain_id': None, 'roles': ['admin', 'member', 'reader'], 'is_admin_project': True, 'service_user_id': None, 'service_user_domain_id': None, 'service_project_id': None, 'service_project_domain_id': None, 'service_roles': []} {{(pid=81582) fill_context /opt/stack/keystone/keystone/server/flask/request_processing/middleware/auth_context.py:478}}
Oct 17 02:59:22.112179 dv-cinder-846977-2-iscsi devstack@keystone.service[81582]: DEBUG keystone.server.flask.request_processing.req_logging [None req-8a138479-dc95-4872-a892-6c0a726c1eca None admin] REQUEST_METHOD: `GET` {{(pid=81582) log_request_info /opt/stack/keystone/keystone/server/flask/request_processing/req_logging.py:27}}
Oct 17 02:59:22.112465 dv-cinder-846977-2-iscsi devstack@keystone.service[81582]: DEBUG keystone.server.flask.request_processing.req_logging [None req-8a138479-dc95-4872-a892-6c0a726c1eca None admin] SCRIPT_NAME: `/identity` {{(pid=81582) log_request_info /opt/stack/keystone/keystone/server/flask/request_processing/req_logging.py:28}}
Oct 17 02:59:22.112741 dv-cinder-846977-2-iscsi devstack@keystone.service[81582]: DEBUG keystone.server.flask.request_processing.req_logging [None req-8a138479-dc95-4872-a892-6c0a726c1eca None admin] PATH_INFO: `/v3/groups/93f70af99a1a4c929be06c49c74f96d4` {{(pid=81582) log_request_info /opt/stack/keystone/keystone/server/flask/request_processing/req_logging.py:29}}
Oct 17 02:59:22.113990 dv-cinder-846977-2-iscsi devstack@keystone.service[81582]: DEBUG keystone.common.rbac_enforcer.enforcer [None req-8a138479-dc95-4872-a892-6c0a726c1eca None admin] RBAC: Authorizing `identity:get_group(group_id=93f70af99a1a4c929be06c49c74f96d4)` {{(pid=81582) enforce_call /opt/stack/keystone/keystone/common/rbac_enforcer/enforcer.py:449}}
Oct 17 02:59:22.115505 dv-cinder-846977-2-iscsi devstack@keystone.service[81582]: DEBUG keystone.common.rbac_enforcer.enforcer [None req-8a138479-dc95-4872-a892-6c0a726c1eca None admin] RBAC: Authorization granted {{(pid=81582) enforce_call /opt/stack/keystone/keystone/common/rbac_enforcer/enforcer.py:457}}
Oct 17 02:59:22.117179 dv-cinder-846977-2-iscsi devstack@keystone.service[81582]: [pid: 81582|app: 0|req: 173/335] 10.222.0.27 () {56 vars in 1180 bytes} [Mon Oct 17 02:59:21 2022] GET /identity/v3/groups/93f70af99a1a4c929be06c49c74f96d4 => generated 229 bytes in 137 msecs (HTTP/1.1 200) 5 headers in 177 bytes (2 switches on core 0)
Oct 17 02:59:22.123544 dv-cinder-846977-2-iscsi devstack@keystone.service[81581]: DEBUG keystone.server.flask.request_processing.middleware.auth_context [None req-94f78307-7e3b-4587-9911-80dbf99e910f None admin] Authenticating user token {{(pid=81581) process_request /usr/local/lib/python3.8/dist-packages/keystonemiddleware/auth_token/__init__.py:407}}
Oct 17 02:59:22.229838 dv-cinder-846977-2-iscsi devstack@keystone.service[81581]: DEBUG keystone.server.flask.request_processing.middleware.auth_context [None req-94f78307-7e3b-4587-9911-80dbf99e910f None admin] Validating token access rules against request {{(pid=81581) validate_allowed_request /usr/local/lib/python3.8/dist-packages/keystonemiddleware/auth_token/__init__.py:545}}
Oct 17 02:59:22.264912 dv-cinder-846977-2-iscsi devstack@keystone.service[81581]: DEBUG keystone.server.flask.request_processing.middleware.auth_context [None req-54fe3cdf-d956-4ce3-9926-fb96f72cfdfa None admin] RBAC: auth_context: {'token': , 'domain_id': None, 'trust_id': None, 'trustor_id': None, 'trustee_id': None, 'domain_name': None, 'group_ids': [], 'user_id': 'f84d693b9d0643c69861a5541952b43b', 'user_domain_id': 'default', 'system_scope': 'all', 'project_id': None, 'project_domain_id': None, 'roles': ['admin', 'member', 'reader'], 'is_admin_project': True, 'service_user_id': None, 'service_user_domain_id': None, 'service_project_id': None, 'service_project_domain_id': None, 'service_roles': []} {{(pid=81581) fill_context /opt/stack/keystone/keystone/server/flask/request_processing/middleware/auth_context.py:478}}
Oct 17 02:59:22.265586 dv-cinder-846977-2-iscsi devstack@keystone.service[81581]: DEBUG keystone.server.flask.request_processing.req_logging [None req-54fe3cdf-d956-4ce3-9926-fb96f72cfdfa None admin] REQUEST_METHOD: `GET` {{(pid=81581) log_request_info /opt/stack/keystone/keystone/server/flask/request_processing/req_logging.py:27}}
