Jun 22 12:09:58.396031 dv-cinder-846977-1-smb devstack@keystone.service[80197]: DEBUG keystone.server.flask.request_processing.middleware.auth_context [None req-d0d4d850-7098-48ff-87c6-9a97289c1da4 None admin] Validating token access rules against request {{(pid=80197) validate_allowed_request /usr/local/lib/python3.8/dist-packages/keystonemiddleware/auth_token/__init__.py:545}}
Jun 22 12:09:58.425860 dv-cinder-846977-1-smb devstack@keystone.service[80198]: DEBUG keystone.common.rbac_enforcer.enforcer [None req-93d310f6-914a-43ad-be48-c6f96ab7eaa5 None admin] RBAC: Authorizing `identity:validate_token()` {{(pid=80198) enforce_call /opt/stack/keystone/keystone/common/rbac_enforcer/enforcer.py:449}}
Jun 22 12:09:58.427361 dv-cinder-846977-1-smb devstack@keystone.service[80198]: DEBUG keystone.common.rbac_enforcer.enforcer [None req-93d310f6-914a-43ad-be48-c6f96ab7eaa5 None admin] RBAC: Authorization granted {{(pid=80198) enforce_call /opt/stack/keystone/keystone/common/rbac_enforcer/enforcer.py:457}}
Jun 22 12:09:58.428823 dv-cinder-846977-1-smb devstack@keystone.service[80197]: DEBUG keystone.server.flask.request_processing.middleware.auth_context [None req-4edaf54d-10c0-4dbb-a536-ac5d7575879a None admin] RBAC: auth_context: {'token': , 'domain_id': None, 'trust_id': None, 'trustor_id': None, 'trustee_id': None, 'domain_name': None, 'group_ids': [], 'user_id': 'edf1a9b186724b7ba933f304cb391dca', 'user_domain_id': 'default', 'system_scope': 'all', 'project_id': None, 'project_domain_id': None, 'roles': ['admin', 'member', 'reader'], 'is_admin_project': True, 'service_user_id': None, 'service_user_domain_id': None, 'service_project_id': None, 'service_project_domain_id': None, 'service_roles': []} {{(pid=80197) fill_context /opt/stack/keystone/keystone/server/flask/request_processing/middleware/auth_context.py:478}}
Jun 22 12:09:58.429648 dv-cinder-846977-1-smb devstack@keystone.service[80197]: DEBUG keystone.server.flask.request_processing.req_logging [None req-4edaf54d-10c0-4dbb-a536-ac5d7575879a None admin] REQUEST_METHOD: `GET` {{(pid=80197) log_request_info /opt/stack/keystone/keystone/server/flask/request_processing/req_logging.py:27}}
Jun 22 12:09:58.429936 dv-cinder-846977-1-smb devstack@keystone.service[80197]: DEBUG keystone.server.flask.request_processing.req_logging [None req-4edaf54d-10c0-4dbb-a536-ac5d7575879a None admin] SCRIPT_NAME: `/identity` {{(pid=80197) log_request_info /opt/stack/keystone/keystone/server/flask/request_processing/req_logging.py:28}}
Jun 22 12:09:58.430215 dv-cinder-846977-1-smb devstack@keystone.service[80197]: DEBUG keystone.server.flask.request_processing.req_logging [None req-4edaf54d-10c0-4dbb-a536-ac5d7575879a None admin] PATH_INFO: `/v3/roles/member` {{(pid=80197) log_request_info /opt/stack/keystone/keystone/server/flask/request_processing/req_logging.py:29}}
Jun 22 12:09:58.440886 dv-cinder-846977-1-smb devstack@keystone.service[80197]: DEBUG keystone.common.rbac_enforcer.enforcer [None req-4edaf54d-10c0-4dbb-a536-ac5d7575879a None admin] Extracting inferred target data resulted in "NOT FOUND (404)". {{(pid=80197) enforce_call /opt/stack/keystone/keystone/common/rbac_enforcer/enforcer.py:409}}
Jun 22 12:09:58.448456 dv-cinder-846977-1-smb devstack@keystone.service[80197]: ERROR keystone.server.flask.application [None req-4edaf54d-10c0-4dbb-a536-ac5d7575879a None admin] Could not find role: member.: keystone.exception.RoleNotFound: Could not find role: member.
Jun 22 12:09:58.448456 dv-cinder-846977-1-smb devstack@keystone.service[80197]: ERROR keystone.server.flask.application
Traceback (most recent call last):
Jun 22 12:09:58.448456 dv-cinder-846977-1-smb devstack@keystone.service[80197]: ERROR keystone.server.flask.application
File "/usr/local/lib/python3.8/dist-packages/flask/app.py", line 1523, in full_dispatch_request
Jun 22 12:09:58.448456 dv-cinder-846977-1-smb devstack@keystone.service[80197]: ERROR keystone.server.flask.application rv = self.dispatch_request()
Jun 22 12:09:58.448456 dv-cinder-846977-1-smb devstack@keystone.service[80197]: ERROR keystone.server.flask.application
File "/usr/local/lib/python3.8/dist-packages/flask/app.py", line 1509, in dispatch_request
Jun 22 12:09:58.448456 dv-cinder-846977-1-smb devstack@keystone.service[80197]: ERROR keystone.server.flask.application return self.ensure_sync(self.view_functions[rule.endpoint])(**req.view_args)
Jun 22 12:09:58.448456 dv-cinder-846977-1-smb devstack@keystone.service[80197]: ERROR keystone.server.flask.application
File "/usr/local/lib/python3.8/dist-packages/flask_restful/__init__.py", line 467, in wrapper
Jun 22 12:09:58.448456 dv-cinder-846977-1-smb devstack@keystone.service[80197]: ERROR keystone.server.flask.application resp = resource(*args, **kwargs)
Jun 22 12:09:58.448456 dv-cinder-846977-1-smb devstack@keystone.service[80197]: ERROR keystone.server.flask.application
File "/usr/local/lib/python3.8/dist-packages/flask/views.py", line 84, in view
Jun 22 12:09:58.448456 dv-cinder-846977-1-smb devstack@keystone.service[80197]: ERROR keystone.server.flask.application return current_app.ensure_sync(self.dispatch_request)(*args, **kwargs)
Jun 22 12:09:58.448456 dv-cinder-846977-1-smb devstack@keystone.service[80197]: ERROR keystone.server.flask.application
File "/usr/local/lib/python3.8/dist-packages/flask_restful/__init__.py", line 582, in dispatch_request
Jun 22 12:09:58.448456 dv-cinder-846977-1-smb devstack@keystone.service[80197]: ERROR keystone.server.flask.application resp = meth(*args, **kwargs)
Jun 22 12:09:58.448456 dv-cinder-846977-1-smb devstack@keystone.service[80197]: ERROR keystone.server.flask.application
File "/opt/stack/keystone/keystone/api/roles.py", line 50, in get
Jun 22 12:09:58.448456 dv-cinder-846977-1-smb devstack@keystone.service[80197]: ERROR keystone.server.flask.application return self._get_role(role_id)
Jun 22 12:09:58.448456 dv-cinder-846977-1-smb devstack@keystone.service[80197]: ERROR keystone.server.flask.application
File "/opt/stack/keystone/keystone/api/roles.py", line 70, in _get_role
Jun 22 12:09:58.448456 dv-cinder-846977-1-smb devstack@keystone.service[80197]: ERROR keystone.server.flask.application ENFORCER.enforce_call(action='identity:get_role')
Jun 22 12:09:58.449304 dv-cinder-846977-1-smb devstack@keystone.service[80197]: ERROR keystone.server.flask.application
File "/opt/stack/keystone/keystone/common/rbac_enforcer/enforcer.py", line 402, in enforce_call
Jun 22 12:09:58.449304 dv-cinder-846977-1-smb devstack@keystone.service[80197]: ERROR keystone.server.flask.application policy_dict.update(cls._extract_member_target_data(
Jun 22 12:09:58.449304 dv-cinder-846977-1-smb devstack@keystone.service[80197]: ERROR keystone.server.flask.application
File "/opt/stack/keystone/keystone/common/rbac_enforcer/enforcer.py", line 234, in _extract_member_target_data
Jun 22 12:09:58.449304 dv-cinder-846977-1-smb devstack@keystone.service[80197]: ERROR keystone.server.flask.application member_name: func(flask.request.view_args[key])
Jun 22 12:09:58.449304 dv-cinder-846977-1-smb devstack@keystone.service[80197]: ERROR keystone.server.flask.application
File "/opt/stack/keystone/keystone/common/manager.py", line 115, in wrapped
Jun 22 12:09:58.449304 dv-cinder-846977-1-smb devstack@keystone.service[80197]: ERROR keystone.server.flask.application __ret_val = __f(*args, **kwargs)
Jun 22 12:09:58.449304 dv-cinder-846977-1-smb devstack@keystone.service[80197]: ERROR keystone.server.flask.application
File "/usr/local/lib/python3.8/dist-packages/decorator.py", line 232, in fun
Jun 22 12:09:58.449304 dv-cinder-846977-1-smb devstack@keystone.service[80197]: ERROR keystone.server.flask.application return caller(func, *(extras + args), **kw)
Jun 22 12:09:58.449304 dv-cinder-846977-1-smb devstack@keystone.service[80197]: ERROR keystone.server.flask.application
File "/usr/local/lib/python3.8/dist-packages/dogpile/cache/region.py", line 1577, in get_or_create_for_user_func
Jun 22 12:09:58.449304 dv-cinder-846977-1-smb devstack@keystone.service[80197]: ERROR keystone.server.flask.application return self.get_or_create(
Jun 22 12:09:58.449304 dv-cinder-846977-1-smb devstack@keystone.service[80197]: ERROR keystone.server.flask.application
File "/usr/local/lib/python3.8/dist-packages/dogpile/cache/region.py", line 1042, in get_or_create
Jun 22 12:09:58.449304 dv-cinder-846977-1-smb devstack@keystone.service[80197]: ERROR keystone.server.flask.application with Lock(
Jun 22 12:09:58.449304 dv-cinder-846977-1-smb devstack@keystone.service[80197]: ERROR keystone.server.flask.application
File "/usr/local/lib/python3.8/dist-packages/dogpile/lock.py", line 185, in __enter__
Jun 22 12:09:58.449304 dv-cinder-846977-1-smb devstack@keystone.service[80197]: ERROR keystone.server.flask.application return self._enter()
Jun 22 12:09:58.449304 dv-cinder-846977-1-smb devstack@keystone.service[80197]: ERROR keystone.server.flask.application
File "/usr/local/lib/python3.8/dist-packages/dogpile/lock.py", line 94, in _enter
Jun 22 12:09:58.449304 dv-cinder-846977-1-smb devstack@keystone.service[80197]: ERROR keystone.server.flask.application generated = self._enter_create(value, createdtime)
Jun 22 12:09:58.450079 dv-cinder-846977-1-smb devstack@keystone.service[80197]: ERROR keystone.server.flask.application
File "/usr/local/lib/python3.8/dist-packages/dogpile/lock.py", line 178, in _enter_create
Jun 22 12:09:58.450079 dv-cinder-846977-1-smb devstack@keystone.service[80197]: ERROR keystone.server.flask.application return self.creator()
Jun 22 12:09:58.450079 dv-cinder-846977-1-smb devstack@keystone.service[80197]: ERROR keystone.server.flask.application
File "/usr/local/lib/python3.8/dist-packages/dogpile/cache/region.py", line 995, in gen_value
Jun 22 12:09:58.450079 dv-cinder-846977-1-smb devstack@keystone.service[80197]: ERROR keystone.server.flask.application created_value = creator(
Jun 22 12:09:58.450079 dv-cinder-846977-1-smb devstack@keystone.service[80197]: ERROR keystone.server.flask.application
File "/opt/stack/keystone/keystone/assignment/core.py", line 1276, in get_role
Jun 22 12:09:58.450079 dv-cinder-846977-1-smb devstack@keystone.service[80197]: ERROR keystone.server.flask.application return self.driver.get_role(role_id)
Jun 22 12:09:58.450079 dv-cinder-846977-1-smb devstack@keystone.service[80197]: ERROR keystone.server.flask.application
File "/opt/stack/keystone/keystone/assignment/role_backends/sql.py", line 70, in get_role
Jun 22 12:09:58.450079 dv-cinder-846977-1-smb devstack@keystone.service[80197]: ERROR keystone.server.flask.application return self._get_role(session, role_id).to_dict()
Jun 22 12:09:58.450079 dv-cinder-846977-1-smb devstack@keystone.service[80197]: ERROR keystone.server.flask.application
File "/opt/stack/keystone/keystone/assignment/role_backends/sql.py", line 65, in _get_role
Jun 22 12:09:58.450079 dv-cinder-846977-1-smb devstack@keystone.service[80197]: ERROR keystone.server.flask.application raise exception.RoleNotFound(role_id=role_id)
Jun 22 12:09:58.450079 dv-cinder-846977-1-smb devstack@keystone.service[80197]: ERROR keystone.server.flask.application keystone.exception.RoleNotFound: Could not find role: member.
Jun 22 12:09:58.450079 dv-cinder-846977-1-smb devstack@keystone.service[80197]: ERROR keystone.server.flask.application
Jun 22 12:09:58.450079 dv-cinder-846977-1-smb devstack@keystone.service[80197]: [pid: 80197|app: 0|req: 45/82] 10.222.0.52 () {56 vars in 1099 bytes} [Wed Jun 22 12:09:58 2022] GET /identity/v3/roles/member => generated 84 bytes in 154 msecs (HTTP/1.1 404) 5 headers in 183 bytes (1 switches on core 0)
Jun 22 12:09:58.450810 dv-cinder-846977-1-smb devstack@keystone.service[80197]: DEBUG keystone.server.flask.request_processing.middleware.auth_context [None req-4edaf54d-10c0-4dbb-a536-ac5d7575879a None admin] Authenticating user token {{(pid=80197) process_request /usr/local/lib/python3.8/dist-packages/keystonemiddleware/auth_token/__init__.py:407}}
Jun 22 12:09:58.483229 dv-cinder-846977-1-smb devstack@keystone.service[80198]: DEBUG dbcounter [-] [80198] Writing DB stats keystone:SELECT=100 {{(pid=80198) stat_writer /usr/local/lib/python3.8/dist-packages/dbcounter.py:114}}
Jun 22 12:09:58.531512 dv-cinder-846977-1-smb devstack@keystone.service[80198]: [pid: 80198|app: 0|req: 38/83] 10.222.0.52 () {58 vars in 1282 bytes} [Wed Jun 22 12:09:58 2022] GET /identity/v3/auth/tokens => generated 799 bytes in 317 msecs (HTTP/1.1 200) 6 headers in 358 bytes (1 switches on core 0)
Jun 22 12:09:58.533302 dv-cinder-846977-1-smb devstack@keystone.service[80198]: DEBUG keystone.server.flask.request_processing.middleware.auth_context [None req-93d310f6-914a-43ad-be48-c6f96ab7eaa5 None admin] Authenticating user token {{(pid=80198) process_request /usr/local/lib/python3.8/dist-packages/keystonemiddleware/auth_token/__init__.py:407}}
Jun 22 12:09:58.553521 dv-cinder-846977-1-smb devstack@keystone.service[80197]: DEBUG dbcounter [-] [80197] Writing DB stats keystone:SELECT=100 {{(pid=80197) stat_writer /usr/local/lib/python3.8/dist-packages/dbcounter.py:114}}
Jun 22 12:09:58.559787 dv-cinder-846977-1-smb devstack@keystone.service[80197]: DEBUG keystone.server.flask.request_processing.middleware.auth_context [None req-4edaf54d-10c0-4dbb-a536-ac5d7575879a None admin] Validating token access rules against request {{(pid=80197) validate_allowed_request /usr/local/lib/python3.8/dist-packages/keystonemiddleware/auth_token/__init__.py:545}}
Jun 22 12:09:58.592722 dv-cinder-846977-1-smb devstack@keystone.service[80197]: DEBUG keystone.server.flask.request_processing.middleware.auth_context [None req-712df2c5-2b94-43d2-904c-a0f56b227357 None admin] RBAC: auth_context: {'token': , 'domain_id': None, 'trust_id': None, 'trustor_id': None, 'trustee_id': None, 'domain_name': None, 'group_ids': [], 'user_id': 'edf1a9b186724b7ba933f304cb391dca', 'user_domain_id': 'default', 'system_scope': 'all', 'project_id': None, 'project_domain_id': None, 'roles': ['admin', 'member', 'reader'], 'is_admin_project': True, 'service_user_id': None, 'service_user_domain_id': None, 'service_project_id': None, 'service_project_domain_id': None, 'service_roles': []} {{(pid=80197) fill_context /opt/stack/keystone/keystone/server/flask/request_processing/middleware/auth_context.py:478}}
Jun 22 12:09:58.593431 dv-cinder-846977-1-smb devstack@keystone.service[80197]: DEBUG keystone.server.flask.request_processing.req_logging [None req-712df2c5-2b94-43d2-904c-a0f56b227357 None admin] REQUEST_METHOD: `POST` {{(pid=80197) log_request_info /opt/stack/keystone/keystone/server/flask/request_processing/req_logging.py:27}}
Jun 22 12:09:58.593726 dv-cinder-846977-1-smb devstack@keystone.service[80197]: DEBUG keystone.server.flask.request_processing.req_logging [None req-712df2c5-2b94-43d2-904c-a0f56b227357 None admin] SCRIPT_NAME: `/identity` {{(pid=80197) log_request_info /opt/stack/keystone/keystone/server/flask/request_processing/req_logging.py:28}}
Jun 22 12:09:58.594011 dv-cinder-846977-1-smb devstack@keystone.service[80197]: DEBUG keystone.server.flask.request_processing.req_logging [None req-712df2c5-2b94-43d2-904c-a0f56b227357 None admin] PATH_INFO: `/v3/users` {{(pid=80197) log_request_info /opt/stack/keystone/keystone/server/flask/request_processing/req_logging.py:29}}
Jun 22 12:09:58.595264 dv-cinder-846977-1-smb devstack@keystone.service[80197]: DEBUG keystone.common.rbac_enforcer.enforcer [None req-712df2c5-2b94-43d2-904c-a0f56b227357 None admin] RBAC: Authorizing `identity:create_user()` {{(pid=80197) enforce_call /opt/stack/keystone/keystone/common/rbac_enforcer/enforcer.py:449}}
Jun 22 12:09:58.596710 dv-cinder-846977-1-smb devstack@keystone.service[80197]: DEBUG keystone.common.rbac_enforcer.enforcer [None req-712df2c5-2b94-43d2-904c-a0f56b227357 None admin] RBAC: Authorization granted {{(pid=80197) enforce_call /opt/stack/keystone/keystone/common/rbac_enforcer/enforcer.py:457}}
Jun 22 12:09:58.619229 dv-cinder-846977-1-smb devstack@keystone.service[80197]: [pid: 80197|app: 0|req: 46/84] 10.222.0.52 () {60 vars in 1132 bytes} [Wed Jun 22 12:09:58 2022] POST /identity/v3/users => generated 289 bytes in 169 msecs (HTTP/1.1 201) 5 headers in 182 bytes (1 switches on core 0)
Jun 22 12:09:58.620342 dv-cinder-846977-1-smb devstack@keystone.service[80197]: DEBUG keystone.server.flask.request_processing.middleware.auth_context [None req-712df2c5-2b94-43d2-904c-a0f56b227357 None admin] Authenticating user token {{(pid=80197) process_request /usr/local/lib/python3.8/dist-packages/keystonemiddleware/auth_token/__init__.py:407}}
Jun 22 12:09:58.649464 dv-cinder-846977-1-smb devstack@keystone.service[80198]: DEBUG keystone.server.flask.request_processing.middleware.auth_context [None req-93d310f6-914a-43ad-be48-c6f96ab7eaa5 None admin] Validating token access rules against request {{(pid=80198) validate_allowed_request /usr/local/lib/python3.8/dist-packages/keystonemiddleware/auth_token/__init__.py:545}}
Jun 22 12:09:58.688306 dv-cinder-846977-1-smb devstack@keystone.service[80198]: DEBUG keystone.server.flask.request_processing.middleware.auth_context [None req-bb4fc0dc-544d-4e17-a9c3-f73c0775123d None admin] RBAC: auth_context: {'token': , 'domain_id': None, 'trust_id': None, 'trustor_id': None, 'trustee_id': None, 'domain_name': None, 'group_ids': [], 'user_id': 'edf1a9b186724b7ba933f304cb391dca', 'user_domain_id': 'default', 'system_scope': 'all', 'project_id': None, 'project_domain_id': None, 'roles': ['admin', 'member', 'reader'], 'is_admin_project': True, 'service_user_id': None, 'service_user_domain_id': None, 'service_project_id': None, 'service_project_domain_id': None, 'service_roles': []} {{(pid=80198) fill_context /opt/stack/keystone/keystone/server/flask/request_processing/middleware/auth_context.py:478}}
Jun 22 12:09:58.689244 dv-cinder-846977-1-smb devstack@keystone.service[80198]: DEBUG keystone.server.flask.request_processing.req_logging [None req-bb4fc0dc-544d-4e17-a9c3-f73c0775123d None admin] REQUEST_METHOD: `GET` {{(pid=80198) log_request_info /opt/stack/keystone/keystone/server/flask/request_processing/req_logging.py:27}}
Jun 22 12:09:58.689559 dv-cinder-846977-1-smb devstack@keystone.service[80198]: DEBUG keystone.server.flask.request_processing.req_logging [None req-bb4fc0dc-544d-4e17-a9c3-f73c0775123d None admin] SCRIPT_NAME: `/identity` {{(pid=80198) log_request_info /opt/stack/keystone/keystone/server/flask/request_processing/req_logging.py:28}}
Jun 22 12:09:58.689843 dv-cinder-846977-1-smb devstack@keystone.service[80198]: DEBUG keystone.server.flask.request_processing.req_logging [None req-bb4fc0dc-544d-4e17-a9c3-f73c0775123d None admin] PATH_INFO: `/v3/projects/05a6b9d5c8054e68ae55ab62816b6709` {{(pid=80198) log_request_info /opt/stack/keystone/keystone/server/flask/request_processing/req_logging.py:29}}
Jun 22 12:09:58.691136 dv-cinder-846977-1-smb devstack@keystone.service[80198]: DEBUG keystone.common.rbac_enforcer.enforcer [None req-bb4fc0dc-544d-4e17-a9c3-f73c0775123d None admin] RBAC: Authorizing `identity:get_project(project_id=05a6b9d5c8054e68ae55ab62816b6709)` {{(pid=80198) enforce_call /opt/stack/keystone/keystone/common/rbac_enforcer/enforcer.py:449}}
Jun 22 12:09:58.692663 dv-cinder-846977-1-smb devstack@keystone.service[80198]: DEBUG keystone.common.rbac_enforcer.enforcer [None req-bb4fc0dc-544d-4e17-a9c3-f73c0775123d None admin] RBAC: Authorization granted {{(pid=80198) enforce_call /opt/stack/keystone/keystone/common/rbac_enforcer/enforcer.py:457}}
Jun 22 12:09:58.694462 dv-cinder-846977-1-smb devstack@keystone.service[80198]: [pid: 80198|app: 0|req: 39/85] 10.222.0.52 () {56 vars in 1186 bytes} [Wed Jun 22 12:09:58 2022] GET /identity/v3/projects/05a6b9d5c8054e68ae55ab62816b6709 => generated 298 bytes in 162 msecs (HTTP/1.1 200) 5 headers in 177 bytes (1 switches on core 0)
Jun 22 12:09:58.695326 dv-cinder-846977-1-smb devstack@keystone.service[80198]: DEBUG keystone.server.flask.request_processing.middleware.auth_context [None req-bb4fc0dc-544d-4e17-a9c3-f73c0775123d None admin] Authenticating user token {{(pid=80198) process_request /usr/local/lib/python3.8/dist-packages/keystonemiddleware/auth_token/__init__.py:407}}
Jun 22 12:09:58.720972 dv-cinder-846977-1-smb devstack@keystone.service[80198]: DEBUG dbcounter [-] [80198] Writing DB stats keystone:SELECT=100 {{(pid=80198) stat_writer /usr/local/lib/python3.8/dist-packages/dbcounter.py:114}}
Jun 22 12:09:58.738936 dv-cinder-846977-1-smb devstack@keystone.service[80197]: DEBUG keystone.server.flask.request_processing.middleware.auth_context [None req-712df2c5-2b94-43d2-904c-a0f56b227357 None admin] Validating token access rules against request {{(pid=80197) validate_allowed_request /usr/local/lib/python3.8/dist-packages/keystonemiddleware/auth_token/__init__.py:545}}
Jun 22 12:09:58.776370 dv-cinder-846977-1-smb devstack@keystone.service[80197]: DEBUG keystone.server.flask.request_processing.middleware.auth_context [None req-3ada3310-65aa-464e-88cb-e02013ab6437 None admin] RBAC: auth_context: {'token': , 'domain_id': None, 'trust_id': None, 'trustor_id': None, 'trustee_id': None, 'domain_name': None, 'group_ids': [], 'user_id': 'edf1a9b186724b7ba933f304cb391dca', 'user_domain_id': 'default', 'system_scope': 'all', 'project_id': None, 'project_domain_id': None, 'roles': ['admin', 'member', 'reader'], 'is_admin_project': True, 'service_user_id': None, 'service_user_domain_id': None, 'service_project_id': None, 'service_project_domain_id': None, 'service_roles': []} {{(pid=80197) fill_context /opt/stack/keystone/keystone/server/flask/request_processing/middleware/auth_context.py:478}}
Jun 22 12:09:58.777633 dv-cinder-846977-1-smb devstack@keystone.service[80197]: DEBUG keystone.server.flask.request_processing.req_logging [None req-3ada3310-65aa-464e-88cb-e02013ab6437 None admin] REQUEST_METHOD: `GET` {{(pid=80197) log_request_info /opt/stack/keystone/keystone/server/flask/request_processing/req_logging.py:27}}
Jun 22 12:09:58.777946 dv-cinder-846977-1-smb devstack@keystone.service[80197]: DEBUG keystone.server.flask.request_processing.req_logging [None req-3ada3310-65aa-464e-88cb-e02013ab6437 None admin] SCRIPT_NAME: `/identity` {{(pid=80197) log_request_info /opt/stack/keystone/keystone/server/flask/request_processing/req_logging.py:28}}
Jun 22 12:09:58.778229 dv-cinder-846977-1-smb devstack@keystone.service[80197]: DEBUG keystone.server.flask.request_processing.req_logging [None req-3ada3310-65aa-464e-88cb-e02013ab6437 None admin] PATH_INFO: `/v3/users/9c686937d40d46d3a1b403c117b5eeee` {{(pid=80197) log_request_info /opt/stack/keystone/keystone/server/flask/request_processing/req_logging.py:29}}
Jun 22 12:09:58.779460 dv-cinder-846977-1-smb devstack@keystone.service[80197]: DEBUG keystone.common.rbac_enforcer.enforcer [None req-3ada3310-65aa-464e-88cb-e02013ab6437 None admin] RBAC: Authorizing `identity:get_user(user_id=9c686937d40d46d3a1b403c117b5eeee)` {{(pid=80197) enforce_call /opt/stack/keystone/keystone/common/rbac_enforcer/enforcer.py:449}}
Jun 22 12:09:58.780919 dv-cinder-846977-1-smb devstack@keystone.service[80197]: DEBUG keystone.common.rbac_enforcer.enforcer [None req-3ada3310-65aa-464e-88cb-e02013ab6437 None admin] RBAC: Authorization granted {{(pid=80197) enforce_call /opt/stack/keystone/keystone/common/rbac_enforcer/enforcer.py:457}}
Jun 22 12:09:58.783040 dv-cinder-846977-1-smb devstack@keystone.service[80197]: [pid: 80197|app: 0|req: 47/86] 10.222.0.52 () {56 vars in 1177 bytes} [Wed Jun 22 12:09:58 2022] GET /identity/v3/users/9c686937d40d46d3a1b403c117b5eeee => generated 275 bytes in 163 msecs (HTTP/1.1 200) 5 headers in 177 bytes (1 switches on core 0)
Jun 22 12:09:58.783613 dv-cinder-846977-1-smb devstack@keystone.service[80197]: DEBUG keystone.server.flask.request_processing.middleware.auth_context [None req-3ada3310-65aa-464e-88cb-e02013ab6437 None admin] Authenticating user token {{(pid=80197) process_request /usr/local/lib/python3.8/dist-packages/keystonemiddleware/auth_token/__init__.py:407}}
Jun 22 12:09:58.811291 dv-cinder-846977-1-smb devstack@keystone.service[80198]: DEBUG keystone.server.flask.request_processing.middleware.auth_context [None req-bb4fc0dc-544d-4e17-a9c3-f73c0775123d None admin] Validating token access rules against request {{(pid=80198) validate_allowed_request /usr/local/lib/python3.8/dist-packages/keystonemiddleware/auth_token/__init__.py:545}}
Jun 22 12:09:58.816489 dv-cinder-846977-1-smb devstack@keystone.service[80197]: DEBUG dbcounter [-] [80197] Writing DB stats keystone:SELECT=97,keystone:INSERT=3 {{(pid=80197) stat_writer /usr/local/lib/python3.8/dist-packages/dbcounter.py:114}}
Jun 22 12:09:58.849164 dv-cinder-846977-1-smb devstack@keystone.service[80198]: DEBUG keystone.server.flask.request_processing.middleware.auth_context [None req-d664809d-fc5c-4f13-97d5-f825797655da None admin] RBAC: auth_context: {'token': , 'domain_id': None, 'trust_id': None, 'trustor_id': None, 'trustee_id': None, 'domain_name': None, 'group_ids': [], 'user_id': 'edf1a9b186724b7ba933f304cb391dca', 'user_domain_id': 'default', 'system_scope': 'all', 'project_id': None, 'project_domain_id': None, 'roles': ['admin', 'member', 'reader'], 'is_admin_project': True, 'service_user_id': None, 'service_user_domain_id': None, 'service_project_id': None, 'service_project_domain_id': None, 'service_roles': []} {{(pid=80198) fill_context /opt/stack/keystone/keystone/server/flask/request_processing/middleware/auth_context.py:478}}
Jun 22 12:09:58.849869 dv-cinder-846977-1-smb devstack@keystone.service[80198]: DEBUG keystone.server.flask.request_processing.req_logging [None req-d664809d-fc5c-4f13-97d5-f825797655da None admin] REQUEST_METHOD: `GET` {{(pid=80198) log_request_info /opt/stack/keystone/keystone/server/flask/request_processing/req_logging.py:27}}
Jun 22 12:09:58.850159 dv-cinder-846977-1-smb devstack@keystone.service[80198]: DEBUG keystone.server.flask.request_processing.req_logging [None req-d664809d-fc5c-4f13-97d5-f825797655da None admin] SCRIPT_NAME: `/identity` {{(pid=80198) log_request_info /opt/stack/keystone/keystone/server/flask/request_processing/req_logging.py:28}}
Jun 22 12:09:58.850438 dv-cinder-846977-1-smb devstack@keystone.service[80198]: DEBUG keystone.server.flask.request_processing.req_logging [None req-d664809d-fc5c-4f13-97d5-f825797655da None admin] PATH_INFO: `/v3/roles` {{(pid=80198) log_request_info /opt/stack/keystone/keystone/server/flask/request_processing/req_logging.py:29}}
Jun 22 12:09:58.851187 dv-cinder-846977-1-smb devstack@keystone.service[80198]: DEBUG keystone.common.rbac_enforcer.enforcer [None req-d664809d-fc5c-4f13-97d5-f825797655da None admin] RBAC: Adding query filter params (name=member) {{(pid=80198) _extract_filter_values /opt/stack/keystone/keystone/common/rbac_enforcer/enforcer.py:167}}
Jun 22 12:09:58.851499 dv-cinder-846977-1-smb devstack@keystone.service[80198]: DEBUG keystone.common.rbac_enforcer.enforcer [None req-d664809d-fc5c-4f13-97d5-f825797655da None admin] RBAC: Authorizing `identity:list_roles()` {{(pid=80198) enforce_call /opt/stack/keystone/keystone/common/rbac_enforcer/enforcer.py:449}}
Jun 22 12:09:58.852908 dv-cinder-846977-1-smb devstack@keystone.service[80198]: DEBUG keystone.common.rbac_enforcer.enforcer [None req-d664809d-fc5c-4f13-97d5-f825797655da None admin] RBAC: Authorization granted {{(pid=80198) enforce_call /opt/stack/keystone/keystone/common/rbac_enforcer/enforcer.py:457}}
Jun 22 12:09:58.864294 dv-cinder-846977-1-smb devstack@keystone.service[80198]: [pid: 80198|app: 0|req: 40/87] 10.222.0.52 () {56 vars in 1101 bytes} [Wed Jun 22 12:09:58 2022] GET /identity/v3/roles?name=member => generated 341 bytes in 169 msecs (HTTP/1.1 200) 5 headers in 177 bytes (1 switches on core 0)
Jun 22 12:09:58.865155 dv-cinder-846977-1-smb devstack@keystone.service[80198]: DEBUG keystone.server.flask.request_processing.middleware.auth_context [None req-d664809d-fc5c-4f13-97d5-f825797655da None admin] Authenticating user token {{(pid=80198) process_request /usr/local/lib/python3.8/dist-packages/keystonemiddleware/auth_token/__init__.py:407}}
Jun 22 12:09:58.921951 dv-cinder-846977-1-smb devstack@keystone.service[80197]: DEBUG keystone.server.flask.request_processing.middleware.auth_context [None req-3ada3310-65aa-464e-88cb-e02013ab6437 None admin] Validating token access rules against request {{(pid=80197) validate_allowed_request /usr/local/lib/python3.8/dist-packages/keystonemiddleware/auth_token/__init__.py:545}}
Jun 22 12:09:58.966544 dv-cinder-846977-1-smb devstack@keystone.service[80197]: DEBUG keystone.server.flask.request_processing.middleware.auth_context [None req-338073b5-0f4e-4af3-92fb-f0ec5c536691 None admin] RBAC: auth_context: {'token': , 'domain_id': None, 'trust_id': None, 'trustor_id': None, 'trustee_id': None, 'domain_name': None, 'group_ids': [], 'user_id': 'edf1a9b186724b7ba933f304cb391dca', 'user_domain_id': 'default', 'system_scope': 'all', 'project_id': None, 'project_domain_id': None, 'roles': ['admin', 'member', 'reader'], 'is_admin_project': True, 'service_user_id': None, 'service_user_domain_id': None, 'service_project_id': None, 'service_project_domain_id': None, 'service_roles': []} {{(pid=80197) fill_context /opt/stack/keystone/keystone/server/flask/request_processing/middleware/auth_context.py:478}}
Jun 22 12:09:58.967545 dv-cinder-846977-1-smb devstack@keystone.service[80197]: DEBUG keystone.server.flask.request_processing.req_logging [None req-338073b5-0f4e-4af3-92fb-f0ec5c536691 None admin] REQUEST_METHOD: `GET` {{(pid=80197) log_request_info /opt/stack/keystone/keystone/server/flask/request_processing/req_logging.py:27}}
Jun 22 12:09:58.967840 dv-cinder-846977-1-smb devstack@keystone.service[80197]: DEBUG keystone.server.flask.request_processing.req_logging [None req-338073b5-0f4e-4af3-92fb-f0ec5c536691 None admin] SCRIPT_NAME: `/identity` {{(pid=80197) log_request_info /opt/stack/keystone/keystone/server/flask/request_processing/req_logging.py:28}}
Jun 22 12:09:58.968130 dv-cinder-846977-1-smb devstack@keystone.service[80197]: DEBUG keystone.server.flask.request_processing.req_logging [None req-338073b5-0f4e-4af3-92fb-f0ec5c536691 None admin] PATH_INFO: `/v3/projects/05a6b9d5c8054e68ae55ab62816b6709` {{(pid=80197) log_request_info /opt/stack/keystone/keystone/server/flask/request_processing/req_logging.py:29}}
Jun 22 12:09:58.969792 dv-cinder-846977-1-smb devstack@keystone.service[80197]: DEBUG keystone.common.rbac_enforcer.enforcer [None req-338073b5-0f4e-4af3-92fb-f0ec5c536691 None admin] RBAC: Authorizing `identity:get_project(project_id=05a6b9d5c8054e68ae55ab62816b6709)` {{(pid=80197) enforce_call /opt/stack/keystone/keystone/common/rbac_enforcer/enforcer.py:449}}
Jun 22 12:09:58.971337 dv-cinder-846977-1-smb devstack@keystone.service[80197]: DEBUG keystone.common.rbac_enforcer.enforcer [None req-338073b5-0f4e-4af3-92fb-f0ec5c536691 None admin] RBAC: Authorization granted {{(pid=80197) enforce_call /opt/stack/keystone/keystone/common/rbac_enforcer/enforcer.py:457}}
Jun 22 12:09:58.973320 dv-cinder-846977-1-smb devstack@keystone.service[80197]: [pid: 80197|app: 0|req: 48/88] 10.222.0.52 () {56 vars in 1186 bytes} [Wed Jun 22 12:09:58 2022] GET /identity/v3/projects/05a6b9d5c8054e68ae55ab62816b6709 => generated 298 bytes in 190 msecs (HTTP/1.1 200) 5 headers in 177 bytes (1 switches on core 0)
Jun 22 12:09:58.973964 dv-cinder-846977-1-smb devstack@keystone.service[80198]: DEBUG dbcounter [-] [80198] Writing DB stats keystone:SELECT=100 {{(pid=80198) stat_writer /usr/local/lib/python3.8/dist-packages/dbcounter.py:114}}
Jun 22 12:09:58.974930 dv-cinder-846977-1-smb devstack@keystone.service[80197]: DEBUG keystone.server.flask.request_processing.middleware.auth_context [None req-338073b5-0f4e-4af3-92fb-f0ec5c536691 None admin] Authenticating user token {{(pid=80197) process_request /usr/local/lib/python3.8/dist-packages/keystonemiddleware/auth_token/__init__.py:407}}
Jun 22 12:09:59.006730 dv-cinder-846977-1-smb devstack@keystone.service[80198]: DEBUG keystone.server.flask.request_processing.middleware.auth_context [None req-d664809d-fc5c-4f13-97d5-f825797655da None admin] Validating token access rules against request {{(pid=80198) validate_allowed_request /usr/local/lib/python3.8/dist-packages/keystonemiddleware/auth_token/__init__.py:545}}
Jun 22 12:09:59.055356 dv-cinder-846977-1-smb devstack@keystone.service[80198]: DEBUG keystone.server.flask.request_processing.middleware.auth_context [None req-66e29705-57a1-46b7-ba18-46f203f11782 None admin] RBAC: auth_context: {'token': , 'domain_id': None, 'trust_id': None, 'trustor_id': None, 'trustee_id': None, 'domain_name': None, 'group_ids': [], 'user_id': 'edf1a9b186724b7ba933f304cb391dca', 'user_domain_id': 'default', 'system_scope': 'all', 'project_id': None, 'project_domain_id': None, 'roles': ['admin', 'member', 'reader'], 'is_admin_project': True, 'service_user_id': None, 'service_user_domain_id': None, 'service_project_id': None, 'service_project_domain_id': None, 'service_roles': []} {{(pid=80198) fill_context /opt/stack/keystone/keystone/server/flask/request_processing/middleware/auth_context.py:478}}
Jun 22 12:09:59.057160 dv-cinder-846977-1-smb devstack@keystone.service[80198]: DEBUG keystone.server.flask.request_processing.req_logging [None req-66e29705-57a1-46b7-ba18-46f203f11782 None admin] REQUEST_METHOD: `GET` {{(pid=80198) log_request_info /opt/stack/keystone/keystone/server/flask/request_processing/req_logging.py:27}}
Jun 22 12:09:59.057657 dv-cinder-846977-1-smb devstack@keystone.service[80198]: DEBUG keystone.server.flask.request_processing.req_logging [None req-66e29705-57a1-46b7-ba18-46f203f11782 None admin] SCRIPT_NAME: `/identity` {{(pid=80198) log_request_info /opt/stack/keystone/keystone/server/flask/request_processing/req_logging.py:28}}
Jun 22 12:09:59.058110 dv-cinder-846977-1-smb devstack@keystone.service[80198]: DEBUG keystone.server.flask.request_processing.req_logging [None req-66e29705-57a1-46b7-ba18-46f203f11782 None admin] PATH_INFO: `/v3/role_assignments` {{(pid=80198) log_request_info /opt/stack/keystone/keystone/server/flask/request_processing/req_logging.py:29}}
Jun 22 12:09:59.059115 dv-cinder-846977-1-smb devstack@keystone.service[80198]: DEBUG keystone.common.rbac_enforcer.enforcer [None req-66e29705-57a1-46b7-ba18-46f203f11782 None admin] RBAC: Adding query filter params (role.id=7009cb62b2f3429589da41eb23d0a6a3, scope.project.id=05a6b9d5c8054e68ae55ab62816b6709, user.id=9c686937d40d46d3a1b403c117b5eeee) {{(pid=80198) _extract_filter_values /opt/stack/keystone/keystone/common/rbac_enforcer/enforcer.py:167}}
Jun 22 12:09:59.059622 dv-cinder-846977-1-smb devstack@keystone.service[80198]: DEBUG keystone.common.rbac_enforcer.enforcer [None req-66e29705-57a1-46b7-ba18-46f203f11782 None admin] RBAC: Authorizing `identity:list_role_assignments()` {{(pid=80198) enforce_call /opt/stack/keystone/keystone/common/rbac_enforcer/enforcer.py:449}}
Jun 22 12:09:59.061296 dv-cinder-846977-1-smb devstack@keystone.service[80198]: DEBUG keystone.common.rbac_enforcer.enforcer [None req-66e29705-57a1-46b7-ba18-46f203f11782 None admin] RBAC: Authorization granted {{(pid=80198) enforce_call /opt/stack/keystone/keystone/common/rbac_enforcer/enforcer.py:457}}
Jun 22 12:09:59.070468 dv-cinder-846977-1-smb devstack@keystone.service[80198]: [pid: 80198|app: 0|req: 41/89] 10.222.0.52 () {56 vars in 1374 bytes} [Wed Jun 22 12:09:58 2022] GET /identity/v3/role_assignments?user.id=9c686937d40d46d3a1b403c117b5eeee&scope.project.id=05a6b9d5c8054e68ae55ab62816b6709&role.id=7009cb62b2f3429589da41eb23d0a6a3 => generated 259 bytes in 206 msecs (HTTP/1.1 200) 5 headers in 177 bytes (1 switches on core 0)
Jun 22 12:09:59.073235 dv-cinder-846977-1-smb devstack@keystone.service[80198]: DEBUG keystone.server.flask.request_processing.middleware.auth_context [None req-66e29705-57a1-46b7-ba18-46f203f11782 None admin] Authenticating user token {{(pid=80198) process_request /usr/local/lib/python3.8/dist-packages/keystonemiddleware/auth_token/__init__.py:407}}
Jun 22 12:09:59.085642 dv-cinder-846977-1-smb devstack@keystone.service[80197]: DEBUG dbcounter [-] [80197] Writing DB stats keystone:SELECT=100 {{(pid=80197) stat_writer /usr/local/lib/python3.8/dist-packages/dbcounter.py:114}}
Jun 22 12:09:59.113796 dv-cinder-846977-1-smb devstack@keystone.service[80197]: DEBUG keystone.server.flask.request_processing.middleware.auth_context [None req-338073b5-0f4e-4af3-92fb-f0ec5c536691 None admin] Validating token access rules against request {{(pid=80197) validate_allowed_request /usr/local/lib/python3.8/dist-packages/keystonemiddleware/auth_token/__init__.py:545}}
Jun 22 12:09:59.198923 dv-cinder-846977-1-smb devstack@keystone.service[80197]: DEBUG keystone.server.flask.request_processing.middleware.auth_context [None req-53e584e7-11ac-4bb6-9c0e-b868045496f2 None admin] RBAC: auth_context: {'token': , 'domain_id': None, 'trust_id': None, 'trustor_id': None, 'trustee_id': None, 'domain_name': None, 'group_ids': [], 'user_id': 'edf1a9b186724b7ba933f304cb391dca', 'user_domain_id': 'default', 'system_scope': 'all', 'project_id': None, 'project_domain_id': None, 'roles': ['admin', 'member', 'reader'], 'is_admin_project': True, 'service_user_id': None, 'service_user_domain_id': None, 'service_project_id': None, 'service_project_domain_id': None, 'service_roles': []} {{(pid=80197) fill_context /opt/stack/keystone/keystone/server/flask/request_processing/middleware/auth_context.py:478}}
Jun 22 12:09:59.199600 dv-cinder-846977-1-smb devstack@keystone.service[80197]: DEBUG keystone.server.flask.request_processing.req_logging [None req-53e584e7-11ac-4bb6-9c0e-b868045496f2 None admin] REQUEST_METHOD: `GET` {{(pid=80197) log_request_info /opt/stack/keystone/keystone/server/flask/request_processing/req_logging.py:27}}
Jun 22 12:09:59.199883 dv-cinder-846977-1-smb devstack@keystone.service[80197]: DEBUG keystone.server.flask.request_processing.req_logging [None req-53e584e7-11ac-4bb6-9c0e-b868045496f2 None admin] SCRIPT_NAME: `/identity` {{(pid=80197) log_request_info /opt/stack/keystone/keystone/server/flask/request_processing/req_logging.py:28}}
Jun 22 12:09:59.200262 dv-cinder-846977-1-smb devstack@keystone.service[80197]: DEBUG keystone.server.flask.request_processing.req_logging [None req-53e584e7-11ac-4bb6-9c0e-b868045496f2 None admin] PATH_INFO: `/v3/auth/tokens` {{(pid=80197) log_request_info /opt/stack/keystone/keystone/server/flask/request_processing/req_logging.py:29}}
Jun 22 12:09:59.258926 dv-cinder-846977-1-smb devstack@keystone.service[80198]: DEBUG keystone.server.flask.request_processing.middleware.auth_context [None req-66e29705-57a1-46b7-ba18-46f203f11782 None admin] Validating token access rules against request {{(pid=80198) validate_allowed_request /usr/local/lib/python3.8/dist-packages/keystonemiddleware/auth_token/__init__.py:545}}
Jun 22 12:09:59.314369 dv-cinder-846977-1-smb devstack@keystone.service[80198]: DEBUG keystone.server.flask.request_processing.middleware.auth_context [None req-8767dd8a-ad72-4eee-b8c8-b64255b8b565 None admin] RBAC: auth_context: {'token': , 'domain_id': None, 'trust_id': None, 'trustor_id': None, 'trustee_id': None, 'domain_name': None, 'group_ids': [], 'user_id': 'edf1a9b186724b7ba933f304cb391dca', 'user_domain_id': 'default', 'system_scope': 'all', 'project_id': None, 'project_domain_id': None, 'roles': ['admin', 'member', 'reader'], 'is_admin_project': True, 'service_user_id': None, 'service_user_domain_id': None, 'service_project_id': None, 'service_project_domain_id': None, 'service_roles': []} {{(pid=80198) fill_context /opt/stack/keystone/keystone/server/flask/request_processing/middleware/auth_context.py:478}}
Jun 22 12:09:59.315136 dv-cinder-846977-1-smb devstack@keystone.service[80198]: DEBUG keystone.server.flask.request_processing.req_logging [None req-8767dd8a-ad72-4eee-b8c8-b64255b8b565 None admin] REQUEST_METHOD: `GET` {{(pid=80198) log_request_info /opt/stack/keystone/keystone/server/flask/request_processing/req_logging.py:27}}
Jun 22 12:09:59.315430 dv-cinder-846977-1-smb devstack@keystone.service[80198]: DEBUG keystone.server.flask.request_processing.req_logging [None req-8767dd8a-ad72-4eee-b8c8-b64255b8b565 None admin] SCRIPT_NAME: `/identity` {{(pid=80198) log_request_info /opt/stack/keystone/keystone/server/flask/request_processing/req_logging.py:28}}
Jun 22 12:09:59.315713 dv-cinder-846977-1-smb devstack@keystone.service[80198]: DEBUG keystone.server.flask.request_processing.req_logging [None req-8767dd8a-ad72-4eee-b8c8-b64255b8b565 None admin] PATH_INFO: `/v3/users/9c686937d40d46d3a1b403c117b5eeee` {{(pid=80198) log_request_info /opt/stack/keystone/keystone/server/flask/request_processing/req_logging.py:29}}
Jun 22 12:09:59.318575 dv-cinder-846977-1-smb devstack@keystone.service[80198]: DEBUG keystone.common.rbac_enforcer.enforcer [None req-8767dd8a-ad72-4eee-b8c8-b64255b8b565 None admin] RBAC: Authorizing `identity:get_user(user_id=9c686937d40d46d3a1b403c117b5eeee)` {{(pid=80198) enforce_call /opt/stack/keystone/keystone/common/rbac_enforcer/enforcer.py:449}}
Jun 22 12:09:59.318575 dv-cinder-846977-1-smb devstack@keystone.service[80198]: DEBUG keystone.common.rbac_enforcer.enforcer [None req-8767dd8a-ad72-4eee-b8c8-b64255b8b565 None admin] RBAC: Authorization granted {{(pid=80198) enforce_call /opt/stack/keystone/keystone/common/rbac_enforcer/enforcer.py:457}}
Jun 22 12:09:59.325223 dv-cinder-846977-1-smb devstack@keystone.service[80198]: [pid: 80198|app: 0|req: 42/90] 10.222.0.52 () {56 vars in 1177 bytes} [Wed Jun 22 12:09:59 2022] GET /identity/v3/users/9c686937d40d46d3a1b403c117b5eeee => generated 275 bytes in 249 msecs (HTTP/1.1 200) 5 headers in 177 bytes (1 switches on core 0)
Jun 22 12:09:59.325223 dv-cinder-846977-1-smb devstack@keystone.service[80198]: DEBUG keystone.server.flask.request_processing.middleware.auth_context [None req-8767dd8a-ad72-4eee-b8c8-b64255b8b565 None admin] Authenticating user token {{(pid=80198) process_request /usr/local/lib/python3.8/dist-packages/keystonemiddleware/auth_token/__init__.py:407}}
Jun 22 12:09:59.343279 dv-cinder-846977-1-smb devstack@keystone.service[80198]: DEBUG dbcounter [-] [80198] Writing DB stats keystone:SELECT=100 {{(pid=80198) stat_writer /usr/local/lib/python3.8/dist-packages/dbcounter.py:114}}
Jun 22 12:09:59.375765 dv-cinder-846977-1-smb devstack@keystone.service[80197]: DEBUG keystone.common.rbac_enforcer.enforcer [None req-53e584e7-11ac-4bb6-9c0e-b868045496f2 None admin] RBAC: Authorizing `identity:validate_token()` {{(pid=80197) enforce_call /opt/stack/keystone/keystone/common/rbac_enforcer/enforcer.py:449}}
Jun 22 12:09:59.377315 dv-cinder-846977-1-smb devstack@keystone.service[80197]: DEBUG keystone.common.rbac_enforcer.enforcer [None req-53e584e7-11ac-4bb6-9c0e-b868045496f2 None admin] RBAC: Authorization granted {{(pid=80197) enforce_call /opt/stack/keystone/keystone/common/rbac_enforcer/enforcer.py:457}}
Jun 22 12:09:59.440893 dv-cinder-846977-1-smb devstack@keystone.service[80198]: DEBUG keystone.server.flask.request_processing.middleware.auth_context [None req-8767dd8a-ad72-4eee-b8c8-b64255b8b565 None admin] Validating token access rules against request {{(pid=80198) validate_allowed_request /usr/local/lib/python3.8/dist-packages/keystonemiddleware/auth_token/__init__.py:545}}
Jun 22 12:09:59.527957 dv-cinder-846977-1-smb devstack@keystone.service[80198]: DEBUG keystone.server.flask.request_processing.middleware.auth_context [None req-521fbbe7-b61e-4bc4-989e-de6af21e8469 None admin] RBAC: auth_context: {'token': , 'domain_id': None, 'trust_id': None, 'trustor_id': None, 'trustee_id': None, 'domain_name': None, 'group_ids': [], 'user_id': 'edf1a9b186724b7ba933f304cb391dca', 'user_domain_id': 'default', 'system_scope': 'all', 'project_id': None, 'project_domain_id': None, 'roles': ['admin', 'member', 'reader'], 'is_admin_project': True, 'service_user_id': None, 'service_user_domain_id': None, 'service_project_id': None, 'service_project_domain_id': None, 'service_roles': []} {{(pid=80198) fill_context /opt/stack/keystone/keystone/server/flask/request_processing/middleware/auth_context.py:478}}
Jun 22 12:09:59.529187 dv-cinder-846977-1-smb devstack@keystone.service[80198]: DEBUG keystone.server.flask.request_processing.req_logging [None req-521fbbe7-b61e-4bc4-989e-de6af21e8469 None admin] REQUEST_METHOD: `GET` {{(pid=80198) log_request_info /opt/stack/keystone/keystone/server/flask/request_processing/req_logging.py:27}}
Jun 22 12:09:59.530522 dv-cinder-846977-1-smb devstack@keystone.service[80198]: DEBUG keystone.server.flask.request_processing.req_logging [None req-521fbbe7-b61e-4bc4-989e-de6af21e8469 None admin] SCRIPT_NAME: `/identity` {{(pid=80198) log_request_info /opt/stack/keystone/keystone/server/flask/request_processing/req_logging.py:28}}
Jun 22 12:09:59.531175 dv-cinder-846977-1-smb devstack@keystone.service[80198]: DEBUG keystone.server.flask.request_processing.req_logging [None req-521fbbe7-b61e-4bc4-989e-de6af21e8469 None admin] PATH_INFO: `/v3/role_assignments` {{(pid=80198) log_request_info /opt/stack/keystone/keystone/server/flask/request_processing/req_logging.py:29}}
Jun 22 12:09:59.533433 dv-cinder-846977-1-smb devstack@keystone.service[80198]: DEBUG keystone.common.rbac_enforcer.enforcer [None req-521fbbe7-b61e-4bc4-989e-de6af21e8469 None admin] RBAC: Adding query filter params (role.id=e2ebdba0234644a68d95c973746c7f8a, scope.project.id=05a6b9d5c8054e68ae55ab62816b6709, user.id=edf1a9b186724b7ba933f304cb391dca) {{(pid=80198) _extract_filter_values /opt/stack/keystone/keystone/common/rbac_enforcer/enforcer.py:167}}
Jun 22 12:09:59.534149 dv-cinder-846977-1-smb devstack@keystone.service[80198]: DEBUG keystone.common.rbac_enforcer.enforcer [None req-521fbbe7-b61e-4bc4-989e-de6af21e8469 None admin] RBAC: Authorizing `identity:list_role_assignments()` {{(pid=80198) enforce_call /opt/stack/keystone/keystone/common/rbac_enforcer/enforcer.py:449}}
Jun 22 12:09:59.536632 dv-cinder-846977-1-smb devstack@keystone.service[80198]: DEBUG keystone.common.rbac_enforcer.enforcer [None req-521fbbe7-b61e-4bc4-989e-de6af21e8469 None admin] RBAC: Authorization granted {{(pid=80198) enforce_call /opt/stack/keystone/keystone/common/rbac_enforcer/enforcer.py:457}}
Jun 22 12:09:59.541042 dv-cinder-846977-1-smb devstack@keystone.service[80197]: DEBUG dbcounter [-] [80197] Writing DB stats keystone:SELECT=100 {{(pid=80197) stat_writer /usr/local/lib/python3.8/dist-packages/dbcounter.py:114}}
Jun 22 12:09:59.551352 dv-cinder-846977-1-smb devstack@keystone.service[80198]: [pid: 80198|app: 0|req: 43/91] 10.222.0.52 () {56 vars in 1374 bytes} [Wed Jun 22 12:09:59 2022] GET /identity/v3/role_assignments?user.id=edf1a9b186724b7ba933f304cb391dca&scope.project.id=05a6b9d5c8054e68ae55ab62816b6709&role.id=e2ebdba0234644a68d95c973746c7f8a => generated 259 bytes in 230 msecs (HTTP/1.1 200) 5 headers in 177 bytes (1 switches on core 0)
Jun 22 12:09:59.553240 dv-cinder-846977-1-smb devstack@keystone.service[80198]: DEBUG keystone.server.flask.request_processing.middleware.auth_context [None req-521fbbe7-b61e-4bc4-989e-de6af21e8469 None admin] Authenticating user token {{(pid=80198) process_request /usr/local/lib/python3.8/dist-packages/keystonemiddleware/auth_token/__init__.py:407}}
Jun 22 12:09:59.572773 dv-cinder-846977-1-smb devstack@keystone.service[80197]: [pid: 80197|app: 0|req: 49/92] 10.222.0.52 () {58 vars in 1282 bytes} [Wed Jun 22 12:09:58 2022] GET /identity/v3/auth/tokens => generated 799 bytes in 599 msecs (HTTP/1.1 200) 6 headers in 358 bytes (1 switches on core 0)
Jun 22 12:09:59.578051 dv-cinder-846977-1-smb devstack@keystone.service[80197]: DEBUG keystone.server.flask.request_processing.middleware.auth_context [None req-53e584e7-11ac-4bb6-9c0e-b868045496f2 None admin] Authenticating user token {{(pid=80197) process_request /usr/local/lib/python3.8/dist-packages/keystonemiddleware/auth_token/__init__.py:407}}
Jun 22 12:09:59.731454 dv-cinder-846977-1-smb devstack@keystone.service[80198]: DEBUG dbcounter [-] [80198] Writing DB stats keystone:SELECT=100 {{(pid=80198) stat_writer /usr/local/lib/python3.8/dist-packages/dbcounter.py:114}}
Jun 22 12:09:59.748850 dv-cinder-846977-1-smb devstack@keystone.service[80197]: DEBUG keystone.server.flask.request_processing.middleware.auth_context [None req-53e584e7-11ac-4bb6-9c0e-b868045496f2 None admin] Validating token access rules against request {{(pid=80197) validate_allowed_request /usr/local/lib/python3.8/dist-packages/keystonemiddleware/auth_token/__init__.py:545}}
Jun 22 12:09:59.789137 dv-cinder-846977-1-smb devstack@keystone.service[80198]: DEBUG keystone.server.flask.request_processing.middleware.auth_context [None req-521fbbe7-b61e-4bc4-989e-de6af21e8469 None admin] Validating token access rules against request {{(pid=80198) validate_allowed_request /usr/local/lib/python3.8/dist-packages/keystonemiddleware/auth_token/__init__.py:545}}
Jun 22 12:09:59.798809 dv-cinder-846977-1-smb devstack@keystone.service[80197]: DEBUG keystone.server.flask.request_processing.middleware.auth_context [None req-602805db-6477-4ba2-889f-0bbda84eccbf None admin] RBAC: auth_context: {'token': , 'domain_id': None, 'trust_id': None, 'trustor_id': None, 'trustee_id': None, 'domain_name': None, 'group_ids': [], 'user_id': 'edf1a9b186724b7ba933f304cb391dca', 'user_domain_id': 'default', 'system_scope': 'all', 'project_id': None, 'project_domain_id': None, 'roles': ['admin', 'member', 'reader'], 'is_admin_project': True, 'service_user_id': None, 'service_user_domain_id': None, 'service_project_id': None, 'service_project_domain_id': None, 'service_roles': []} {{(pid=80197) fill_context /opt/stack/keystone/keystone/server/flask/request_processing/middleware/auth_context.py:478}}
