Jun 24 03:46:47.710792 dv-cinder-846842-3-smb devstack@c-api.service[118112]: DEBUG cinder.api.openstack.wsgi [None req-a6e7bb7c-59eb-4347-8afc-713346dfaf3c tempest-VolumesDeleteCascade-1388997272 tempest-VolumesDeleteCascade-1388997272-project] Calling method 'index' {{(pid=118112) _process_stack /opt/stack/cinder/cinder/api/openstack/wsgi.py:868}}
Jun 24 03:46:47.711411 dv-cinder-846842-3-smb devstack@c-api.service[118112]: DEBUG cinder.api.api_utils [None req-a6e7bb7c-59eb-4347-8afc-713346dfaf3c tempest-VolumesDeleteCascade-1388997272 tempest-VolumesDeleteCascade-1388997272-project] Removing options '' from query. {{(pid=118112) remove_invalid_filter_options /opt/stack/cinder/cinder/api/api_utils.py:83}}
Jun 24 03:46:47.716369 dv-cinder-846842-3-smb devstack@c-api.service[118112]: DEBUG cinder.volume.api [None req-a6e7bb7c-59eb-4347-8afc-713346dfaf3c tempest-VolumesDeleteCascade-1388997272 tempest-VolumesDeleteCascade-1388997272-project] Searching by: MultiDict([('no_migration_targets', True)]). {{(pid=118112) get_all /opt/stack/cinder/cinder/volume/api.py:664}}
Jun 24 03:46:47.810674 dv-cinder-846842-3-smb devstack@c-api.service[118112]: INFO cinder.volume.api [None req-a6e7bb7c-59eb-4347-8afc-713346dfaf3c tempest-VolumesDeleteCascade-1388997272 tempest-VolumesDeleteCascade-1388997272-project] Get all volumes completed successfully.
Jun 24 03:46:47.811622 dv-cinder-846842-3-smb devstack@c-api.service[118112]: INFO cinder.api.openstack.wsgi [None req-a6e7bb7c-59eb-4347-8afc-713346dfaf3c tempest-VolumesDeleteCascade-1388997272 tempest-VolumesDeleteCascade-1388997272-project] http://10.222.0.42/volume/v3/36b1ce868bc644d29a8b19f301e13790/volumes returned with HTTP 200
Jun 24 03:46:47.812475 dv-cinder-846842-3-smb devstack@c-api.service[118112]: [pid: 118112|app: 0|req: 121/227] 10.222.0.42 () {58 vars in 1213 bytes} [Fri Jun 24 03:46:47 2022] GET /volume/v3/36b1ce868bc644d29a8b19f301e13790/volumes => generated 15 bytes in 112 msecs (HTTP/1.1 200) 7 headers in 284 bytes (2 switches on core 0)
Jun 24 03:46:47.818995 dv-cinder-846842-3-smb devstack@c-api.service[118111]: DEBUG cinder.api.middleware.request_id [None req-f74c7cfe-648b-4da0-825c-201a0b2f099a None None] RequestId filter calling following filter/app {{(pid=118111) _context_setter /opt/stack/cinder/cinder/api/middleware/request_id.py:62}}
Jun 24 03:46:47.824114 dv-cinder-846842-3-smb devstack@c-api.service[118111]: INFO cinder.api.openstack.wsgi [None req-f74c7cfe-648b-4da0-825c-201a0b2f099a tempest-VolumesDeleteCascade-1388997272 tempest-VolumesDeleteCascade-1388997272-project] GET http://10.222.0.42/volume/v3/36b1ce868bc644d29a8b19f301e13790/snapshots
Jun 24 03:46:47.824578 dv-cinder-846842-3-smb devstack@c-api.service[118111]: DEBUG cinder.api.openstack.wsgi [None req-f74c7cfe-648b-4da0-825c-201a0b2f099a tempest-VolumesDeleteCascade-1388997272 tempest-VolumesDeleteCascade-1388997272-project] Empty body provided in request {{(pid=118111) get_body /opt/stack/cinder/cinder/api/openstack/wsgi.py:715}}
Jun 24 03:46:47.825499 dv-cinder-846842-3-smb devstack@c-api.service[118111]: DEBUG cinder.api.openstack.wsgi [None req-f74c7cfe-648b-4da0-825c-201a0b2f099a tempest-VolumesDeleteCascade-1388997272 tempest-VolumesDeleteCascade-1388997272-project] Calling method 'index' {{(pid=118111) _process_stack /opt/stack/cinder/cinder/api/openstack/wsgi.py:868}}
Jun 24 03:46:47.826034 dv-cinder-846842-3-smb devstack@c-api.service[118111]: DEBUG cinder.api.api_utils [None req-f74c7cfe-648b-4da0-825c-201a0b2f099a tempest-VolumesDeleteCascade-1388997272 tempest-VolumesDeleteCascade-1388997272-project] Removing options '' from query. {{(pid=118111) remove_invalid_filter_options /opt/stack/cinder/cinder/api/api_utils.py:83}}
Jun 24 03:46:47.828697 dv-cinder-846842-3-smb devstack@c-api.service[118111]: DEBUG cinder.db.sqlalchemy.api [None req-f74c7cfe-648b-4da0-825c-201a0b2f099a tempest-VolumesDeleteCascade-1388997272 tempest-VolumesDeleteCascade-1388997272-project] Building query based on filter {{(pid=118111) _process_snaps_filters /opt/stack/cinder/cinder/db/sqlalchemy/api.py:3878}}
Jun 24 03:46:47.848085 dv-cinder-846842-3-smb devstack@c-api.service[118111]: INFO cinder.volume.api [None req-f74c7cfe-648b-4da0-825c-201a0b2f099a tempest-VolumesDeleteCascade-1388997272 tempest-VolumesDeleteCascade-1388997272-project] Get all snapshots completed successfully.
Jun 24 03:46:47.848902 dv-cinder-846842-3-smb devstack@c-api.service[118111]: INFO cinder.api.openstack.wsgi [None req-f74c7cfe-648b-4da0-825c-201a0b2f099a tempest-VolumesDeleteCascade-1388997272 tempest-VolumesDeleteCascade-1388997272-project] http://10.222.0.42/volume/v3/36b1ce868bc644d29a8b19f301e13790/snapshots returned with HTTP 200
Jun 24 03:46:47.849819 dv-cinder-846842-3-smb devstack@c-api.service[118111]: [pid: 118111|app: 0|req: 107/228] 10.222.0.42 () {58 vars in 1219 bytes} [Fri Jun 24 03:46:47 2022] GET /volume/v3/36b1ce868bc644d29a8b19f301e13790/snapshots => generated 17 bytes in 32 msecs (HTTP/1.1 200) 7 headers in 284 bytes (2 switches on core 0)
Jun 24 03:46:47.859126 dv-cinder-846842-3-smb devstack@c-api.service[118112]: DEBUG cinder.api.middleware.request_id [None req-1f01bc87-9cb2-4844-a464-7463069c9186 None None] RequestId filter calling following filter/app {{(pid=118112) _context_setter /opt/stack/cinder/cinder/api/middleware/request_id.py:62}}
Jun 24 03:46:47.863198 dv-cinder-846842-3-smb devstack@c-api.service[118112]: INFO cinder.api.openstack.wsgi [None req-1f01bc87-9cb2-4844-a464-7463069c9186 tempest-VolumesDeleteCascade-1388997272 tempest-VolumesDeleteCascade-1388997272-project] POST http://10.222.0.42/volume/v3/36b1ce868bc644d29a8b19f301e13790/volumes
Jun 24 03:46:47.864853 dv-cinder-846842-3-smb devstack@c-api.service[118112]: DEBUG cinder.api.openstack.wsgi [None req-1f01bc87-9cb2-4844-a464-7463069c9186 tempest-VolumesDeleteCascade-1388997272 tempest-VolumesDeleteCascade-1388997272-project] Action: 'create', calling method: create, body: {"volume": {"size": 1, "name": "tempest-VolumesDeleteCascade-Volume-366257845"}} {{(pid=118112) _process_stack /opt/stack/cinder/cinder/api/openstack/wsgi.py:866}}
Jun 24 03:46:47.866078 dv-cinder-846842-3-smb devstack@c-api.service[118112]: DEBUG cinder.api.v3.volumes [None req-1f01bc87-9cb2-4844-a464-7463069c9186 tempest-VolumesDeleteCascade-1388997272 tempest-VolumesDeleteCascade-1388997272-project] Create volume request body: {'volume': {'size': 1, 'name': 'tempest-VolumesDeleteCascade-Volume-366257845'}} {{(pid=118112) create /opt/stack/cinder/cinder/api/v3/volumes.py:298}}
Jun 24 03:46:47.866533 dv-cinder-846842-3-smb devstack@c-api.service[118112]: INFO cinder.api.v3.volumes [None req-1f01bc87-9cb2-4844-a464-7463069c9186 tempest-VolumesDeleteCascade-1388997272 tempest-VolumesDeleteCascade-1388997272-project] Create volume of 1 GB
Jun 24 03:46:47.876755 dv-cinder-846842-3-smb devstack@c-api.service[118112]: INFO cinder.volume.api [None req-1f01bc87-9cb2-4844-a464-7463069c9186 tempest-VolumesDeleteCascade-1388997272 tempest-VolumesDeleteCascade-1388997272-project] Availability Zones retrieved successfully.
Jun 24 03:46:47.895331 dv-cinder-846842-3-smb devstack@c-api.service[118112]: DEBUG cinder.volume.api [None req-1f01bc87-9cb2-4844-a464-7463069c9186 tempest-VolumesDeleteCascade-1388997272 tempest-VolumesDeleteCascade-1388997272-project] Flow 'volume_create_api' (97d704ad-9448-4167-835a-59e6dde2f3af) transitioned into state 'RUNNING' from state 'PENDING' {{(pid=118112) _flow_receiver /usr/local/lib/python3.8/dist-packages/taskflow/listeners/logging.py:141}}
Jun 24 03:46:47.898563 dv-cinder-846842-3-smb devstack@c-api.service[118112]: DEBUG cinder.volume.api [None req-1f01bc87-9cb2-4844-a464-7463069c9186 tempest-VolumesDeleteCascade-1388997272 tempest-VolumesDeleteCascade-1388997272-project] Task 'cinder.volume.flows.api.create_volume.ExtractVolumeRequestTask;volume:create' (3fc5fa3b-5a26-4fa1-945c-7f8ac415dc6d) transitioned into state 'RUNNING' from state 'PENDING' {{(pid=118112) _task_receiver /usr/local/lib/python3.8/dist-packages/taskflow/listeners/logging.py:190}}
Jun 24 03:46:47.902272 dv-cinder-846842-3-smb devstack@c-api.service[118112]: DEBUG cinder.volume.flows.api.create_volume [None req-1f01bc87-9cb2-4844-a464-7463069c9186 tempest-VolumesDeleteCascade-1388997272 tempest-VolumesDeleteCascade-1388997272-project] Validating volume size '1' using validate_int {{(pid=118112) _extract_size /opt/stack/cinder/cinder/volume/flows/api/create_volume.py:228}}
Jun 24 03:46:47.945251 dv-cinder-846842-3-smb devstack@c-api.service[118112]: DEBUG cinder.volume.api [None req-1f01bc87-9cb2-4844-a464-7463069c9186 tempest-VolumesDeleteCascade-1388997272 tempest-VolumesDeleteCascade-1388997272-project] Task 'cinder.volume.flows.api.create_volume.ExtractVolumeRequestTask;volume:create' (3fc5fa3b-5a26-4fa1-945c-7f8ac415dc6d) transitioned into state 'SUCCESS' from state 'RUNNING' with result '{'size': 1, 'snapshot_id': None, 'source_volid': None, 'volume_type': VolumeType(created_at=2022-06-24T03:31:44Z,deleted=False,deleted_at=None,description='Default Volume Type',extra_specs={},id=6d76bbe8-30b3-4bc6-875f-b99ef52d971f,is_public=True,name='__DEFAULT__',projects=[],qos_specs=,qos_specs_id=None,updated_at=2022-06-24T03:31:44Z), 'volume_type_id': '6d76bbe8-30b3-4bc6-875f-b99ef52d971f', 'encryption_key_id': None, 'qos_specs': None, 'consistencygroup_id': None, 'cgsnapshot_id': None, 'group_id': None, 'replication_status': 'disabled', 'refresh_az': False, 'backup_id': None, 'multiattach': False, 'availability_zones': ['nova']}' {{(pid=118112) _task_receiver /usr/local/lib/python3.8/dist-packages/taskflow/listeners/logging.py:178}}
Jun 24 03:46:47.947539 dv-cinder-846842-3-smb devstack@c-api.service[118112]: DEBUG cinder.volume.api [None req-1f01bc87-9cb2-4844-a464-7463069c9186 tempest-VolumesDeleteCascade-1388997272 tempest-VolumesDeleteCascade-1388997272-project] Task 'cinder.volume.flows.api.create_volume.QuotaReserveTask;volume:create' (89d254b9-daa5-494d-ab25-8bc2df591b07) transitioned into state 'RUNNING' from state 'PENDING' {{(pid=118112) _task_receiver /usr/local/lib/python3.8/dist-packages/taskflow/listeners/logging.py:190}}
Jun 24 03:46:47.989781 dv-cinder-846842-3-smb devstack@c-api.service[118112]: WARNING cinder.quota [None req-1f01bc87-9cb2-4844-a464-7463069c9186 tempest-VolumesDeleteCascade-1388997272 tempest-VolumesDeleteCascade-1388997272-project] Deprecated: Default quota for resource: volumes___DEFAULT__ is set by the default quota flag: quota_volumes___DEFAULT__, it is now deprecated. Please use the default quota class for default quota.
Jun 24 03:46:48.133757 dv-cinder-846842-3-smb devstack@c-api.service[118112]: DEBUG cinder.quota [None req-1f01bc87-9cb2-4844-a464-7463069c9186 tempest-VolumesDeleteCascade-1388997272 tempest-VolumesDeleteCascade-1388997272-project] Created reservations ['dfff249a-a4f5-4829-a688-4661cc765d12', '41e547da-7e40-4f43-8f1a-7cbb12c95688', '428e15db-8e7a-4a8d-998b-f58f6337c08f', 'f0c6c081-449c-4340-bc98-c8cec47fe038'] {{(pid=118112) reserve /opt/stack/cinder/cinder/quota.py:755}}
Jun 24 03:46:48.137440 dv-cinder-846842-3-smb devstack@c-api.service[118112]: DEBUG cinder.volume.api [None req-1f01bc87-9cb2-4844-a464-7463069c9186 tempest-VolumesDeleteCascade-1388997272 tempest-VolumesDeleteCascade-1388997272-project] Task 'cinder.volume.flows.api.create_volume.QuotaReserveTask;volume:create' (89d254b9-daa5-494d-ab25-8bc2df591b07) transitioned into state 'SUCCESS' from state 'RUNNING' with result '{'reservations': ['dfff249a-a4f5-4829-a688-4661cc765d12', '41e547da-7e40-4f43-8f1a-7cbb12c95688', '428e15db-8e7a-4a8d-998b-f58f6337c08f', 'f0c6c081-449c-4340-bc98-c8cec47fe038']}' {{(pid=118112) _task_receiver /usr/local/lib/python3.8/dist-packages/taskflow/listeners/logging.py:178}}
Jun 24 03:46:48.139498 dv-cinder-846842-3-smb devstack@c-api.service[118112]: DEBUG cinder.volume.api [None req-1f01bc87-9cb2-4844-a464-7463069c9186 tempest-VolumesDeleteCascade-1388997272 tempest-VolumesDeleteCascade-1388997272-project] Task 'cinder.volume.flows.api.create_volume.EntryCreateTask;volume:create' (c70eaac5-299f-46d2-a381-df41cc58524c) transitioned into state 'RUNNING' from state 'PENDING' {{(pid=118112) _task_receiver /usr/local/lib/python3.8/dist-packages/taskflow/listeners/logging.py:190}}
Jun 24 03:46:48.279389 dv-cinder-846842-3-smb devstack@c-api.service[118112]: DEBUG cinder.volume.api [None req-1f01bc87-9cb2-4844-a464-7463069c9186 tempest-VolumesDeleteCascade-1388997272 tempest-VolumesDeleteCascade-1388997272-project] Task 'cinder.volume.flows.api.create_volume.EntryCreateTask;volume:create' (c70eaac5-299f-46d2-a381-df41cc58524c) transitioned into state 'SUCCESS' from state 'RUNNING' with result '{'volume_id': '761d6a33-afda-4a8f-a6cd-124f69f678bb', 'volume_properties': VolumeProperties(attach_status='detached',availability_zone='nova',cgsnapshot_id=None,consistencygroup_id=None,display_description=None,display_name='tempest-VolumesDeleteCascade-Volume-366257845',encryption_key_id=None,group_id=None,group_type_id=,metadata={},multiattach=False,project_id='36b1ce868bc644d29a8b19f301e13790',qos_specs=None,replication_status=,reservations=['dfff249a-a4f5-4829-a688-4661cc765d12','41e547da-7e40-4f43-8f1a-7cbb12c95688','428e15db-8e7a-4a8d-998b-f58f6337c08f','f0c6c081-449c-4340-bc98-c8cec47fe038'],size=1,snapshot_id=None,source_replicaid=,source_volid=None,status='creating',user_id='fd89952cb7fb4ca497a671e66029b7bb',volume_type_id=6d76bbe8-30b3-4bc6-875f-b99ef52d971f), 'volume': Volume(_name_id=None,admin_metadata=,attach_status='detached',availability_zone='nova',bootable=False,cluster=,cluster_name=None,consistencygroup=,consistencygroup_id=None,created_at=2022-06-24T03:46:48Z,deleted=False,deleted_at=None,display_description=None,display_name='tempest-VolumesDeleteCascade-Volume-366257845',ec2_id=None,encryption_key_id=None,glance_metadata=,group=,group_id=None,host=None,id=761d6a33-afda-4a8f-a6cd-124f69f678bb,launched_at=None,metadata={},migration_status=None,multiattach=False,previous_status=None,project_id='36b1ce868bc644d29a8b19f301e13790',provider_auth=None,provider_geometry=None,provider_id=None,provider_location=None,replication_driver_data=None,replication_extended_status=None,replication_status=None,scheduled_at=None,service_uuid=None,shared_targets=True,size=1,snapshot_id=None,snapshots=,source_volid=None,status='creating',terminated_at=None,updated_at=None,use_quota=True,user_id='fd89952cb7fb4ca497a671e66029b7bb',volume_attachment=VolumeAttachmentList,volume_type=VolumeType(6d76bbe8-30b3-4bc6-875f-b99ef52d971f),volume_type_id=6d76bbe8-30b3-4bc6-875f-b99ef52d971f)}' {{(pid=118112) _task_receiver /usr/local/lib/python3.8/dist-packages/taskflow/listeners/logging.py:178}}
Jun 24 03:46:48.282847 dv-cinder-846842-3-smb devstack@c-api.service[118112]: DEBUG cinder.volume.api [None req-1f01bc87-9cb2-4844-a464-7463069c9186 tempest-VolumesDeleteCascade-1388997272 tempest-VolumesDeleteCascade-1388997272-project] Task 'cinder.volume.flows.api.create_volume.QuotaCommitTask;volume:create' (681e4248-a28f-4aac-bc5a-2420df3bf9f4) transitioned into state 'RUNNING' from state 'PENDING' {{(pid=118112) _task_receiver /usr/local/lib/python3.8/dist-packages/taskflow/listeners/logging.py:190}}
Jun 24 03:46:48.427542 dv-cinder-846842-3-smb devstack@c-api.service[118112]: DEBUG cinder.volume.api [None req-1f01bc87-9cb2-4844-a464-7463069c9186 tempest-VolumesDeleteCascade-1388997272 tempest-VolumesDeleteCascade-1388997272-project] Task 'cinder.volume.flows.api.create_volume.QuotaCommitTask;volume:create' (681e4248-a28f-4aac-bc5a-2420df3bf9f4) transitioned into state 'SUCCESS' from state 'RUNNING' with result '{'volume_properties': VolumeProperties(attach_status='detached',availability_zone='nova',cgsnapshot_id=None,consistencygroup_id=None,display_description=None,display_name='tempest-VolumesDeleteCascade-Volume-366257845',encryption_key_id=None,group_id=None,group_type_id=,metadata={},multiattach=False,project_id='36b1ce868bc644d29a8b19f301e13790',qos_specs=None,replication_status=,reservations=['dfff249a-a4f5-4829-a688-4661cc765d12','41e547da-7e40-4f43-8f1a-7cbb12c95688','428e15db-8e7a-4a8d-998b-f58f6337c08f','f0c6c081-449c-4340-bc98-c8cec47fe038'],size=1,snapshot_id=None,source_replicaid=,source_volid=None,status='creating',user_id='fd89952cb7fb4ca497a671e66029b7bb',volume_type_id=6d76bbe8-30b3-4bc6-875f-b99ef52d971f)}' {{(pid=118112) _task_receiver /usr/local/lib/python3.8/dist-packages/taskflow/listeners/logging.py:178}}
Jun 24 03:46:48.429473 dv-cinder-846842-3-smb devstack@c-api.service[118112]: DEBUG cinder.volume.api [None req-1f01bc87-9cb2-4844-a464-7463069c9186 tempest-VolumesDeleteCascade-1388997272 tempest-VolumesDeleteCascade-1388997272-project] Task 'cinder.volume.flows.api.create_volume.VolumeCastTask;volume:create' (32dadc05-f2ee-4328-ae33-5bc2b6c59456) transitioned into state 'RUNNING' from state 'PENDING' {{(pid=118112) _task_receiver /usr/local/lib/python3.8/dist-packages/taskflow/listeners/logging.py:190}}
Jun 24 03:46:48.530509 dv-cinder-846842-3-smb devstack@c-api.service[118112]: DEBUG cinder.volume.api [None req-1f01bc87-9cb2-4844-a464-7463069c9186 tempest-VolumesDeleteCascade-1388997272 tempest-VolumesDeleteCascade-1388997272-project] Task 'cinder.volume.flows.api.create_volume.VolumeCastTask;volume:create' (32dadc05-f2ee-4328-ae33-5bc2b6c59456) transitioned into state 'SUCCESS' from state 'RUNNING' with result 'None' {{(pid=118112) _task_receiver /usr/local/lib/python3.8/dist-packages/taskflow/listeners/logging.py:178}}
Jun 24 03:46:48.533970 dv-cinder-846842-3-smb devstack@c-api.service[118112]: DEBUG cinder.volume.api [None req-1f01bc87-9cb2-4844-a464-7463069c9186 tempest-VolumesDeleteCascade-1388997272 tempest-VolumesDeleteCascade-1388997272-project] Flow 'volume_create_api' (97d704ad-9448-4167-835a-59e6dde2f3af) transitioned into state 'SUCCESS' from state 'RUNNING' {{(pid=118112) _flow_receiver /usr/local/lib/python3.8/dist-packages/taskflow/listeners/logging.py:141}}
Jun 24 03:46:48.540748 dv-cinder-846842-3-smb devstack@c-api.service[118112]: INFO cinder.volume.api [None req-1f01bc87-9cb2-4844-a464-7463069c9186 tempest-VolumesDeleteCascade-1388997272 tempest-VolumesDeleteCascade-1388997272-project] Create volume request issued successfully.
Jun 24 03:46:48.542239 dv-cinder-846842-3-smb devstack@c-api.service[118112]: INFO cinder.api.openstack.wsgi [None req-1f01bc87-9cb2-4844-a464-7463069c9186 tempest-VolumesDeleteCascade-1388997272 tempest-VolumesDeleteCascade-1388997272-project] http://10.222.0.42/volume/v3/36b1ce868bc644d29a8b19f301e13790/volumes returned with HTTP 202
Jun 24 03:46:48.554647 dv-cinder-846842-3-smb devstack@c-api.service[118112]: [pid: 118112|app: 0|req: 122/229] 10.222.0.42 () {60 vars in 1234 bytes} [Fri Jun 24 03:46:47 2022] POST /volume/v3/36b1ce868bc644d29a8b19f301e13790/volumes => generated 819 bytes in 697 msecs (HTTP/1.1 202) 7 headers in 291 bytes (1 switches on core 0)
Jun 24 03:46:48.555136 dv-cinder-846842-3-smb devstack@c-api.service[118111]: DEBUG cinder.api.middleware.request_id [None req-85615c38-444b-48c6-bee6-2b9fa3db84c2 None None] RequestId filter calling following filter/app {{(pid=118111) _context_setter /opt/stack/cinder/cinder/api/middleware/request_id.py:62}}
Jun 24 03:46:48.567759 dv-cinder-846842-3-smb devstack@c-api.service[118111]: INFO cinder.api.openstack.wsgi [None req-85615c38-444b-48c6-bee6-2b9fa3db84c2 tempest-VolumesDeleteCascade-1388997272 tempest-VolumesDeleteCascade-1388997272-project] GET http://10.222.0.42/volume/v3/36b1ce868bc644d29a8b19f301e13790/volumes/761d6a33-afda-4a8f-a6cd-124f69f678bb
Jun 24 03:46:48.568445 dv-cinder-846842-3-smb devstack@c-api.service[118111]: DEBUG cinder.api.openstack.wsgi [None req-85615c38-444b-48c6-bee6-2b9fa3db84c2 tempest-VolumesDeleteCascade-1388997272 tempest-VolumesDeleteCascade-1388997272-project] Empty body provided in request {{(pid=118111) get_body /opt/stack/cinder/cinder/api/openstack/wsgi.py:715}}
Jun 24 03:46:48.570141 dv-cinder-846842-3-smb devstack@c-api.service[118111]: DEBUG cinder.api.openstack.wsgi [None req-85615c38-444b-48c6-bee6-2b9fa3db84c2 tempest-VolumesDeleteCascade-1388997272 tempest-VolumesDeleteCascade-1388997272-project] Calling method 'show' {{(pid=118111) _process_stack /opt/stack/cinder/cinder/api/openstack/wsgi.py:868}}
Jun 24 03:46:48.600966 dv-cinder-846842-3-smb devstack@c-api.service[118111]: /usr/local/lib/python3.8/dist-packages/oslo_context/context.py:100: DeprecationWarning: Policy enforcement is depending on the value of is_admin. This key is deprecated. Please update your policy file to use the standard policy values.
Jun 24 03:46:48.600966 dv-cinder-846842-3-smb devstack@c-api.service[118111]: warnings.warn('Policy enforcement is depending on the value of '
Jun 24 03:46:48.611586 dv-cinder-846842-3-smb devstack@c-api.service[118111]: INFO cinder.volume.api [None req-85615c38-444b-48c6-bee6-2b9fa3db84c2 tempest-VolumesDeleteCascade-1388997272 tempest-VolumesDeleteCascade-1388997272-project] Volume info retrieved successfully.
Jun 24 03:46:48.648590 dv-cinder-846842-3-smb devstack@c-api.service[118111]: INFO cinder.api.openstack.wsgi [None req-85615c38-444b-48c6-bee6-2b9fa3db84c2 tempest-VolumesDeleteCascade-1388997272 tempest-VolumesDeleteCascade-1388997272-project] http://10.222.0.42/volume/v3/36b1ce868bc644d29a8b19f301e13790/volumes/761d6a33-afda-4a8f-a6cd-124f69f678bb returned with HTTP 200
Jun 24 03:46:48.648590 dv-cinder-846842-3-smb devstack@c-api.service[118111]: [pid: 118111|app: 0|req: 108/230] 10.222.0.42 () {58 vars in 1324 bytes} [Fri Jun 24 03:46:48 2022] GET /volume/v3/36b1ce868bc644d29a8b19f301e13790/volumes/761d6a33-afda-4a8f-a6cd-124f69f678bb => generated 887 bytes in 92 msecs (HTTP/1.1 200) 7 headers in 285 bytes (2 switches on core 0)
Jun 24 03:46:49.662052 dv-cinder-846842-3-smb devstack@c-api.service[118112]: DEBUG cinder.api.middleware.request_id [None req-091f78d5-02ab-4229-997b-97a395d14b25 None None] RequestId filter calling following filter/app {{(pid=118112) _context_setter /opt/stack/cinder/cinder/api/middleware/request_id.py:62}}
Jun 24 03:46:49.667061 dv-cinder-846842-3-smb devstack@c-api.service[118112]: INFO cinder.api.openstack.wsgi [None req-091f78d5-02ab-4229-997b-97a395d14b25 tempest-VolumesDeleteCascade-1388997272 tempest-VolumesDeleteCascade-1388997272-project] GET http://10.222.0.42/volume/v3/36b1ce868bc644d29a8b19f301e13790/volumes/761d6a33-afda-4a8f-a6cd-124f69f678bb
Jun 24 03:46:49.668180 dv-cinder-846842-3-smb devstack@c-api.service[118112]: DEBUG cinder.api.openstack.wsgi [None req-091f78d5-02ab-4229-997b-97a395d14b25 tempest-VolumesDeleteCascade-1388997272 tempest-VolumesDeleteCascade-1388997272-project] Empty body provided in request {{(pid=118112) get_body /opt/stack/cinder/cinder/api/openstack/wsgi.py:715}}
Jun 24 03:46:49.668830 dv-cinder-846842-3-smb devstack@c-api.service[118112]: DEBUG cinder.api.openstack.wsgi [None req-091f78d5-02ab-4229-997b-97a395d14b25 tempest-VolumesDeleteCascade-1388997272 tempest-VolumesDeleteCascade-1388997272-project] Calling method 'show' {{(pid=118112) _process_stack /opt/stack/cinder/cinder/api/openstack/wsgi.py:868}}
Jun 24 03:46:49.693226 dv-cinder-846842-3-smb devstack@c-api.service[118112]: /usr/local/lib/python3.8/dist-packages/oslo_context/context.py:100: DeprecationWarning: Policy enforcement is depending on the value of is_admin. This key is deprecated. Please update your policy file to use the standard policy values.
Jun 24 03:46:49.693226 dv-cinder-846842-3-smb devstack@c-api.service[118112]: warnings.warn('Policy enforcement is depending on the value of '
Jun 24 03:46:49.703645 dv-cinder-846842-3-smb devstack@c-api.service[118112]: INFO cinder.volume.api [None req-091f78d5-02ab-4229-997b-97a395d14b25 tempest-VolumesDeleteCascade-1388997272 tempest-VolumesDeleteCascade-1388997272-project] Volume info retrieved successfully.
Jun 24 03:46:49.725010 dv-cinder-846842-3-smb devstack@c-api.service[118112]: INFO cinder.api.openstack.wsgi [None req-091f78d5-02ab-4229-997b-97a395d14b25 tempest-VolumesDeleteCascade-1388997272 tempest-VolumesDeleteCascade-1388997272-project] http://10.222.0.42/volume/v3/36b1ce868bc644d29a8b19f301e13790/volumes/761d6a33-afda-4a8f-a6cd-124f69f678bb returned with HTTP 200
Jun 24 03:46:49.741715 dv-cinder-846842-3-smb devstack@c-api.service[118111]: DEBUG cinder.api.middleware.request_id [None req-47acce98-683a-4a37-81fb-14d1332025d1 None None] RequestId filter calling following filter/app {{(pid=118111) _context_setter /opt/stack/cinder/cinder/api/middleware/request_id.py:62}}
Jun 24 03:46:49.748765 dv-cinder-846842-3-smb devstack@c-api.service[118111]: INFO cinder.api.openstack.wsgi [None req-47acce98-683a-4a37-81fb-14d1332025d1 tempest-VolumesDeleteCascade-1388997272 tempest-VolumesDeleteCascade-1388997272-project] POST http://10.222.0.42/volume/v3/36b1ce868bc644d29a8b19f301e13790/snapshots
Jun 24 03:46:49.754881 dv-cinder-846842-3-smb devstack@c-api.service[118111]: DEBUG cinder.api.openstack.wsgi [None req-47acce98-683a-4a37-81fb-14d1332025d1 tempest-VolumesDeleteCascade-1388997272 tempest-VolumesDeleteCascade-1388997272-project] Action: 'create', calling method: create, body: {"snapshot": {"volume_id": "761d6a33-afda-4a8f-a6cd-124f69f678bb", "name": "tempest-VolumesDeleteCascade-Snapshot-235222050"}} {{(pid=118111) _process_stack /opt/stack/cinder/cinder/api/openstack/wsgi.py:866}}
Jun 24 03:46:49.755123 dv-cinder-846842-3-smb devstack@c-api.service[118112]: [pid: 118112|app: 0|req: 123/231] 10.222.0.42 () {58 vars in 1324 bytes} [Fri Jun 24 03:46:49 2022] GET /volume/v3/36b1ce868bc644d29a8b19f301e13790/volumes/761d6a33-afda-4a8f-a6cd-124f69f678bb => generated 912 bytes in 96 msecs (HTTP/1.1 200) 7 headers in 285 bytes (1 switches on core 0)
Jun 24 03:46:49.770752 dv-cinder-846842-3-smb devstack@c-api.service[118111]: /usr/local/lib/python3.8/dist-packages/oslo_context/context.py:100: DeprecationWarning: Policy enforcement is depending on the value of is_admin. This key is deprecated. Please update your policy file to use the standard policy values.
Jun 24 03:46:49.770752 dv-cinder-846842-3-smb devstack@c-api.service[118111]: warnings.warn('Policy enforcement is depending on the value of '
Jun 24 03:46:49.772282 dv-cinder-846842-3-smb devstack@c-api.service[118111]: INFO cinder.volume.api [None req-47acce98-683a-4a37-81fb-14d1332025d1 tempest-VolumesDeleteCascade-1388997272 tempest-VolumesDeleteCascade-1388997272-project] Volume info retrieved successfully.
Jun 24 03:46:49.772741 dv-cinder-846842-3-smb devstack@c-api.service[118111]: INFO cinder.api.v3.snapshots [None req-47acce98-683a-4a37-81fb-14d1332025d1 tempest-VolumesDeleteCascade-1388997272 tempest-VolumesDeleteCascade-1388997272-project] Create snapshot from volume 761d6a33-afda-4a8f-a6cd-124f69f678bb
Jun 24 03:46:49.810735 dv-cinder-846842-3-smb devstack@c-api.service[118111]: WARNING cinder.quota [None req-47acce98-683a-4a37-81fb-14d1332025d1 tempest-VolumesDeleteCascade-1388997272 tempest-VolumesDeleteCascade-1388997272-project] Deprecated: Default quota for resource: snapshots___DEFAULT__ is set by the default quota flag: quota_snapshots___DEFAULT__, it is now deprecated. Please use the default quota class for default quota.
Jun 24 03:46:49.828743 dv-cinder-846842-3-smb devstack@c-api.service[118111]: DEBUG dbcounter [-] [118111] Writing DB stats cinder:SELECT=81,cinder:UPDATE=16,cinder:INSERT=3 {{(pid=118111) stat_writer /usr/local/lib/python3.8/dist-packages/dbcounter.py:114}}
Jun 24 03:46:49.842637 dv-cinder-846842-3-smb devstack@c-api.service[118112]: DEBUG cinder.api.middleware.request_id [None req-092d5f0d-c004-4045-91b9-aa4724487886 None None] RequestId filter calling following filter/app {{(pid=118112) _context_setter /opt/stack/cinder/cinder/api/middleware/request_id.py:62}}
Jun 24 03:46:49.899567 dv-cinder-846842-3-smb devstack@c-api.service[118111]: DEBUG cinder.quota [None req-47acce98-683a-4a37-81fb-14d1332025d1 tempest-VolumesDeleteCascade-1388997272 tempest-VolumesDeleteCascade-1388997272-project] Created reservations ['884bf9ce-b835-4807-acab-12d8d2edb968', '4a76b487-8e5f-433a-a482-ff5a4964dbca', '46cda178-21cb-4cb2-8be8-087712283aa7', 'd441f76c-4b77-408f-8e05-3f3120b1ed9c'] {{(pid=118111) reserve /opt/stack/cinder/cinder/quota.py:755}}
Jun 24 03:46:50.188609 dv-cinder-846842-3-smb devstack@c-api.service[118112]: INFO cinder.api.openstack.wsgi [None req-092d5f0d-c004-4045-91b9-aa4724487886 tempest-VolumeQuotasAdminTestJSON-138434626 tempest-VolumeQuotasAdminTestJSON-138434626-project-admin] GET http://10.222.0.42/volume/v3/db1d1651b24947778f1b24f33ad110ad/os-quota-sets/c5257c022eed41a4b77cca9617a6c0a2
Jun 24 03:46:50.189079 dv-cinder-846842-3-smb devstack@c-api.service[118112]: DEBUG cinder.api.openstack.wsgi [None req-092d5f0d-c004-4045-91b9-aa4724487886 tempest-VolumeQuotasAdminTestJSON-138434626 tempest-VolumeQuotasAdminTestJSON-138434626-project-admin] Empty body provided in request {{(pid=118112) get_body /opt/stack/cinder/cinder/api/openstack/wsgi.py:715}}
Jun 24 03:46:50.189740 dv-cinder-846842-3-smb devstack@c-api.service[118112]: DEBUG cinder.api.openstack.wsgi [None req-092d5f0d-c004-4045-91b9-aa4724487886 tempest-VolumeQuotasAdminTestJSON-138434626 tempest-VolumeQuotasAdminTestJSON-138434626-project-admin] Calling method 'show' {{(pid=118112) _process_stack /opt/stack/cinder/cinder/api/openstack/wsgi.py:868}}
Jun 24 03:46:50.201542 dv-cinder-846842-3-smb devstack@c-api.service[118111]: INFO cinder.volume.api [None req-47acce98-683a-4a37-81fb-14d1332025d1 tempest-VolumesDeleteCascade-1388997272 tempest-VolumesDeleteCascade-1388997272-project] Snapshot create request issued successfully.
Jun 24 03:46:50.203355 dv-cinder-846842-3-smb devstack@c-api.service[118111]: INFO cinder.api.openstack.wsgi [None req-47acce98-683a-4a37-81fb-14d1332025d1 tempest-VolumesDeleteCascade-1388997272 tempest-VolumesDeleteCascade-1388997272-project] http://10.222.0.42/volume/v3/36b1ce868bc644d29a8b19f301e13790/snapshots returned with HTTP 202
Jun 24 03:46:50.210759 dv-cinder-846842-3-smb devstack@c-api.service[118111]: [pid: 118111|app: 0|req: 109/232] 10.222.0.42 () {60 vars in 1241 bytes} [Fri Jun 24 03:46:49 2022] POST /volume/v3/36b1ce868bc644d29a8b19f301e13790/snapshots => generated 306 bytes in 466 msecs (HTTP/1.1 202) 7 headers in 291 bytes (1 switches on core 0)
Jun 24 03:46:50.213713 dv-cinder-846842-3-smb devstack@c-api.service[118111]: DEBUG cinder.api.middleware.request_id [None req-a5ab201e-dc76-43fe-a985-8446f5b257e6 None None] RequestId filter calling following filter/app {{(pid=118111) _context_setter /opt/stack/cinder/cinder/api/middleware/request_id.py:62}}
Jun 24 03:46:50.219653 dv-cinder-846842-3-smb devstack@c-api.service[118111]: INFO cinder.api.openstack.wsgi [None req-a5ab201e-dc76-43fe-a985-8446f5b257e6 tempest-VolumesDeleteCascade-1388997272 tempest-VolumesDeleteCascade-1388997272-project] GET http://10.222.0.42/volume/v3/36b1ce868bc644d29a8b19f301e13790/snapshots/ef3001a8-a868-4f18-8aef-92c33a9dee2a
Jun 24 03:46:50.220106 dv-cinder-846842-3-smb devstack@c-api.service[118111]: DEBUG cinder.api.openstack.wsgi [None req-a5ab201e-dc76-43fe-a985-8446f5b257e6 tempest-VolumesDeleteCascade-1388997272 tempest-VolumesDeleteCascade-1388997272-project] Empty body provided in request {{(pid=118111) get_body /opt/stack/cinder/cinder/api/openstack/wsgi.py:715}}
Jun 24 03:46:50.221018 dv-cinder-846842-3-smb devstack@c-api.service[118111]: DEBUG cinder.api.openstack.wsgi [None req-a5ab201e-dc76-43fe-a985-8446f5b257e6 tempest-VolumesDeleteCascade-1388997272 tempest-VolumesDeleteCascade-1388997272-project] Calling method 'show' {{(pid=118111) _process_stack /opt/stack/cinder/cinder/api/openstack/wsgi.py:868}}
Jun 24 03:46:50.252830 dv-cinder-846842-3-smb devstack@c-api.service[118112]: WARNING cinder.quota [None req-092d5f0d-c004-4045-91b9-aa4724487886 tempest-VolumeQuotasAdminTestJSON-138434626 tempest-VolumeQuotasAdminTestJSON-138434626-project-admin] Deprecated: Default quota for resource: backups is set by the default quota flag: quota_backups, it is now deprecated. Please use the default quota class for default quota.
Jun 24 03:46:50.258184 dv-cinder-846842-3-smb devstack@c-api.service[118112]: WARNING cinder.quota [None req-092d5f0d-c004-4045-91b9-aa4724487886 tempest-VolumeQuotasAdminTestJSON-138434626 tempest-VolumeQuotasAdminTestJSON-138434626-project-admin] Deprecated: Default quota for resource: backup_gigabytes is set by the default quota flag: quota_backup_gigabytes, it is now deprecated. Please use the default quota class for default quota.
Jun 24 03:46:50.259429 dv-cinder-846842-3-smb devstack@c-api.service[118112]: WARNING cinder.quota [None req-092d5f0d-c004-4045-91b9-aa4724487886 tempest-VolumeQuotasAdminTestJSON-138434626 tempest-VolumeQuotasAdminTestJSON-138434626-project-admin] Deprecated: Default quota for resource: volumes_lvmdriver-1 is set by the default quota flag: quota_volumes_lvmdriver-1, it is now deprecated. Please use the default quota class for default quota.
Jun 24 03:46:50.260042 dv-cinder-846842-3-smb devstack@c-api.service[118112]: WARNING cinder.quota [None req-092d5f0d-c004-4045-91b9-aa4724487886 tempest-VolumeQuotasAdminTestJSON-138434626 tempest-VolumeQuotasAdminTestJSON-138434626-project-admin] Deprecated: Default quota for resource: gigabytes_lvmdriver-1 is set by the default quota flag: quota_gigabytes_lvmdriver-1, it is now deprecated. Please use the default quota class for default quota.
Jun 24 03:46:50.261760 dv-cinder-846842-3-smb devstack@c-api.service[118112]: WARNING cinder.quota [None req-092d5f0d-c004-4045-91b9-aa4724487886 tempest-VolumeQuotasAdminTestJSON-138434626 tempest-VolumeQuotasAdminTestJSON-138434626-project-admin] Deprecated: Default quota for resource: snapshots_lvmdriver-1 is set by the default quota flag: quota_snapshots_lvmdriver-1, it is now deprecated. Please use the default quota class for default quota.
Jun 24 03:46:50.265254 dv-cinder-846842-3-smb devstack@c-api.service[118111]: /usr/local/lib/python3.8/dist-packages/oslo_context/context.py:100: DeprecationWarning: Policy enforcement is depending on the value of is_admin. This key is deprecated. Please update your policy file to use the standard policy values.
Jun 24 03:46:50.265254 dv-cinder-846842-3-smb devstack@c-api.service[118111]: warnings.warn('Policy enforcement is depending on the value of '
Jun 24 03:46:50.269623 dv-cinder-846842-3-smb devstack@c-api.service[118111]: INFO cinder.volume.api [None req-a5ab201e-dc76-43fe-a985-8446f5b257e6 tempest-VolumesDeleteCascade-1388997272 tempest-VolumesDeleteCascade-1388997272-project] Snapshot retrieved successfully.
Jun 24 03:46:50.271663 dv-cinder-846842-3-smb devstack@c-api.service[118111]: INFO cinder.api.openstack.wsgi [None req-a5ab201e-dc76-43fe-a985-8446f5b257e6 tempest-VolumesDeleteCascade-1388997272 tempest-VolumesDeleteCascade-1388997272-project] http://10.222.0.42/volume/v3/36b1ce868bc644d29a8b19f301e13790/snapshots/ef3001a8-a868-4f18-8aef-92c33a9dee2a returned with HTTP 200
Jun 24 03:46:50.276372 dv-cinder-846842-3-smb devstack@c-api.service[118111]: [pid: 118111|app: 0|req: 110/233] 10.222.0.42 () {58 vars in 1330 bytes} [Fri Jun 24 03:46:50 2022] GET /volume/v3/36b1ce868bc644d29a8b19f301e13790/snapshots/ef3001a8-a868-4f18-8aef-92c33a9dee2a => generated 438 bytes in 61 msecs (HTTP/1.1 200) 7 headers in 285 bytes (1 switches on core 0)
Jun 24 03:46:50.293054 dv-cinder-846842-3-smb devstack@c-api.service[118112]: INFO cinder.api.openstack.wsgi [None req-092d5f0d-c004-4045-91b9-aa4724487886 tempest-VolumeQuotasAdminTestJSON-138434626 tempest-VolumeQuotasAdminTestJSON-138434626-project-admin] http://10.222.0.42/volume/v3/db1d1651b24947778f1b24f33ad110ad/os-quota-sets/c5257c022eed41a4b77cca9617a6c0a2 returned with HTTP 200
Jun 24 03:46:50.303808 dv-cinder-846842-3-smb devstack@c-api.service[118111]: DEBUG cinder.api.middleware.request_id [None req-128785a6-36a3-461c-961e-43f3fffe7666 None None] RequestId filter calling following filter/app {{(pid=118111) _context_setter /opt/stack/cinder/cinder/api/middleware/request_id.py:62}}
Jun 24 03:46:50.311224 dv-cinder-846842-3-smb devstack@c-api.service[118112]: [pid: 118112|app: 0|req: 124/234] 10.222.0.42 () {58 vars in 1330 bytes} [Fri Jun 24 03:46:49 2022] GET /volume/v3/db1d1651b24947778f1b24f33ad110ad/os-quota-sets/c5257c022eed41a4b77cca9617a6c0a2 => generated 361 bytes in 469 msecs (HTTP/1.1 200) 7 headers in 285 bytes (1 switches on core 0)
Jun 24 03:46:50.311410 dv-cinder-846842-3-smb devstack@c-api.service[118111]: INFO cinder.api.openstack.wsgi [None req-128785a6-36a3-461c-961e-43f3fffe7666 tempest-VolumeQuotasAdminTestJSON-138434626 tempest-VolumeQuotasAdminTestJSON-138434626-project-admin] GET http://10.222.0.42/volume/v3/db1d1651b24947778f1b24f33ad110ad/os-quota-sets/c5257c022eed41a4b77cca9617a6c0a2/defaults
Jun 24 03:46:50.311987 dv-cinder-846842-3-smb devstack@c-api.service[118111]: DEBUG cinder.api.openstack.wsgi [None req-128785a6-36a3-461c-961e-43f3fffe7666 tempest-VolumeQuotasAdminTestJSON-138434626 tempest-VolumeQuotasAdminTestJSON-138434626-project-admin] Empty body provided in request {{(pid=118111) get_body /opt/stack/cinder/cinder/api/openstack/wsgi.py:715}}
Jun 24 03:46:50.313893 dv-cinder-846842-3-smb devstack@c-api.service[118111]: DEBUG cinder.api.openstack.wsgi [None req-128785a6-36a3-461c-961e-43f3fffe7666 tempest-VolumeQuotasAdminTestJSON-138434626 tempest-VolumeQuotasAdminTestJSON-138434626-project-admin] Calling method 'defaults' {{(pid=118111) _process_stack /opt/stack/cinder/cinder/api/openstack/wsgi.py:868}}
Jun 24 03:46:50.327495 dv-cinder-846842-3-smb devstack@c-api.service[118111]: WARNING cinder.quota [None req-128785a6-36a3-461c-961e-43f3fffe7666 tempest-VolumeQuotasAdminTestJSON-138434626 tempest-VolumeQuotasAdminTestJSON-138434626-project-admin] Deprecated: Default quota for resource: backups is set by the default quota flag: quota_backups, it is now deprecated. Please use the default quota class for default quota.
Jun 24 03:46:50.328531 dv-cinder-846842-3-smb devstack@c-api.service[118111]: WARNING cinder.quota [None req-128785a6-36a3-461c-961e-43f3fffe7666 tempest-VolumeQuotasAdminTestJSON-138434626 tempest-VolumeQuotasAdminTestJSON-138434626-project-admin] Deprecated: Default quota for resource: backup_gigabytes is set by the default quota flag: quota_backup_gigabytes, it is now deprecated. Please use the default quota class for default quota.
Jun 24 03:46:50.329831 dv-cinder-846842-3-smb devstack@c-api.service[118111]: WARNING cinder.quota [None req-128785a6-36a3-461c-961e-43f3fffe7666 tempest-VolumeQuotasAdminTestJSON-138434626 tempest-VolumeQuotasAdminTestJSON-138434626-project-admin] Deprecated: Default quota for resource: volumes_lvmdriver-1 is set by the default quota flag: quota_volumes_lvmdriver-1, it is now deprecated. Please use the default quota class for default quota.
Jun 24 03:46:50.330678 dv-cinder-846842-3-smb devstack@c-api.service[118111]: WARNING cinder.quota [None req-128785a6-36a3-461c-961e-43f3fffe7666 tempest-VolumeQuotasAdminTestJSON-138434626 tempest-VolumeQuotasAdminTestJSON-138434626-project-admin] Deprecated: Default quota for resource: gigabytes_lvmdriver-1 is set by the default quota flag: quota_gigabytes_lvmdriver-1, it is now deprecated. Please use the default quota class for default quota.
Jun 24 03:46:50.331417 dv-cinder-846842-3-smb devstack@c-api.service[118111]: WARNING cinder.quota [None req-128785a6-36a3-461c-961e-43f3fffe7666 tempest-VolumeQuotasAdminTestJSON-138434626 tempest-VolumeQuotasAdminTestJSON-138434626-project-admin] Deprecated: Default quota for resource: snapshots_lvmdriver-1 is set by the default quota flag: quota_snapshots_lvmdriver-1, it is now deprecated. Please use the default quota class for default quota.
Jun 24 03:46:50.341146 dv-cinder-846842-3-smb devstack@c-api.service[118111]: INFO cinder.api.openstack.wsgi [None req-128785a6-36a3-461c-961e-43f3fffe7666 tempest-VolumeQuotasAdminTestJSON-138434626 tempest-VolumeQuotasAdminTestJSON-138434626-project-admin] http://10.222.0.42/volume/v3/db1d1651b24947778f1b24f33ad110ad/os-quota-sets/c5257c022eed41a4b77cca9617a6c0a2/defaults returned with HTTP 200
Jun 24 03:46:50.351136 dv-cinder-846842-3-smb devstack@c-api.service[118112]: DEBUG cinder.api.middleware.request_id [None req-a7ad2d15-1d58-44d5-9c37-fbdcc9f41dca None None] RequestId filter calling following filter/app {{(pid=118112) _context_setter /opt/stack/cinder/cinder/api/middleware/request_id.py:62}}
Jun 24 03:46:50.357559 dv-cinder-846842-3-smb devstack@c-api.service[118112]: INFO cinder.api.openstack.wsgi [None req-a7ad2d15-1d58-44d5-9c37-fbdcc9f41dca tempest-VolumeQuotasAdminTestJSON-138434626 tempest-VolumeQuotasAdminTestJSON-138434626-project-admin] PUT http://10.222.0.42/volume/v3/db1d1651b24947778f1b24f33ad110ad/os-quota-sets/c5257c022eed41a4b77cca9617a6c0a2
Jun 24 03:46:50.359187 dv-cinder-846842-3-smb devstack@c-api.service[118112]: DEBUG cinder.api.openstack.wsgi [None req-a7ad2d15-1d58-44d5-9c37-fbdcc9f41dca tempest-VolumeQuotasAdminTestJSON-138434626 tempest-VolumeQuotasAdminTestJSON-138434626-project-admin] Action: 'update', calling method: update, body: {"quota_set": {"volumes": 15}} {{(pid=118112) _process_stack /opt/stack/cinder/cinder/api/openstack/wsgi.py:866}}
Jun 24 03:46:50.362353 dv-cinder-846842-3-smb devstack@c-api.service[118111]: [pid: 118111|app: 0|req: 111/235] 10.222.0.42 () {58 vars in 1357 bytes} [Fri Jun 24 03:46:50 2022] GET /volume/v3/db1d1651b24947778f1b24f33ad110ad/os-quota-sets/c5257c022eed41a4b77cca9617a6c0a2/defaults => generated 361 bytes in 59 msecs (HTTP/1.1 200) 7 headers in 285 bytes (1 switches on core 0)
Jun 24 03:46:50.526192 dv-cinder-846842-3-smb devstack@c-api.service[118112]: DEBUG dbcounter [-] [118112] Writing DB stats cinder:SELECT=81,cinder:INSERT=7,cinder:UPDATE=12 {{(pid=118112) stat_writer /usr/local/lib/python3.8/dist-packages/dbcounter.py:114}}
Jun 24 03:46:50.557978 dv-cinder-846842-3-smb devstack@c-api.service[118112]: INFO cinder.api.openstack.wsgi [None req-a7ad2d15-1d58-44d5-9c37-fbdcc9f41dca tempest-VolumeQuotasAdminTestJSON-138434626 tempest-VolumeQuotasAdminTestJSON-138434626-project-admin] http://10.222.0.42/volume/v3/db1d1651b24947778f1b24f33ad110ad/os-quota-sets/c5257c022eed41a4b77cca9617a6c0a2 returned with HTTP 200
Jun 24 03:46:50.566033 dv-cinder-846842-3-smb devstack@c-api.service[118112]: [pid: 118112|app: 0|req: 125/236] 10.222.0.42 () {60 vars in 1350 bytes} [Fri Jun 24 03:46:50 2022] PUT /volume/v3/db1d1651b24947778f1b24f33ad110ad/os-quota-sets/c5257c022eed41a4b77cca9617a6c0a2 => generated 319 bytes in 216 msecs (HTTP/1.1 200) 7 headers in 285 bytes (1 switches on core 0)
Jun 24 03:46:50.566233 dv-cinder-846842-3-smb devstack@c-api.service[118111]: DEBUG cinder.api.middleware.request_id [None req-2ee9e306-3dd7-4dcb-af43-ff58352578c1 None None] RequestId filter calling following filter/app {{(pid=118111) _context_setter /opt/stack/cinder/cinder/api/middleware/request_id.py:62}}
Jun 24 03:46:50.574283 dv-cinder-846842-3-smb devstack@c-api.service[118111]: INFO cinder.api.openstack.wsgi [None req-2ee9e306-3dd7-4dcb-af43-ff58352578c1 tempest-VolumeQuotasAdminTestJSON-138434626 tempest-VolumeQuotasAdminTestJSON-138434626-project-admin] DELETE http://10.222.0.42/volume/v3/db1d1651b24947778f1b24f33ad110ad/os-quota-sets/c5257c022eed41a4b77cca9617a6c0a2
Jun 24 03:46:50.574283 dv-cinder-846842-3-smb devstack@c-api.service[118111]: DEBUG cinder.api.openstack.wsgi [None req-2ee9e306-3dd7-4dcb-af43-ff58352578c1 tempest-VolumeQuotasAdminTestJSON-138434626 tempest-VolumeQuotasAdminTestJSON-138434626-project-admin] Empty body provided in request {{(pid=118111) get_body /opt/stack/cinder/cinder/api/openstack/wsgi.py:715}}
Jun 24 03:46:50.574283 dv-cinder-846842-3-smb devstack@c-api.service[118111]: DEBUG cinder.api.openstack.wsgi [None req-2ee9e306-3dd7-4dcb-af43-ff58352578c1 tempest-VolumeQuotasAdminTestJSON-138434626 tempest-VolumeQuotasAdminTestJSON-138434626-project-admin] Calling method 'delete' {{(pid=118111) _process_stack /opt/stack/cinder/cinder/api/openstack/wsgi.py:868}}
Jun 24 03:46:50.740438 dv-cinder-846842-3-smb devstack@c-api.service[118111]: INFO cinder.api.openstack.wsgi [None req-2ee9e306-3dd7-4dcb-af43-ff58352578c1 tempest-VolumeQuotasAdminTestJSON-138434626 tempest-VolumeQuotasAdminTestJSON-138434626-project-admin] http://10.222.0.42/volume/v3/db1d1651b24947778f1b24f33ad110ad/os-quota-sets/c5257c022eed41a4b77cca9617a6c0a2 returned with HTTP 200
Jun 24 03:46:50.742136 dv-cinder-846842-3-smb devstack@c-api.service[118111]: [pid: 118111|app: 0|req: 112/237] 10.222.0.42 () {58 vars in 1333 bytes} [Fri Jun 24 03:46:50 2022] DELETE /volume/v3/db1d1651b24947778f1b24f33ad110ad/os-quota-sets/c5257c022eed41a4b77cca9617a6c0a2 => generated 0 bytes in 178 msecs (HTTP/1.1 200) 7 headers in 283 bytes (2 switches on core 0)
Jun 24 03:46:50.750084 dv-cinder-846842-3-smb devstack@c-api.service[118112]: DEBUG cinder.api.middleware.request_id [None req-3a242e29-19b7-4626-87c2-5396ab0474ae None None] RequestId filter calling following filter/app {{(pid=118112) _context_setter /opt/stack/cinder/cinder/api/middleware/request_id.py:62}}
Jun 24 03:46:50.759237 dv-cinder-846842-3-smb devstack@c-api.service[118112]: INFO cinder.api.openstack.wsgi [None req-3a242e29-19b7-4626-87c2-5396ab0474ae tempest-VolumeQuotasAdminTestJSON-138434626 tempest-VolumeQuotasAdminTestJSON-138434626-project-admin] GET http://10.222.0.42/volume/v3/db1d1651b24947778f1b24f33ad110ad/os-quota-sets/c5257c022eed41a4b77cca9617a6c0a2
Jun 24 03:46:50.760489 dv-cinder-846842-3-smb devstack@c-api.service[118112]: DEBUG cinder.api.openstack.wsgi [None req-3a242e29-19b7-4626-87c2-5396ab0474ae tempest-VolumeQuotasAdminTestJSON-138434626 tempest-VolumeQuotasAdminTestJSON-138434626-project-admin] Empty body provided in request {{(pid=118112) get_body /opt/stack/cinder/cinder/api/openstack/wsgi.py:715}}
Jun 24 03:46:50.761888 dv-cinder-846842-3-smb devstack@c-api.service[118112]: DEBUG cinder.api.openstack.wsgi [None req-3a242e29-19b7-4626-87c2-5396ab0474ae tempest-VolumeQuotasAdminTestJSON-138434626 tempest-VolumeQuotasAdminTestJSON-138434626-project-admin] Calling method 'show' {{(pid=118112) _process_stack /opt/stack/cinder/cinder/api/openstack/wsgi.py:868}}
Jun 24 03:46:50.796796 dv-cinder-846842-3-smb devstack@c-api.service[118112]: INFO cinder.api.openstack.wsgi [None req-3a242e29-19b7-4626-87c2-5396ab0474ae tempest-VolumeQuotasAdminTestJSON-138434626 tempest-VolumeQuotasAdminTestJSON-138434626-project-admin] http://10.222.0.42/volume/v3/db1d1651b24947778f1b24f33ad110ad/os-quota-sets/c5257c022eed41a4b77cca9617a6c0a2 returned with HTTP 200
Jun 24 03:46:50.805560 dv-cinder-846842-3-smb devstack@c-api.service[118111]: DEBUG cinder.api.middleware.request_id [None req-5ca7bac3-2e73-486a-bcfd-089bdb93eebe None None] RequestId filter calling following filter/app {{(pid=118111) _context_setter /opt/stack/cinder/cinder/api/middleware/request_id.py:62}}
Jun 24 03:46:50.821946 dv-cinder-846842-3-smb devstack@c-api.service[118111]: INFO cinder.api.openstack.wsgi [None req-5ca7bac3-2e73-486a-bcfd-089bdb93eebe tempest-VolumeQuotasAdminTestJSON-138434626 tempest-VolumeQuotasAdminTestJSON-138434626-project-admin] PUT http://10.222.0.42/volume/v3/db1d1651b24947778f1b24f33ad110ad/os-quota-sets/c5257c022eed41a4b77cca9617a6c0a2
Jun 24 03:46:50.822913 dv-cinder-846842-3-smb devstack@c-api.service[118111]: DEBUG cinder.api.openstack.wsgi [None req-5ca7bac3-2e73-486a-bcfd-089bdb93eebe tempest-VolumeQuotasAdminTestJSON-138434626 tempest-VolumeQuotasAdminTestJSON-138434626-project-admin] Action: 'update', calling method: update, body: {"quota_set": {"volumes": 10, "per_volume_gigabytes": -1, "snapshots": 10, "gigabytes": 1000, "backups": 10, "backup_gigabytes": 1000}} {{(pid=118111) _process_stack /opt/stack/cinder/cinder/api/openstack/wsgi.py:866}}
Jun 24 03:46:50.832805 dv-cinder-846842-3-smb devstack@c-api.service[118112]: [pid: 118112|app: 0|req: 126/238] 10.222.0.42 () {58 vars in 1330 bytes} [Fri Jun 24 03:46:50 2022] GET /volume/v3/db1d1651b24947778f1b24f33ad110ad/os-quota-sets/c5257c022eed41a4b77cca9617a6c0a2 => generated 361 bytes in 81 msecs (HTTP/1.1 200) 7 headers in 285 bytes (1 switches on core 0)
Jun 24 03:46:51.226681 dv-cinder-846842-3-smb devstack@c-api.service[118112]: DEBUG cinder.api.middleware.request_id [None req-3aa286f2-1e4e-4ca6-97ec-c2575dd8c6bf None None] RequestId filter calling following filter/app {{(pid=118112) _context_setter /opt/stack/cinder/cinder/api/middleware/request_id.py:62}}
Jun 24 03:46:51.470932 dv-cinder-846842-3-smb devstack@c-api.service[118112]: INFO cinder.api.openstack.wsgi [None req-3aa286f2-1e4e-4ca6-97ec-c2575dd8c6bf tempest-SnapshotsActionsTest-1616737423 tempest-SnapshotsActionsTest-1616737423-project] POST http://10.222.0.42/volume/v3/1bce53dd9a0f4bf796a5ea1da297a649/volumes
Jun 24 03:46:51.470932 dv-cinder-846842-3-smb devstack@c-api.service[118112]: DEBUG cinder.api.openstack.wsgi [None req-3aa286f2-1e4e-4ca6-97ec-c2575dd8c6bf tempest-SnapshotsActionsTest-1616737423 tempest-SnapshotsActionsTest-1616737423-project] Action: 'create', calling method: create, body: {"volume": {"size": 1, "name": "tempest-SnapshotsActionsTest-Volume-2101740288"}} {{(pid=118112) _process_stack /opt/stack/cinder/cinder/api/openstack/wsgi.py:866}}
Jun 24 03:46:51.470932 dv-cinder-846842-3-smb devstack@c-api.service[118112]: DEBUG cinder.api.v3.volumes [None req-3aa286f2-1e4e-4ca6-97ec-c2575dd8c6bf tempest-SnapshotsActionsTest-1616737423 tempest-SnapshotsActionsTest-1616737423-project] Create volume request body: {'volume': {'size': 1, 'name': 'tempest-SnapshotsActionsTest-Volume-2101740288'}} {{(pid=118112) create /opt/stack/cinder/cinder/api/v3/volumes.py:298}}
