Aug 27 02:07:23.302498 dv-cinder-846303-3-smb devstack@keystone.service[81748]: DEBUG keystone.common.rbac_enforcer.enforcer [None req-b770f7f8-d206-4627-a033-5542ba23a346 None admin] RBAC: Authorization granted {{(pid=81748) enforce_call /opt/stack/keystone/keystone/common/rbac_enforcer/enforcer.py:457}}
Aug 27 02:07:23.309519 dv-cinder-846303-3-smb devstack@keystone.service[81748]: [pid: 81748|app: 0|req: 181/357] 10.222.0.61 () {56 vars in 1180 bytes} [Sat Aug 27 02:07:23 2022] GET /identity/v3/groups/e8745e0a9bc14975ac8366913dc06353 => generated 226 bytes in 197 msecs (HTTP/1.1 200) 5 headers in 177 bytes (1 switches on core 0)
Aug 27 02:07:23.310413 dv-cinder-846303-3-smb devstack@keystone.service[81748]: DEBUG keystone.server.flask.request_processing.middleware.auth_context [None req-b770f7f8-d206-4627-a033-5542ba23a346 None admin] Authenticating user token {{(pid=81748) process_request /usr/local/lib/python3.8/dist-packages/keystonemiddleware/auth_token/__init__.py:407}}
Aug 27 02:07:23.318947 dv-cinder-846303-3-smb devstack@keystone.service[81747]: DEBUG keystone.server.flask.request_processing.middleware.auth_context [None req-a0a4b176-8932-4d5d-823f-fc44cdad685d None admin] Validating token access rules against request {{(pid=81747) validate_allowed_request /usr/local/lib/python3.8/dist-packages/keystonemiddleware/auth_token/__init__.py:545}}
Aug 27 02:07:23.363615 dv-cinder-846303-3-smb devstack@keystone.service[81747]: DEBUG keystone.server.flask.request_processing.middleware.auth_context [None req-3045e15c-f604-4f3a-92f7-e7f400529def None admin] RBAC: auth_context: {'token': , 'domain_id': None, 'trust_id': None, 'trustor_id': None, 'trustee_id': None, 'domain_name': None, 'group_ids': [], 'user_id': 'b214a184834a4cb0b49321b412607103', 'user_domain_id': 'default', 'system_scope': 'all', 'project_id': None, 'project_domain_id': None, 'roles': ['admin', 'member', 'reader'], 'is_admin_project': True, 'service_user_id': None, 'service_user_domain_id': None, 'service_project_id': None, 'service_project_domain_id': None, 'service_roles': []} {{(pid=81747) fill_context /opt/stack/keystone/keystone/server/flask/request_processing/middleware/auth_context.py:478}}
Aug 27 02:07:23.364255 dv-cinder-846303-3-smb devstack@keystone.service[81747]: DEBUG keystone.server.flask.request_processing.req_logging [None req-3045e15c-f604-4f3a-92f7-e7f400529def None admin] REQUEST_METHOD: `GET` {{(pid=81747) log_request_info /opt/stack/keystone/keystone/server/flask/request_processing/req_logging.py:27}}
Aug 27 02:07:23.364550 dv-cinder-846303-3-smb devstack@keystone.service[81747]: DEBUG keystone.server.flask.request_processing.req_logging [None req-3045e15c-f604-4f3a-92f7-e7f400529def None admin] SCRIPT_NAME: `/identity` {{(pid=81747) log_request_info /opt/stack/keystone/keystone/server/flask/request_processing/req_logging.py:28}}
Aug 27 02:07:23.364800 dv-cinder-846303-3-smb devstack@keystone.service[81747]: DEBUG keystone.server.flask.request_processing.req_logging [None req-3045e15c-f604-4f3a-92f7-e7f400529def None admin] PATH_INFO: `/v3/role_assignments` {{(pid=81747) log_request_info /opt/stack/keystone/keystone/server/flask/request_processing/req_logging.py:29}}
Aug 27 02:07:23.365571 dv-cinder-846303-3-smb devstack@keystone.service[81747]: DEBUG keystone.common.rbac_enforcer.enforcer [None req-3045e15c-f604-4f3a-92f7-e7f400529def None admin] RBAC: Adding query filter params (role.id=d86c43353dfb47da842c631531e8864f, user.id=af88df4f97354a06bfe78612bba89f89, scope.system=all) {{(pid=81747) _extract_filter_values /opt/stack/keystone/keystone/common/rbac_enforcer/enforcer.py:167}}
Aug 27 02:07:23.365876 dv-cinder-846303-3-smb devstack@keystone.service[81747]: DEBUG keystone.common.rbac_enforcer.enforcer [None req-3045e15c-f604-4f3a-92f7-e7f400529def None admin] RBAC: Authorizing `identity:list_role_assignments()` {{(pid=81747) enforce_call /opt/stack/keystone/keystone/common/rbac_enforcer/enforcer.py:449}}
Aug 27 02:07:23.367306 dv-cinder-846303-3-smb devstack@keystone.service[81747]: DEBUG keystone.common.rbac_enforcer.enforcer [None req-3045e15c-f604-4f3a-92f7-e7f400529def None admin] RBAC: Authorization granted {{(pid=81747) enforce_call /opt/stack/keystone/keystone/common/rbac_enforcer/enforcer.py:457}}
Aug 27 02:07:23.385981 dv-cinder-846303-3-smb devstack@keystone.service[81747]: [pid: 81747|app: 0|req: 177/358] 10.222.0.61 () {56 vars in 1308 bytes} [Sat Aug 27 02:07:23 2022] GET /identity/v3/role_assignments?user.id=af88df4f97354a06bfe78612bba89f89&scope.system=all&role.id=d86c43353dfb47da842c631531e8864f => generated 510 bytes in 205 msecs (HTTP/1.1 200) 5 headers in 177 bytes (1 switches on core 0)
Aug 27 02:07:23.393213 dv-cinder-846303-3-smb devstack@keystone.service[81747]: DEBUG keystone.server.flask.request_processing.req_logging [None req-38b932b5-6ec9-4c37-8b10-ee434a00f607 None None] REQUEST_METHOD: `POST` {{(pid=81747) log_request_info /opt/stack/keystone/keystone/server/flask/request_processing/req_logging.py:27}}
Aug 27 02:07:23.393213 dv-cinder-846303-3-smb devstack@keystone.service[81747]: DEBUG keystone.server.flask.request_processing.req_logging [None req-38b932b5-6ec9-4c37-8b10-ee434a00f607 None None] SCRIPT_NAME: `/identity` {{(pid=81747) log_request_info /opt/stack/keystone/keystone/server/flask/request_processing/req_logging.py:28}}
Aug 27 02:07:23.393213 dv-cinder-846303-3-smb devstack@keystone.service[81747]: DEBUG keystone.server.flask.request_processing.req_logging [None req-38b932b5-6ec9-4c37-8b10-ee434a00f607 None None] PATH_INFO: `/v3/auth/tokens` {{(pid=81747) log_request_info /opt/stack/keystone/keystone/server/flask/request_processing/req_logging.py:29}}
Aug 27 02:07:23.410274 dv-cinder-846303-3-smb devstack@keystone.service[81747]: DEBUG keystone.auth.core [None req-38b932b5-6ec9-4c37-8b10-ee434a00f607 None None] MFA Rules not processed for user `b214a184834a4cb0b49321b412607103`. Rule list: `[]` (Enabled: `True`). {{(pid=81747) check_auth_methods_against_rules /opt/stack/keystone/keystone/auth/core.py:438}}
Aug 27 02:07:23.411474 dv-cinder-846303-3-smb devstack@keystone.service[81747]: DEBUG keystone.common.fernet_utils [None req-38b932b5-6ec9-4c37-8b10-ee434a00f607 None None] Loaded 2 Fernet keys from /etc/keystone/fernet-keys/, but `[fernet_tokens] max_active_keys = 3`; perhaps there have not been enough key rotations to reach `max_active_keys` yet? {{(pid=81747) load_keys /opt/stack/keystone/keystone/common/fernet_utils.py:286}}
Aug 27 02:07:23.458264 dv-cinder-846303-3-smb devstack@keystone.service[81748]: DEBUG keystone.server.flask.request_processing.middleware.auth_context [None req-b770f7f8-d206-4627-a033-5542ba23a346 None admin] Validating token access rules against request {{(pid=81748) validate_allowed_request /usr/local/lib/python3.8/dist-packages/keystonemiddleware/auth_token/__init__.py:545}}
Aug 27 02:07:23.506395 dv-cinder-846303-3-smb devstack@keystone.service[81748]: DEBUG keystone.server.flask.request_processing.middleware.auth_context [None req-ab9a5b0c-8483-46b3-852e-1cc5458d8968 None admin] RBAC: auth_context: {'token': , 'domain_id': None, 'trust_id': None, 'trustor_id': None, 'trustee_id': None, 'domain_name': None, 'group_ids': [], 'user_id': 'b214a184834a4cb0b49321b412607103', 'user_domain_id': 'default', 'system_scope': 'all', 'project_id': None, 'project_domain_id': None, 'roles': ['admin', 'member', 'reader'], 'is_admin_project': True, 'service_user_id': None, 'service_user_domain_id': None, 'service_project_id': None, 'service_project_domain_id': None, 'service_roles': []} {{(pid=81748) fill_context /opt/stack/keystone/keystone/server/flask/request_processing/middleware/auth_context.py:478}}
Aug 27 02:07:23.507516 dv-cinder-846303-3-smb devstack@keystone.service[81748]: DEBUG keystone.server.flask.request_processing.req_logging [None req-ab9a5b0c-8483-46b3-852e-1cc5458d8968 None admin] REQUEST_METHOD: `GET` {{(pid=81748) log_request_info /opt/stack/keystone/keystone/server/flask/request_processing/req_logging.py:27}}
Aug 27 02:07:23.508074 dv-cinder-846303-3-smb devstack@keystone.service[81748]: DEBUG keystone.server.flask.request_processing.req_logging [None req-ab9a5b0c-8483-46b3-852e-1cc5458d8968 None admin] SCRIPT_NAME: `/identity` {{(pid=81748) log_request_info /opt/stack/keystone/keystone/server/flask/request_processing/req_logging.py:28}}
Aug 27 02:07:23.508592 dv-cinder-846303-3-smb devstack@keystone.service[81748]: DEBUG keystone.server.flask.request_processing.req_logging [None req-ab9a5b0c-8483-46b3-852e-1cc5458d8968 None admin] PATH_INFO: `/v3/groups/e8745e0a9bc14975ac8366913dc06353` {{(pid=81748) log_request_info /opt/stack/keystone/keystone/server/flask/request_processing/req_logging.py:29}}
Aug 27 02:07:23.509846 dv-cinder-846303-3-smb devstack@keystone.service[81747]: [pid: 81747|app: 0|req: 178/359] 10.222.0.61 () {58 vars in 1024 bytes} [Sat Aug 27 02:07:23 2022] POST /identity/v3/auth/tokens => generated 799 bytes in 123 msecs (HTTP/1.1 201) 6 headers in 363 bytes (1 switches on core 0)
Aug 27 02:07:23.510202 dv-cinder-846303-3-smb devstack@keystone.service[81748]: DEBUG keystone.common.rbac_enforcer.enforcer [None req-ab9a5b0c-8483-46b3-852e-1cc5458d8968 None admin] RBAC: Authorizing `identity:get_group(group_id=e8745e0a9bc14975ac8366913dc06353)` {{(pid=81748) enforce_call /opt/stack/keystone/keystone/common/rbac_enforcer/enforcer.py:449}}
Aug 27 02:07:23.510916 dv-cinder-846303-3-smb devstack@keystone.service[81747]: DEBUG keystone.server.flask.request_processing.middleware.auth_context [None req-38b932b5-6ec9-4c37-8b10-ee434a00f607 None None] Authenticating user token {{(pid=81747) process_request /usr/local/lib/python3.8/dist-packages/keystonemiddleware/auth_token/__init__.py:407}}
Aug 27 02:07:23.517424 dv-cinder-846303-3-smb devstack@keystone.service[81748]: DEBUG keystone.common.rbac_enforcer.enforcer [None req-ab9a5b0c-8483-46b3-852e-1cc5458d8968 None admin] RBAC: Authorization granted {{(pid=81748) enforce_call /opt/stack/keystone/keystone/common/rbac_enforcer/enforcer.py:457}}
Aug 27 02:07:23.520967 dv-cinder-846303-3-smb devstack@keystone.service[81748]: [pid: 81748|app: 0|req: 182/360] 10.222.0.61 () {56 vars in 1180 bytes} [Sat Aug 27 02:07:23 2022] GET /identity/v3/groups/e8745e0a9bc14975ac8366913dc06353 => generated 226 bytes in 205 msecs (HTTP/1.1 200) 5 headers in 177 bytes (1 switches on core 0)
Aug 27 02:07:23.521150 dv-cinder-846303-3-smb devstack@keystone.service[81748]: DEBUG keystone.server.flask.request_processing.middleware.auth_context [None req-ab9a5b0c-8483-46b3-852e-1cc5458d8968 None admin] Authenticating user token {{(pid=81748) process_request /usr/local/lib/python3.8/dist-packages/keystonemiddleware/auth_token/__init__.py:407}}
Aug 27 02:07:23.530093 dv-cinder-846303-3-smb devstack@keystone.service[81747]: DEBUG dbcounter [-] [81747] Writing DB stats keystone:SELECT=100 {{(pid=81747) stat_writer /usr/local/lib/python3.8/dist-packages/dbcounter.py:114}}
Aug 27 02:07:23.540911 dv-cinder-846303-3-smb devstack@keystone.service[81748]: DEBUG dbcounter [-] [81748] Writing DB stats keystone:SELECT=100 {{(pid=81748) stat_writer /usr/local/lib/python3.8/dist-packages/dbcounter.py:114}}
Aug 27 02:07:23.647479 dv-cinder-846303-3-smb devstack@keystone.service[81747]: DEBUG keystone.server.flask.request_processing.middleware.auth_context [None req-38b932b5-6ec9-4c37-8b10-ee434a00f607 None None] Validating token access rules against request {{(pid=81747) validate_allowed_request /usr/local/lib/python3.8/dist-packages/keystonemiddleware/auth_token/__init__.py:545}}
Aug 27 02:07:23.650174 dv-cinder-846303-3-smb devstack@keystone.service[81748]: DEBUG keystone.server.flask.request_processing.middleware.auth_context [None req-ab9a5b0c-8483-46b3-852e-1cc5458d8968 None admin] Validating token access rules against request {{(pid=81748) validate_allowed_request /usr/local/lib/python3.8/dist-packages/keystonemiddleware/auth_token/__init__.py:545}}
Aug 27 02:07:23.685123 dv-cinder-846303-3-smb devstack@keystone.service[81747]: DEBUG keystone.server.flask.request_processing.middleware.auth_context [None req-1823dc88-6ed9-409c-ae04-b1f2eec32622 None admin] RBAC: auth_context: {'token': , 'domain_id': None, 'trust_id': None, 'trustor_id': None, 'trustee_id': None, 'domain_name': None, 'group_ids': [], 'user_id': 'b214a184834a4cb0b49321b412607103', 'user_domain_id': 'default', 'system_scope': 'all', 'project_id': None, 'project_domain_id': None, 'roles': ['admin', 'member', 'reader'], 'is_admin_project': True, 'service_user_id': None, 'service_user_domain_id': None, 'service_project_id': None, 'service_project_domain_id': None, 'service_roles': []} {{(pid=81747) fill_context /opt/stack/keystone/keystone/server/flask/request_processing/middleware/auth_context.py:478}}
Aug 27 02:07:23.685772 dv-cinder-846303-3-smb devstack@keystone.service[81747]: DEBUG keystone.server.flask.request_processing.req_logging [None req-1823dc88-6ed9-409c-ae04-b1f2eec32622 None admin] REQUEST_METHOD: `GET` {{(pid=81747) log_request_info /opt/stack/keystone/keystone/server/flask/request_processing/req_logging.py:27}}
Aug 27 02:07:23.686050 dv-cinder-846303-3-smb devstack@keystone.service[81747]: DEBUG keystone.server.flask.request_processing.req_logging [None req-1823dc88-6ed9-409c-ae04-b1f2eec32622 None admin] SCRIPT_NAME: `/identity` {{(pid=81747) log_request_info /opt/stack/keystone/keystone/server/flask/request_processing/req_logging.py:28}}
Aug 27 02:07:23.686317 dv-cinder-846303-3-smb devstack@keystone.service[81747]: DEBUG keystone.server.flask.request_processing.req_logging [None req-1823dc88-6ed9-409c-ae04-b1f2eec32622 None admin] PATH_INFO: `/v3/auth/tokens` {{(pid=81747) log_request_info /opt/stack/keystone/keystone/server/flask/request_processing/req_logging.py:29}}
Aug 27 02:07:23.688870 dv-cinder-846303-3-smb devstack@keystone.service[81748]: DEBUG keystone.server.flask.request_processing.middleware.auth_context [None req-075f91f3-ee2d-469e-a413-b6bdeceeb3ee None admin] RBAC: auth_context: {'token': , 'domain_id': None, 'trust_id': None, 'trustor_id': None, 'trustee_id': None, 'domain_name': None, 'group_ids': [], 'user_id': 'b214a184834a4cb0b49321b412607103', 'user_domain_id': 'default', 'system_scope': 'all', 'project_id': None, 'project_domain_id': None, 'roles': ['admin', 'member', 'reader'], 'is_admin_project': True, 'service_user_id': None, 'service_user_domain_id': None, 'service_project_id': None, 'service_project_domain_id': None, 'service_roles': []} {{(pid=81748) fill_context /opt/stack/keystone/keystone/server/flask/request_processing/middleware/auth_context.py:478}}
Aug 27 02:07:23.689512 dv-cinder-846303-3-smb devstack@keystone.service[81748]: DEBUG keystone.server.flask.request_processing.req_logging [None req-075f91f3-ee2d-469e-a413-b6bdeceeb3ee None admin] REQUEST_METHOD: `GET` {{(pid=81748) log_request_info /opt/stack/keystone/keystone/server/flask/request_processing/req_logging.py:27}}
Aug 27 02:07:23.689887 dv-cinder-846303-3-smb devstack@keystone.service[81748]: DEBUG keystone.server.flask.request_processing.req_logging [None req-075f91f3-ee2d-469e-a413-b6bdeceeb3ee None admin] SCRIPT_NAME: `/identity` {{(pid=81748) log_request_info /opt/stack/keystone/keystone/server/flask/request_processing/req_logging.py:28}}
Aug 27 02:07:23.690162 dv-cinder-846303-3-smb devstack@keystone.service[81748]: DEBUG keystone.server.flask.request_processing.req_logging [None req-075f91f3-ee2d-469e-a413-b6bdeceeb3ee None admin] PATH_INFO: `/v3/role_assignments` {{(pid=81748) log_request_info /opt/stack/keystone/keystone/server/flask/request_processing/req_logging.py:29}}
Aug 27 02:07:23.690965 dv-cinder-846303-3-smb devstack@keystone.service[81748]: DEBUG keystone.common.rbac_enforcer.enforcer [None req-075f91f3-ee2d-469e-a413-b6bdeceeb3ee None admin] RBAC: Adding query filter params (group.id=e8745e0a9bc14975ac8366913dc06353, role.id=0fb732effc6f492c9a998d105764e845, scope.project.id=1019d4ac665d428c8fe31e8f29838af6) {{(pid=81748) _extract_filter_values /opt/stack/keystone/keystone/common/rbac_enforcer/enforcer.py:167}}
Aug 27 02:07:23.691275 dv-cinder-846303-3-smb devstack@keystone.service[81748]: DEBUG keystone.common.rbac_enforcer.enforcer [None req-075f91f3-ee2d-469e-a413-b6bdeceeb3ee None admin] RBAC: Authorizing `identity:list_role_assignments()` {{(pid=81748) enforce_call /opt/stack/keystone/keystone/common/rbac_enforcer/enforcer.py:449}}
Aug 27 02:07:23.692817 dv-cinder-846303-3-smb devstack@keystone.service[81748]: DEBUG keystone.common.rbac_enforcer.enforcer [None req-075f91f3-ee2d-469e-a413-b6bdeceeb3ee None admin] RBAC: Authorization granted {{(pid=81748) enforce_call /opt/stack/keystone/keystone/common/rbac_enforcer/enforcer.py:457}}
Aug 27 02:07:23.700207 dv-cinder-846303-3-smb devstack@keystone.service[81748]: [pid: 81748|app: 0|req: 183/361] 10.222.0.61 () {56 vars in 1376 bytes} [Sat Aug 27 02:07:23 2022] GET /identity/v3/role_assignments?group.id=e8745e0a9bc14975ac8366913dc06353&scope.project.id=1019d4ac665d428c8fe31e8f29838af6&role.id=0fb732effc6f492c9a998d105764e845 => generated 260 bytes in 179 msecs (HTTP/1.1 200) 5 headers in 177 bytes (1 switches on core 0)
Aug 27 02:07:23.701167 dv-cinder-846303-3-smb devstack@keystone.service[81748]: DEBUG keystone.server.flask.request_processing.middleware.auth_context [None req-075f91f3-ee2d-469e-a413-b6bdeceeb3ee None admin] Authenticating user token {{(pid=81748) process_request /usr/local/lib/python3.8/dist-packages/keystonemiddleware/auth_token/__init__.py:407}}
Aug 27 02:07:23.768959 dv-cinder-846303-3-smb devstack@keystone.service[81747]: DEBUG keystone.common.rbac_enforcer.enforcer [None req-1823dc88-6ed9-409c-ae04-b1f2eec32622 None admin] RBAC: Authorizing `identity:validate_token()` {{(pid=81747) enforce_call /opt/stack/keystone/keystone/common/rbac_enforcer/enforcer.py:449}}
Aug 27 02:07:23.770956 dv-cinder-846303-3-smb devstack@keystone.service[81747]: DEBUG keystone.common.rbac_enforcer.enforcer [None req-1823dc88-6ed9-409c-ae04-b1f2eec32622 None admin] RBAC: Authorization granted {{(pid=81747) enforce_call /opt/stack/keystone/keystone/common/rbac_enforcer/enforcer.py:457}}
Aug 27 02:07:23.783279 dv-cinder-846303-3-smb devstack@keystone.service[81747]: DEBUG dbcounter [-] [81747] Writing DB stats keystone:SELECT=100 {{(pid=81747) stat_writer /usr/local/lib/python3.8/dist-packages/dbcounter.py:114}}
Aug 27 02:07:23.804644 dv-cinder-846303-3-smb devstack@keystone.service[81748]: DEBUG dbcounter [-] [81748] Writing DB stats keystone:SELECT=100 {{(pid=81748) stat_writer /usr/local/lib/python3.8/dist-packages/dbcounter.py:114}}
Aug 27 02:07:23.840852 dv-cinder-846303-3-smb devstack@keystone.service[81748]: DEBUG keystone.server.flask.request_processing.middleware.auth_context [None req-075f91f3-ee2d-469e-a413-b6bdeceeb3ee None admin] Validating token access rules against request {{(pid=81748) validate_allowed_request /usr/local/lib/python3.8/dist-packages/keystonemiddleware/auth_token/__init__.py:545}}
Aug 27 02:07:23.883735 dv-cinder-846303-3-smb devstack@keystone.service[81748]: DEBUG keystone.server.flask.request_processing.middleware.auth_context [None req-7d01c5dc-7511-44ac-9c79-7b42f862442f None admin] RBAC: auth_context: {'token': , 'domain_id': None, 'trust_id': None, 'trustor_id': None, 'trustee_id': None, 'domain_name': None, 'group_ids': [], 'user_id': 'b214a184834a4cb0b49321b412607103', 'user_domain_id': 'default', 'system_scope': 'all', 'project_id': None, 'project_domain_id': None, 'roles': ['admin', 'member', 'reader'], 'is_admin_project': True, 'service_user_id': None, 'service_user_domain_id': None, 'service_project_id': None, 'service_project_domain_id': None, 'service_roles': []} {{(pid=81748) fill_context /opt/stack/keystone/keystone/server/flask/request_processing/middleware/auth_context.py:478}}
Aug 27 02:07:23.885080 dv-cinder-846303-3-smb devstack@keystone.service[81748]: DEBUG keystone.server.flask.request_processing.req_logging [None req-7d01c5dc-7511-44ac-9c79-7b42f862442f None admin] REQUEST_METHOD: `GET` {{(pid=81748) log_request_info /opt/stack/keystone/keystone/server/flask/request_processing/req_logging.py:27}}
Aug 27 02:07:23.886063 dv-cinder-846303-3-smb devstack@keystone.service[81748]: DEBUG keystone.server.flask.request_processing.req_logging [None req-7d01c5dc-7511-44ac-9c79-7b42f862442f None admin] SCRIPT_NAME: `/identity` {{(pid=81748) log_request_info /opt/stack/keystone/keystone/server/flask/request_processing/req_logging.py:28}}
Aug 27 02:07:23.886063 dv-cinder-846303-3-smb devstack@keystone.service[81748]: DEBUG keystone.server.flask.request_processing.req_logging [None req-7d01c5dc-7511-44ac-9c79-7b42f862442f None admin] PATH_INFO: `/v3/role_assignments` {{(pid=81748) log_request_info /opt/stack/keystone/keystone/server/flask/request_processing/req_logging.py:29}}
Aug 27 02:07:23.886383 dv-cinder-846303-3-smb devstack@keystone.service[81748]: DEBUG keystone.common.rbac_enforcer.enforcer [None req-7d01c5dc-7511-44ac-9c79-7b42f862442f None admin] RBAC: Adding query filter params (group.id=e8745e0a9bc14975ac8366913dc06353, role.id=c388505e96244703b71034784851f8f0, scope.project.id=1019d4ac665d428c8fe31e8f29838af6) {{(pid=81748) _extract_filter_values /opt/stack/keystone/keystone/common/rbac_enforcer/enforcer.py:167}}
Aug 27 02:07:23.886818 dv-cinder-846303-3-smb devstack@keystone.service[81748]: DEBUG keystone.common.rbac_enforcer.enforcer [None req-7d01c5dc-7511-44ac-9c79-7b42f862442f None admin] RBAC: Authorizing `identity:list_role_assignments()` {{(pid=81748) enforce_call /opt/stack/keystone/keystone/common/rbac_enforcer/enforcer.py:449}}
Aug 27 02:07:23.888136 dv-cinder-846303-3-smb devstack@keystone.service[81748]: DEBUG keystone.common.rbac_enforcer.enforcer [None req-7d01c5dc-7511-44ac-9c79-7b42f862442f None admin] RBAC: Authorization granted {{(pid=81748) enforce_call /opt/stack/keystone/keystone/common/rbac_enforcer/enforcer.py:457}}
Aug 27 02:07:23.896725 dv-cinder-846303-3-smb devstack@keystone.service[81747]: [pid: 81747|app: 0|req: 179/362] 10.222.0.61 () {58 vars in 1282 bytes} [Sat Aug 27 02:07:23 2022] GET /identity/v3/auth/tokens => generated 799 bytes in 381 msecs (HTTP/1.1 200) 6 headers in 358 bytes (1 switches on core 0)
Aug 27 02:07:23.898478 dv-cinder-846303-3-smb devstack@keystone.service[81747]: DEBUG keystone.server.flask.request_processing.req_logging [None req-6304e067-5bb3-41cd-a57c-b86b8e5b00e4 None None] REQUEST_METHOD: `GET` {{(pid=81747) log_request_info /opt/stack/keystone/keystone/server/flask/request_processing/req_logging.py:27}}
Aug 27 02:07:23.898764 dv-cinder-846303-3-smb devstack@keystone.service[81747]: DEBUG keystone.server.flask.request_processing.req_logging [None req-6304e067-5bb3-41cd-a57c-b86b8e5b00e4 None None] SCRIPT_NAME: `/identity` {{(pid=81747) log_request_info /opt/stack/keystone/keystone/server/flask/request_processing/req_logging.py:28}}
Aug 27 02:07:23.899041 dv-cinder-846303-3-smb devstack@keystone.service[81747]: DEBUG keystone.server.flask.request_processing.req_logging [None req-6304e067-5bb3-41cd-a57c-b86b8e5b00e4 None None] PATH_INFO: `/` {{(pid=81747) log_request_info /opt/stack/keystone/keystone/server/flask/request_processing/req_logging.py:29}}
Aug 27 02:07:23.899649 dv-cinder-846303-3-smb devstack@keystone.service[81748]: [pid: 81748|app: 0|req: 184/363] 10.222.0.61 () {56 vars in 1376 bytes} [Sat Aug 27 02:07:23 2022] GET /identity/v3/role_assignments?group.id=e8745e0a9bc14975ac8366913dc06353&scope.project.id=1019d4ac665d428c8fe31e8f29838af6&role.id=c388505e96244703b71034784851f8f0 => generated 260 bytes in 199 msecs (HTTP/1.1 200) 5 headers in 177 bytes (1 switches on core 0)
Aug 27 02:07:23.900918 dv-cinder-846303-3-smb devstack@keystone.service[81748]: DEBUG keystone.server.flask.request_processing.middleware.auth_context [None req-7d01c5dc-7511-44ac-9c79-7b42f862442f None admin] Authenticating user token {{(pid=81748) process_request /usr/local/lib/python3.8/dist-packages/keystonemiddleware/auth_token/__init__.py:407}}
Aug 27 02:07:23.901104 dv-cinder-846303-3-smb devstack@keystone.service[81747]: [pid: 81747|app: 0|req: 180/364] 10.222.0.61 () {54 vars in 927 bytes} [Sat Aug 27 02:07:23 2022] GET /identity => generated 270 bytes in 4 msecs (HTTP/1.1 300) 6 headers in 234 bytes (1 switches on core 0)
Aug 27 02:07:23.902187 dv-cinder-846303-3-smb devstack@keystone.service[81747]: DEBUG keystone.server.flask.request_processing.middleware.auth_context [None req-6304e067-5bb3-41cd-a57c-b86b8e5b00e4 None None] Authenticating user token {{(pid=81747) process_request /usr/local/lib/python3.8/dist-packages/keystonemiddleware/auth_token/__init__.py:407}}
Aug 27 02:07:24.019163 dv-cinder-846303-3-smb devstack@keystone.service[81747]: DEBUG keystone.server.flask.request_processing.middleware.auth_context [None req-6304e067-5bb3-41cd-a57c-b86b8e5b00e4 None None] Validating token access rules against request {{(pid=81747) validate_allowed_request /usr/local/lib/python3.8/dist-packages/keystonemiddleware/auth_token/__init__.py:545}}
Aug 27 02:07:24.023334 dv-cinder-846303-3-smb devstack@keystone.service[81748]: DEBUG keystone.server.flask.request_processing.middleware.auth_context [None req-7d01c5dc-7511-44ac-9c79-7b42f862442f None admin] Validating token access rules against request {{(pid=81748) validate_allowed_request /usr/local/lib/python3.8/dist-packages/keystonemiddleware/auth_token/__init__.py:545}}
Aug 27 02:07:24.034193 dv-cinder-846303-3-smb devstack@keystone.service[81747]: DEBUG dbcounter [-] [81747] Writing DB stats keystone:SELECT=100 {{(pid=81747) stat_writer /usr/local/lib/python3.8/dist-packages/dbcounter.py:114}}
Aug 27 02:07:24.059561 dv-cinder-846303-3-smb devstack@keystone.service[81747]: DEBUG keystone.server.flask.request_processing.middleware.auth_context [None req-42b58622-d62b-4003-8f3a-331a7002f53b None admin] RBAC: auth_context: {'token': , 'domain_id': None, 'trust_id': None, 'trustor_id': None, 'trustee_id': None, 'domain_name': None, 'group_ids': [], 'user_id': 'b214a184834a4cb0b49321b412607103', 'user_domain_id': 'default', 'system_scope': 'all', 'project_id': None, 'project_domain_id': None, 'roles': ['admin', 'member', 'reader'], 'is_admin_project': True, 'service_user_id': None, 'service_user_domain_id': None, 'service_project_id': None, 'service_project_domain_id': None, 'service_roles': []} {{(pid=81747) fill_context /opt/stack/keystone/keystone/server/flask/request_processing/middleware/auth_context.py:478}}
Aug 27 02:07:24.060301 dv-cinder-846303-3-smb devstack@keystone.service[81747]: DEBUG keystone.server.flask.request_processing.req_logging [None req-42b58622-d62b-4003-8f3a-331a7002f53b None admin] REQUEST_METHOD: `GET` {{(pid=81747) log_request_info /opt/stack/keystone/keystone/server/flask/request_processing/req_logging.py:27}}
Aug 27 02:07:24.060582 dv-cinder-846303-3-smb devstack@keystone.service[81747]: DEBUG keystone.server.flask.request_processing.req_logging [None req-42b58622-d62b-4003-8f3a-331a7002f53b None admin] SCRIPT_NAME: `/identity` {{(pid=81747) log_request_info /opt/stack/keystone/keystone/server/flask/request_processing/req_logging.py:28}}
Aug 27 02:07:24.060852 dv-cinder-846303-3-smb devstack@keystone.service[81747]: DEBUG keystone.server.flask.request_processing.req_logging [None req-42b58622-d62b-4003-8f3a-331a7002f53b None admin] PATH_INFO: `/v3/projects/b110753e43f8454597a752d36cf04107` {{(pid=81747) log_request_info /opt/stack/keystone/keystone/server/flask/request_processing/req_logging.py:29}}
Aug 27 02:07:24.062171 dv-cinder-846303-3-smb devstack@keystone.service[81747]: DEBUG keystone.common.rbac_enforcer.enforcer [None req-42b58622-d62b-4003-8f3a-331a7002f53b None admin] RBAC: Authorizing `identity:get_project(project_id=b110753e43f8454597a752d36cf04107)` {{(pid=81747) enforce_call /opt/stack/keystone/keystone/common/rbac_enforcer/enforcer.py:449}}
Aug 27 02:07:24.063829 dv-cinder-846303-3-smb devstack@keystone.service[81747]: DEBUG keystone.common.rbac_enforcer.enforcer [None req-42b58622-d62b-4003-8f3a-331a7002f53b None admin] RBAC: Authorization granted {{(pid=81747) enforce_call /opt/stack/keystone/keystone/common/rbac_enforcer/enforcer.py:457}}
Aug 27 02:07:24.064760 dv-cinder-846303-3-smb devstack@keystone.service[81748]: DEBUG keystone.server.flask.request_processing.middleware.auth_context [None req-fa1a69cf-8515-4deb-b608-d5e86e4425ca None admin] RBAC: auth_context: {'token': , 'domain_id': None, 'trust_id': None, 'trustor_id': None, 'trustee_id': None, 'domain_name': None, 'group_ids': [], 'user_id': 'b214a184834a4cb0b49321b412607103', 'user_domain_id': 'default', 'system_scope': 'all', 'project_id': None, 'project_domain_id': None, 'roles': ['admin', 'member', 'reader'], 'is_admin_project': True, 'service_user_id': None, 'service_user_domain_id': None, 'service_project_id': None, 'service_project_domain_id': None, 'service_roles': []} {{(pid=81748) fill_context /opt/stack/keystone/keystone/server/flask/request_processing/middleware/auth_context.py:478}}
Aug 27 02:07:24.065421 dv-cinder-846303-3-smb devstack@keystone.service[81748]: DEBUG keystone.server.flask.request_processing.req_logging [None req-fa1a69cf-8515-4deb-b608-d5e86e4425ca None admin] REQUEST_METHOD: `GET` {{(pid=81748) log_request_info /opt/stack/keystone/keystone/server/flask/request_processing/req_logging.py:27}}
Aug 27 02:07:24.065732 dv-cinder-846303-3-smb devstack@keystone.service[81748]: DEBUG keystone.server.flask.request_processing.req_logging [None req-fa1a69cf-8515-4deb-b608-d5e86e4425ca None admin] SCRIPT_NAME: `/identity` {{(pid=81748) log_request_info /opt/stack/keystone/keystone/server/flask/request_processing/req_logging.py:28}}
Aug 27 02:07:24.065898 dv-cinder-846303-3-smb devstack@keystone.service[81747]: [pid: 81747|app: 0|req: 181/365] 10.222.0.61 () {56 vars in 1186 bytes} [Sat Aug 27 02:07:23 2022] GET /identity/v3/projects/b110753e43f8454597a752d36cf04107 => generated 302 bytes in 164 msecs (HTTP/1.1 200) 5 headers in 177 bytes (1 switches on core 0)
Aug 27 02:07:24.067081 dv-cinder-846303-3-smb devstack@keystone.service[81747]: DEBUG keystone.server.flask.request_processing.req_logging [None req-9026d94a-7360-4a4d-a32f-a0215f515120 None None] REQUEST_METHOD: `POST` {{(pid=81747) log_request_info /opt/stack/keystone/keystone/server/flask/request_processing/req_logging.py:27}}
Aug 27 02:07:24.067357 dv-cinder-846303-3-smb devstack@keystone.service[81747]: DEBUG keystone.server.flask.request_processing.req_logging [None req-9026d94a-7360-4a4d-a32f-a0215f515120 None None] SCRIPT_NAME: `/identity` {{(pid=81747) log_request_info /opt/stack/keystone/keystone/server/flask/request_processing/req_logging.py:28}}
Aug 27 02:07:24.067623 dv-cinder-846303-3-smb devstack@keystone.service[81747]: DEBUG keystone.server.flask.request_processing.req_logging [None req-9026d94a-7360-4a4d-a32f-a0215f515120 None None] PATH_INFO: `/v3/auth/tokens` {{(pid=81747) log_request_info /opt/stack/keystone/keystone/server/flask/request_processing/req_logging.py:29}}
Aug 27 02:07:24.069698 dv-cinder-846303-3-smb devstack@keystone.service[81748]: DEBUG keystone.server.flask.request_processing.req_logging [None req-fa1a69cf-8515-4deb-b608-d5e86e4425ca None admin] PATH_INFO: `/v3/roles/anotherrole` {{(pid=81748) log_request_info /opt/stack/keystone/keystone/server/flask/request_processing/req_logging.py:29}}
Aug 27 02:07:24.073699 dv-cinder-846303-3-smb devstack@keystone.service[81748]: DEBUG dbcounter [-] [81748] Writing DB stats keystone:SELECT=100 {{(pid=81748) stat_writer /usr/local/lib/python3.8/dist-packages/dbcounter.py:114}}
Aug 27 02:07:24.084579 dv-cinder-846303-3-smb devstack@keystone.service[81748]: DEBUG keystone.common.rbac_enforcer.enforcer [None req-fa1a69cf-8515-4deb-b608-d5e86e4425ca None admin] Extracting inferred target data resulted in "NOT FOUND (404)". {{(pid=81748) enforce_call /opt/stack/keystone/keystone/common/rbac_enforcer/enforcer.py:409}}
Aug 27 02:07:24.089564 dv-cinder-846303-3-smb devstack@keystone.service[81747]: DEBUG keystone.auth.core [None req-9026d94a-7360-4a4d-a32f-a0215f515120 None None] MFA Rules not processed for user `b214a184834a4cb0b49321b412607103`. Rule list: `[]` (Enabled: `True`). {{(pid=81747) check_auth_methods_against_rules /opt/stack/keystone/keystone/auth/core.py:438}}
Aug 27 02:07:24.089991 dv-cinder-846303-3-smb devstack@keystone.service[81748]: ERROR keystone.server.flask.application [None req-fa1a69cf-8515-4deb-b608-d5e86e4425ca None admin] Could not find role: anotherrole.: keystone.exception.RoleNotFound: Could not find role: anotherrole.
Aug 27 02:07:24.089991 dv-cinder-846303-3-smb devstack@keystone.service[81748]: ERROR keystone.server.flask.application
Traceback (most recent call last):
Aug 27 02:07:24.089991 dv-cinder-846303-3-smb devstack@keystone.service[81748]: ERROR keystone.server.flask.application
File "/usr/local/lib/python3.8/dist-packages/flask/app.py", line 1820, in full_dispatch_request
Aug 27 02:07:24.089991 dv-cinder-846303-3-smb devstack@keystone.service[81748]: ERROR keystone.server.flask.application rv = self.dispatch_request()
Aug 27 02:07:24.089991 dv-cinder-846303-3-smb devstack@keystone.service[81748]: ERROR keystone.server.flask.application
File "/usr/local/lib/python3.8/dist-packages/flask/app.py", line 1796, in dispatch_request
Aug 27 02:07:24.089991 dv-cinder-846303-3-smb devstack@keystone.service[81748]: ERROR keystone.server.flask.application return self.ensure_sync(self.view_functions[rule.endpoint])(**view_args)
Aug 27 02:07:24.089991 dv-cinder-846303-3-smb devstack@keystone.service[81748]: ERROR keystone.server.flask.application
File "/usr/local/lib/python3.8/dist-packages/flask_restful/__init__.py", line 467, in wrapper
Aug 27 02:07:24.089991 dv-cinder-846303-3-smb devstack@keystone.service[81748]: ERROR keystone.server.flask.application resp = resource(*args, **kwargs)
Aug 27 02:07:24.089991 dv-cinder-846303-3-smb devstack@keystone.service[81748]: ERROR keystone.server.flask.application
File "/usr/local/lib/python3.8/dist-packages/flask/views.py", line 107, in view
Aug 27 02:07:24.089991 dv-cinder-846303-3-smb devstack@keystone.service[81748]: ERROR keystone.server.flask.application return current_app.ensure_sync(self.dispatch_request)(**kwargs)
Aug 27 02:07:24.089991 dv-cinder-846303-3-smb devstack@keystone.service[81748]: ERROR keystone.server.flask.application
File "/usr/local/lib/python3.8/dist-packages/flask_restful/__init__.py", line 582, in dispatch_request
Aug 27 02:07:24.089991 dv-cinder-846303-3-smb devstack@keystone.service[81748]: ERROR keystone.server.flask.application resp = meth(*args, **kwargs)
Aug 27 02:07:24.089991 dv-cinder-846303-3-smb devstack@keystone.service[81748]: ERROR keystone.server.flask.application
File "/opt/stack/keystone/keystone/api/roles.py", line 50, in get
Aug 27 02:07:24.089991 dv-cinder-846303-3-smb devstack@keystone.service[81748]: ERROR keystone.server.flask.application return self._get_role(role_id)
Aug 27 02:07:24.089991 dv-cinder-846303-3-smb devstack@keystone.service[81748]: ERROR keystone.server.flask.application
File "/opt/stack/keystone/keystone/api/roles.py", line 70, in _get_role
Aug 27 02:07:24.089991 dv-cinder-846303-3-smb devstack@keystone.service[81748]: ERROR keystone.server.flask.application ENFORCER.enforce_call(action='identity:get_role')
Aug 27 02:07:24.090841 dv-cinder-846303-3-smb devstack@keystone.service[81748]: ERROR keystone.server.flask.application
File "/opt/stack/keystone/keystone/common/rbac_enforcer/enforcer.py", line 402, in enforce_call
Aug 27 02:07:24.090841 dv-cinder-846303-3-smb devstack@keystone.service[81748]: ERROR keystone.server.flask.application policy_dict.update(cls._extract_member_target_data(
Aug 27 02:07:24.090841 dv-cinder-846303-3-smb devstack@keystone.service[81748]: ERROR keystone.server.flask.application
File "/opt/stack/keystone/keystone/common/rbac_enforcer/enforcer.py", line 234, in _extract_member_target_data
Aug 27 02:07:24.090841 dv-cinder-846303-3-smb devstack@keystone.service[81748]: ERROR keystone.server.flask.application member_name: func(flask.request.view_args[key])
Aug 27 02:07:24.090841 dv-cinder-846303-3-smb devstack@keystone.service[81748]: ERROR keystone.server.flask.application
File "/opt/stack/keystone/keystone/common/manager.py", line 115, in wrapped
Aug 27 02:07:24.090841 dv-cinder-846303-3-smb devstack@keystone.service[81748]: ERROR keystone.server.flask.application __ret_val = __f(*args, **kwargs)
Aug 27 02:07:24.090841 dv-cinder-846303-3-smb devstack@keystone.service[81748]: ERROR keystone.server.flask.application
File "/usr/local/lib/python3.8/dist-packages/decorator.py", line 232, in fun
Aug 27 02:07:24.090841 dv-cinder-846303-3-smb devstack@keystone.service[81748]: ERROR keystone.server.flask.application return caller(func, *(extras + args), **kw)
Aug 27 02:07:24.090841 dv-cinder-846303-3-smb devstack@keystone.service[81748]: ERROR keystone.server.flask.application
File "/usr/local/lib/python3.8/dist-packages/dogpile/cache/region.py", line 1577, in get_or_create_for_user_func
Aug 27 02:07:24.090841 dv-cinder-846303-3-smb devstack@keystone.service[81748]: ERROR keystone.server.flask.application return self.get_or_create(
Aug 27 02:07:24.090841 dv-cinder-846303-3-smb devstack@keystone.service[81748]: ERROR keystone.server.flask.application
File "/usr/local/lib/python3.8/dist-packages/dogpile/cache/region.py", line 1042, in get_or_create
Aug 27 02:07:24.090841 dv-cinder-846303-3-smb devstack@keystone.service[81748]: ERROR keystone.server.flask.application with Lock(
Aug 27 02:07:24.090841 dv-cinder-846303-3-smb devstack@keystone.service[81748]: ERROR keystone.server.flask.application
File "/usr/local/lib/python3.8/dist-packages/dogpile/lock.py", line 185, in __enter__
Aug 27 02:07:24.090841 dv-cinder-846303-3-smb devstack@keystone.service[81748]: ERROR keystone.server.flask.application return self._enter()
Aug 27 02:07:24.090841 dv-cinder-846303-3-smb devstack@keystone.service[81748]: ERROR keystone.server.flask.application
File "/usr/local/lib/python3.8/dist-packages/dogpile/lock.py", line 94, in _enter
Aug 27 02:07:24.090841 dv-cinder-846303-3-smb devstack@keystone.service[81748]: ERROR keystone.server.flask.application generated = self._enter_create(value, createdtime)
Aug 27 02:07:24.091643 dv-cinder-846303-3-smb devstack@keystone.service[81748]: ERROR keystone.server.flask.application
File "/usr/local/lib/python3.8/dist-packages/dogpile/lock.py", line 178, in _enter_create
Aug 27 02:07:24.091643 dv-cinder-846303-3-smb devstack@keystone.service[81748]: ERROR keystone.server.flask.application return self.creator()
Aug 27 02:07:24.091643 dv-cinder-846303-3-smb devstack@keystone.service[81748]: ERROR keystone.server.flask.application
File "/usr/local/lib/python3.8/dist-packages/dogpile/cache/region.py", line 995, in gen_value
Aug 27 02:07:24.091643 dv-cinder-846303-3-smb devstack@keystone.service[81748]: ERROR keystone.server.flask.application created_value = creator(
Aug 27 02:07:24.091643 dv-cinder-846303-3-smb devstack@keystone.service[81748]: ERROR keystone.server.flask.application
File "/opt/stack/keystone/keystone/assignment/core.py", line 1276, in get_role
Aug 27 02:07:24.091643 dv-cinder-846303-3-smb devstack@keystone.service[81748]: ERROR keystone.server.flask.application return self.driver.get_role(role_id)
Aug 27 02:07:24.091643 dv-cinder-846303-3-smb devstack@keystone.service[81748]: ERROR keystone.server.flask.application
File "/opt/stack/keystone/keystone/assignment/role_backends/sql.py", line 70, in get_role
Aug 27 02:07:24.091643 dv-cinder-846303-3-smb devstack@keystone.service[81748]: ERROR keystone.server.flask.application return self._get_role(session, role_id).to_dict()
Aug 27 02:07:24.091643 dv-cinder-846303-3-smb devstack@keystone.service[81748]: ERROR keystone.server.flask.application
File "/opt/stack/keystone/keystone/assignment/role_backends/sql.py", line 65, in _get_role
Aug 27 02:07:24.091643 dv-cinder-846303-3-smb devstack@keystone.service[81748]: ERROR keystone.server.flask.application raise exception.RoleNotFound(role_id=role_id)
Aug 27 02:07:24.091643 dv-cinder-846303-3-smb devstack@keystone.service[81748]: ERROR keystone.server.flask.application keystone.exception.RoleNotFound: Could not find role: anotherrole.
Aug 27 02:07:24.091643 dv-cinder-846303-3-smb devstack@keystone.service[81748]: ERROR keystone.server.flask.application
Aug 27 02:07:24.092249 dv-cinder-846303-3-smb devstack@keystone.service[81747]: DEBUG keystone.common.fernet_utils [None req-9026d94a-7360-4a4d-a32f-a0215f515120 None None] Loaded 2 Fernet keys from /etc/keystone/fernet-keys/, but `[fernet_tokens] max_active_keys = 3`; perhaps there have not been enough key rotations to reach `max_active_keys` yet? {{(pid=81747) load_keys /opt/stack/keystone/keystone/common/fernet_utils.py:286}}
Aug 27 02:07:24.092325 dv-cinder-846303-3-smb devstack@keystone.service[81748]: [pid: 81748|app: 0|req: 185/366] 10.222.0.61 () {56 vars in 1114 bytes} [Sat Aug 27 02:07:23 2022] GET /identity/v3/roles/anotherrole => generated 89 bytes in 191 msecs (HTTP/1.1 404) 5 headers in 183 bytes (1 switches on core 0)
Aug 27 02:07:24.093014 dv-cinder-846303-3-smb devstack@keystone.service[81748]: DEBUG keystone.server.flask.request_processing.middleware.auth_context [None req-fa1a69cf-8515-4deb-b608-d5e86e4425ca None admin] Authenticating user token {{(pid=81748) process_request /usr/local/lib/python3.8/dist-packages/keystonemiddleware/auth_token/__init__.py:407}}
Aug 27 02:07:24.199363 dv-cinder-846303-3-smb devstack@keystone.service[81747]: [pid: 81747|app: 0|req: 182/367] 10.222.0.61 () {58 vars in 1024 bytes} [Sat Aug 27 02:07:24 2022] POST /identity/v3/auth/tokens => generated 799 bytes in 133 msecs (HTTP/1.1 201) 6 headers in 363 bytes (1 switches on core 0)
Aug 27 02:07:24.200235 dv-cinder-846303-3-smb devstack@keystone.service[81747]: DEBUG keystone.server.flask.request_processing.middleware.auth_context [None req-9026d94a-7360-4a4d-a32f-a0215f515120 None None] Authenticating user token {{(pid=81747) process_request /usr/local/lib/python3.8/dist-packages/keystonemiddleware/auth_token/__init__.py:407}}
Aug 27 02:07:24.222402 dv-cinder-846303-3-smb devstack@keystone.service[81748]: DEBUG keystone.server.flask.request_processing.middleware.auth_context [None req-fa1a69cf-8515-4deb-b608-d5e86e4425ca None admin] Validating token access rules against request {{(pid=81748) validate_allowed_request /usr/local/lib/python3.8/dist-packages/keystonemiddleware/auth_token/__init__.py:545}}
Aug 27 02:07:24.296105 dv-cinder-846303-3-smb devstack@keystone.service[81748]: DEBUG keystone.server.flask.request_processing.middleware.auth_context [None req-eac59a9d-9f41-4d98-98c4-1440a9123936 None admin] RBAC: auth_context: {'token': , 'domain_id': None, 'trust_id': None, 'trustor_id': None, 'trustee_id': None, 'domain_name': None, 'group_ids': [], 'user_id': 'b214a184834a4cb0b49321b412607103', 'user_domain_id': 'default', 'system_scope': 'all', 'project_id': None, 'project_domain_id': None, 'roles': ['admin', 'member', 'reader'], 'is_admin_project': True, 'service_user_id': None, 'service_user_domain_id': None, 'service_project_id': None, 'service_project_domain_id': None, 'service_roles': []} {{(pid=81748) fill_context /opt/stack/keystone/keystone/server/flask/request_processing/middleware/auth_context.py:478}}
Aug 27 02:07:24.299622 dv-cinder-846303-3-smb devstack@keystone.service[81748]: DEBUG keystone.server.flask.request_processing.req_logging [None req-eac59a9d-9f41-4d98-98c4-1440a9123936 None admin] REQUEST_METHOD: `GET` {{(pid=81748) log_request_info /opt/stack/keystone/keystone/server/flask/request_processing/req_logging.py:27}}
Aug 27 02:07:24.301199 dv-cinder-846303-3-smb devstack@keystone.service[81748]: DEBUG keystone.server.flask.request_processing.req_logging [None req-eac59a9d-9f41-4d98-98c4-1440a9123936 None admin] SCRIPT_NAME: `/identity` {{(pid=81748) log_request_info /opt/stack/keystone/keystone/server/flask/request_processing/req_logging.py:28}}
Aug 27 02:07:24.301697 dv-cinder-846303-3-smb devstack@keystone.service[81748]: DEBUG keystone.server.flask.request_processing.req_logging [None req-eac59a9d-9f41-4d98-98c4-1440a9123936 None admin] PATH_INFO: `/v3/groups/e8745e0a9bc14975ac8366913dc06353` {{(pid=81748) log_request_info /opt/stack/keystone/keystone/server/flask/request_processing/req_logging.py:29}}
Aug 27 02:07:24.303305 dv-cinder-846303-3-smb devstack@keystone.service[81748]: DEBUG keystone.common.rbac_enforcer.enforcer [None req-eac59a9d-9f41-4d98-98c4-1440a9123936 None admin] RBAC: Authorizing `identity:get_group(group_id=e8745e0a9bc14975ac8366913dc06353)` {{(pid=81748) enforce_call /opt/stack/keystone/keystone/common/rbac_enforcer/enforcer.py:449}}
Aug 27 02:07:24.306092 dv-cinder-846303-3-smb devstack@keystone.service[81748]: DEBUG keystone.common.rbac_enforcer.enforcer [None req-eac59a9d-9f41-4d98-98c4-1440a9123936 None admin] RBAC: Authorization granted {{(pid=81748) enforce_call /opt/stack/keystone/keystone/common/rbac_enforcer/enforcer.py:457}}
Aug 27 02:07:24.309610 dv-cinder-846303-3-smb devstack@keystone.service[81748]: [pid: 81748|app: 0|req: 186/368] 10.222.0.61 () {56 vars in 1180 bytes} [Sat Aug 27 02:07:24 2022] GET /identity/v3/groups/e8745e0a9bc14975ac8366913dc06353 => generated 226 bytes in 218 msecs (HTTP/1.1 200) 5 headers in 177 bytes (1 switches on core 0)
Aug 27 02:07:24.319515 dv-cinder-846303-3-smb devstack@keystone.service[81748]: DEBUG keystone.server.flask.request_processing.middleware.auth_context [None req-eac59a9d-9f41-4d98-98c4-1440a9123936 None admin] Authenticating user token {{(pid=81748) process_request /usr/local/lib/python3.8/dist-packages/keystonemiddleware/auth_token/__init__.py:407}}
Aug 27 02:07:24.388721 dv-cinder-846303-3-smb devstack@keystone.service[81748]: DEBUG dbcounter [-] [81748] Writing DB stats keystone:SELECT=100 {{(pid=81748) stat_writer /usr/local/lib/python3.8/dist-packages/dbcounter.py:114}}
Aug 27 02:07:24.403545 dv-cinder-846303-3-smb devstack@keystone.service[81747]: DEBUG keystone.server.flask.request_processing.middleware.auth_context [None req-9026d94a-7360-4a4d-a32f-a0215f515120 None None] Validating token access rules against request {{(pid=81747) validate_allowed_request /usr/local/lib/python3.8/dist-packages/keystonemiddleware/auth_token/__init__.py:545}}
Aug 27 02:07:24.410414 dv-cinder-846303-3-smb devstack@keystone.service[81747]: DEBUG dbcounter [-] [81747] Writing DB stats keystone:SELECT=100 {{(pid=81747) stat_writer /usr/local/lib/python3.8/dist-packages/dbcounter.py:114}}
Aug 27 02:07:24.439418 dv-cinder-846303-3-smb devstack@keystone.service[81748]: DEBUG keystone.server.flask.request_processing.middleware.auth_context [None req-eac59a9d-9f41-4d98-98c4-1440a9123936 None admin] Validating token access rules against request {{(pid=81748) validate_allowed_request /usr/local/lib/python3.8/dist-packages/keystonemiddleware/auth_token/__init__.py:545}}
Aug 27 02:07:24.479217 dv-cinder-846303-3-smb devstack@keystone.service[81748]: DEBUG keystone.server.flask.request_processing.middleware.auth_context [None req-3c8d7ee6-f451-4ade-ba81-c9ddabc804a4 None admin] RBAC: auth_context: {'token': , 'domain_id': None, 'trust_id': None, 'trustor_id': None, 'trustee_id': None, 'domain_name': None, 'group_ids': [], 'user_id': 'b214a184834a4cb0b49321b412607103', 'user_domain_id': 'default', 'system_scope': 'all', 'project_id': None, 'project_domain_id': None, 'roles': ['admin', 'member', 'reader'], 'is_admin_project': True, 'service_user_id': None, 'service_user_domain_id': None, 'service_project_id': None, 'service_project_domain_id': None, 'service_roles': []} {{(pid=81748) fill_context /opt/stack/keystone/keystone/server/flask/request_processing/middleware/auth_context.py:478}}
Aug 27 02:07:24.480257 dv-cinder-846303-3-smb devstack@keystone.service[81748]: DEBUG keystone.server.flask.request_processing.req_logging [None req-3c8d7ee6-f451-4ade-ba81-c9ddabc804a4 None admin] REQUEST_METHOD: `GET` {{(pid=81748) log_request_info /opt/stack/keystone/keystone/server/flask/request_processing/req_logging.py:27}}
Aug 27 02:07:24.480834 dv-cinder-846303-3-smb devstack@keystone.service[81748]: DEBUG keystone.server.flask.request_processing.req_logging [None req-3c8d7ee6-f451-4ade-ba81-c9ddabc804a4 None admin] SCRIPT_NAME: `/identity` {{(pid=81748) log_request_info /opt/stack/keystone/keystone/server/flask/request_processing/req_logging.py:28}}
Aug 27 02:07:24.481267 dv-cinder-846303-3-smb devstack@keystone.service[81748]: DEBUG keystone.server.flask.request_processing.req_logging [None req-3c8d7ee6-f451-4ade-ba81-c9ddabc804a4 None admin] PATH_INFO: `/v3/role_assignments` {{(pid=81748) log_request_info /opt/stack/keystone/keystone/server/flask/request_processing/req_logging.py:29}}
Aug 27 02:07:24.482272 dv-cinder-846303-3-smb devstack@keystone.service[81748]: DEBUG keystone.common.rbac_enforcer.enforcer [None req-3c8d7ee6-f451-4ade-ba81-c9ddabc804a4 None admin] RBAC: Adding query filter params (group.id=e8745e0a9bc14975ac8366913dc06353, role.id=0fb732effc6f492c9a998d105764e845, scope.project.id=b110753e43f8454597a752d36cf04107) {{(pid=81748) _extract_filter_values /opt/stack/keystone/keystone/common/rbac_enforcer/enforcer.py:167}}
Aug 27 02:07:24.482737 dv-cinder-846303-3-smb devstack@keystone.service[81748]: DEBUG keystone.common.rbac_enforcer.enforcer [None req-3c8d7ee6-f451-4ade-ba81-c9ddabc804a4 None admin] RBAC: Authorizing `identity:list_role_assignments()` {{(pid=81748) enforce_call /opt/stack/keystone/keystone/common/rbac_enforcer/enforcer.py:449}}
