Jun 21 19:17:36.842838 dv-cinder-846303-1-smb devstack@c-api.service[110961]: INFO cinder.api.openstack.wsgi [None req-240f7630-6af3-41a8-8212-6bbb7d84bfec tempest-VolumeTypesExtraSpecsTest-1041991399 tempest-VolumeTypesExtraSpecsTest-1041991399-project-admin] http://10.222.0.50/volume/v3/185f6f403f9842fa8ec97b5640f3261d/types/88f07db3-7c8a-4bb1-b586-450f1f7bd7e4/extra_specs/spec3 returned with HTTP 404
Jun 21 19:17:36.845882 dv-cinder-846303-1-smb devstack@c-api.service[110961]: [pid: 110961|app: 0|req: 157/321] 10.222.0.50 () {58 vars in 1372 bytes} [Tue Jun 21 19:17:36 2022] GET /volume/v3/185f6f403f9842fa8ec97b5640f3261d/types/88f07db3-7c8a-4bb1-b586-450f1f7bd7e4/extra_specs/spec3 => generated 129 bytes in 33 msecs (HTTP/1.1 404) 7 headers in 292 bytes (1 switches on core 0)
Jun 21 19:17:36.852411 dv-cinder-846303-1-smb devstack@c-api.service[110961]: DEBUG cinder.api.middleware.request_id [None req-4237864c-5730-4c81-8c43-e5087f4b427f None None] RequestId filter calling following filter/app {{(pid=110961) _context_setter /opt/stack/cinder/cinder/api/middleware/request_id.py:62}}
Jun 21 19:17:36.861217 dv-cinder-846303-1-smb devstack@c-api.service[110960]: INFO cinder.api.openstack.wsgi [None req-35cd1929-94bf-410f-9f57-9183626fd259 tempest-DeleteServersTestJSON-1654241452 tempest-DeleteServersTestJSON-1654241452-project] http://10.222.0.50/volume/v3/fa659b01974b49d886aee9ba278363fb/volumes/d22525ae-b68e-4e06-b7bc-6b6efdff3331 returned with HTTP 200
Jun 21 19:17:36.862557 dv-cinder-846303-1-smb devstack@c-api.service[110960]: [pid: 110960|app: 0|req: 165/322] 10.222.0.50 () {58 vars in 1324 bytes} [Tue Jun 21 19:17:36 2022] GET /volume/v3/fa659b01974b49d886aee9ba278363fb/volumes/d22525ae-b68e-4e06-b7bc-6b6efdff3331 => generated 913 bytes in 56 msecs (HTTP/1.1 200) 7 headers in 285 bytes (2 switches on core 0)
Jun 21 19:17:36.871668 dv-cinder-846303-1-smb devstack@c-api.service[110961]: INFO cinder.api.openstack.wsgi [None req-4237864c-5730-4c81-8c43-e5087f4b427f tempest-VolumeTypesExtraSpecsTest-1041991399 tempest-VolumeTypesExtraSpecsTest-1041991399-project-admin] POST http://10.222.0.50/volume/v3/185f6f403f9842fa8ec97b5640f3261d/types/88f07db3-7c8a-4bb1-b586-450f1f7bd7e4/extra_specs
Jun 21 19:17:36.874272 dv-cinder-846303-1-smb devstack@c-api.service[110961]: DEBUG cinder.api.openstack.wsgi [None req-4237864c-5730-4c81-8c43-e5087f4b427f tempest-VolumeTypesExtraSpecsTest-1041991399 tempest-VolumeTypesExtraSpecsTest-1041991399-project-admin] Action: 'create', calling method: create, body: {"extra_specs": {"spec1": "val1"}} {{(pid=110961) _process_stack /opt/stack/cinder/cinder/api/openstack/wsgi.py:866}}
Jun 21 19:17:36.882783 dv-cinder-846303-1-smb devstack@c-api.service[110960]: DEBUG cinder.api.middleware.request_id [None req-294961b5-9579-43b6-8d99-0c9153090a6d None None] RequestId filter calling following filter/app {{(pid=110960) _context_setter /opt/stack/cinder/cinder/api/middleware/request_id.py:62}}
Jun 21 19:17:36.891539 dv-cinder-846303-1-smb devstack@c-api.service[110960]: INFO cinder.api.openstack.wsgi [None req-294961b5-9579-43b6-8d99-0c9153090a6d tempest-DeleteServersTestJSON-1654241452 tempest-DeleteServersTestJSON-1654241452-project] DELETE http://10.222.0.50/volume/v3/fa659b01974b49d886aee9ba278363fb/volumes/d22525ae-b68e-4e06-b7bc-6b6efdff3331
Jun 21 19:17:36.892366 dv-cinder-846303-1-smb devstack@c-api.service[110960]: DEBUG cinder.api.openstack.wsgi [None req-294961b5-9579-43b6-8d99-0c9153090a6d tempest-DeleteServersTestJSON-1654241452 tempest-DeleteServersTestJSON-1654241452-project] Empty body provided in request {{(pid=110960) get_body /opt/stack/cinder/cinder/api/openstack/wsgi.py:715}}
Jun 21 19:17:36.892826 dv-cinder-846303-1-smb devstack@c-api.service[110960]: DEBUG cinder.api.openstack.wsgi [None req-294961b5-9579-43b6-8d99-0c9153090a6d tempest-DeleteServersTestJSON-1654241452 tempest-DeleteServersTestJSON-1654241452-project] Calling method 'delete' {{(pid=110960) _process_stack /opt/stack/cinder/cinder/api/openstack/wsgi.py:868}}
Jun 21 19:17:36.893237 dv-cinder-846303-1-smb devstack@c-api.service[110960]: INFO cinder.api.v3.volumes [None req-294961b5-9579-43b6-8d99-0c9153090a6d tempest-DeleteServersTestJSON-1654241452 tempest-DeleteServersTestJSON-1654241452-project] Delete volume with id: d22525ae-b68e-4e06-b7bc-6b6efdff3331
Jun 21 19:17:36.925399 dv-cinder-846303-1-smb devstack@c-api.service[110960]: /usr/local/lib/python3.8/dist-packages/oslo_context/context.py:100: DeprecationWarning: Policy enforcement is depending on the value of is_admin. This key is deprecated. Please update your policy file to use the standard policy values.
Jun 21 19:17:36.925399 dv-cinder-846303-1-smb devstack@c-api.service[110960]: warnings.warn('Policy enforcement is depending on the value of '
Jun 21 19:17:36.930687 dv-cinder-846303-1-smb devstack@c-api.service[110960]: INFO cinder.volume.api [None req-294961b5-9579-43b6-8d99-0c9153090a6d tempest-DeleteServersTestJSON-1654241452 tempest-DeleteServersTestJSON-1654241452-project] Volume info retrieved successfully.
Jun 21 19:17:36.972400 dv-cinder-846303-1-smb devstack@c-api.service[110961]: INFO cinder.api.openstack.wsgi [None req-4237864c-5730-4c81-8c43-e5087f4b427f tempest-VolumeTypesExtraSpecsTest-1041991399 tempest-VolumeTypesExtraSpecsTest-1041991399-project-admin] http://10.222.0.50/volume/v3/185f6f403f9842fa8ec97b5640f3261d/types/88f07db3-7c8a-4bb1-b586-450f1f7bd7e4/extra_specs returned with HTTP 200
Jun 21 19:17:36.977219 dv-cinder-846303-1-smb devstack@c-api.service[110961]: [pid: 110961|app: 0|req: 158/323] 10.222.0.50 () {60 vars in 1375 bytes} [Tue Jun 21 19:17:36 2022] POST /volume/v3/185f6f403f9842fa8ec97b5640f3261d/types/88f07db3-7c8a-4bb1-b586-450f1f7bd7e4/extra_specs => generated 34 bytes in 123 msecs (HTTP/1.1 200) 7 headers in 284 bytes (2 switches on core 0)
Jun 21 19:17:36.977382 dv-cinder-846303-1-smb devstack@c-api.service[110960]: INFO cinder.volume.api [None req-294961b5-9579-43b6-8d99-0c9153090a6d tempest-DeleteServersTestJSON-1654241452 tempest-DeleteServersTestJSON-1654241452-project] Delete volume request issued successfully.
Jun 21 19:17:36.977382 dv-cinder-846303-1-smb devstack@c-api.service[110960]: INFO cinder.api.openstack.wsgi [None req-294961b5-9579-43b6-8d99-0c9153090a6d tempest-DeleteServersTestJSON-1654241452 tempest-DeleteServersTestJSON-1654241452-project] http://10.222.0.50/volume/v3/fa659b01974b49d886aee9ba278363fb/volumes/d22525ae-b68e-4e06-b7bc-6b6efdff3331 returned with HTTP 202
Jun 21 19:17:36.977829 dv-cinder-846303-1-smb devstack@c-api.service[110960]: [pid: 110960|app: 0|req: 166/324] 10.222.0.50 () {58 vars in 1327 bytes} [Tue Jun 21 19:17:36 2022] DELETE /volume/v3/fa659b01974b49d886aee9ba278363fb/volumes/d22525ae-b68e-4e06-b7bc-6b6efdff3331 => generated 0 bytes in 99 msecs (HTTP/1.1 202) 6 headers in 233 bytes (1 switches on core 0)
Jun 21 19:17:36.979573 dv-cinder-846303-1-smb devstack@c-api.service[110961]: DEBUG cinder.api.middleware.request_id [None req-47732261-a4d2-479b-895c-d2b8e84081c2 None None] RequestId filter calling following filter/app {{(pid=110961) _context_setter /opt/stack/cinder/cinder/api/middleware/request_id.py:62}}
Jun 21 19:17:36.982812 dv-cinder-846303-1-smb devstack@c-api.service[110960]: DEBUG cinder.api.middleware.request_id [None req-88ee8ae0-fc59-46f8-b471-30431c8d431f None None] RequestId filter calling following filter/app {{(pid=110960) _context_setter /opt/stack/cinder/cinder/api/middleware/request_id.py:62}}
Jun 21 19:17:36.989121 dv-cinder-846303-1-smb devstack@c-api.service[110961]: INFO cinder.api.openstack.wsgi [None req-47732261-a4d2-479b-895c-d2b8e84081c2 tempest-VolumeTypesExtraSpecsTest-1041991399 tempest-VolumeTypesExtraSpecsTest-1041991399-project-admin] GET http://10.222.0.50/volume/v3/185f6f403f9842fa8ec97b5640f3261d/types/88f07db3-7c8a-4bb1-b586-450f1f7bd7e4/extra_specs
Jun 21 19:17:36.989712 dv-cinder-846303-1-smb devstack@c-api.service[110961]: DEBUG cinder.api.openstack.wsgi [None req-47732261-a4d2-479b-895c-d2b8e84081c2 tempest-VolumeTypesExtraSpecsTest-1041991399 tempest-VolumeTypesExtraSpecsTest-1041991399-project-admin] Empty body provided in request {{(pid=110961) get_body /opt/stack/cinder/cinder/api/openstack/wsgi.py:715}}
Jun 21 19:17:36.989958 dv-cinder-846303-1-smb devstack@c-api.service[110960]: INFO cinder.api.openstack.wsgi [None req-88ee8ae0-fc59-46f8-b471-30431c8d431f tempest-DeleteServersTestJSON-1654241452 tempest-DeleteServersTestJSON-1654241452-project] GET http://10.222.0.50/volume/v3/fa659b01974b49d886aee9ba278363fb/volumes/d22525ae-b68e-4e06-b7bc-6b6efdff3331
Jun 21 19:17:36.990368 dv-cinder-846303-1-smb devstack@c-api.service[110961]: DEBUG cinder.api.openstack.wsgi [None req-47732261-a4d2-479b-895c-d2b8e84081c2 tempest-VolumeTypesExtraSpecsTest-1041991399 tempest-VolumeTypesExtraSpecsTest-1041991399-project-admin] Calling method 'index' {{(pid=110961) _process_stack /opt/stack/cinder/cinder/api/openstack/wsgi.py:868}}
Jun 21 19:17:36.991560 dv-cinder-846303-1-smb devstack@c-api.service[110960]: DEBUG cinder.api.openstack.wsgi [None req-88ee8ae0-fc59-46f8-b471-30431c8d431f tempest-DeleteServersTestJSON-1654241452 tempest-DeleteServersTestJSON-1654241452-project] Empty body provided in request {{(pid=110960) get_body /opt/stack/cinder/cinder/api/openstack/wsgi.py:715}}
Jun 21 19:17:36.992299 dv-cinder-846303-1-smb devstack@c-api.service[110960]: DEBUG cinder.api.openstack.wsgi [None req-88ee8ae0-fc59-46f8-b471-30431c8d431f tempest-DeleteServersTestJSON-1654241452 tempest-DeleteServersTestJSON-1654241452-project] Calling method 'show' {{(pid=110960) _process_stack /opt/stack/cinder/cinder/api/openstack/wsgi.py:868}}
Jun 21 19:17:37.009996 dv-cinder-846303-1-smb devstack@c-api.service[110960]: /usr/local/lib/python3.8/dist-packages/oslo_context/context.py:100: DeprecationWarning: Policy enforcement is depending on the value of is_admin. This key is deprecated. Please update your policy file to use the standard policy values.
Jun 21 19:17:37.009996 dv-cinder-846303-1-smb devstack@c-api.service[110960]: warnings.warn('Policy enforcement is depending on the value of '
Jun 21 19:17:37.019466 dv-cinder-846303-1-smb devstack@c-api.service[110961]: INFO cinder.api.openstack.wsgi [None req-47732261-a4d2-479b-895c-d2b8e84081c2 tempest-VolumeTypesExtraSpecsTest-1041991399 tempest-VolumeTypesExtraSpecsTest-1041991399-project-admin] http://10.222.0.50/volume/v3/185f6f403f9842fa8ec97b5640f3261d/types/88f07db3-7c8a-4bb1-b586-450f1f7bd7e4/extra_specs returned with HTTP 200
Jun 21 19:17:37.021267 dv-cinder-846303-1-smb devstack@c-api.service[110961]: [pid: 110961|app: 0|req: 159/325] 10.222.0.50 () {58 vars in 1354 bytes} [Tue Jun 21 19:17:36 2022] GET /volume/v3/185f6f403f9842fa8ec97b5640f3261d/types/88f07db3-7c8a-4bb1-b586-450f1f7bd7e4/extra_specs => generated 34 bytes in 43 msecs (HTTP/1.1 200) 7 headers in 284 bytes (1 switches on core 0)
Jun 21 19:17:37.027671 dv-cinder-846303-1-smb devstack@c-api.service[110960]: INFO cinder.volume.api [None req-88ee8ae0-fc59-46f8-b471-30431c8d431f tempest-DeleteServersTestJSON-1654241452 tempest-DeleteServersTestJSON-1654241452-project] Volume info retrieved successfully.
Jun 21 19:17:37.031380 dv-cinder-846303-1-smb devstack@c-api.service[110961]: DEBUG cinder.api.middleware.request_id [None req-fc0a8ce0-6ac0-457e-8bfe-476daf9e4589 None None] RequestId filter calling following filter/app {{(pid=110961) _context_setter /opt/stack/cinder/cinder/api/middleware/request_id.py:62}}
Jun 21 19:17:37.037659 dv-cinder-846303-1-smb devstack@c-api.service[110961]: INFO cinder.api.openstack.wsgi [None req-fc0a8ce0-6ac0-457e-8bfe-476daf9e4589 tempest-VolumeTypesExtraSpecsTest-1041991399 tempest-VolumeTypesExtraSpecsTest-1041991399-project-admin] POST http://10.222.0.50/volume/v3/185f6f403f9842fa8ec97b5640f3261d/types/88f07db3-7c8a-4bb1-b586-450f1f7bd7e4/extra_specs
Jun 21 19:17:37.039083 dv-cinder-846303-1-smb devstack@c-api.service[110961]: DEBUG cinder.api.openstack.wsgi [None req-fc0a8ce0-6ac0-457e-8bfe-476daf9e4589 tempest-VolumeTypesExtraSpecsTest-1041991399 tempest-VolumeTypesExtraSpecsTest-1041991399-project-admin] Action: 'create', calling method: create, body: {"extra_specs": {"spec2": "val1"}} {{(pid=110961) _process_stack /opt/stack/cinder/cinder/api/openstack/wsgi.py:866}}
Jun 21 19:17:37.051872 dv-cinder-846303-1-smb devstack@c-api.service[110960]: INFO cinder.api.openstack.wsgi [None req-88ee8ae0-fc59-46f8-b471-30431c8d431f tempest-DeleteServersTestJSON-1654241452 tempest-DeleteServersTestJSON-1654241452-project] http://10.222.0.50/volume/v3/fa659b01974b49d886aee9ba278363fb/volumes/d22525ae-b68e-4e06-b7bc-6b6efdff3331 returned with HTTP 200
Jun 21 19:17:37.054802 dv-cinder-846303-1-smb devstack@c-api.service[110960]: [pid: 110960|app: 0|req: 167/326] 10.222.0.50 () {58 vars in 1324 bytes} [Tue Jun 21 19:17:36 2022] GET /volume/v3/fa659b01974b49d886aee9ba278363fb/volumes/d22525ae-b68e-4e06-b7bc-6b6efdff3331 => generated 912 bytes in 73 msecs (HTTP/1.1 200) 7 headers in 285 bytes (1 switches on core 0)
Jun 21 19:17:37.134832 dv-cinder-846303-1-smb devstack@c-api.service[110961]: INFO cinder.api.openstack.wsgi [None req-fc0a8ce0-6ac0-457e-8bfe-476daf9e4589 tempest-VolumeTypesExtraSpecsTest-1041991399 tempest-VolumeTypesExtraSpecsTest-1041991399-project-admin] http://10.222.0.50/volume/v3/185f6f403f9842fa8ec97b5640f3261d/types/88f07db3-7c8a-4bb1-b586-450f1f7bd7e4/extra_specs returned with HTTP 200
Jun 21 19:17:37.136171 dv-cinder-846303-1-smb devstack@c-api.service[110961]: [pid: 110961|app: 0|req: 160/327] 10.222.0.50 () {60 vars in 1375 bytes} [Tue Jun 21 19:17:37 2022] POST /volume/v3/185f6f403f9842fa8ec97b5640f3261d/types/88f07db3-7c8a-4bb1-b586-450f1f7bd7e4/extra_specs => generated 34 bytes in 109 msecs (HTTP/1.1 200) 7 headers in 284 bytes (1 switches on core 0)
Jun 21 19:17:37.142349 dv-cinder-846303-1-smb devstack@c-api.service[110960]: DEBUG cinder.api.middleware.request_id [None req-116115c7-d49d-44a8-a907-179d64fd7a2b None None] RequestId filter calling following filter/app {{(pid=110960) _context_setter /opt/stack/cinder/cinder/api/middleware/request_id.py:62}}
Jun 21 19:17:37.147162 dv-cinder-846303-1-smb devstack@c-api.service[110960]: INFO cinder.api.openstack.wsgi [None req-116115c7-d49d-44a8-a907-179d64fd7a2b tempest-VolumeTypesExtraSpecsTest-1041991399 tempest-VolumeTypesExtraSpecsTest-1041991399-project-admin] PUT http://10.222.0.50/volume/v3/185f6f403f9842fa8ec97b5640f3261d/types/88f07db3-7c8a-4bb1-b586-450f1f7bd7e4/extra_specs/spec2
Jun 21 19:17:37.147894 dv-cinder-846303-1-smb devstack@c-api.service[110960]: DEBUG cinder.api.openstack.wsgi [None req-116115c7-d49d-44a8-a907-179d64fd7a2b tempest-VolumeTypesExtraSpecsTest-1041991399 tempest-VolumeTypesExtraSpecsTest-1041991399-project-admin] Action: 'update', calling method: update, body: {"spec2": "val2"} {{(pid=110960) _process_stack /opt/stack/cinder/cinder/api/openstack/wsgi.py:866}}
Jun 21 19:17:37.161078 dv-cinder-846303-1-smb devstack@c-api.service[110961]: DEBUG cinder.api.middleware.request_id [None req-bf8688db-dcb8-40fc-85fd-6f6927b97e06 None None] RequestId filter calling following filter/app {{(pid=110961) _context_setter /opt/stack/cinder/cinder/api/middleware/request_id.py:62}}
Jun 21 19:17:37.264963 dv-cinder-846303-1-smb devstack@c-api.service[110960]: INFO cinder.api.openstack.wsgi [None req-116115c7-d49d-44a8-a907-179d64fd7a2b tempest-VolumeTypesExtraSpecsTest-1041991399 tempest-VolumeTypesExtraSpecsTest-1041991399-project-admin] http://10.222.0.50/volume/v3/185f6f403f9842fa8ec97b5640f3261d/types/88f07db3-7c8a-4bb1-b586-450f1f7bd7e4/extra_specs/spec2 returned with HTTP 200
Jun 21 19:17:37.267225 dv-cinder-846303-1-smb devstack@c-api.service[110960]: [pid: 110960|app: 0|req: 168/328] 10.222.0.50 () {60 vars in 1392 bytes} [Tue Jun 21 19:17:37 2022] PUT /volume/v3/185f6f403f9842fa8ec97b5640f3261d/types/88f07db3-7c8a-4bb1-b586-450f1f7bd7e4/extra_specs/spec2 => generated 17 bytes in 126 msecs (HTTP/1.1 200) 7 headers in 284 bytes (1 switches on core 0)
Jun 21 19:17:37.273027 dv-cinder-846303-1-smb devstack@c-api.service[110960]: DEBUG cinder.api.middleware.request_id [None req-42dec2e8-8d6b-4079-8064-1efcbd821b2d None None] RequestId filter calling following filter/app {{(pid=110960) _context_setter /opt/stack/cinder/cinder/api/middleware/request_id.py:62}}
Jun 21 19:17:37.280580 dv-cinder-846303-1-smb devstack@c-api.service[110960]: INFO cinder.api.openstack.wsgi [None req-42dec2e8-8d6b-4079-8064-1efcbd821b2d tempest-VolumeTypesExtraSpecsTest-1041991399 tempest-VolumeTypesExtraSpecsTest-1041991399-project-admin] GET http://10.222.0.50/volume/v3/185f6f403f9842fa8ec97b5640f3261d/types/88f07db3-7c8a-4bb1-b586-450f1f7bd7e4/extra_specs/spec2
Jun 21 19:17:37.281585 dv-cinder-846303-1-smb devstack@c-api.service[110960]: DEBUG cinder.api.openstack.wsgi [None req-42dec2e8-8d6b-4079-8064-1efcbd821b2d tempest-VolumeTypesExtraSpecsTest-1041991399 tempest-VolumeTypesExtraSpecsTest-1041991399-project-admin] Empty body provided in request {{(pid=110960) get_body /opt/stack/cinder/cinder/api/openstack/wsgi.py:715}}
Jun 21 19:17:37.282301 dv-cinder-846303-1-smb devstack@c-api.service[110960]: DEBUG cinder.api.openstack.wsgi [None req-42dec2e8-8d6b-4079-8064-1efcbd821b2d tempest-VolumeTypesExtraSpecsTest-1041991399 tempest-VolumeTypesExtraSpecsTest-1041991399-project-admin] Calling method 'show' {{(pid=110960) _process_stack /opt/stack/cinder/cinder/api/openstack/wsgi.py:868}}
Jun 21 19:17:37.308057 dv-cinder-846303-1-smb devstack@c-api.service[110960]: INFO cinder.api.openstack.wsgi [None req-42dec2e8-8d6b-4079-8064-1efcbd821b2d tempest-VolumeTypesExtraSpecsTest-1041991399 tempest-VolumeTypesExtraSpecsTest-1041991399-project-admin] http://10.222.0.50/volume/v3/185f6f403f9842fa8ec97b5640f3261d/types/88f07db3-7c8a-4bb1-b586-450f1f7bd7e4/extra_specs/spec2 returned with HTTP 200
Jun 21 19:17:37.309587 dv-cinder-846303-1-smb devstack@c-api.service[110960]: [pid: 110960|app: 0|req: 169/329] 10.222.0.50 () {58 vars in 1372 bytes} [Tue Jun 21 19:17:37 2022] GET /volume/v3/185f6f403f9842fa8ec97b5640f3261d/types/88f07db3-7c8a-4bb1-b586-450f1f7bd7e4/extra_specs/spec2 => generated 17 bytes in 38 msecs (HTTP/1.1 200) 7 headers in 284 bytes (1 switches on core 0)
Jun 21 19:17:37.316816 dv-cinder-846303-1-smb devstack@c-api.service[110960]: DEBUG cinder.api.middleware.request_id [None req-9b37e93f-6553-4b31-b327-a332a36990e0 None None] RequestId filter calling following filter/app {{(pid=110960) _context_setter /opt/stack/cinder/cinder/api/middleware/request_id.py:62}}
Jun 21 19:17:37.322244 dv-cinder-846303-1-smb devstack@c-api.service[110960]: INFO cinder.api.openstack.wsgi [None req-9b37e93f-6553-4b31-b327-a332a36990e0 tempest-VolumeTypesExtraSpecsTest-1041991399 tempest-VolumeTypesExtraSpecsTest-1041991399-project-admin] POST http://10.222.0.50/volume/v3/185f6f403f9842fa8ec97b5640f3261d/types/88f07db3-7c8a-4bb1-b586-450f1f7bd7e4/extra_specs
Jun 21 19:17:37.323288 dv-cinder-846303-1-smb devstack@c-api.service[110960]: DEBUG cinder.api.openstack.wsgi [None req-9b37e93f-6553-4b31-b327-a332a36990e0 tempest-VolumeTypesExtraSpecsTest-1041991399 tempest-VolumeTypesExtraSpecsTest-1041991399-project-admin] Action: 'create', calling method: create, body: {"extra_specs": {"spec2": "val3", "spec4": "val4"}} {{(pid=110960) _process_stack /opt/stack/cinder/cinder/api/openstack/wsgi.py:866}}
Jun 21 19:17:37.360468 dv-cinder-846303-1-smb devstack@c-api.service[110961]: INFO cinder.api.openstack.wsgi [None req-bf8688db-dcb8-40fc-85fd-6f6927b97e06 tempest-VolumesTransfersTest-1676188695 tempest-VolumesTransfersTest-1676188695-project] POST http://10.222.0.50/volume/v3/760ae75915304aec997760ceb9c7163d/volumes
Jun 21 19:17:37.361445 dv-cinder-846303-1-smb devstack@c-api.service[110961]: DEBUG cinder.api.openstack.wsgi [None req-bf8688db-dcb8-40fc-85fd-6f6927b97e06 tempest-VolumesTransfersTest-1676188695 tempest-VolumesTransfersTest-1676188695-project] Action: 'create', calling method: create, body: {"volume": {"size": 1, "name": "tempest-VolumesTransfersTest-Volume-427727038"}} {{(pid=110961) _process_stack /opt/stack/cinder/cinder/api/openstack/wsgi.py:866}}
Jun 21 19:17:37.362878 dv-cinder-846303-1-smb devstack@c-api.service[110961]: DEBUG cinder.api.v3.volumes [None req-bf8688db-dcb8-40fc-85fd-6f6927b97e06 tempest-VolumesTransfersTest-1676188695 tempest-VolumesTransfersTest-1676188695-project] Create volume request body: {'volume': {'size': 1, 'name': 'tempest-VolumesTransfersTest-Volume-427727038'}} {{(pid=110961) create /opt/stack/cinder/cinder/api/v3/volumes.py:298}}
Jun 21 19:17:37.363642 dv-cinder-846303-1-smb devstack@c-api.service[110961]: INFO cinder.api.v3.volumes [None req-bf8688db-dcb8-40fc-85fd-6f6927b97e06 tempest-VolumesTransfersTest-1676188695 tempest-VolumesTransfersTest-1676188695-project] Create volume of 1 GB
Jun 21 19:17:37.375681 dv-cinder-846303-1-smb devstack@c-api.service[110961]: INFO cinder.volume.api [None req-bf8688db-dcb8-40fc-85fd-6f6927b97e06 tempest-VolumesTransfersTest-1676188695 tempest-VolumesTransfersTest-1676188695-project] Availability Zones retrieved successfully.
Jun 21 19:17:37.397378 dv-cinder-846303-1-smb devstack@c-api.service[110960]: INFO cinder.api.openstack.wsgi [None req-9b37e93f-6553-4b31-b327-a332a36990e0 tempest-VolumeTypesExtraSpecsTest-1041991399 tempest-VolumeTypesExtraSpecsTest-1041991399-project-admin] http://10.222.0.50/volume/v3/185f6f403f9842fa8ec97b5640f3261d/types/88f07db3-7c8a-4bb1-b586-450f1f7bd7e4/extra_specs returned with HTTP 200
Jun 21 19:17:37.399658 dv-cinder-846303-1-smb devstack@c-api.service[110961]: DEBUG cinder.volume.api [None req-bf8688db-dcb8-40fc-85fd-6f6927b97e06 tempest-VolumesTransfersTest-1676188695 tempest-VolumesTransfersTest-1676188695-project] Flow 'volume_create_api' (b801ea07-7a0b-41e6-b2bc-28e35c8c1cc3) transitioned into state 'RUNNING' from state 'PENDING' {{(pid=110961) _flow_receiver /usr/local/lib/python3.8/dist-packages/taskflow/listeners/logging.py:141}}
Jun 21 19:17:37.403272 dv-cinder-846303-1-smb devstack@c-api.service[110960]: [pid: 110960|app: 0|req: 170/330] 10.222.0.50 () {60 vars in 1375 bytes} [Tue Jun 21 19:17:37 2022] POST /volume/v3/185f6f403f9842fa8ec97b5640f3261d/types/88f07db3-7c8a-4bb1-b586-450f1f7bd7e4/extra_specs => generated 51 bytes in 88 msecs (HTTP/1.1 200) 7 headers in 284 bytes (2 switches on core 0)
Jun 21 19:17:37.403933 dv-cinder-846303-1-smb devstack@c-api.service[110961]: DEBUG cinder.volume.api [None req-bf8688db-dcb8-40fc-85fd-6f6927b97e06 tempest-VolumesTransfersTest-1676188695 tempest-VolumesTransfersTest-1676188695-project] Task 'cinder.volume.flows.api.create_volume.ExtractVolumeRequestTask;volume:create' (1485d95d-a353-4856-b9e6-76892c6c3855) transitioned into state 'RUNNING' from state 'PENDING' {{(pid=110961) _task_receiver /usr/local/lib/python3.8/dist-packages/taskflow/listeners/logging.py:190}}
Jun 21 19:17:37.405237 dv-cinder-846303-1-smb devstack@c-api.service[110960]: DEBUG cinder.api.middleware.request_id [None req-c7a23d15-e5f6-4331-bb64-87bb39e2417f None None] RequestId filter calling following filter/app {{(pid=110960) _context_setter /opt/stack/cinder/cinder/api/middleware/request_id.py:62}}
Jun 21 19:17:37.407038 dv-cinder-846303-1-smb devstack@c-api.service[110961]: DEBUG cinder.volume.flows.api.create_volume [None req-bf8688db-dcb8-40fc-85fd-6f6927b97e06 tempest-VolumesTransfersTest-1676188695 tempest-VolumesTransfersTest-1676188695-project] Validating volume size '1' using validate_int {{(pid=110961) _extract_size /opt/stack/cinder/cinder/volume/flows/api/create_volume.py:228}}
Jun 21 19:17:37.411067 dv-cinder-846303-1-smb devstack@c-api.service[110960]: INFO cinder.api.openstack.wsgi [None req-c7a23d15-e5f6-4331-bb64-87bb39e2417f tempest-VolumeTypesExtraSpecsTest-1041991399 tempest-VolumeTypesExtraSpecsTest-1041991399-project-admin] GET http://10.222.0.50/volume/v3/185f6f403f9842fa8ec97b5640f3261d/types/88f07db3-7c8a-4bb1-b586-450f1f7bd7e4/extra_specs
Jun 21 19:17:37.411528 dv-cinder-846303-1-smb devstack@c-api.service[110960]: DEBUG cinder.api.openstack.wsgi [None req-c7a23d15-e5f6-4331-bb64-87bb39e2417f tempest-VolumeTypesExtraSpecsTest-1041991399 tempest-VolumeTypesExtraSpecsTest-1041991399-project-admin] Empty body provided in request {{(pid=110960) get_body /opt/stack/cinder/cinder/api/openstack/wsgi.py:715}}
Jun 21 19:17:37.412269 dv-cinder-846303-1-smb devstack@c-api.service[110960]: DEBUG cinder.api.openstack.wsgi [None req-c7a23d15-e5f6-4331-bb64-87bb39e2417f tempest-VolumeTypesExtraSpecsTest-1041991399 tempest-VolumeTypesExtraSpecsTest-1041991399-project-admin] Calling method 'index' {{(pid=110960) _process_stack /opt/stack/cinder/cinder/api/openstack/wsgi.py:868}}
Jun 21 19:17:37.428291 dv-cinder-846303-1-smb devstack@c-api.service[110960]: INFO cinder.api.openstack.wsgi [None req-c7a23d15-e5f6-4331-bb64-87bb39e2417f tempest-VolumeTypesExtraSpecsTest-1041991399 tempest-VolumeTypesExtraSpecsTest-1041991399-project-admin] http://10.222.0.50/volume/v3/185f6f403f9842fa8ec97b5640f3261d/types/88f07db3-7c8a-4bb1-b586-450f1f7bd7e4/extra_specs returned with HTTP 200
Jun 21 19:17:37.435872 dv-cinder-846303-1-smb devstack@c-api.service[110960]: [pid: 110960|app: 0|req: 171/331] 10.222.0.50 () {58 vars in 1354 bytes} [Tue Jun 21 19:17:37 2022] GET /volume/v3/185f6f403f9842fa8ec97b5640f3261d/types/88f07db3-7c8a-4bb1-b586-450f1f7bd7e4/extra_specs => generated 68 bytes in 32 msecs (HTTP/1.1 200) 7 headers in 284 bytes (1 switches on core 0)
Jun 21 19:17:37.437490 dv-cinder-846303-1-smb devstack@c-api.service[110960]: DEBUG cinder.api.middleware.request_id [None req-63478a31-2a89-474c-b2ac-db19322f51f2 None None] RequestId filter calling following filter/app {{(pid=110960) _context_setter /opt/stack/cinder/cinder/api/middleware/request_id.py:62}}
Jun 21 19:17:37.441349 dv-cinder-846303-1-smb devstack@c-api.service[110960]: INFO cinder.api.openstack.wsgi [None req-63478a31-2a89-474c-b2ac-db19322f51f2 tempest-VolumeTypesExtraSpecsTest-1041991399 tempest-VolumeTypesExtraSpecsTest-1041991399-project-admin] DELETE http://10.222.0.50/volume/v3/185f6f403f9842fa8ec97b5640f3261d/types/88f07db3-7c8a-4bb1-b586-450f1f7bd7e4
Jun 21 19:17:37.441809 dv-cinder-846303-1-smb devstack@c-api.service[110960]: DEBUG cinder.api.openstack.wsgi [None req-63478a31-2a89-474c-b2ac-db19322f51f2 tempest-VolumeTypesExtraSpecsTest-1041991399 tempest-VolumeTypesExtraSpecsTest-1041991399-project-admin] Empty body provided in request {{(pid=110960) get_body /opt/stack/cinder/cinder/api/openstack/wsgi.py:715}}
Jun 21 19:17:37.442642 dv-cinder-846303-1-smb devstack@c-api.service[110960]: DEBUG cinder.api.openstack.wsgi [None req-63478a31-2a89-474c-b2ac-db19322f51f2 tempest-VolumeTypesExtraSpecsTest-1041991399 tempest-VolumeTypesExtraSpecsTest-1041991399-project-admin] Calling method '_delete' {{(pid=110960) _process_stack /opt/stack/cinder/cinder/api/openstack/wsgi.py:868}}
Jun 21 19:17:37.464386 dv-cinder-846303-1-smb devstack@c-api.service[110961]: DEBUG cinder.volume.api [None req-bf8688db-dcb8-40fc-85fd-6f6927b97e06 tempest-VolumesTransfersTest-1676188695 tempest-VolumesTransfersTest-1676188695-project] Task 'cinder.volume.flows.api.create_volume.ExtractVolumeRequestTask;volume:create' (1485d95d-a353-4856-b9e6-76892c6c3855) transitioned into state 'SUCCESS' from state 'RUNNING' with result '{'size': 1, 'snapshot_id': None, 'source_volid': None, 'volume_type': VolumeType(created_at=2022-06-21T19:06:26Z,deleted=False,deleted_at=None,description='Default Volume Type',extra_specs={},id=3f24de8d-4ed8-4093-87a3-3e03d71b8702,is_public=True,name='__DEFAULT__',projects=[],qos_specs=,qos_specs_id=None,updated_at=2022-06-21T19:06:26Z), 'volume_type_id': '3f24de8d-4ed8-4093-87a3-3e03d71b8702', 'encryption_key_id': None, 'qos_specs': None, 'consistencygroup_id': None, 'cgsnapshot_id': None, 'group_id': None, 'replication_status': 'disabled', 'refresh_az': False, 'backup_id': None, 'multiattach': False, 'availability_zones': ['nova']}' {{(pid=110961) _task_receiver /usr/local/lib/python3.8/dist-packages/taskflow/listeners/logging.py:178}}
Jun 21 19:17:37.470544 dv-cinder-846303-1-smb devstack@c-api.service[110961]: DEBUG cinder.volume.api [None req-bf8688db-dcb8-40fc-85fd-6f6927b97e06 tempest-VolumesTransfersTest-1676188695 tempest-VolumesTransfersTest-1676188695-project] Task 'cinder.volume.flows.api.create_volume.QuotaReserveTask;volume:create' (bd0ac82a-0be4-4f32-a88f-6fb6015a029f) transitioned into state 'RUNNING' from state 'PENDING' {{(pid=110961) _task_receiver /usr/local/lib/python3.8/dist-packages/taskflow/listeners/logging.py:190}}
Jun 21 19:17:37.496439 dv-cinder-846303-1-smb devstack@c-api.service[110960]: INFO cinder.api.openstack.wsgi [None req-63478a31-2a89-474c-b2ac-db19322f51f2 tempest-VolumeTypesExtraSpecsTest-1041991399 tempest-VolumeTypesExtraSpecsTest-1041991399-project-admin] http://10.222.0.50/volume/v3/185f6f403f9842fa8ec97b5640f3261d/types/88f07db3-7c8a-4bb1-b586-450f1f7bd7e4 returned with HTTP 202
Jun 21 19:17:37.497846 dv-cinder-846303-1-smb devstack@c-api.service[110960]: [pid: 110960|app: 0|req: 172/332] 10.222.0.50 () {58 vars in 1321 bytes} [Tue Jun 21 19:17:37 2022] DELETE /volume/v3/185f6f403f9842fa8ec97b5640f3261d/types/88f07db3-7c8a-4bb1-b586-450f1f7bd7e4 => generated 0 bytes in 61 msecs (HTTP/1.1 202) 6 headers in 233 bytes (1 switches on core 0)
Jun 21 19:17:37.503583 dv-cinder-846303-1-smb devstack@c-api.service[110960]: DEBUG cinder.api.middleware.request_id [None req-245dcefb-a5a7-4c8f-a916-69cdbb9bad62 None None] RequestId filter calling following filter/app {{(pid=110960) _context_setter /opt/stack/cinder/cinder/api/middleware/request_id.py:62}}
Jun 21 19:17:37.508103 dv-cinder-846303-1-smb devstack@c-api.service[110960]: INFO cinder.api.openstack.wsgi [None req-245dcefb-a5a7-4c8f-a916-69cdbb9bad62 tempest-VolumeTypesExtraSpecsTest-1041991399 tempest-VolumeTypesExtraSpecsTest-1041991399-project-admin] GET http://10.222.0.50/volume/v3/185f6f403f9842fa8ec97b5640f3261d/types/88f07db3-7c8a-4bb1-b586-450f1f7bd7e4
Jun 21 19:17:37.508623 dv-cinder-846303-1-smb devstack@c-api.service[110960]: DEBUG cinder.api.openstack.wsgi [None req-245dcefb-a5a7-4c8f-a916-69cdbb9bad62 tempest-VolumeTypesExtraSpecsTest-1041991399 tempest-VolumeTypesExtraSpecsTest-1041991399-project-admin] Empty body provided in request {{(pid=110960) get_body /opt/stack/cinder/cinder/api/openstack/wsgi.py:715}}
Jun 21 19:17:37.509144 dv-cinder-846303-1-smb devstack@c-api.service[110960]: DEBUG cinder.api.openstack.wsgi [None req-245dcefb-a5a7-4c8f-a916-69cdbb9bad62 tempest-VolumeTypesExtraSpecsTest-1041991399 tempest-VolumeTypesExtraSpecsTest-1041991399-project-admin] Calling method 'show' {{(pid=110960) _process_stack /opt/stack/cinder/cinder/api/openstack/wsgi.py:868}}
Jun 21 19:17:37.518864 dv-cinder-846303-1-smb devstack@c-api.service[110960]: INFO cinder.api.openstack.wsgi [None req-245dcefb-a5a7-4c8f-a916-69cdbb9bad62 tempest-VolumeTypesExtraSpecsTest-1041991399 tempest-VolumeTypesExtraSpecsTest-1041991399-project-admin] http://10.222.0.50/volume/v3/185f6f403f9842fa8ec97b5640f3261d/types/88f07db3-7c8a-4bb1-b586-450f1f7bd7e4 returned with HTTP 404
Jun 21 19:17:37.520416 dv-cinder-846303-1-smb devstack@c-api.service[110960]: [pid: 110960|app: 0|req: 173/333] 10.222.0.50 () {58 vars in 1318 bytes} [Tue Jun 21 19:17:37 2022] GET /volume/v3/185f6f403f9842fa8ec97b5640f3261d/types/88f07db3-7c8a-4bb1-b586-450f1f7bd7e4 => generated 114 bytes in 19 msecs (HTTP/1.1 404) 7 headers in 292 bytes (1 switches on core 0)
Jun 21 19:17:37.597158 dv-cinder-846303-1-smb devstack@c-api.service[110961]: DEBUG dbcounter [-] [110961] Writing DB stats cinder:SELECT=85,cinder:UPDATE=5,cinder:INSERT=10 {{(pid=110961) stat_writer /usr/local/lib/python3.8/dist-packages/dbcounter.py:114}}
Jun 21 19:17:37.602203 dv-cinder-846303-1-smb devstack@c-api.service[110961]: DEBUG cinder.quota [None req-bf8688db-dcb8-40fc-85fd-6f6927b97e06 tempest-VolumesTransfersTest-1676188695 tempest-VolumesTransfersTest-1676188695-project] Created reservations ['598b9b6a-d2b4-41eb-9d0c-a476a238eebd', '49def634-2af2-426b-917a-a35e28420b13', '05be3515-a5bc-4556-bacb-a194d485d1a7', '4cc0991c-c0a3-43f0-909d-21ebcc6a8121'] {{(pid=110961) reserve /opt/stack/cinder/cinder/quota.py:755}}
Jun 21 19:17:37.606809 dv-cinder-846303-1-smb devstack@c-api.service[110961]: DEBUG cinder.volume.api [None req-bf8688db-dcb8-40fc-85fd-6f6927b97e06 tempest-VolumesTransfersTest-1676188695 tempest-VolumesTransfersTest-1676188695-project] Task 'cinder.volume.flows.api.create_volume.QuotaReserveTask;volume:create' (bd0ac82a-0be4-4f32-a88f-6fb6015a029f) transitioned into state 'SUCCESS' from state 'RUNNING' with result '{'reservations': ['598b9b6a-d2b4-41eb-9d0c-a476a238eebd', '49def634-2af2-426b-917a-a35e28420b13', '05be3515-a5bc-4556-bacb-a194d485d1a7', '4cc0991c-c0a3-43f0-909d-21ebcc6a8121']}' {{(pid=110961) _task_receiver /usr/local/lib/python3.8/dist-packages/taskflow/listeners/logging.py:178}}
Jun 21 19:17:37.608712 dv-cinder-846303-1-smb devstack@c-api.service[110961]: DEBUG cinder.volume.api [None req-bf8688db-dcb8-40fc-85fd-6f6927b97e06 tempest-VolumesTransfersTest-1676188695 tempest-VolumesTransfersTest-1676188695-project] Task 'cinder.volume.flows.api.create_volume.EntryCreateTask;volume:create' (af08b395-6d98-4eb9-9447-85e09325974b) transitioned into state 'RUNNING' from state 'PENDING' {{(pid=110961) _task_receiver /usr/local/lib/python3.8/dist-packages/taskflow/listeners/logging.py:190}}
Jun 21 19:17:37.643303 dv-cinder-846303-1-smb devstack@c-api.service[110961]: DEBUG cinder.volume.api [None req-bf8688db-dcb8-40fc-85fd-6f6927b97e06 tempest-VolumesTransfersTest-1676188695 tempest-VolumesTransfersTest-1676188695-project] Task 'cinder.volume.flows.api.create_volume.EntryCreateTask;volume:create' (af08b395-6d98-4eb9-9447-85e09325974b) transitioned into state 'SUCCESS' from state 'RUNNING' with result '{'volume_id': 'ba37539d-4a47-4089-85eb-0b438cbf0323', 'volume_properties': VolumeProperties(attach_status='detached',availability_zone='nova',cgsnapshot_id=None,consistencygroup_id=None,display_description=None,display_name='tempest-VolumesTransfersTest-Volume-427727038',encryption_key_id=None,group_id=None,group_type_id=,metadata={},multiattach=False,project_id='760ae75915304aec997760ceb9c7163d',qos_specs=None,replication_status=,reservations=['598b9b6a-d2b4-41eb-9d0c-a476a238eebd','49def634-2af2-426b-917a-a35e28420b13','05be3515-a5bc-4556-bacb-a194d485d1a7','4cc0991c-c0a3-43f0-909d-21ebcc6a8121'],size=1,snapshot_id=None,source_replicaid=,source_volid=None,status='creating',user_id='07d6f726ef0b4135b7eab609bad0aa8e',volume_type_id=3f24de8d-4ed8-4093-87a3-3e03d71b8702), 'volume': Volume(_name_id=None,admin_metadata=,attach_status='detached',availability_zone='nova',bootable=False,cluster=,cluster_name=None,consistencygroup=,consistencygroup_id=None,created_at=2022-06-21T19:17:37Z,deleted=False,deleted_at=None,display_description=None,display_name='tempest-VolumesTransfersTest-Volume-427727038',ec2_id=None,encryption_key_id=None,glance_metadata=,group=,group_id=None,host=None,id=ba37539d-4a47-4089-85eb-0b438cbf0323,launched_at=None,metadata={},migration_status=None,multiattach=False,previous_status=None,project_id='760ae75915304aec997760ceb9c7163d',provider_auth=None,provider_geometry=None,provider_id=None,provider_location=None,replication_driver_data=None,replication_extended_status=None,replication_status=None,scheduled_at=None,service_uuid=None,shared_targets=True,size=1,snapshot_id=None,snapshots=,source_volid=None,status='creating',terminated_at=None,updated_at=None,use_quota=True,user_id='07d6f726ef0b4135b7eab609bad0aa8e',volume_attachment=VolumeAttachmentList,volume_type=VolumeType(3f24de8d-4ed8-4093-87a3-3e03d71b8702),volume_type_id=3f24de8d-4ed8-4093-87a3-3e03d71b8702)}' {{(pid=110961) _task_receiver /usr/local/lib/python3.8/dist-packages/taskflow/listeners/logging.py:178}}
Jun 21 19:17:37.647136 dv-cinder-846303-1-smb devstack@c-api.service[110961]: DEBUG cinder.volume.api [None req-bf8688db-dcb8-40fc-85fd-6f6927b97e06 tempest-VolumesTransfersTest-1676188695 tempest-VolumesTransfersTest-1676188695-project] Task 'cinder.volume.flows.api.create_volume.QuotaCommitTask;volume:create' (d9d230cd-43e0-4bbc-8961-b2ca3abdbf12) transitioned into state 'RUNNING' from state 'PENDING' {{(pid=110961) _task_receiver /usr/local/lib/python3.8/dist-packages/taskflow/listeners/logging.py:190}}
Jun 21 19:17:37.715509 dv-cinder-846303-1-smb devstack@c-api.service[110961]: DEBUG cinder.volume.api [None req-bf8688db-dcb8-40fc-85fd-6f6927b97e06 tempest-VolumesTransfersTest-1676188695 tempest-VolumesTransfersTest-1676188695-project] Task 'cinder.volume.flows.api.create_volume.QuotaCommitTask;volume:create' (d9d230cd-43e0-4bbc-8961-b2ca3abdbf12) transitioned into state 'SUCCESS' from state 'RUNNING' with result '{'volume_properties': VolumeProperties(attach_status='detached',availability_zone='nova',cgsnapshot_id=None,consistencygroup_id=None,display_description=None,display_name='tempest-VolumesTransfersTest-Volume-427727038',encryption_key_id=None,group_id=None,group_type_id=,metadata={},multiattach=False,project_id='760ae75915304aec997760ceb9c7163d',qos_specs=None,replication_status=,reservations=['598b9b6a-d2b4-41eb-9d0c-a476a238eebd','49def634-2af2-426b-917a-a35e28420b13','05be3515-a5bc-4556-bacb-a194d485d1a7','4cc0991c-c0a3-43f0-909d-21ebcc6a8121'],size=1,snapshot_id=None,source_replicaid=,source_volid=None,status='creating',user_id='07d6f726ef0b4135b7eab609bad0aa8e',volume_type_id=3f24de8d-4ed8-4093-87a3-3e03d71b8702)}' {{(pid=110961) _task_receiver /usr/local/lib/python3.8/dist-packages/taskflow/listeners/logging.py:178}}
Jun 21 19:17:37.720942 dv-cinder-846303-1-smb devstack@c-api.service[110961]: DEBUG cinder.volume.api [None req-bf8688db-dcb8-40fc-85fd-6f6927b97e06 tempest-VolumesTransfersTest-1676188695 tempest-VolumesTransfersTest-1676188695-project] Task 'cinder.volume.flows.api.create_volume.VolumeCastTask;volume:create' (9f92c15f-91ee-401c-ac3c-080273e78781) transitioned into state 'RUNNING' from state 'PENDING' {{(pid=110961) _task_receiver /usr/local/lib/python3.8/dist-packages/taskflow/listeners/logging.py:190}}
Jun 21 19:17:37.771504 dv-cinder-846303-1-smb devstack@c-api.service[110961]: DEBUG cinder.volume.api [None req-bf8688db-dcb8-40fc-85fd-6f6927b97e06 tempest-VolumesTransfersTest-1676188695 tempest-VolumesTransfersTest-1676188695-project] Task 'cinder.volume.flows.api.create_volume.VolumeCastTask;volume:create' (9f92c15f-91ee-401c-ac3c-080273e78781) transitioned into state 'SUCCESS' from state 'RUNNING' with result 'None' {{(pid=110961) _task_receiver /usr/local/lib/python3.8/dist-packages/taskflow/listeners/logging.py:178}}
Jun 21 19:17:37.779018 dv-cinder-846303-1-smb devstack@c-api.service[110961]: DEBUG cinder.volume.api [None req-bf8688db-dcb8-40fc-85fd-6f6927b97e06 tempest-VolumesTransfersTest-1676188695 tempest-VolumesTransfersTest-1676188695-project] Flow 'volume_create_api' (b801ea07-7a0b-41e6-b2bc-28e35c8c1cc3) transitioned into state 'SUCCESS' from state 'RUNNING' {{(pid=110961) _flow_receiver /usr/local/lib/python3.8/dist-packages/taskflow/listeners/logging.py:141}}
Jun 21 19:17:37.780085 dv-cinder-846303-1-smb devstack@c-api.service[110961]: INFO cinder.volume.api [None req-bf8688db-dcb8-40fc-85fd-6f6927b97e06 tempest-VolumesTransfersTest-1676188695 tempest-VolumesTransfersTest-1676188695-project] Create volume request issued successfully.
Jun 21 19:17:37.783632 dv-cinder-846303-1-smb devstack@c-api.service[110961]: INFO cinder.api.openstack.wsgi [None req-bf8688db-dcb8-40fc-85fd-6f6927b97e06 tempest-VolumesTransfersTest-1676188695 tempest-VolumesTransfersTest-1676188695-project] http://10.222.0.50/volume/v3/760ae75915304aec997760ceb9c7163d/volumes returned with HTTP 202
Jun 21 19:17:37.790764 dv-cinder-846303-1-smb devstack@c-api.service[110961]: [pid: 110961|app: 0|req: 161/334] 10.222.0.50 () {60 vars in 1234 bytes} [Tue Jun 21 19:17:37 2022] POST /volume/v3/760ae75915304aec997760ceb9c7163d/volumes => generated 819 bytes in 631 msecs (HTTP/1.1 202) 7 headers in 291 bytes (1 switches on core 0)
Jun 21 19:17:37.796629 dv-cinder-846303-1-smb devstack@c-api.service[110960]: DEBUG cinder.api.middleware.request_id [None req-3634cd18-a42e-4435-b4e0-c70a1ff4963a None None] RequestId filter calling following filter/app {{(pid=110960) _context_setter /opt/stack/cinder/cinder/api/middleware/request_id.py:62}}
Jun 21 19:17:37.800253 dv-cinder-846303-1-smb devstack@c-api.service[110960]: INFO cinder.api.openstack.wsgi [None req-3634cd18-a42e-4435-b4e0-c70a1ff4963a tempest-VolumesTransfersTest-1676188695 tempest-VolumesTransfersTest-1676188695-project] GET http://10.222.0.50/volume/v3/760ae75915304aec997760ceb9c7163d/volumes/ba37539d-4a47-4089-85eb-0b438cbf0323
Jun 21 19:17:37.800693 dv-cinder-846303-1-smb devstack@c-api.service[110960]: DEBUG cinder.api.openstack.wsgi [None req-3634cd18-a42e-4435-b4e0-c70a1ff4963a tempest-VolumesTransfersTest-1676188695 tempest-VolumesTransfersTest-1676188695-project] Empty body provided in request {{(pid=110960) get_body /opt/stack/cinder/cinder/api/openstack/wsgi.py:715}}
Jun 21 19:17:37.801138 dv-cinder-846303-1-smb devstack@c-api.service[110960]: DEBUG cinder.api.openstack.wsgi [None req-3634cd18-a42e-4435-b4e0-c70a1ff4963a tempest-VolumesTransfersTest-1676188695 tempest-VolumesTransfersTest-1676188695-project] Calling method 'show' {{(pid=110960) _process_stack /opt/stack/cinder/cinder/api/openstack/wsgi.py:868}}
Jun 21 19:17:37.845535 dv-cinder-846303-1-smb devstack@c-api.service[110960]: /usr/local/lib/python3.8/dist-packages/oslo_context/context.py:100: DeprecationWarning: Policy enforcement is depending on the value of is_admin. This key is deprecated. Please update your policy file to use the standard policy values.
Jun 21 19:17:37.845535 dv-cinder-846303-1-smb devstack@c-api.service[110960]: warnings.warn('Policy enforcement is depending on the value of '
Jun 21 19:17:37.865572 dv-cinder-846303-1-smb devstack@c-api.service[110960]: INFO cinder.volume.api [None req-3634cd18-a42e-4435-b4e0-c70a1ff4963a tempest-VolumesTransfersTest-1676188695 tempest-VolumesTransfersTest-1676188695-project] Volume info retrieved successfully.
Jun 21 19:17:37.890891 dv-cinder-846303-1-smb devstack@c-api.service[110960]: INFO cinder.api.openstack.wsgi [None req-3634cd18-a42e-4435-b4e0-c70a1ff4963a tempest-VolumesTransfersTest-1676188695 tempest-VolumesTransfersTest-1676188695-project] http://10.222.0.50/volume/v3/760ae75915304aec997760ceb9c7163d/volumes/ba37539d-4a47-4089-85eb-0b438cbf0323 returned with HTTP 200
Jun 21 19:17:37.891640 dv-cinder-846303-1-smb devstack@c-api.service[110960]: [pid: 110960|app: 0|req: 174/335] 10.222.0.50 () {58 vars in 1324 bytes} [Tue Jun 21 19:17:37 2022] GET /volume/v3/760ae75915304aec997760ceb9c7163d/volumes/ba37539d-4a47-4089-85eb-0b438cbf0323 => generated 887 bytes in 96 msecs (HTTP/1.1 200) 7 headers in 285 bytes (1 switches on core 0)
Jun 21 19:17:38.069639 dv-cinder-846303-1-smb devstack@c-api.service[110961]: DEBUG cinder.api.middleware.request_id [None req-3072faec-8a99-4fc9-a6d9-f177d8d3eafa None None] RequestId filter calling following filter/app {{(pid=110961) _context_setter /opt/stack/cinder/cinder/api/middleware/request_id.py:62}}
Jun 21 19:17:38.077914 dv-cinder-846303-1-smb devstack@c-api.service[110961]: INFO cinder.api.openstack.wsgi [None req-3072faec-8a99-4fc9-a6d9-f177d8d3eafa tempest-DeleteServersTestJSON-1654241452 tempest-DeleteServersTestJSON-1654241452-project] GET http://10.222.0.50/volume/v3/fa659b01974b49d886aee9ba278363fb/volumes/d22525ae-b68e-4e06-b7bc-6b6efdff3331
Jun 21 19:17:38.078544 dv-cinder-846303-1-smb devstack@c-api.service[110961]: DEBUG cinder.api.openstack.wsgi [None req-3072faec-8a99-4fc9-a6d9-f177d8d3eafa tempest-DeleteServersTestJSON-1654241452 tempest-DeleteServersTestJSON-1654241452-project] Empty body provided in request {{(pid=110961) get_body /opt/stack/cinder/cinder/api/openstack/wsgi.py:715}}
Jun 21 19:17:38.079221 dv-cinder-846303-1-smb devstack@c-api.service[110961]: DEBUG cinder.api.openstack.wsgi [None req-3072faec-8a99-4fc9-a6d9-f177d8d3eafa tempest-DeleteServersTestJSON-1654241452 tempest-DeleteServersTestJSON-1654241452-project] Calling method 'show' {{(pid=110961) _process_stack /opt/stack/cinder/cinder/api/openstack/wsgi.py:868}}
Jun 21 19:17:38.096374 dv-cinder-846303-1-smb devstack@c-api.service[110961]: INFO cinder.api.openstack.wsgi [None req-3072faec-8a99-4fc9-a6d9-f177d8d3eafa tempest-DeleteServersTestJSON-1654241452 tempest-DeleteServersTestJSON-1654241452-project] http://10.222.0.50/volume/v3/fa659b01974b49d886aee9ba278363fb/volumes/d22525ae-b68e-4e06-b7bc-6b6efdff3331 returned with HTTP 404
Jun 21 19:17:38.098037 dv-cinder-846303-1-smb devstack@c-api.service[110961]: [pid: 110961|app: 0|req: 162/336] 10.222.0.50 () {58 vars in 1324 bytes} [Tue Jun 21 19:17:38 2022] GET /volume/v3/fa659b01974b49d886aee9ba278363fb/volumes/d22525ae-b68e-4e06-b7bc-6b6efdff3331 => generated 109 bytes in 31 msecs (HTTP/1.1 404) 7 headers in 292 bytes (1 switches on core 0)
Jun 21 19:17:38.535475 dv-cinder-846303-1-smb devstack@c-api.service[110960]: DEBUG cinder.api.middleware.request_id [None req-217fafb2-08ff-4310-9b19-564f141f0302 None None] RequestId filter calling following filter/app {{(pid=110960) _context_setter /opt/stack/cinder/cinder/api/middleware/request_id.py:62}}
Jun 21 19:17:38.703307 dv-cinder-846303-1-smb devstack@c-api.service[110960]: INFO cinder.api.openstack.wsgi [None req-217fafb2-08ff-4310-9b19-564f141f0302 tempest-VolumeTypesAccessTest-383171274 tempest-VolumeTypesAccessTest-383171274-project-admin] POST http://10.222.0.50/volume/v3/053733cd48cb4cac81583b9b45c1c201/types
Jun 21 19:17:38.704044 dv-cinder-846303-1-smb devstack@c-api.service[110960]: DEBUG cinder.api.openstack.wsgi [None req-217fafb2-08ff-4310-9b19-564f141f0302 tempest-VolumeTypesAccessTest-383171274 tempest-VolumeTypesAccessTest-383171274-project-admin] Action: 'create', calling method: _create, body: {"volume_type": {"name": "tempest-VolumeTypesAccessTest-volume-type-1709607472", "os-volume-type-access:is_public": false}} {{(pid=110960) _process_stack /opt/stack/cinder/cinder/api/openstack/wsgi.py:866}}
Jun 21 19:17:38.760071 dv-cinder-846303-1-smb devstack@c-api.service[110960]: INFO cinder.api.openstack.wsgi [None req-217fafb2-08ff-4310-9b19-564f141f0302 tempest-VolumeTypesAccessTest-383171274 tempest-VolumeTypesAccessTest-383171274-project-admin] http://10.222.0.50/volume/v3/053733cd48cb4cac81583b9b45c1c201/types returned with HTTP 200
Jun 21 19:17:38.761359 dv-cinder-846303-1-smb devstack@c-api.service[110960]: [pid: 110960|app: 0|req: 175/337] 10.222.0.50 () {60 vars in 1229 bytes} [Tue Jun 21 19:17:38 2022] POST /volume/v3/053733cd48cb4cac81583b9b45c1c201/types => generated 229 bytes in 227 msecs (HTTP/1.1 200) 7 headers in 285 bytes (1 switches on core 0)
Jun 21 19:17:38.770931 dv-cinder-846303-1-smb devstack@c-api.service[110961]: DEBUG cinder.api.middleware.request_id [None req-fc23bb22-e175-4ed7-bf06-c86d835e6661 None None] RequestId filter calling following filter/app {{(pid=110961) _context_setter /opt/stack/cinder/cinder/api/middleware/request_id.py:62}}
Jun 21 19:17:38.904915 dv-cinder-846303-1-smb devstack@c-api.service[110960]: DEBUG cinder.api.middleware.request_id [None req-15653085-5659-4871-ae1b-812aaa355cac None None] RequestId filter calling following filter/app {{(pid=110960) _context_setter /opt/stack/cinder/cinder/api/middleware/request_id.py:62}}
Jun 21 19:17:38.912425 dv-cinder-846303-1-smb devstack@c-api.service[110960]: INFO cinder.api.openstack.wsgi [None req-15653085-5659-4871-ae1b-812aaa355cac tempest-VolumesTransfersTest-1676188695 tempest-VolumesTransfersTest-1676188695-project] GET http://10.222.0.50/volume/v3/760ae75915304aec997760ceb9c7163d/volumes/ba37539d-4a47-4089-85eb-0b438cbf0323
Jun 21 19:17:38.913366 dv-cinder-846303-1-smb devstack@c-api.service[110960]: DEBUG cinder.api.openstack.wsgi [None req-15653085-5659-4871-ae1b-812aaa355cac tempest-VolumesTransfersTest-1676188695 tempest-VolumesTransfersTest-1676188695-project] Empty body provided in request {{(pid=110960) get_body /opt/stack/cinder/cinder/api/openstack/wsgi.py:715}}
Jun 21 19:17:38.913973 dv-cinder-846303-1-smb devstack@c-api.service[110960]: DEBUG cinder.api.openstack.wsgi [None req-15653085-5659-4871-ae1b-812aaa355cac tempest-VolumesTransfersTest-1676188695 tempest-VolumesTransfersTest-1676188695-project] Calling method 'show' {{(pid=110960) _process_stack /opt/stack/cinder/cinder/api/openstack/wsgi.py:868}}
Jun 21 19:17:38.939295 dv-cinder-846303-1-smb devstack@c-api.service[110960]: /usr/local/lib/python3.8/dist-packages/oslo_context/context.py:100: DeprecationWarning: Policy enforcement is depending on the value of is_admin. This key is deprecated. Please update your policy file to use the standard policy values.
Jun 21 19:17:38.939295 dv-cinder-846303-1-smb devstack@c-api.service[110960]: warnings.warn('Policy enforcement is depending on the value of '
Jun 21 19:17:38.950281 dv-cinder-846303-1-smb devstack@c-api.service[110960]: INFO cinder.volume.api [None req-15653085-5659-4871-ae1b-812aaa355cac tempest-VolumesTransfersTest-1676188695 tempest-VolumesTransfersTest-1676188695-project] Volume info retrieved successfully.
Jun 21 19:17:38.961704 dv-cinder-846303-1-smb devstack@c-api.service[110961]: INFO cinder.api.openstack.wsgi [None req-fc23bb22-e175-4ed7-bf06-c86d835e6661 tempest-VolumeTypesAccessTest-641559867 tempest-VolumeTypesAccessTest-641559867-project] POST http://10.222.0.50/volume/v3/ec423a2b18f8441fab4d98b546a83d0c/volumes
