Aug 31 11:03:32.600181 dv-cinder-846173-5-iscsi neutron-server[107135]: DEBUG neutron.plugins.ml2.drivers.mech_agent [None req-854ac3c5-2db5-4f7e-98aa-7dfc708df91d None None] Checking segment: {'id': 'e1641f04-691b-47ba-9a19-2bf251b77fba', 'network_type': 'vlan', 'physical_network': 'physnet1', 'segmentation_id': 1133, 'network_id': '85c8f24f-c92c-4c74-953e-3644707c66ca'} for mappings: {'physnet1': 'br-data'} with network types: ['local', 'flat', 'vlan'] {{(pid=107135) check_segment_for_agent /opt/stack/neutron/neutron/plugins/ml2/drivers/mech_agent.py:373}}
Aug 31 11:03:32.600181 dv-cinder-846173-5-iscsi neutron-server[107135]: DEBUG neutron_lib.callbacks.manager [None req-854ac3c5-2db5-4f7e-98aa-7dfc708df91d None None] Publish callbacks [] for ovs_bridge_name (None), before_read {{(pid=107135) _notify_loop /usr/local/lib/python3.8/dist-packages/neutron_lib/callbacks/manager.py:176}}
Aug 31 11:03:32.600181 dv-cinder-846173-5-iscsi neutron-server[107135]: DEBUG neutron.plugins.ml2.drivers.mech_agent [None req-854ac3c5-2db5-4f7e-98aa-7dfc708df91d None None] Bound using segment: {'id': 'e1641f04-691b-47ba-9a19-2bf251b77fba', 'network_type': 'vlan', 'physical_network': 'physnet1', 'segmentation_id': 1133, 'network_id': '85c8f24f-c92c-4c74-953e-3644707c66ca'} {{(pid=107135) bind_port /opt/stack/neutron/neutron/plugins/ml2/drivers/mech_agent.py:120}}
Aug 31 11:03:32.600181 dv-cinder-846173-5-iscsi neutron-server[107135]: DEBUG neutron.plugins.ml2.managers [None req-854ac3c5-2db5-4f7e-98aa-7dfc708df91d None None] Bound port: ca79acf7-a2a9-4efc-a94c-b816074f12a5, host: dv-cinder-846173-5-iscsi, vif_type: ovs, vif_details: {"connectivity": "l2", "port_filter": true, "ovs_hybrid_plug": false, "datapath_type": "system", "bridge_name": "br-int"}, binding_levels: [{'bound_driver': 'openvswitch', 'bound_segment': {'id': 'e1641f04-691b-47ba-9a19-2bf251b77fba', 'network_type': 'vlan', 'physical_network': 'physnet1', 'segmentation_id': 1133, 'network_id': '85c8f24f-c92c-4c74-953e-3644707c66ca'}}] {{(pid=107135) _bind_port_level /opt/stack/neutron/neutron/plugins/ml2/managers.py:947}}
Aug 31 11:03:32.600181 dv-cinder-846173-5-iscsi neutron-server[107135]: DEBUG neutron_lib.callbacks.manager [None req-854ac3c5-2db5-4f7e-98aa-7dfc708df91d None None] Publish callbacks ['neutron.plugins.ml2.plugin.SecurityGroupDbMixin._ensure_default_security_group_handler-1591355'] for port (ca79acf7-a2a9-4efc-a94c-b816074f12a5), before_update {{(pid=107135) _notify_loop /usr/local/lib/python3.8/dist-packages/neutron_lib/callbacks/manager.py:176}}
Aug 31 11:03:32.600181 dv-cinder-846173-5-iscsi neutron-server[107135]: DEBUG neutron.api.rpc.handlers.l3_rpc [None req-793a5359-768b-4830-8867-1d63627a0d37 None None] Sync routers for ids ['6824b04c-0287-4618-873c-fae3a5d1f0f2'] in dv-cinder-846173-5-iscsi {{(pid=107135) sync_routers /opt/stack/neutron/neutron/api/rpc/handlers/l3_rpc.py:125}}
Aug 31 11:03:32.625573 dv-cinder-846173-5-iscsi neutron-server[107135]: DEBUG neutron.db.l3_dvrscheduler_db [None req-793a5359-768b-4830-8867-1d63627a0d37 None None] Routers {'6824b04c-0287-4618-873c-fae3a5d1f0f2'} bound to L3 agent in host dv-cinder-846173-5-iscsi {{(pid=107135) _get_router_ids_for_agent /opt/stack/neutron/neutron/db/l3_dvrscheduler_db.py:422}}
Aug 31 11:03:32.629779 dv-cinder-846173-5-iscsi neutron-server[107135]: DEBUG neutron.db.l3_hamode_db [None req-793a5359-768b-4830-8867-1d63627a0d37 None None] neutron.services.l3_router.l3_router_plugin.L3RouterPlugin method get_ha_sync_data_for_host called with arguments (, 'dv-cinder-846173-5-iscsi', Agent(admin_state_up=True,agent_type='L3 agent',availability_zone='nova',binary='neutron-l3-agent',configurations={"agent_mode": "legacy", "ex_gw_ports": 2, "extensions": [], "floating_ips": 0, "handle_internal_only_routers": true, "interface_driver": "openvswitch", "interfaces": 1, "log_agent_heartbeats": false, "routers": 2},created_at=2022-08-31T10:54:56Z,description=,heartbeat_timestamp=2022-08-31T11:03:26Z,host='dv-cinder-846173-5-iscsi',id=a5264a04-9861-4501-9321-0c182b9bbd85,load=0,resource_versions=,resources_synced=,started_at=2022-08-31T10:54:56Z,topic='l3_agent')) {'router_ids': ['6824b04c-0287-4618-873c-fae3a5d1f0f2'], 'active': True} {{(pid=107135) wrapper /usr/local/lib/python3.8/dist-packages/oslo_log/helpers.py:65}}
Aug 31 11:03:32.634826 dv-cinder-846173-5-iscsi neutron-server[107133]: DEBUG neutron.scheduler.l3_agent_scheduler [None req-98469c83-37a7-4f29-baaf-dd81d75c44c0 admin admin] Router 3c57926a-f679-4bb3-91c0-fe92642986b4 has already been hosted by L3 agent a5264a04-9861-4501-9321-0c182b9bbd85 {{(pid=107133) _get_candidates /opt/stack/neutron/neutron/scheduler/l3_agent_scheduler.py:126}}
Aug 31 11:03:32.642785 dv-cinder-846173-5-iscsi neutron-server[107132]: DEBUG neutron.api.rpc.handlers.resources_rpc [None req-17a3af8a-6677-4a06-94db-b21ac343326d tempest-AttachVolumeTestJSON-584307367 tempest-AttachVolumeTestJSON-584307367-project] Pushing event updated for resources: {'SecurityGroup': ['ID=3a511372-334b-4905-a55b-189c5f88e29d,revision_number=1']} {{(pid=107132) push /opt/stack/neutron/neutron/api/rpc/handlers/resources_rpc.py:237}}
Aug 31 11:03:32.650012 dv-cinder-846173-5-iscsi neutron-server[107134]: DEBUG neutron.api.rpc.handlers.resources_rpc [None req-911867d4-75b1-45df-80dd-e37fcbee1649 None None] Pushing event updated for resources: {'Port': ['ID=b34e6415-e51d-4de1-9444-4b288f1419f4,revision_number=4']} {{(pid=107134) push /opt/stack/neutron/neutron/api/rpc/handlers/resources_rpc.py:237}}
Aug 31 11:03:32.681416 dv-cinder-846173-5-iscsi neutron-server[107134]: DEBUG neutron.db.provisioning_blocks [None req-674629e3-8fec-491c-91e2-5539b302027a None None] Provisioning complete for port ff20b465-3415-4cdb-948d-d3b0563502db triggered by entity DHCP. {{(pid=107134) provisioning_complete /opt/stack/neutron/neutron/db/provisioning_blocks.py:144}}
Aug 31 11:03:32.681717 dv-cinder-846173-5-iscsi neutron-server[107134]: DEBUG neutron_lib.callbacks.manager [None req-674629e3-8fec-491c-91e2-5539b302027a None None] Publish callbacks ['neutron.plugins.ml2.plugin.Ml2Plugin._port_provisioned-1910890'] for port (ff20b465-3415-4cdb-948d-d3b0563502db), provisioning_complete {{(pid=107134) _notify_loop /usr/local/lib/python3.8/dist-packages/neutron_lib/callbacks/manager.py:176}}
Aug 31 11:03:32.751964 dv-cinder-846173-5-iscsi neutron-server[107132]: DEBUG neutron_lib.callbacks.manager [None req-4e909182-aade-4a9c-9770-318d7434f1c4 tempest-AttachVolumeNegativeTest-707497134 tempest-AttachVolumeNegativeTest-707497134-project] Publish callbacks [] for security_group (856c20c5-0756-4118-90fd-6fd91d5a2a17), precommit_create {{(pid=107132) _notify_loop /usr/local/lib/python3.8/dist-packages/neutron_lib/callbacks/manager.py:176}}
Aug 31 11:03:32.758889 dv-cinder-846173-5-iscsi neutron-server[107132]: DEBUG neutron_lib.callbacks.manager [None req-17a3af8a-6677-4a06-94db-b21ac343326d tempest-AttachVolumeTestJSON-584307367 tempest-AttachVolumeTestJSON-584307367-project] Publish callbacks [] for security_group (None), before_response {{(pid=107132) _notify_loop /usr/local/lib/python3.8/dist-packages/neutron_lib/callbacks/manager.py:176}}
Aug 31 11:03:32.777007 dv-cinder-846173-5-iscsi neutron-server[107132]: INFO neutron.wsgi [None req-17a3af8a-6677-4a06-94db-b21ac343326d tempest-AttachVolumeTestJSON-584307367 tempest-AttachVolumeTestJSON-584307367-project] 10.222.0.16 "POST /networking/v2.0/security-groups HTTP/1.1" status: 201 len: 1795 time: 1.1432595
Aug 31 11:03:32.779231 dv-cinder-846173-5-iscsi neutron-server[107132]: DEBUG neutron.wsgi [-] (107132) accepted ('10.222.0.16', 60176) {{(pid=107132) server /usr/local/lib/python3.8/dist-packages/eventlet/wsgi.py:1004}}
Aug 31 11:03:32.788057 dv-cinder-846173-5-iscsi neutron-server[107132]: DEBUG neutron.api.v2.base [None req-5c284436-67cb-4802-a23f-97c4b4b1d965 tempest-AttachVolumeTestJSON-584307367 tempest-AttachVolumeTestJSON-584307367-project] Request body: {'security_group_rule': {'security_group_id': '3a511372-334b-4905-a55b-189c5f88e29d', 'protocol': 'tcp', 'ethertype': 'IPv4', 'port_range_min': 22, 'port_range_max': 22, 'direction': 'ingress'}} {{(pid=107132) prepare_request_body /opt/stack/neutron/neutron/api/v2/base.py:730}}
Aug 31 11:03:32.854368 dv-cinder-846173-5-iscsi neutron-server[107132]: DEBUG neutron_lib.callbacks.manager [None req-4e909182-aade-4a9c-9770-318d7434f1c4 tempest-AttachVolumeNegativeTest-707497134 tempest-AttachVolumeNegativeTest-707497134-project] Publish callbacks ['neutron.plugins.ml2.ovo_rpc._ObjectChangeHandler.handle_event-561662'] for security_group (856c20c5-0756-4118-90fd-6fd91d5a2a17), after_create {{(pid=107132) _notify_loop /usr/local/lib/python3.8/dist-packages/neutron_lib/callbacks/manager.py:176}}
Aug 31 11:03:32.870738 dv-cinder-846173-5-iscsi neutron-server[107134]: DEBUG neutron.plugins.ml2.plugin [None req-674629e3-8fec-491c-91e2-5539b302027a None None] Port ff20b465-3415-4cdb-948d-d3b0563502db cannot update to ACTIVE because it is not bound. {{(pid=107134) _port_provisioned /opt/stack/neutron/neutron/plugins/ml2/plugin.py:348}}
Aug 31 11:03:32.882135 dv-cinder-846173-5-iscsi neutron-server[107134]: DEBUG neutron.plugins.ml2.rpc [None req-911867d4-75b1-45df-80dd-e37fcbee1649 None None] Device 6d16786d-4cbf-4c63-b8df-a9b37d8fdcaa up at agent ovs-agent-dv-cinder-846173-5-iscsi {{(pid=107134) update_device_up /opt/stack/neutron/neutron/plugins/ml2/rpc.py:296}}
Aug 31 11:03:32.888248 dv-cinder-846173-5-iscsi neutron-server[107133]: DEBUG neutron.api.rpc.agentnotifiers.l3_rpc_agent_api [None req-98469c83-37a7-4f29-baaf-dd81d75c44c0 admin admin] Notify agent at l3_agent.dv-cinder-846173-5-iscsi the message routers_updated {{(pid=107133) _agent_notification /opt/stack/neutron/neutron/api/rpc/agentnotifiers/l3_rpc_agent_api.py:65}}
Aug 31 11:03:32.907999 dv-cinder-846173-5-iscsi neutron-server[107135]: DEBUG neutron.plugins.ml2.db [None req-854ac3c5-2db5-4f7e-98aa-7dfc708df91d None None] For port ca79acf7-a2a9-4efc-a94c-b816074f12a5, host dv-cinder-846173-5-iscsi, cleared binding levels {{(pid=107135) clear_binding_levels /opt/stack/neutron/neutron/plugins/ml2/db.py:87}}
Aug 31 11:03:32.915316 dv-cinder-846173-5-iscsi neutron-server[107133]: INFO neutron.wsgi [None req-98469c83-37a7-4f29-baaf-dd81d75c44c0 admin admin] 10.222.0.16 "PUT /networking/v2.0/routers/3c57926a-f679-4bb3-91c0-fe92642986b4/add_router_interface HTTP/1.1" status: 200 len: 503 time: 7.8267126
Aug 31 11:03:32.932986 dv-cinder-846173-5-iscsi neutron-server[107132]: DEBUG neutron_lib.callbacks.manager [None req-1ddbf7b9-323e-4646-a44d-f9cbf99a2845 admin admin] Publish callbacks [] for security_group (407d2362-b724-41cc-b8e7-79c56b6a7335), precommit_create {{(pid=107132) _notify_loop /usr/local/lib/python3.8/dist-packages/neutron_lib/callbacks/manager.py:176}}
Aug 31 11:03:32.937702 dv-cinder-846173-5-iscsi neutron-server[107135]: DEBUG neutron.plugins.ml2.db [None req-854ac3c5-2db5-4f7e-98aa-7dfc708df91d None None] For port ca79acf7-a2a9-4efc-a94c-b816074f12a5, host dv-cinder-846173-5-iscsi, set binding levels [PortBindingLevel(driver='openvswitch',host='dv-cinder-846173-5-iscsi',level=0,port_id=ca79acf7-a2a9-4efc-a94c-b816074f12a5,segment=NetworkSegment(e1641f04-691b-47ba-9a19-2bf251b77fba),segment_id=e1641f04-691b-47ba-9a19-2bf251b77fba)] {{(pid=107135) set_binding_levels /opt/stack/neutron/neutron/plugins/ml2/db.py:59}}
Aug 31 11:03:32.944695 dv-cinder-846173-5-iscsi neutron-server[107135]: DEBUG neutron.db.l3_dvr_db [None req-793a5359-768b-4830-8867-1d63627a0d37 None None] Set router 6824b04c-0287-4618-873c-fae3a5d1f0f2 gateway port host: dv-cinder-846173-5-iscsi {{(pid=107135) _build_routers_list /opt/stack/neutron/neutron/db/l3_dvr_db.py:907}}
Aug 31 11:03:32.982716 dv-cinder-846173-5-iscsi neutron-server[107134]: DEBUG dbcounter [-] [107134] Writing DB stats neutron:SELECT=100 {{(pid=107134) stat_writer /usr/local/lib/python3.8/dist-packages/dbcounter.py:114}}
Aug 31 11:03:32.985746 dv-cinder-846173-5-iscsi neutron-server[107132]: DEBUG neutron_lib.callbacks.manager [None req-5c284436-67cb-4802-a23f-97c4b4b1d965 tempest-AttachVolumeTestJSON-584307367 tempest-AttachVolumeTestJSON-584307367-project] Publish callbacks [] for security_group_rule (072790dc-562e-42a5-b588-049cbe348ebd), before_create {{(pid=107132) _notify_loop /usr/local/lib/python3.8/dist-packages/neutron_lib/callbacks/manager.py:176}}
Aug 31 11:03:33.006992 dv-cinder-846173-5-iscsi neutron-server[107133]: DEBUG neutron.wsgi [-] (107133) accepted ('10.222.0.16', 60186) {{(pid=107133) server /usr/local/lib/python3.8/dist-packages/eventlet/wsgi.py:1004}}
Aug 31 11:03:33.013959 dv-cinder-846173-5-iscsi neutron-server[107134]: DEBUG neutron.db.l3_dvr_db [None req-b83fca35-2752-44f0-a788-de1d605b8c52 None None] Set router e69cdd20-d98d-440c-a050-526ab499afbe gateway port host: dv-cinder-846173-5-iscsi {{(pid=107134) _build_routers_list /opt/stack/neutron/neutron/db/l3_dvr_db.py:907}}
Aug 31 11:03:33.020711 dv-cinder-846173-5-iscsi neutron-server[107134]: DEBUG neutron.db.provisioning_blocks [None req-911867d4-75b1-45df-80dd-e37fcbee1649 None None] Provisioning complete for port 6d16786d-4cbf-4c63-b8df-a9b37d8fdcaa triggered by entity L2. {{(pid=107134) provisioning_complete /opt/stack/neutron/neutron/db/provisioning_blocks.py:144}}
Aug 31 11:03:33.021099 dv-cinder-846173-5-iscsi neutron-server[107134]: DEBUG neutron_lib.callbacks.manager [None req-911867d4-75b1-45df-80dd-e37fcbee1649 None None] Publish callbacks ['neutron.plugins.ml2.plugin.Ml2Plugin._port_provisioned-1910890'] for port (6d16786d-4cbf-4c63-b8df-a9b37d8fdcaa), provisioning_complete {{(pid=107134) _notify_loop /usr/local/lib/python3.8/dist-packages/neutron_lib/callbacks/manager.py:176}}
Aug 31 11:03:33.067806 dv-cinder-846173-5-iscsi neutron-server[107132]: DEBUG neutron_lib.callbacks.manager [None req-1ddbf7b9-323e-4646-a44d-f9cbf99a2845 admin admin] Publish callbacks ['neutron.plugins.ml2.ovo_rpc._ObjectChangeHandler.handle_event-561662'] for security_group (407d2362-b724-41cc-b8e7-79c56b6a7335), after_create {{(pid=107132) _notify_loop /usr/local/lib/python3.8/dist-packages/neutron_lib/callbacks/manager.py:176}}
Aug 31 11:03:33.075129 dv-cinder-846173-5-iscsi neutron-server[107132]: DEBUG neutron.api.rpc.handlers.resources_rpc [None req-4e909182-aade-4a9c-9770-318d7434f1c4 tempest-AttachVolumeNegativeTest-707497134 tempest-AttachVolumeNegativeTest-707497134-project] Pushing event updated for resources: {'SecurityGroup': ['ID=856c20c5-0756-4118-90fd-6fd91d5a2a17,revision_number=1']} {{(pid=107132) push /opt/stack/neutron/neutron/api/rpc/handlers/resources_rpc.py:237}}
Aug 31 11:03:33.091503 dv-cinder-846173-5-iscsi neutron-server[107132]: DEBUG neutron_lib.callbacks.manager [None req-4e909182-aade-4a9c-9770-318d7434f1c4 tempest-AttachVolumeNegativeTest-707497134 tempest-AttachVolumeNegativeTest-707497134-project] Publish callbacks [] for security_group (None), before_response {{(pid=107132) _notify_loop /usr/local/lib/python3.8/dist-packages/neutron_lib/callbacks/manager.py:176}}
Aug 31 11:03:33.100151 dv-cinder-846173-5-iscsi neutron-server[107133]: INFO neutron.wsgi [None req-aece0c39-de1c-4dc2-b429-93fc60bb0c7d admin admin] 10.222.0.16 "GET /networking/v2.0/security-groups?tenant_id=f7a3570ed60040acb043931071a7db89&name=default HTTP/1.1" status: 200 len: 2992 time: 0.0886557
Aug 31 11:03:33.103261 dv-cinder-846173-5-iscsi neutron-server[107132]: INFO neutron.wsgi [None req-4e909182-aade-4a9c-9770-318d7434f1c4 tempest-AttachVolumeNegativeTest-707497134 tempest-AttachVolumeNegativeTest-707497134-project] 10.222.0.16 "POST /networking/v2.0/security-groups HTTP/1.1" status: 201 len: 1797 time: 0.9371994
Aug 31 11:03:33.103678 dv-cinder-846173-5-iscsi neutron-server[107133]: DEBUG neutron.wsgi [-] (107133) accepted ('10.222.0.16', 60188) {{(pid=107133) server /usr/local/lib/python3.8/dist-packages/eventlet/wsgi.py:1004}}
Aug 31 11:03:33.104797 dv-cinder-846173-5-iscsi neutron-server[107133]: DEBUG neutron.wsgi [-] (107133) accepted ('10.222.0.16', 60190) {{(pid=107133) server /usr/local/lib/python3.8/dist-packages/eventlet/wsgi.py:1004}}
Aug 31 11:03:33.140166 dv-cinder-846173-5-iscsi neutron-server[107135]: DEBUG neutron_lib.callbacks.manager [None req-854ac3c5-2db5-4f7e-98aa-7dfc708df91d None None] Publish callbacks ['neutron.plugins.ml2.plugin.SecurityGroupServerNotifierRpcMixin._notify_sg_on_port_change-1591416', 'neutron.plugins.ml2.ovo_rpc._ObjectChangeHandler.handle_event-387148', 'neutron.api.rpc.agentnotifiers.dhcp_rpc_agent_api.DhcpAgentNotifyAPI._native_event_send_dhcp_notification-538476', 'neutron.db.l3_db.L3RpcNotifierMixin._notify_gateway_port_ip_changed-8741825822082', 'neutron.db.l3_dvrscheduler_db._notify_l3_agent_port_update-8741825439784', 'neutron.db.l3_hascheduler_db._notify_l3_agent_ha_port_update-8741825439802'] for port (ca79acf7-a2a9-4efc-a94c-b816074f12a5), after_update {{(pid=107135) _notify_loop /usr/local/lib/python3.8/dist-packages/neutron_lib/callbacks/manager.py:176}}
Aug 31 11:03:33.185881 dv-cinder-846173-5-iscsi neutron-server[107133]: DEBUG neutron.api.v2.base [None req-4f621a51-9bec-43d8-9ed0-517af21326f4 tempest-AttachVolumeNegativeTest-707497134 tempest-AttachVolumeNegativeTest-707497134-project] Request body: {'security_group_rule': {'security_group_id': '856c20c5-0756-4118-90fd-6fd91d5a2a17', 'protocol': 'tcp', 'ethertype': 'IPv4', 'port_range_min': 22, 'port_range_max': 22, 'direction': 'ingress'}} {{(pid=107133) prepare_request_body /opt/stack/neutron/neutron/api/v2/base.py:730}}
Aug 31 11:03:33.213417 dv-cinder-846173-5-iscsi neutron-server[107132]: DEBUG dbcounter [-] [107132] Writing DB stats neutron:SELECT=94,neutron:UPDATE=2,neutron:INSERT=2,neutron:DELETE=2 {{(pid=107132) stat_writer /usr/local/lib/python3.8/dist-packages/dbcounter.py:114}}
Aug 31 11:03:33.279552 dv-cinder-846173-5-iscsi neutron-server[107132]: INFO neutron.wsgi [None req-1ddbf7b9-323e-4646-a44d-f9cbf99a2845 admin admin] 10.222.0.16 "GET /networking/v2.0/security-groups?tenant_id=0b740784a59a48b6bfdf0e9643a05dc8&name=default HTTP/1.1" status: 200 len: 2996 time: 1.3516362
Aug 31 11:03:33.284560 dv-cinder-846173-5-iscsi neutron-server[107133]: DEBUG neutron_lib.callbacks.manager [None req-0fdbeeff-27fa-4a90-8e34-db029db2f191 admin admin] Publish callbacks [] for security_group (20320575-9a77-4847-852e-acea1a79387a), before_delete {{(pid=107133) _notify_loop /usr/local/lib/python3.8/dist-packages/neutron_lib/callbacks/manager.py:176}}
Aug 31 11:03:33.292229 dv-cinder-846173-5-iscsi neutron-server[107132]: DEBUG neutron.wsgi [-] (107132) accepted ('10.222.0.16', 60200) {{(pid=107132) server /usr/local/lib/python3.8/dist-packages/eventlet/wsgi.py:1004}}
Aug 31 11:03:33.337071 dv-cinder-846173-5-iscsi neutron-server[107135]: DEBUG neutron.db.l3_dvrscheduler_db [None req-854ac3c5-2db5-4f7e-98aa-7dfc708df91d None None] Routers {'e4e27a96-551e-4532-8f1b-0d8ff11fee97'} bound to L3 agent in host dv-cinder-846173-5-iscsi {{(pid=107135) _get_router_ids_for_agent /opt/stack/neutron/neutron/db/l3_dvrscheduler_db.py:422}}
Aug 31 11:03:33.337914 dv-cinder-846173-5-iscsi neutron-server[107135]: DEBUG neutron.db.l3_hamode_db [None req-854ac3c5-2db5-4f7e-98aa-7dfc708df91d None None] neutron.services.l3_router.l3_router_plugin.L3RouterPlugin method get_ha_sync_data_for_host called with arguments (, 'dv-cinder-846173-5-iscsi', Agent(admin_state_up=True,agent_type='L3 agent',availability_zone='nova',binary='neutron-l3-agent',configurations={"agent_mode": "legacy", "ex_gw_ports": 2, "extensions": [], "floating_ips": 0, "handle_internal_only_routers": true, "interface_driver": "openvswitch", "interfaces": 1, "log_agent_heartbeats": false, "routers": 2},created_at=2022-08-31T10:54:56Z,description=,heartbeat_timestamp=2022-08-31T11:03:26Z,host='dv-cinder-846173-5-iscsi',id=a5264a04-9861-4501-9321-0c182b9bbd85,load=0,resource_versions=,resources_synced=,started_at=2022-08-31T10:54:56Z,topic='l3_agent')) {'router_ids': ['e4e27a96-551e-4532-8f1b-0d8ff11fee97'], 'active': True} {{(pid=107135) wrapper /usr/local/lib/python3.8/dist-packages/oslo_log/helpers.py:65}}
Aug 31 11:03:33.381712 dv-cinder-846173-5-iscsi neutron-server[107134]: DEBUG neutron.plugins.ml2.plugin [None req-911867d4-75b1-45df-80dd-e37fcbee1649 None None] Current status of the port 6d16786d-4cbf-4c63-b8df-a9b37d8fdcaa is: DOWN; New status is: ACTIVE {{(pid=107134) _update_individual_port_db_status /opt/stack/neutron/neutron/plugins/ml2/plugin.py:2302}}
Aug 31 11:03:33.381712 dv-cinder-846173-5-iscsi neutron-server[107134]: DEBUG neutron_lib.callbacks.manager [None req-911867d4-75b1-45df-80dd-e37fcbee1649 None None] Publish callbacks ['neutron.plugins.ml2.plugin.SecurityGroupDbMixin._ensure_default_security_group_handler-1591355'] for port (6d16786d-4cbf-4c63-b8df-a9b37d8fdcaa), before_update {{(pid=107134) _notify_loop /usr/local/lib/python3.8/dist-packages/neutron_lib/callbacks/manager.py:176}}
Aug 31 11:03:33.381984 dv-cinder-846173-5-iscsi neutron-server[107133]: DEBUG neutron_lib.callbacks.manager [None req-0fdbeeff-27fa-4a90-8e34-db029db2f191 admin admin] Publish callbacks [] for security_group (20320575-9a77-4847-852e-acea1a79387a), precommit_delete {{(pid=107133) _notify_loop /usr/local/lib/python3.8/dist-packages/neutron_lib/callbacks/manager.py:176}}
Aug 31 11:03:33.386685 dv-cinder-846173-5-iscsi neutron-server[107133]: DEBUG dbcounter [-] [107133] Writing DB stats neutron:SELECT=94,neutron:INSERT=2,neutron:DELETE=4 {{(pid=107133) stat_writer /usr/local/lib/python3.8/dist-packages/dbcounter.py:114}}
Aug 31 11:03:33.418194 dv-cinder-846173-5-iscsi neutron-server[107133]: DEBUG neutron_lib.callbacks.manager [None req-4f621a51-9bec-43d8-9ed0-517af21326f4 tempest-AttachVolumeNegativeTest-707497134 tempest-AttachVolumeNegativeTest-707497134-project] Publish callbacks [] for security_group_rule (8742d132-4962-40b7-9d0d-bd301ac87e2d), before_create {{(pid=107133) _notify_loop /usr/local/lib/python3.8/dist-packages/neutron_lib/callbacks/manager.py:176}}
Aug 31 11:03:33.420099 dv-cinder-846173-5-iscsi neutron-server[107132]: DEBUG neutron.api.rpc.handlers.resources_rpc [None req-1ddbf7b9-323e-4646-a44d-f9cbf99a2845 admin admin] Pushing event updated for resources: {'SecurityGroup': ['ID=407d2362-b724-41cc-b8e7-79c56b6a7335,revision_number=1']} {{(pid=107132) push /opt/stack/neutron/neutron/api/rpc/handlers/resources_rpc.py:237}}
Aug 31 11:03:33.448855 dv-cinder-846173-5-iscsi neutron-server[107132]: DEBUG neutron_lib.callbacks.manager [None req-5c284436-67cb-4802-a23f-97c4b4b1d965 tempest-AttachVolumeTestJSON-584307367 tempest-AttachVolumeTestJSON-584307367-project] Publish callbacks [] for security_group_rule (072790dc-562e-42a5-b588-049cbe348ebd), precommit_create {{(pid=107132) _notify_loop /usr/local/lib/python3.8/dist-packages/neutron_lib/callbacks/manager.py:176}}
Aug 31 11:03:33.488537 dv-cinder-846173-5-iscsi neutron-server[107132]: DEBUG neutron_lib.callbacks.manager [None req-a7c379d4-3ce6-4b17-a809-5a42a341cf16 admin admin] Publish callbacks [] for security_group (407d2362-b724-41cc-b8e7-79c56b6a7335), before_delete {{(pid=107132) _notify_loop /usr/local/lib/python3.8/dist-packages/neutron_lib/callbacks/manager.py:176}}
Aug 31 11:03:33.498795 dv-cinder-846173-5-iscsi neutron-server[107135]: DEBUG neutron.db.l3_dvr_db [None req-854ac3c5-2db5-4f7e-98aa-7dfc708df91d None None] Set router e4e27a96-551e-4532-8f1b-0d8ff11fee97 gateway port host: dv-cinder-846173-5-iscsi {{(pid=107135) _build_routers_list /opt/stack/neutron/neutron/db/l3_dvr_db.py:907}}
Aug 31 11:03:33.515166 dv-cinder-846173-5-iscsi neutron-server[107132]: DEBUG neutron_lib.callbacks.manager [None req-5c284436-67cb-4802-a23f-97c4b4b1d965 tempest-AttachVolumeTestJSON-584307367 tempest-AttachVolumeTestJSON-584307367-project] Publish callbacks ['neutron.plugins.ml2.ovo_rpc._ObjectChangeHandler.handle_event-561455'] for security_group_rule (072790dc-562e-42a5-b588-049cbe348ebd), after_create {{(pid=107132) _notify_loop /usr/local/lib/python3.8/dist-packages/neutron_lib/callbacks/manager.py:176}}
Aug 31 11:03:33.533517 dv-cinder-846173-5-iscsi neutron-server[107132]: DEBUG neutron_lib.callbacks.manager [None req-a7c379d4-3ce6-4b17-a809-5a42a341cf16 admin admin] Publish callbacks [] for security_group (407d2362-b724-41cc-b8e7-79c56b6a7335), precommit_delete {{(pid=107132) _notify_loop /usr/local/lib/python3.8/dist-packages/neutron_lib/callbacks/manager.py:176}}
Aug 31 11:03:33.574172 dv-cinder-846173-5-iscsi neutron-server[107132]: DEBUG neutron.api.rpc.handlers.resources_rpc [None req-5c284436-67cb-4802-a23f-97c4b4b1d965 tempest-AttachVolumeTestJSON-584307367 tempest-AttachVolumeTestJSON-584307367-project] Pushing event updated for resources: {'SecurityGroupRule': ['ID=072790dc-562e-42a5-b588-049cbe348ebd,revision_number=0']} {{(pid=107132) push /opt/stack/neutron/neutron/api/rpc/handlers/resources_rpc.py:237}}
Aug 31 11:03:33.581447 dv-cinder-846173-5-iscsi neutron-server[107134]: DEBUG neutron.plugins.ml2.db [None req-911867d4-75b1-45df-80dd-e37fcbee1649 None None] For port 6d16786d-4cbf-4c63-b8df-a9b37d8fdcaa, host dv-cinder-846173-5-iscsi, got binding levels [PortBindingLevel(driver='openvswitch',host='dv-cinder-846173-5-iscsi',level=0,port_id=6d16786d-4cbf-4c63-b8df-a9b37d8fdcaa,segment=NetworkSegment(59ba6c96-9379-4224-bc5c-3db4ed9d6552),segment_id=59ba6c96-9379-4224-bc5c-3db4ed9d6552)] {{(pid=107134) get_binding_level_objs /opt/stack/neutron/neutron/plugins/ml2/db.py:74}}
Aug 31 11:03:33.638711 dv-cinder-846173-5-iscsi neutron-server[107134]: DEBUG neutron.db.l3_hamode_db [None req-b83fca35-2752-44f0-a788-de1d605b8c52 None None] neutron.services.l3_router.l3_router_plugin.L3RouterPlugin method _process_sync_ha_data called with arguments (, [{'id': 'e69cdd20-d98d-440c-a050-526ab499afbe', 'name': 'tempest-AttachVolumeTestJSON-1903704063-router', 'tenant_id': '58687b56ab864698b5c107cbea52a8dc', 'admin_state_up': True, 'status': 'ACTIVE', 'external_gateway_info': {'network_id': 'ac89b3d7-379c-40a6-ae79-9d2d421c2893', 'external_fixed_ips': [{'subnet_id': 'e34c85dc-a262-4e88-855f-14004490d8a5', 'ip_address': '172.27.2.12'}], 'enable_snat': True}, 'gw_port_id': '27959d1a-a373-4f0d-ae04-49e02ced4d30', 'description': '', 'availability_zones': ['nova'], 'distributed': False, 'ha': False, 'ha_vr_id': 0, 'availability_zone_hints': [], 'routes': [], 'flavor_id': None, 'tags': [], 'created_at': '2022-08-31T11:03:17Z', 'updated_at': '2022-08-31T11:03:26Z', 'revision_number': 4, 'project_id': '58687b56ab864698b5c107cbea52a8dc', 'gw_port': {'id': '27959d1a-a373-4f0d-ae04-49e02ced4d30', 'name': '', 'network_id': 'ac89b3d7-379c-40a6-ae79-9d2d421c2893', 'tenant_id': '', 'mac_address': 'fa:16:3e:58:ad:40', 'admin_state_up': True, 'status': 'ACTIVE', 'device_id': 'e69cdd20-d98d-440c-a050-526ab499afbe', 'device_owner': 'network:router_gateway', 'standard_attr_id': 76, 'fixed_ips': [{'subnet_id': 'e34c85dc-a262-4e88-855f-14004490d8a5', 'ip_address': '172.27.2.12', 'prefixlen': 24}], 'allowed_address_pairs': [], 'extra_dhcp_opts': [], 'security_groups': [], 'description': '', 'binding:vnic_type': 'normal', 'binding:profile': {}, 'binding:host_id': 'dv-cinder-846173-5-iscsi', 'binding:vif_type': 'ovs', 'binding:vif_details': {'connectivity': 'l2', 'port_filter': True, 'ovs_hybrid_plug': False, 'datapath_type': 'system', 'bridge_name': 'br-int', 'bound_drivers': {'0': 'openvswitch'}}, 'port_security_enabled': False, 'tags': [], 'created_at': '2022-08-31T11:03:18Z', 'updated_at': '2022-08-31T11:03:31Z', 'revision_number': 4, 'project_id': '', 'subnets': [{'id': 'e34c85dc-a262-4e88-855f-14004490d8a5', 'cidr': '172.27.2.0/24', 'gateway_ip': '172.27.2.1', 'dns_nameservers': [], 'ipv6_ra_mode': None, 'subnetpool_id': None}], 'extra_subnets': [], 'address_scopes': {4: None, 6: None}, 'mtu': 1500}, 'enable_snat': True, 'gw_port_host': 'dv-cinder-846173-5-iscsi', '_interfaces': [{'id': '3e0b5cd2-01e2-4365-949d-f6df045e5c12', 'name': '', 'network_id': 'a2745afd-bcbb-4dbe-969b-776082480503', 'tenant_id': '58687b56ab864698b5c107cbea52a8dc', 'mac_address': 'fa:16:3e:c7:54:d6', 'admin_state_up': True, 'status': 'DOWN', 'device_id': 'e69cdd20-d98d-440c-a050-526ab499afbe', 'device_owner': 'network:router_interface', 'standard_attr_id': 92, 'fixed_ips': [{'subnet_id': '5d6af109-ca53-4226-838b-89a238bc001b', 'ip_address': '172.20.0.1', 'prefixlen': 28}], 'allowed_address_pairs': [], 'extra_dhcp_opts': [], 'security_groups': [], 'description': '', 'binding:vnic_type': 'normal', 'binding:profile': {}, 'binding:host_id': '', 'binding:vif_type': 'unbound', 'binding:vif_details': {}, 'port_security_enabled': False, 'tags': [], 'created_at': '2022-08-31T11:03:24Z', 'updated_at': '2022-08-31T11:03:26Z', 'revision_number': 2, 'project_id': '58687b56ab864698b5c107cbea52a8dc', 'subnets': [{'id': '5d6af109-ca53-4226-838b-89a238bc001b', 'cidr': '172.20.0.0/28', 'gateway_ip': '172.20.0.1', 'dns_nameservers': [], 'ipv6_ra_mode': None, 'subnetpool_id': None}], 'extra_subnets': [], 'address_scopes': {4: None, 6: None}, 'mtu': 1500}]}], 'dv-cinder-846173-5-iscsi', False) {} {{(pid=107134) wrapper /usr/local/lib/python3.8/dist-packages/oslo_log/helpers.py:65}}
Aug 31 11:03:33.698650 dv-cinder-846173-5-iscsi neutron-server[107134]: DEBUG neutron.api.rpc.handlers.l3_rpc [None req-b83fca35-2752-44f0-a788-de1d605b8c52 None None] Checking router: e69cdd20-d98d-440c-a050-526ab499afbe for host: dv-cinder-846173-5-iscsi {{(pid=107134) _ensure_host_set_on_ports /opt/stack/neutron/neutron/api/rpc/handlers/l3_rpc.py:155}}
Aug 31 11:03:33.699760 dv-cinder-846173-5-iscsi neutron-server[107134]: DEBUG neutron.api.rpc.handlers.l3_rpc [None req-b83fca35-2752-44f0-a788-de1d605b8c52 None None] Updating router e69cdd20-d98d-440c-a050-526ab499afbe port 3e0b5cd2-01e2-4365-949d-f6df045e5c12 binding host dv-cinder-846173-5-iscsi {{(pid=107134) _ensure_host_set_on_port /opt/stack/neutron/neutron/api/rpc/handlers/l3_rpc.py:205}}
Aug 31 11:03:33.700899 dv-cinder-846173-5-iscsi neutron-server[107135]: DEBUG dbcounter [-] [107135] Writing DB stats neutron:SELECT=95,neutron:UPDATE=4,neutron:INSERT=1 {{(pid=107135) stat_writer /usr/local/lib/python3.8/dist-packages/dbcounter.py:114}}
Aug 31 11:03:33.704912 dv-cinder-846173-5-iscsi neutron-server[107133]: DEBUG neutron_lib.callbacks.manager [None req-4f621a51-9bec-43d8-9ed0-517af21326f4 tempest-AttachVolumeNegativeTest-707497134 tempest-AttachVolumeNegativeTest-707497134-project] Publish callbacks [] for security_group_rule (8742d132-4962-40b7-9d0d-bd301ac87e2d), precommit_create {{(pid=107133) _notify_loop /usr/local/lib/python3.8/dist-packages/neutron_lib/callbacks/manager.py:176}}
Aug 31 11:03:33.715884 dv-cinder-846173-5-iscsi neutron-server[107132]: DEBUG neutron.wsgi [-] (107132) accepted ('10.222.0.16', 60226) {{(pid=107132) server /usr/local/lib/python3.8/dist-packages/eventlet/wsgi.py:1004}}
Aug 31 11:03:33.717946 dv-cinder-846173-5-iscsi neutron-server[107132]: WARNING keystonemiddleware.auth_token [-] A valid token was submitted as a service token, but it was not a valid service token. This is incorrect but backwards compatible behaviour. This will be removed in future releases.
Aug 31 11:03:33.756964 dv-cinder-846173-5-iscsi neutron-server[107133]: DEBUG neutron_lib.callbacks.manager [None req-0fdbeeff-27fa-4a90-8e34-db029db2f191 admin admin] Publish callbacks ['neutron.plugins.ml2.ovo_rpc._ObjectChangeHandler.handle_event-561662'] for security_group (20320575-9a77-4847-852e-acea1a79387a), after_delete {{(pid=107133) _notify_loop /usr/local/lib/python3.8/dist-packages/neutron_lib/callbacks/manager.py:176}}
Aug 31 11:03:33.760464 dv-cinder-846173-5-iscsi neutron-server[107133]: DEBUG neutron_lib.callbacks.manager [None req-0fdbeeff-27fa-4a90-8e34-db029db2f191 admin admin] Publish callbacks [] for security_group (None), before_response {{(pid=107133) _notify_loop /usr/local/lib/python3.8/dist-packages/neutron_lib/callbacks/manager.py:176}}
Aug 31 11:03:33.765118 dv-cinder-846173-5-iscsi neutron-server[107133]: INFO neutron.wsgi [None req-0fdbeeff-27fa-4a90-8e34-db029db2f191 admin admin] 10.222.0.16 "DELETE /networking/v2.0/security-groups/20320575-9a77-4847-852e-acea1a79387a HTTP/1.1" status: 204 len: 168 time: 0.6592376
Aug 31 11:03:33.773123 dv-cinder-846173-5-iscsi neutron-server[107134]: DEBUG neutron_lib.callbacks.manager [None req-911867d4-75b1-45df-80dd-e37fcbee1649 None None] Publish callbacks ['neutron.plugins.ml2.plugin.SecurityGroupServerNotifierRpcMixin._notify_sg_on_port_change-1591416', 'neutron.plugins.ml2.ovo_rpc._ObjectChangeHandler.handle_event-387148', 'neutron.api.rpc.agentnotifiers.dhcp_rpc_agent_api.DhcpAgentNotifyAPI._native_event_send_dhcp_notification-538476', 'neutron.db.l3_db.L3RpcNotifierMixin._notify_gateway_port_ip_changed-8741825822082', 'neutron.db.l3_dvrscheduler_db._notify_l3_agent_port_update-8741825439784', 'neutron.db.l3_hascheduler_db._notify_l3_agent_ha_port_update-8741825439802'] for port (6d16786d-4cbf-4c63-b8df-a9b37d8fdcaa), after_update {{(pid=107134) _notify_loop /usr/local/lib/python3.8/dist-packages/neutron_lib/callbacks/manager.py:176}}
Aug 31 11:03:33.779642 dv-cinder-846173-5-iscsi neutron-server[107133]: DEBUG neutron.api.rpc.handlers.resources_rpc [None req-0fdbeeff-27fa-4a90-8e34-db029db2f191 admin admin] Pushing event deleted for resources: {'SecurityGroup': ['ID=20320575-9a77-4847-852e-acea1a79387a,revision_number=None']} {{(pid=107133) push /opt/stack/neutron/neutron/api/rpc/handlers/resources_rpc.py:237}}
Aug 31 11:03:33.784201 dv-cinder-846173-5-iscsi neutron-server[107134]: DEBUG neutron.plugins.ml2.rpc [None req-911867d4-75b1-45df-80dd-e37fcbee1649 None None] Device 3027bd02-4bc0-49c6-980f-bc22fc257639 up at agent ovs-agent-dv-cinder-846173-5-iscsi {{(pid=107134) update_device_up /opt/stack/neutron/neutron/plugins/ml2/rpc.py:296}}
Aug 31 11:03:33.796641 dv-cinder-846173-5-iscsi neutron-server[107133]: DEBUG neutron_lib.callbacks.manager [None req-4f621a51-9bec-43d8-9ed0-517af21326f4 tempest-AttachVolumeNegativeTest-707497134 tempest-AttachVolumeNegativeTest-707497134-project] Publish callbacks ['neutron.plugins.ml2.ovo_rpc._ObjectChangeHandler.handle_event-561455'] for security_group_rule (8742d132-4962-40b7-9d0d-bd301ac87e2d), after_create {{(pid=107133) _notify_loop /usr/local/lib/python3.8/dist-packages/neutron_lib/callbacks/manager.py:176}}
Aug 31 11:03:33.849791 dv-cinder-846173-5-iscsi neutron-server[107133]: DEBUG neutron.api.rpc.handlers.resources_rpc [None req-4f621a51-9bec-43d8-9ed0-517af21326f4 tempest-AttachVolumeNegativeTest-707497134 tempest-AttachVolumeNegativeTest-707497134-project] Pushing event updated for resources: {'SecurityGroupRule': ['ID=8742d132-4962-40b7-9d0d-bd301ac87e2d,revision_number=0']} {{(pid=107133) push /opt/stack/neutron/neutron/api/rpc/handlers/resources_rpc.py:237}}
Aug 31 11:03:33.868476 dv-cinder-846173-5-iscsi neutron-server[107134]: DEBUG neutron_lib.callbacks.manager [None req-b83fca35-2752-44f0-a788-de1d605b8c52 None None] Publish callbacks ['neutron.plugins.ml2.plugin.SecurityGroupDbMixin._ensure_default_security_group_handler-1591355'] for port (3e0b5cd2-01e2-4365-949d-f6df045e5c12), before_update {{(pid=107134) _notify_loop /usr/local/lib/python3.8/dist-packages/neutron_lib/callbacks/manager.py:176}}
Aug 31 11:03:33.907252 dv-cinder-846173-5-iscsi neutron-server[107135]: DEBUG neutron.api.rpc.handlers.resources_rpc [None req-4b8734b7-53e5-4cf3-abe3-1399b8a65c3a None None] Pushing event updated for resources: {'Port': ['ID=ca79acf7-a2a9-4efc-a94c-b816074f12a5,revision_number=4']} {{(pid=107135) push /opt/stack/neutron/neutron/api/rpc/handlers/resources_rpc.py:237}}
Aug 31 11:03:33.946933 dv-cinder-846173-5-iscsi neutron-server[107133]: DEBUG neutron_lib.callbacks.manager [None req-4f621a51-9bec-43d8-9ed0-517af21326f4 tempest-AttachVolumeNegativeTest-707497134 tempest-AttachVolumeNegativeTest-707497134-project] Publish callbacks [] for security_group_rule (None), before_response {{(pid=107133) _notify_loop /usr/local/lib/python3.8/dist-packages/neutron_lib/callbacks/manager.py:176}}
Aug 31 11:03:33.950902 dv-cinder-846173-5-iscsi neutron-server[107133]: INFO neutron.wsgi [None req-4f621a51-9bec-43d8-9ed0-517af21326f4 tempest-AttachVolumeNegativeTest-707497134 tempest-AttachVolumeNegativeTest-707497134-project] 10.222.0.16 "POST /networking/v2.0/security-group-rules HTTP/1.1" status: 201 len: 764 time: 0.7788112
Aug 31 11:03:33.951170 dv-cinder-846173-5-iscsi neutron-server[107133]: DEBUG neutron.wsgi [-] (107133) accepted ('10.222.0.16', 60236) {{(pid=107133) server /usr/local/lib/python3.8/dist-packages/eventlet/wsgi.py:1004}}
Aug 31 11:03:33.955477 dv-cinder-846173-5-iscsi neutron-server[107132]: DEBUG neutron_lib.callbacks.manager [None req-a7c379d4-3ce6-4b17-a809-5a42a341cf16 admin admin] Publish callbacks ['neutron.plugins.ml2.ovo_rpc._ObjectChangeHandler.handle_event-561662'] for security_group (407d2362-b724-41cc-b8e7-79c56b6a7335), after_delete {{(pid=107132) _notify_loop /usr/local/lib/python3.8/dist-packages/neutron_lib/callbacks/manager.py:176}}
Aug 31 11:03:33.956284 dv-cinder-846173-5-iscsi neutron-server[107133]: DEBUG neutron.api.v2.base [None req-a9976962-7909-46c2-a65d-cd3eecb9d623 tempest-AttachVolumeNegativeTest-707497134 tempest-AttachVolumeNegativeTest-707497134-project] Request body: {'security_group_rule': {'security_group_id': '856c20c5-0756-4118-90fd-6fd91d5a2a17', 'protocol': 'icmp', 'ethertype': 'IPv4', 'direction': 'ingress'}} {{(pid=107133) prepare_request_body /opt/stack/neutron/neutron/api/v2/base.py:730}}
Aug 31 11:03:33.960185 dv-cinder-846173-5-iscsi neutron-server[107132]: DEBUG neutron_lib.callbacks.manager [None req-a7c379d4-3ce6-4b17-a809-5a42a341cf16 admin admin] Publish callbacks [] for security_group (None), before_response {{(pid=107132) _notify_loop /usr/local/lib/python3.8/dist-packages/neutron_lib/callbacks/manager.py:176}}
Aug 31 11:03:33.964687 dv-cinder-846173-5-iscsi neutron-server[107132]: INFO neutron.wsgi [None req-a7c379d4-3ce6-4b17-a809-5a42a341cf16 admin admin] 10.222.0.16 "DELETE /networking/v2.0/security-groups/407d2362-b724-41cc-b8e7-79c56b6a7335 HTTP/1.1" status: 204 len: 168 time: 0.6480892
Aug 31 11:03:33.994198 dv-cinder-846173-5-iscsi neutron-server[107134]: DEBUG dbcounter [-] [107134] Writing DB stats neutron:SELECT=98,neutron:UPDATE=2 {{(pid=107134) stat_writer /usr/local/lib/python3.8/dist-packages/dbcounter.py:114}}
Aug 31 11:03:34.006011 dv-cinder-846173-5-iscsi neutron-server[107132]: DEBUG neutron_lib.callbacks.manager [None req-5c284436-67cb-4802-a23f-97c4b4b1d965 tempest-AttachVolumeTestJSON-584307367 tempest-AttachVolumeTestJSON-584307367-project] Publish callbacks [] for security_group_rule (None), before_response {{(pid=107132) _notify_loop /usr/local/lib/python3.8/dist-packages/neutron_lib/callbacks/manager.py:176}}
Aug 31 11:03:34.013138 dv-cinder-846173-5-iscsi neutron-server[107133]: DEBUG neutron.wsgi [-] (107133) accepted ('10.222.0.16', 60240) {{(pid=107133) server /usr/local/lib/python3.8/dist-packages/eventlet/wsgi.py:1004}}
Aug 31 11:03:34.013591 dv-cinder-846173-5-iscsi neutron-server[107132]: INFO neutron.wsgi [None req-5c284436-67cb-4802-a23f-97c4b4b1d965 tempest-AttachVolumeTestJSON-584307367 tempest-AttachVolumeTestJSON-584307367-project] 10.222.0.16 "POST /networking/v2.0/security-group-rules HTTP/1.1" status: 201 len: 764 time: 1.2329569
Aug 31 11:03:34.025526 dv-cinder-846173-5-iscsi neutron-server[107133]: DEBUG neutron.api.v2.base [None req-4f658562-aa4a-469e-a202-4de86951b4b2 tempest-AttachVolumeTestJSON-584307367 tempest-AttachVolumeTestJSON-584307367-project] Request body: {'security_group_rule': {'security_group_id': '3a511372-334b-4905-a55b-189c5f88e29d', 'protocol': 'icmp', 'ethertype': 'IPv4', 'direction': 'ingress'}} {{(pid=107133) prepare_request_body /opt/stack/neutron/neutron/api/v2/base.py:730}}
Aug 31 11:03:34.056932 dv-cinder-846173-5-iscsi neutron-server[107132]: DEBUG neutron.api.rpc.handlers.resources_rpc [None req-a7c379d4-3ce6-4b17-a809-5a42a341cf16 admin admin] Pushing event deleted for resources: {'SecurityGroup': ['ID=407d2362-b724-41cc-b8e7-79c56b6a7335,revision_number=None']} {{(pid=107132) push /opt/stack/neutron/neutron/api/rpc/handlers/resources_rpc.py:237}}
Aug 31 11:03:34.091176 dv-cinder-846173-5-iscsi neutron-server[107134]: DEBUG neutron.db.provisioning_blocks [None req-911867d4-75b1-45df-80dd-e37fcbee1649 None None] Provisioning complete for port 3027bd02-4bc0-49c6-980f-bc22fc257639 triggered by entity L2. {{(pid=107134) provisioning_complete /opt/stack/neutron/neutron/db/provisioning_blocks.py:144}}
Aug 31 11:03:34.091538 dv-cinder-846173-5-iscsi neutron-server[107134]: DEBUG neutron_lib.callbacks.manager [None req-911867d4-75b1-45df-80dd-e37fcbee1649 None None] Publish callbacks ['neutron.plugins.ml2.plugin.Ml2Plugin._port_provisioned-1910890'] for port (3027bd02-4bc0-49c6-980f-bc22fc257639), provisioning_complete {{(pid=107134) _notify_loop /usr/local/lib/python3.8/dist-packages/neutron_lib/callbacks/manager.py:176}}
Aug 31 11:03:34.148418 dv-cinder-846173-5-iscsi neutron-server[107133]: DEBUG neutron.wsgi [-] (107133) accepted ('10.222.0.16', 60254) {{(pid=107133) server /usr/local/lib/python3.8/dist-packages/eventlet/wsgi.py:1004}}
Aug 31 11:03:34.153041 dv-cinder-846173-5-iscsi neutron-server[107133]: WARNING keystonemiddleware.auth_token [-] A valid token was submitted as a service token, but it was not a valid service token. This is incorrect but backwards compatible behaviour. This will be removed in future releases.
Aug 31 11:03:34.168938 dv-cinder-846173-5-iscsi neutron-server[107135]: DEBUG neutron.db.l3_hamode_db [None req-793a5359-768b-4830-8867-1d63627a0d37 None None] neutron.services.l3_router.l3_router_plugin.L3RouterPlugin method _process_sync_ha_data called with arguments (, [{'id': '6824b04c-0287-4618-873c-fae3a5d1f0f2', 'name': 'tempest-DeleteServersTestJSON-193160184-router', 'tenant_id': '37d98454f0d04e9496623da6700329f8', 'admin_state_up': True, 'status': 'ACTIVE', 'external_gateway_info': {'network_id': 'ac89b3d7-379c-40a6-ae79-9d2d421c2893', 'external_fixed_ips': [{'subnet_id': 'e34c85dc-a262-4e88-855f-14004490d8a5', 'ip_address': '172.27.2.57'}], 'enable_snat': True}, 'gw_port_id': 'b34e6415-e51d-4de1-9444-4b288f1419f4', 'description': '', 'availability_zones': ['nova'], 'distributed': False, 'ha': False, 'ha_vr_id': 0, 'availability_zone_hints': [], 'routes': [], 'flavor_id': None, 'tags': [], 'created_at': '2022-08-31T11:03:19Z', 'updated_at': '2022-08-31T11:03:29Z', 'revision_number': 4, 'project_id': '37d98454f0d04e9496623da6700329f8', 'gw_port': {'id': 'b34e6415-e51d-4de1-9444-4b288f1419f4', 'name': '', 'network_id': 'ac89b3d7-379c-40a6-ae79-9d2d421c2893', 'tenant_id': '', 'mac_address': 'fa:16:3e:16:88:78', 'admin_state_up': True, 'status': 'ACTIVE', 'device_id': '6824b04c-0287-4618-873c-fae3a5d1f0f2', 'device_owner': 'network:router_gateway', 'standard_attr_id': 82, 'fixed_ips': [{'subnet_id': 'e34c85dc-a262-4e88-855f-14004490d8a5', 'ip_address': '172.27.2.57', 'prefixlen': 24}], 'allowed_address_pairs': [], 'extra_dhcp_opts': [], 'security_groups': [], 'description': '', 'binding:vnic_type': 'normal', 'binding:profile': {}, 'binding:host_id': 'dv-cinder-846173-5-iscsi', 'binding:vif_type': 'ovs', 'binding:vif_details': {'connectivity': 'l2', 'port_filter': True, 'ovs_hybrid_plug': False, 'datapath_type': 'system', 'bridge_name': 'br-int', 'bound_drivers': {'0': 'openvswitch'}}, 'port_security_enabled': False, 'tags': [], 'created_at': '2022-08-31T11:03:21Z', 'updated_at': '2022-08-31T11:03:32Z', 'revision_number': 4, 'project_id': '', 'subnets': [{'id': 'e34c85dc-a262-4e88-855f-14004490d8a5', 'cidr': '172.27.2.0/24', 'gateway_ip': '172.27.2.1', 'dns_nameservers': [], 'ipv6_ra_mode': None, 'subnetpool_id': None}], 'extra_subnets': [], 'address_scopes': {4: None, 6: None}, 'mtu': 1500}, 'enable_snat': True, 'gw_port_host': 'dv-cinder-846173-5-iscsi', '_interfaces': [{'id': 'a5ca8639-351c-4eaa-82b4-400437642c42', 'name': '', 'network_id': 'b2649bf6-02a1-4ff6-b4e5-14d9eb507d40', 'tenant_id': '37d98454f0d04e9496623da6700329f8', 'mac_address': 'fa:16:3e:75:48:91', 'admin_state_up': True, 'status': 'DOWN', 'device_id': '6824b04c-0287-4618-873c-fae3a5d1f0f2', 'device_owner': 'network:router_interface', 'standard_attr_id': 104, 'fixed_ips': [{'subnet_id': 'bc9f658a-5e3e-4927-a610-de663cb003cf', 'ip_address': '172.20.0.1', 'prefixlen': 28}], 'allowed_address_pairs': [], 'extra_dhcp_opts': [], 'security_groups': [], 'description': '', 'binding:vnic_type': 'normal', 'binding:profile': {}, 'binding:host_id': '', 'binding:vif_type': 'unbound', 'binding:vif_details': {}, 'port_security_enabled': False, 'tags': [], 'created_at': '2022-08-31T11:03:27Z', 'updated_at': '2022-08-31T11:03:29Z', 'revision_number': 2, 'project_id': '37d98454f0d04e9496623da6700329f8', 'subnets': [{'id': 'bc9f658a-5e3e-4927-a610-de663cb003cf', 'cidr': '172.20.0.0/28', 'gateway_ip': '172.20.0.1', 'dns_nameservers': [], 'ipv6_ra_mode': None, 'subnetpool_id': None}], 'extra_subnets': [], 'address_scopes': {4: None, 6: None}, 'mtu': 1500}]}], 'dv-cinder-846173-5-iscsi', False) {} {{(pid=107135) wrapper /usr/local/lib/python3.8/dist-packages/oslo_log/helpers.py:65}}
Aug 31 11:03:34.181559 dv-cinder-846173-5-iscsi neutron-server[107132]: DEBUG neutron.pecan_wsgi.hooks.policy_enforcement [req-d5a46582-5ad7-467b-9d15-6e888e1dbbfd req-59b1f329-bebe-4a70-aa37-9f522de84fea tempest-DeleteServersTestJSON-1742065689 tempest-DeleteServersTestJSON-1742065689-project] Attributes excluded by policy engine: ['standard_attr_id', 'vlan_transparent', 'provider:network_type', 'provider:physical_network', 'provider:segmentation_id'] {{(pid=107132) _exclude_attributes_by_policy /opt/stack/neutron/neutron/pecan_wsgi/hooks/policy_enforcement.py:259}}
Aug 31 11:03:34.184417 dv-cinder-846173-5-iscsi neutron-server[107132]: INFO neutron.wsgi [req-d5a46582-5ad7-467b-9d15-6e888e1dbbfd req-59b1f329-bebe-4a70-aa37-9f522de84fea tempest-DeleteServersTestJSON-1742065689 tempest-DeleteServersTestJSON-1742065689-project] 10.222.0.16 "GET /networking/v2.0/networks?id=b2649bf6-02a1-4ff6-b4e5-14d9eb507d40 HTTP/1.1" status: 200 len: 811 time: 0.4676621
Aug 31 11:03:34.215506 dv-cinder-846173-5-iscsi neutron-server[107132]: INFO neutron.wsgi [req-d5a46582-5ad7-467b-9d15-6e888e1dbbfd req-79e1eaf1-771e-4c63-b003-eee220ff175c tempest-DeleteServersTestJSON-1742065689 tempest-DeleteServersTestJSON-1742065689-project] 10.222.0.16 "GET /networking/v2.0/quotas/37d98454f0d04e9496623da6700329f8 HTTP/1.1" status: 200 len: 375 time: 0.0234053
Aug 31 11:03:34.217671 dv-cinder-846173-5-iscsi neutron-server[107133]: DEBUG neutron_lib.callbacks.manager [None req-a9976962-7909-46c2-a65d-cd3eecb9d623 tempest-AttachVolumeNegativeTest-707497134 tempest-AttachVolumeNegativeTest-707497134-project] Publish callbacks [] for security_group_rule (496ac0f4-193b-45e6-ab64-6b37b539eab6), before_create {{(pid=107133) _notify_loop /usr/local/lib/python3.8/dist-packages/neutron_lib/callbacks/manager.py:176}}
Aug 31 11:03:34.291149 dv-cinder-846173-5-iscsi neutron-server[107135]: DEBUG neutron.api.rpc.handlers.l3_rpc [None req-793a5359-768b-4830-8867-1d63627a0d37 None None] Checking router: 6824b04c-0287-4618-873c-fae3a5d1f0f2 for host: dv-cinder-846173-5-iscsi {{(pid=107135) _ensure_host_set_on_ports /opt/stack/neutron/neutron/api/rpc/handlers/l3_rpc.py:155}}
Aug 31 11:03:34.291149 dv-cinder-846173-5-iscsi neutron-server[107135]: DEBUG neutron.api.rpc.handlers.l3_rpc [None req-793a5359-768b-4830-8867-1d63627a0d37 None None] Updating router 6824b04c-0287-4618-873c-fae3a5d1f0f2 port a5ca8639-351c-4eaa-82b4-400437642c42 binding host dv-cinder-846173-5-iscsi {{(pid=107135) _ensure_host_set_on_port /opt/stack/neutron/neutron/api/rpc/handlers/l3_rpc.py:205}}
