Jul 18 16:40:24.851121 dv-cinder-846173-3-smb devstack@n-api.service[110382]: DEBUG nova.api.openstack.wsgi_app [-] oslo_limit.split_loggers = False {{(pid=110382) log_opt_values /usr/local/lib/python3.8/dist-packages/oslo_config/cfg.py:2609}}
Jul 18 16:40:24.851424 dv-cinder-846173-3-smb devstack@n-api.service[110382]: DEBUG nova.api.openstack.wsgi_app [-] oslo_limit.status_code_retries = None {{(pid=110382) log_opt_values /usr/local/lib/python3.8/dist-packages/oslo_config/cfg.py:2609}}
Jul 18 16:40:24.851760 dv-cinder-846173-3-smb devstack@n-api.service[110382]: DEBUG nova.api.openstack.wsgi_app [-] oslo_limit.status_code_retry_delay = None {{(pid=110382) log_opt_values /usr/local/lib/python3.8/dist-packages/oslo_config/cfg.py:2609}}
Jul 18 16:40:24.852050 dv-cinder-846173-3-smb devstack@n-api.service[110382]: DEBUG nova.api.openstack.wsgi_app [-] oslo_limit.timeout = None {{(pid=110382) log_opt_values /usr/local/lib/python3.8/dist-packages/oslo_config/cfg.py:2609}}
Jul 18 16:40:24.852352 dv-cinder-846173-3-smb devstack@n-api.service[110382]: DEBUG nova.api.openstack.wsgi_app [-] oslo_limit.valid_interfaces = None {{(pid=110382) log_opt_values /usr/local/lib/python3.8/dist-packages/oslo_config/cfg.py:2609}}
Jul 18 16:40:24.852651 dv-cinder-846173-3-smb devstack@n-api.service[110382]: DEBUG nova.api.openstack.wsgi_app [-] oslo_limit.version = None {{(pid=110382) log_opt_values /usr/local/lib/python3.8/dist-packages/oslo_config/cfg.py:2609}}
Jul 18 16:40:24.852981 dv-cinder-846173-3-smb devstack@n-api.service[110382]: DEBUG nova.api.openstack.wsgi_app [-] oslo_middleware.http_basic_auth_user_file = /etc/htpasswd {{(pid=110382) log_opt_values /usr/local/lib/python3.8/dist-packages/oslo_config/cfg.py:2609}}
Jul 18 16:40:24.853309 dv-cinder-846173-3-smb devstack@n-api.service[110382]: DEBUG nova.api.openstack.wsgi_app [-] profiler.connection_string = messaging:// {{(pid=110382) log_opt_values /usr/local/lib/python3.8/dist-packages/oslo_config/cfg.py:2609}}
Jul 18 16:40:24.853624 dv-cinder-846173-3-smb devstack@n-api.service[110382]: DEBUG nova.api.openstack.wsgi_app [-] profiler.enabled = False {{(pid=110382) log_opt_values /usr/local/lib/python3.8/dist-packages/oslo_config/cfg.py:2609}}
Jul 18 16:40:24.853943 dv-cinder-846173-3-smb devstack@n-api.service[110382]: DEBUG nova.api.openstack.wsgi_app [-] profiler.es_doc_type = notification {{(pid=110382) log_opt_values /usr/local/lib/python3.8/dist-packages/oslo_config/cfg.py:2609}}
Jul 18 16:40:24.854258 dv-cinder-846173-3-smb devstack@n-api.service[110382]: DEBUG nova.api.openstack.wsgi_app [-] profiler.es_scroll_size = 10000 {{(pid=110382) log_opt_values /usr/local/lib/python3.8/dist-packages/oslo_config/cfg.py:2609}}
Jul 18 16:40:24.854577 dv-cinder-846173-3-smb devstack@n-api.service[110382]: DEBUG nova.api.openstack.wsgi_app [-] profiler.es_scroll_time = 2m {{(pid=110382) log_opt_values /usr/local/lib/python3.8/dist-packages/oslo_config/cfg.py:2609}}
Jul 18 16:40:24.854883 dv-cinder-846173-3-smb devstack@n-api.service[110382]: DEBUG nova.api.openstack.wsgi_app [-] profiler.filter_error_trace = False {{(pid=110382) log_opt_values /usr/local/lib/python3.8/dist-packages/oslo_config/cfg.py:2609}}
Jul 18 16:40:24.855201 dv-cinder-846173-3-smb devstack@n-api.service[110382]: DEBUG nova.api.openstack.wsgi_app [-] profiler.hmac_keys = SECRET_KEY {{(pid=110382) log_opt_values /usr/local/lib/python3.8/dist-packages/oslo_config/cfg.py:2609}}
Jul 18 16:40:24.855518 dv-cinder-846173-3-smb devstack@n-api.service[110382]: DEBUG nova.api.openstack.wsgi_app [-] profiler.sentinel_service_name = mymaster {{(pid=110382) log_opt_values /usr/local/lib/python3.8/dist-packages/oslo_config/cfg.py:2609}}
Jul 18 16:40:24.855860 dv-cinder-846173-3-smb devstack@n-api.service[110382]: DEBUG nova.api.openstack.wsgi_app [-] profiler.socket_timeout = 0.1 {{(pid=110382) log_opt_values /usr/local/lib/python3.8/dist-packages/oslo_config/cfg.py:2609}}
Jul 18 16:40:24.856171 dv-cinder-846173-3-smb devstack@n-api.service[110382]: DEBUG nova.api.openstack.wsgi_app [-] profiler.trace_sqlalchemy = False {{(pid=110382) log_opt_values /usr/local/lib/python3.8/dist-packages/oslo_config/cfg.py:2609}}
Jul 18 16:40:24.856503 dv-cinder-846173-3-smb devstack@n-api.service[110382]: DEBUG nova.api.openstack.wsgi_app [-] oslo_messaging_rabbit.amqp_auto_delete = False {{(pid=110382) log_opt_values /usr/local/lib/python3.8/dist-packages/oslo_config/cfg.py:2609}}
Jul 18 16:40:24.856813 dv-cinder-846173-3-smb devstack@n-api.service[110382]: DEBUG nova.api.openstack.wsgi_app [-] oslo_messaging_rabbit.amqp_durable_queues = False {{(pid=110382) log_opt_values /usr/local/lib/python3.8/dist-packages/oslo_config/cfg.py:2609}}
Jul 18 16:40:24.857123 dv-cinder-846173-3-smb devstack@n-api.service[110382]: DEBUG nova.api.openstack.wsgi_app [-] oslo_messaging_rabbit.conn_pool_min_size = 2 {{(pid=110382) log_opt_values /usr/local/lib/python3.8/dist-packages/oslo_config/cfg.py:2609}}
Jul 18 16:40:24.857431 dv-cinder-846173-3-smb devstack@n-api.service[110382]: DEBUG nova.api.openstack.wsgi_app [-] oslo_messaging_rabbit.conn_pool_ttl = 1200 {{(pid=110382) log_opt_values /usr/local/lib/python3.8/dist-packages/oslo_config/cfg.py:2609}}
Jul 18 16:40:24.857738 dv-cinder-846173-3-smb devstack@n-api.service[110382]: DEBUG nova.api.openstack.wsgi_app [-] oslo_messaging_rabbit.direct_mandatory_flag = True {{(pid=110382) log_opt_values /usr/local/lib/python3.8/dist-packages/oslo_config/cfg.py:2609}}
Jul 18 16:40:24.858046 dv-cinder-846173-3-smb devstack@n-api.service[110382]: DEBUG nova.api.openstack.wsgi_app [-] oslo_messaging_rabbit.enable_cancel_on_failover = False {{(pid=110382) log_opt_values /usr/local/lib/python3.8/dist-packages/oslo_config/cfg.py:2609}}
Jul 18 16:40:24.858354 dv-cinder-846173-3-smb devstack@n-api.service[110382]: DEBUG nova.api.openstack.wsgi_app [-] oslo_messaging_rabbit.heartbeat_in_pthread = True {{(pid=110382) log_opt_values /usr/local/lib/python3.8/dist-packages/oslo_config/cfg.py:2609}}
Jul 18 16:40:24.858680 dv-cinder-846173-3-smb devstack@n-api.service[110382]: DEBUG nova.api.openstack.wsgi_app [-] oslo_messaging_rabbit.heartbeat_rate = 3 {{(pid=110382) log_opt_values /usr/local/lib/python3.8/dist-packages/oslo_config/cfg.py:2609}}
Jul 18 16:40:24.859002 dv-cinder-846173-3-smb devstack@n-api.service[110382]: DEBUG nova.api.openstack.wsgi_app [-] oslo_messaging_rabbit.heartbeat_timeout_threshold = 600 {{(pid=110382) log_opt_values /usr/local/lib/python3.8/dist-packages/oslo_config/cfg.py:2609}}
Jul 18 16:40:24.859306 dv-cinder-846173-3-smb devstack@n-api.service[110382]: DEBUG nova.api.openstack.wsgi_app [-] oslo_messaging_rabbit.kombu_compression = None {{(pid=110382) log_opt_values /usr/local/lib/python3.8/dist-packages/oslo_config/cfg.py:2609}}
Jul 18 16:40:24.859628 dv-cinder-846173-3-smb devstack@n-api.service[110382]: DEBUG nova.api.openstack.wsgi_app [-] oslo_messaging_rabbit.kombu_failover_strategy = round-robin {{(pid=110382) log_opt_values /usr/local/lib/python3.8/dist-packages/oslo_config/cfg.py:2609}}
Jul 18 16:40:24.859984 dv-cinder-846173-3-smb devstack@n-api.service[110382]: DEBUG nova.api.openstack.wsgi_app [-] oslo_messaging_rabbit.kombu_missing_consumer_retry_timeout = 60 {{(pid=110382) log_opt_values /usr/local/lib/python3.8/dist-packages/oslo_config/cfg.py:2609}}
Jul 18 16:40:24.860302 dv-cinder-846173-3-smb devstack@n-api.service[110382]: DEBUG nova.api.openstack.wsgi_app [-] oslo_messaging_rabbit.kombu_reconnect_delay = 1.0 {{(pid=110382) log_opt_values /usr/local/lib/python3.8/dist-packages/oslo_config/cfg.py:2609}}
Jul 18 16:40:24.860616 dv-cinder-846173-3-smb devstack@n-api.service[110382]: DEBUG nova.api.openstack.wsgi_app [-] oslo_messaging_rabbit.rabbit_ha_queues = False {{(pid=110382) log_opt_values /usr/local/lib/python3.8/dist-packages/oslo_config/cfg.py:2609}}
Jul 18 16:40:24.860926 dv-cinder-846173-3-smb devstack@n-api.service[110382]: DEBUG nova.api.openstack.wsgi_app [-] oslo_messaging_rabbit.rabbit_interval_max = 30 {{(pid=110382) log_opt_values /usr/local/lib/python3.8/dist-packages/oslo_config/cfg.py:2609}}
Jul 18 16:40:24.861248 dv-cinder-846173-3-smb devstack@n-api.service[110382]: DEBUG nova.api.openstack.wsgi_app [-] oslo_messaging_rabbit.rabbit_login_method = AMQPLAIN {{(pid=110382) log_opt_values /usr/local/lib/python3.8/dist-packages/oslo_config/cfg.py:2609}}
Jul 18 16:40:24.861557 dv-cinder-846173-3-smb devstack@n-api.service[110382]: DEBUG nova.api.openstack.wsgi_app [-] oslo_messaging_rabbit.rabbit_qos_prefetch_count = 0 {{(pid=110382) log_opt_values /usr/local/lib/python3.8/dist-packages/oslo_config/cfg.py:2609}}
Jul 18 16:40:24.861862 dv-cinder-846173-3-smb devstack@n-api.service[110382]: DEBUG nova.api.openstack.wsgi_app [-] oslo_messaging_rabbit.rabbit_quorum_delivery_limit = 0 {{(pid=110382) log_opt_values /usr/local/lib/python3.8/dist-packages/oslo_config/cfg.py:2609}}
Jul 18 16:40:24.862169 dv-cinder-846173-3-smb devstack@n-api.service[110382]: DEBUG nova.api.openstack.wsgi_app [-] oslo_messaging_rabbit.rabbit_quorum_queue = False {{(pid=110382) log_opt_values /usr/local/lib/python3.8/dist-packages/oslo_config/cfg.py:2609}}
Jul 18 16:40:24.862479 dv-cinder-846173-3-smb devstack@n-api.service[110382]: DEBUG nova.api.openstack.wsgi_app [-] oslo_messaging_rabbit.rabbit_quroum_max_memory_bytes = 0 {{(pid=110382) log_opt_values /usr/local/lib/python3.8/dist-packages/oslo_config/cfg.py:2609}}
Jul 18 16:40:24.862789 dv-cinder-846173-3-smb devstack@n-api.service[110382]: DEBUG nova.api.openstack.wsgi_app [-] oslo_messaging_rabbit.rabbit_quroum_max_memory_length = 0 {{(pid=110382) log_opt_values /usr/local/lib/python3.8/dist-packages/oslo_config/cfg.py:2609}}
Jul 18 16:40:24.863126 dv-cinder-846173-3-smb devstack@n-api.service[110382]: DEBUG nova.api.openstack.wsgi_app [-] oslo_messaging_rabbit.rabbit_retry_backoff = 2 {{(pid=110382) log_opt_values /usr/local/lib/python3.8/dist-packages/oslo_config/cfg.py:2609}}
Jul 18 16:40:24.863431 dv-cinder-846173-3-smb devstack@n-api.service[110382]: DEBUG nova.api.openstack.wsgi_app [-] oslo_messaging_rabbit.rabbit_retry_interval = 1 {{(pid=110382) log_opt_values /usr/local/lib/python3.8/dist-packages/oslo_config/cfg.py:2609}}
Jul 18 16:40:24.863755 dv-cinder-846173-3-smb devstack@n-api.service[110382]: DEBUG nova.api.openstack.wsgi_app [-] oslo_messaging_rabbit.rabbit_transient_queues_ttl = 1800 {{(pid=110382) log_opt_values /usr/local/lib/python3.8/dist-packages/oslo_config/cfg.py:2609}}
Jul 18 16:40:24.864068 dv-cinder-846173-3-smb devstack@n-api.service[110382]: DEBUG nova.api.openstack.wsgi_app [-] oslo_messaging_rabbit.rpc_conn_pool_size = 30 {{(pid=110382) log_opt_values /usr/local/lib/python3.8/dist-packages/oslo_config/cfg.py:2609}}
Jul 18 16:40:24.864384 dv-cinder-846173-3-smb devstack@n-api.service[110382]: DEBUG nova.api.openstack.wsgi_app [-] oslo_messaging_rabbit.ssl = False {{(pid=110382) log_opt_values /usr/local/lib/python3.8/dist-packages/oslo_config/cfg.py:2609}}
Jul 18 16:40:24.864799 dv-cinder-846173-3-smb devstack@n-api.service[110382]: DEBUG nova.api.openstack.wsgi_app [-] oslo_messaging_rabbit.ssl_ca_file = {{(pid=110382) log_opt_values /usr/local/lib/python3.8/dist-packages/oslo_config/cfg.py:2609}}
Jul 18 16:40:24.865028 dv-cinder-846173-3-smb devstack@n-api.service[110382]: DEBUG nova.api.openstack.wsgi_app [-] oslo_messaging_rabbit.ssl_cert_file = {{(pid=110382) log_opt_values /usr/local/lib/python3.8/dist-packages/oslo_config/cfg.py:2609}}
Jul 18 16:40:24.865335 dv-cinder-846173-3-smb devstack@n-api.service[110382]: DEBUG nova.api.openstack.wsgi_app [-] oslo_messaging_rabbit.ssl_enforce_fips_mode = False {{(pid=110382) log_opt_values /usr/local/lib/python3.8/dist-packages/oslo_config/cfg.py:2609}}
Jul 18 16:40:24.865655 dv-cinder-846173-3-smb devstack@n-api.service[110382]: DEBUG nova.api.openstack.wsgi_app [-] oslo_messaging_rabbit.ssl_key_file = {{(pid=110382) log_opt_values /usr/local/lib/python3.8/dist-packages/oslo_config/cfg.py:2609}}
Jul 18 16:40:24.865977 dv-cinder-846173-3-smb devstack@n-api.service[110382]: DEBUG nova.api.openstack.wsgi_app [-] oslo_messaging_rabbit.ssl_version = {{(pid=110382) log_opt_values /usr/local/lib/python3.8/dist-packages/oslo_config/cfg.py:2609}}
Jul 18 16:40:24.866322 dv-cinder-846173-3-smb devstack@n-api.service[110382]: DEBUG nova.api.openstack.wsgi_app [-] oslo_messaging_notifications.driver = ['messagingv2'] {{(pid=110382) log_opt_values /usr/local/lib/python3.8/dist-packages/oslo_config/cfg.py:2609}}
Jul 18 16:40:24.866632 dv-cinder-846173-3-smb devstack@n-api.service[110382]: DEBUG nova.api.openstack.wsgi_app [-] oslo_messaging_notifications.retry = -1 {{(pid=110382) log_opt_values /usr/local/lib/python3.8/dist-packages/oslo_config/cfg.py:2609}}
Jul 18 16:40:24.866976 dv-cinder-846173-3-smb devstack@n-api.service[110382]: DEBUG nova.api.openstack.wsgi_app [-] oslo_messaging_notifications.topics = ['notifications'] {{(pid=110382) log_opt_values /usr/local/lib/python3.8/dist-packages/oslo_config/cfg.py:2609}}
Jul 18 16:40:24.867298 dv-cinder-846173-3-smb devstack@n-api.service[110382]: DEBUG nova.api.openstack.wsgi_app [-] oslo_messaging_notifications.transport_url = **** {{(pid=110382) log_opt_values /usr/local/lib/python3.8/dist-packages/oslo_config/cfg.py:2609}}
Jul 18 16:40:24.867608 dv-cinder-846173-3-smb devstack@n-api.service[110382]: DEBUG nova.api.openstack.wsgi_app [-] oslo_reports.file_event_handler = None {{(pid=110382) log_opt_values /usr/local/lib/python3.8/dist-packages/oslo_config/cfg.py:2609}}
Jul 18 16:40:24.867951 dv-cinder-846173-3-smb devstack@n-api.service[110382]: DEBUG nova.api.openstack.wsgi_app [-] oslo_reports.file_event_handler_interval = 1 {{(pid=110382) log_opt_values /usr/local/lib/python3.8/dist-packages/oslo_config/cfg.py:2609}}
Jul 18 16:40:24.868256 dv-cinder-846173-3-smb devstack@n-api.service[110382]: DEBUG nova.api.openstack.wsgi_app [-] oslo_reports.log_dir = None {{(pid=110382) log_opt_values /usr/local/lib/python3.8/dist-packages/oslo_config/cfg.py:2609}}
Jul 18 16:40:24.868495 dv-cinder-846173-3-smb devstack@n-api.service[110382]: DEBUG nova.api.openstack.wsgi_app [-] ******************************************************************************** {{(pid=110382) log_opt_values /usr/local/lib/python3.8/dist-packages/oslo_config/cfg.py:2613}}
Jul 18 16:40:24.913119 dv-cinder-846173-3-smb devstack@n-api.service[110383]: INFO dbcounter [None req-c5d16ec2-6813-4bad-932b-1ebc8264878d None None] Registered counter for database nova_api
Jul 18 16:40:24.930596 dv-cinder-846173-3-smb devstack@n-api.service[110382]: INFO dbcounter [None req-6a4f4139-fd3d-4344-9714-50a042c1fc46 None None] Registered counter for database nova_api
Jul 18 16:40:25.027028 dv-cinder-846173-3-smb devstack@n-api.service[110383]: DEBUG oslo_db.sqlalchemy.engines [None req-c5d16ec2-6813-4bad-932b-1ebc8264878d None None] MySQL server mode set to STRICT_TRANS_TABLES,STRICT_ALL_TABLES,NO_ZERO_IN_DATE,NO_ZERO_DATE,ERROR_FOR_DIVISION_BY_ZERO,TRADITIONAL,NO_ENGINE_SUBSTITUTION {{(pid=110383) _check_effective_sql_mode /usr/local/lib/python3.8/dist-packages/oslo_db/sqlalchemy/engines.py:314}}
Jul 18 16:40:25.033691 dv-cinder-846173-3-smb devstack@n-api.service[110383]: DEBUG dbcounter [-] [110383] Writer thread running {{(pid=110383) stat_writer /usr/local/lib/python3.8/dist-packages/dbcounter.py:99}}
Jul 18 16:40:25.043102 dv-cinder-846173-3-smb devstack@n-api.service[110382]: DEBUG oslo_db.sqlalchemy.engines [None req-6a4f4139-fd3d-4344-9714-50a042c1fc46 None None] MySQL server mode set to STRICT_TRANS_TABLES,STRICT_ALL_TABLES,NO_ZERO_IN_DATE,NO_ZERO_DATE,ERROR_FOR_DIVISION_BY_ZERO,TRADITIONAL,NO_ENGINE_SUBSTITUTION {{(pid=110382) _check_effective_sql_mode /usr/local/lib/python3.8/dist-packages/oslo_db/sqlalchemy/engines.py:314}}
Jul 18 16:40:25.049556 dv-cinder-846173-3-smb devstack@n-api.service[110382]: DEBUG dbcounter [-] [110382] Writer thread running {{(pid=110382) stat_writer /usr/local/lib/python3.8/dist-packages/dbcounter.py:99}}
Jul 18 16:40:25.090069 dv-cinder-846173-3-smb devstack@n-api.service[110383]: DEBUG nova.context [None req-c5d16ec2-6813-4bad-932b-1ebc8264878d None None] Found 2 cells: 00000000-0000-0000-0000-000000000000(cell0),c975a257-8374-4d0d-97c1-3f14b1729a66(cell1) {{(pid=110383) load_cells /opt/stack/nova/nova/context.py:464}}
Jul 18 16:40:25.094118 dv-cinder-846173-3-smb devstack@n-api.service[110383]: DEBUG oslo_concurrency.lockutils [None req-c5d16ec2-6813-4bad-932b-1ebc8264878d None None] Lock "00000000-0000-0000-0000-000000000000" acquired by "nova.context.set_target_cell..get_or_set_cached_cell_and_set_connections" :: waited 0.000s {{(pid=110383) inner /usr/local/lib/python3.8/dist-packages/oslo_concurrency/lockutils.py:386}}
Jul 18 16:40:25.095691 dv-cinder-846173-3-smb devstack@n-api.service[110383]: DEBUG oslo_concurrency.lockutils [None req-c5d16ec2-6813-4bad-932b-1ebc8264878d None None] Lock "00000000-0000-0000-0000-000000000000" "released" by "nova.context.set_target_cell..get_or_set_cached_cell_and_set_connections" :: held 0.002s {{(pid=110383) inner /usr/local/lib/python3.8/dist-packages/oslo_concurrency/lockutils.py:400}}
Jul 18 16:40:25.096522 dv-cinder-846173-3-smb devstack@n-api.service[110383]: DEBUG oslo_concurrency.lockutils [None req-c5d16ec2-6813-4bad-932b-1ebc8264878d None None] Lock "c975a257-8374-4d0d-97c1-3f14b1729a66" acquired by "nova.context.set_target_cell..get_or_set_cached_cell_and_set_connections" :: waited 0.000s {{(pid=110383) inner /usr/local/lib/python3.8/dist-packages/oslo_concurrency/lockutils.py:386}}
Jul 18 16:40:25.098678 dv-cinder-846173-3-smb devstack@n-api.service[110383]: DEBUG oslo_concurrency.lockutils [None req-c5d16ec2-6813-4bad-932b-1ebc8264878d None None] Lock "c975a257-8374-4d0d-97c1-3f14b1729a66" "released" by "nova.context.set_target_cell..get_or_set_cached_cell_and_set_connections" :: held 0.002s {{(pid=110383) inner /usr/local/lib/python3.8/dist-packages/oslo_concurrency/lockutils.py:400}}
Jul 18 16:40:25.100697 dv-cinder-846173-3-smb devstack@n-api.service[110383]: INFO dbcounter [None req-c5d16ec2-6813-4bad-932b-1ebc8264878d None None] Registered counter for database nova_cell0
Jul 18 16:40:25.104697 dv-cinder-846173-3-smb devstack@n-api.service[110383]: INFO dbcounter [None req-c5d16ec2-6813-4bad-932b-1ebc8264878d None None] Registered counter for database nova_cell1
Jul 18 16:40:25.104958 dv-cinder-846173-3-smb devstack@n-api.service[110382]: DEBUG nova.context [None req-6a4f4139-fd3d-4344-9714-50a042c1fc46 None None] Found 2 cells: 00000000-0000-0000-0000-000000000000(cell0),c975a257-8374-4d0d-97c1-3f14b1729a66(cell1) {{(pid=110382) load_cells /opt/stack/nova/nova/context.py:464}}
Jul 18 16:40:25.108924 dv-cinder-846173-3-smb devstack@n-api.service[110382]: DEBUG oslo_concurrency.lockutils [None req-6a4f4139-fd3d-4344-9714-50a042c1fc46 None None] Lock "00000000-0000-0000-0000-000000000000" acquired by "nova.context.set_target_cell..get_or_set_cached_cell_and_set_connections" :: waited 0.000s {{(pid=110382) inner /usr/local/lib/python3.8/dist-packages/oslo_concurrency/lockutils.py:386}}
Jul 18 16:40:25.110495 dv-cinder-846173-3-smb devstack@n-api.service[110382]: DEBUG oslo_concurrency.lockutils [None req-6a4f4139-fd3d-4344-9714-50a042c1fc46 None None] Lock "00000000-0000-0000-0000-000000000000" "released" by "nova.context.set_target_cell..get_or_set_cached_cell_and_set_connections" :: held 0.002s {{(pid=110382) inner /usr/local/lib/python3.8/dist-packages/oslo_concurrency/lockutils.py:400}}
Jul 18 16:40:25.111312 dv-cinder-846173-3-smb devstack@n-api.service[110382]: DEBUG oslo_concurrency.lockutils [None req-6a4f4139-fd3d-4344-9714-50a042c1fc46 None None] Lock "c975a257-8374-4d0d-97c1-3f14b1729a66" acquired by "nova.context.set_target_cell..get_or_set_cached_cell_and_set_connections" :: waited 0.000s {{(pid=110382) inner /usr/local/lib/python3.8/dist-packages/oslo_concurrency/lockutils.py:386}}
Jul 18 16:40:25.112954 dv-cinder-846173-3-smb devstack@n-api.service[110383]: DEBUG oslo_db.sqlalchemy.engines [None req-c5d16ec2-6813-4bad-932b-1ebc8264878d None None] MySQL server mode set to STRICT_TRANS_TABLES,STRICT_ALL_TABLES,NO_ZERO_IN_DATE,NO_ZERO_DATE,ERROR_FOR_DIVISION_BY_ZERO,TRADITIONAL,NO_ENGINE_SUBSTITUTION {{(pid=110383) _check_effective_sql_mode /usr/local/lib/python3.8/dist-packages/oslo_db/sqlalchemy/engines.py:314}}
Jul 18 16:40:25.113538 dv-cinder-846173-3-smb devstack@n-api.service[110382]: DEBUG oslo_concurrency.lockutils [None req-6a4f4139-fd3d-4344-9714-50a042c1fc46 None None] Lock "c975a257-8374-4d0d-97c1-3f14b1729a66" "released" by "nova.context.set_target_cell..get_or_set_cached_cell_and_set_connections" :: held 0.002s {{(pid=110382) inner /usr/local/lib/python3.8/dist-packages/oslo_concurrency/lockutils.py:400}}
Jul 18 16:40:25.114222 dv-cinder-846173-3-smb devstack@n-api.service[110383]: DEBUG oslo_db.sqlalchemy.engines [None req-c5d16ec2-6813-4bad-932b-1ebc8264878d None None] MySQL server mode set to STRICT_TRANS_TABLES,STRICT_ALL_TABLES,NO_ZERO_IN_DATE,NO_ZERO_DATE,ERROR_FOR_DIVISION_BY_ZERO,TRADITIONAL,NO_ENGINE_SUBSTITUTION {{(pid=110383) _check_effective_sql_mode /usr/local/lib/python3.8/dist-packages/oslo_db/sqlalchemy/engines.py:314}}
Jul 18 16:40:25.115597 dv-cinder-846173-3-smb devstack@n-api.service[110382]: INFO dbcounter [None req-6a4f4139-fd3d-4344-9714-50a042c1fc46 None None] Registered counter for database nova_cell0
Jul 18 16:40:25.119513 dv-cinder-846173-3-smb devstack@n-api.service[110382]: INFO dbcounter [None req-6a4f4139-fd3d-4344-9714-50a042c1fc46 None None] Registered counter for database nova_cell1
Jul 18 16:40:25.121043 dv-cinder-846173-3-smb devstack@n-api.service[110383]: DEBUG dbcounter [-] [110383] Writer thread running {{(pid=110383) stat_writer /usr/local/lib/python3.8/dist-packages/dbcounter.py:99}}
Jul 18 16:40:25.122331 dv-cinder-846173-3-smb devstack@n-api.service[110383]: DEBUG dbcounter [-] [110383] Writer thread running {{(pid=110383) stat_writer /usr/local/lib/python3.8/dist-packages/dbcounter.py:99}}
Jul 18 16:40:25.129227 dv-cinder-846173-3-smb devstack@n-api.service[110382]: DEBUG oslo_db.sqlalchemy.engines [None req-6a4f4139-fd3d-4344-9714-50a042c1fc46 None None] MySQL server mode set to STRICT_TRANS_TABLES,STRICT_ALL_TABLES,NO_ZERO_IN_DATE,NO_ZERO_DATE,ERROR_FOR_DIVISION_BY_ZERO,TRADITIONAL,NO_ENGINE_SUBSTITUTION {{(pid=110382) _check_effective_sql_mode /usr/local/lib/python3.8/dist-packages/oslo_db/sqlalchemy/engines.py:314}}
Jul 18 16:40:25.130057 dv-cinder-846173-3-smb devstack@n-api.service[110382]: DEBUG oslo_db.sqlalchemy.engines [None req-6a4f4139-fd3d-4344-9714-50a042c1fc46 None None] MySQL server mode set to STRICT_TRANS_TABLES,STRICT_ALL_TABLES,NO_ZERO_IN_DATE,NO_ZERO_DATE,ERROR_FOR_DIVISION_BY_ZERO,TRADITIONAL,NO_ENGINE_SUBSTITUTION {{(pid=110382) _check_effective_sql_mode /usr/local/lib/python3.8/dist-packages/oslo_db/sqlalchemy/engines.py:314}}
Jul 18 16:40:25.137377 dv-cinder-846173-3-smb devstack@n-api.service[110382]: DEBUG dbcounter [-] [110382] Writer thread running {{(pid=110382) stat_writer /usr/local/lib/python3.8/dist-packages/dbcounter.py:99}}
Jul 18 16:40:25.138665 dv-cinder-846173-3-smb devstack@n-api.service[110382]: DEBUG dbcounter [-] [110382] Writer thread running {{(pid=110382) stat_writer /usr/local/lib/python3.8/dist-packages/dbcounter.py:99}}
Jul 18 16:40:25.268223 dv-cinder-846173-3-smb devstack@n-api.service[110383]: INFO dbcounter [None req-c5d16ec2-6813-4bad-932b-1ebc8264878d None None] Registered counter for database nova_cell0
Jul 18 16:40:25.277206 dv-cinder-846173-3-smb devstack@n-api.service[110383]: DEBUG oslo_db.sqlalchemy.engines [None req-c5d16ec2-6813-4bad-932b-1ebc8264878d None None] MySQL server mode set to STRICT_TRANS_TABLES,STRICT_ALL_TABLES,NO_ZERO_IN_DATE,NO_ZERO_DATE,ERROR_FOR_DIVISION_BY_ZERO,TRADITIONAL,NO_ENGINE_SUBSTITUTION {{(pid=110383) _check_effective_sql_mode /usr/local/lib/python3.8/dist-packages/oslo_db/sqlalchemy/engines.py:314}}
Jul 18 16:40:25.281396 dv-cinder-846173-3-smb devstack@n-api.service[110383]: DEBUG dbcounter [-] [110383] Writer thread running {{(pid=110383) stat_writer /usr/local/lib/python3.8/dist-packages/dbcounter.py:99}}
Jul 18 16:40:25.284490 dv-cinder-846173-3-smb devstack@n-api.service[110382]: INFO dbcounter [None req-6a4f4139-fd3d-4344-9714-50a042c1fc46 None None] Registered counter for database nova_cell0
Jul 18 16:40:25.293617 dv-cinder-846173-3-smb devstack@n-api.service[110382]: DEBUG oslo_db.sqlalchemy.engines [None req-6a4f4139-fd3d-4344-9714-50a042c1fc46 None None] MySQL server mode set to STRICT_TRANS_TABLES,STRICT_ALL_TABLES,NO_ZERO_IN_DATE,NO_ZERO_DATE,ERROR_FOR_DIVISION_BY_ZERO,TRADITIONAL,NO_ENGINE_SUBSTITUTION {{(pid=110382) _check_effective_sql_mode /usr/local/lib/python3.8/dist-packages/oslo_db/sqlalchemy/engines.py:314}}
Jul 18 16:40:25.297930 dv-cinder-846173-3-smb devstack@n-api.service[110382]: DEBUG dbcounter [-] [110382] Writer thread running {{(pid=110382) stat_writer /usr/local/lib/python3.8/dist-packages/dbcounter.py:99}}
Jul 18 16:40:25.718789 dv-cinder-846173-3-smb devstack@n-api.service[110383]: WARNING keystonemiddleware.auth_token [None req-c5d16ec2-6813-4bad-932b-1ebc8264878d None None] AuthToken middleware is set with keystone_authtoken.service_token_roles_required set to False. This is backwards compatible but deprecated behaviour. Please set this to True.
Jul 18 16:40:25.726489 dv-cinder-846173-3-smb devstack@n-api.service[110383]: WARNING keystonemiddleware.auth_token [None req-c5d16ec2-6813-4bad-932b-1ebc8264878d None None] Configuring www_authenticate_uri to point to the public identity endpoint is required; clients may not be able to authenticate against an admin endpoint
Jul 18 16:40:25.913764 dv-cinder-846173-3-smb devstack@n-api.service[110382]: WARNING keystonemiddleware.auth_token [None req-6a4f4139-fd3d-4344-9714-50a042c1fc46 None None] AuthToken middleware is set with keystone_authtoken.service_token_roles_required set to False. This is backwards compatible but deprecated behaviour. Please set this to True.
Jul 18 16:40:25.921521 dv-cinder-846173-3-smb devstack@n-api.service[110382]: WARNING keystonemiddleware.auth_token [None req-6a4f4139-fd3d-4344-9714-50a042c1fc46 None None] Configuring www_authenticate_uri to point to the public identity endpoint is required; clients may not be able to authenticate against an admin endpoint
Jul 18 16:40:26.069099 dv-cinder-846173-3-smb devstack@n-api.service[110383]: WARNING keystonemiddleware.auth_token [None req-c5d16ec2-6813-4bad-932b-1ebc8264878d None None] AuthToken middleware is set with keystone_authtoken.service_token_roles_required set to False. This is backwards compatible but deprecated behaviour. Please set this to True.
Jul 18 16:40:26.075114 dv-cinder-846173-3-smb devstack@n-api.service[110383]: WARNING keystonemiddleware.auth_token [None req-c5d16ec2-6813-4bad-932b-1ebc8264878d None None] Configuring www_authenticate_uri to point to the public identity endpoint is required; clients may not be able to authenticate against an admin endpoint
Jul 18 16:40:26.080440 dv-cinder-846173-3-smb devstack@n-api.service[110383]: WSGI app 0 (mountpoint='') ready in 6 seconds on interpreter 0x55d272fdc9c0 pid: 110383 (default app)
Jul 18 16:40:26.083108 dv-cinder-846173-3-smb devstack@n-api.service[110383]: DEBUG nova.api.openstack.wsgi [None req-c5d16ec2-6813-4bad-932b-1ebc8264878d None None] Calling method '>' {{(pid=110383) _process_stack /opt/stack/nova/nova/api/openstack/wsgi.py:513}}
Jul 18 16:40:26.084320 dv-cinder-846173-3-smb devstack@n-api.service[110383]: INFO nova.api.openstack.requestlog [None req-c5d16ec2-6813-4bad-932b-1ebc8264878d None None] 10.222.0.81 "GET /compute/v2.1/" status: 200 len: 388 microversion: 2.1 time: 0.002343
Jul 18 16:40:26.084728 dv-cinder-846173-3-smb devstack@n-api.service[110383]: [pid: 110383|app: 0|req: 1/1] 10.222.0.81 () {50 vars in 788 bytes} [Mon Jul 18 16:40:26 2022] GET /compute/v2.1/ => generated 388 bytes in 4 msecs (HTTP/1.1 200) 9 headers in 357 bytes (1 switches on core 0)
Jul 18 16:40:26.264702 dv-cinder-846173-3-smb devstack@n-api.service[110382]: WARNING keystonemiddleware.auth_token [None req-6a4f4139-fd3d-4344-9714-50a042c1fc46 None None] AuthToken middleware is set with keystone_authtoken.service_token_roles_required set to False. This is backwards compatible but deprecated behaviour. Please set this to True.
Jul 18 16:40:26.271282 dv-cinder-846173-3-smb devstack@n-api.service[110382]: WARNING keystonemiddleware.auth_token [None req-6a4f4139-fd3d-4344-9714-50a042c1fc46 None None] Configuring www_authenticate_uri to point to the public identity endpoint is required; clients may not be able to authenticate against an admin endpoint
Jul 18 16:40:26.276633 dv-cinder-846173-3-smb devstack@n-api.service[110382]: WSGI app 0 (mountpoint='') ready in 6 seconds on interpreter 0x55d272fdc9c0 pid: 110382 (default app)
Jul 18 16:41:48.062276 dv-cinder-846173-3-smb devstack@n-api.service[110383]: DEBUG nova.api.openstack.wsgi [None req-c5d16ec2-6813-4bad-932b-1ebc8264878d None None] Calling method '>' {{(pid=110383) _process_stack /opt/stack/nova/nova/api/openstack/wsgi.py:513}}
Jul 18 16:41:48.064705 dv-cinder-846173-3-smb devstack@n-api.service[110383]: INFO nova.api.openstack.requestlog [None req-c5d16ec2-6813-4bad-932b-1ebc8264878d None None] 10.222.0.81 "GET /compute/v2.1" status: 200 len: 388 microversion: 2.1 time: 0.002919
Jul 18 16:41:48.066075 dv-cinder-846173-3-smb devstack@n-api.service[110383]: [pid: 110383|app: 0|req: 2/2] 10.222.0.81 () {54 vars in 930 bytes} [Mon Jul 18 16:41:48 2022] GET /compute/v2.1 => generated 388 bytes in 5 msecs (HTTP/1.1 200) 9 headers in 357 bytes (1 switches on core 0)
Jul 18 16:41:48.077868 dv-cinder-846173-3-smb devstack@n-api.service[110382]: DEBUG dbcounter [-] [110382] Writing DB stats nova_api:SELECT=3 {{(pid=110382) stat_writer /usr/local/lib/python3.8/dist-packages/dbcounter.py:114}}
Jul 18 16:41:48.079003 dv-cinder-846173-3-smb devstack@n-api.service[110382]: DEBUG dbcounter [-] [110382] Writing DB stats nova_cell0:SELECT=3 {{(pid=110382) stat_writer /usr/local/lib/python3.8/dist-packages/dbcounter.py:114}}
Jul 18 16:41:48.079866 dv-cinder-846173-3-smb devstack@n-api.service[110382]: DEBUG dbcounter [-] [110382] Writing DB stats nova_cell1:SELECT=3 {{(pid=110382) stat_writer /usr/local/lib/python3.8/dist-packages/dbcounter.py:114}}
Jul 18 16:41:48.080670 dv-cinder-846173-3-smb devstack@n-api.service[110382]: DEBUG dbcounter [-] [110382] Writing DB stats nova_cell0:SELECT=6,nova_cell0:INSERT=1 {{(pid=110382) stat_writer /usr/local/lib/python3.8/dist-packages/dbcounter.py:114}}
Jul 18 16:41:49.026999 dv-cinder-846173-3-smb devstack@n-api.service[110382]: DEBUG nova.api.openstack.wsgi [None req-e7876bcd-be3c-4ef0-a093-839a7c4f0b3c admin admin] Calling method '>' {{(pid=110382) _process_stack /opt/stack/nova/nova/api/openstack/wsgi.py:513}}
Jul 18 16:41:49.064367 dv-cinder-846173-3-smb devstack@n-api.service[110382]: INFO nova.api.openstack.requestlog [None req-e7876bcd-be3c-4ef0-a093-839a7c4f0b3c admin admin] 10.222.0.81 "GET /compute/v2.1/flavors/detail?is_public=True" status: 200 len: 15 microversion: 2.61 time: 0.991448
Jul 18 16:41:49.065940 dv-cinder-846173-3-smb devstack@n-api.service[110382]: [pid: 110382|app: 0|req: 1/3] 10.222.0.81 () {60 vars in 1291 bytes} [Mon Jul 18 16:41:48 2022] GET /compute/v2.1/flavors/detail?is_public=True => generated 15 bytes in 995 msecs (HTTP/1.1 200) 9 headers in 358 bytes (1 switches on core 0)
Jul 18 16:41:51.538017 dv-cinder-846173-3-smb devstack@n-api.service[110383]: DEBUG nova.api.openstack.wsgi [None req-c5d16ec2-6813-4bad-932b-1ebc8264878d None None] Calling method '>' {{(pid=110383) _process_stack /opt/stack/nova/nova/api/openstack/wsgi.py:513}}
Jul 18 16:41:51.539046 dv-cinder-846173-3-smb devstack@n-api.service[110383]: INFO nova.api.openstack.requestlog [None req-c5d16ec2-6813-4bad-932b-1ebc8264878d None None] 10.222.0.81 "GET /compute/v2.1" status: 200 len: 388 microversion: 2.1 time: 0.001452
Jul 18 16:41:51.542857 dv-cinder-846173-3-smb devstack@n-api.service[110383]: [pid: 110383|app: 0|req: 3/4] 10.222.0.81 () {54 vars in 930 bytes} [Mon Jul 18 16:41:51 2022] GET /compute/v2.1 => generated 388 bytes in 5 msecs (HTTP/1.1 200) 9 headers in 357 bytes (2 switches on core 0)
Jul 18 16:41:52.099450 dv-cinder-846173-3-smb devstack@n-api.service[110382]: DEBUG nova.api.openstack.wsgi [None req-04c42b3f-508b-480c-aa89-e19e795293ed admin admin] Action: 'create', calling method: >, body: {"flavor": {"OS-FLV-EXT-DATA:ephemeral": 0, "ram": 256, "id": "c1", "swap": 0, "vcpus": 1, "disk": 1, "name": "cirros256", "os-flavor-access:is_public": true, "rxtx_factor": 1.0}} {{(pid=110382) _process_stack /opt/stack/nova/nova/api/openstack/wsgi.py:511}}
Jul 18 16:41:52.135626 dv-cinder-846173-3-smb devstack@n-api.service[110382]: /usr/local/lib/python3.8/dist-packages/oslo_policy/policy.py:1129: UserWarning: Policy "os_compute_api:os-flavor-manage:create": "rule:context_is_admin" failed scope check. The token used to make the request was project scoped but the policy requires ['system'] scope. This behavior may change in the future where using the intended scope is required
Jul 18 16:41:52.135626 dv-cinder-846173-3-smb devstack@n-api.service[110382]: warnings.warn(msg)
Jul 18 16:41:52.244195 dv-cinder-846173-3-smb devstack@n-api.service[110382]: INFO nova.api.openstack.requestlog [None req-04c42b3f-508b-480c-aa89-e19e795293ed admin admin] 10.222.0.81 "POST /compute/v2.1/flavors" status: 200 len: 407 microversion: 2.61 time: 0.697595
Jul 18 16:41:52.245835 dv-cinder-846173-3-smb devstack@n-api.service[110382]: [pid: 110382|app: 0|req: 2/5] 10.222.0.81 () {64 vars in 1282 bytes} [Mon Jul 18 16:41:51 2022] POST /compute/v2.1/flavors => generated 407 bytes in 700 msecs (HTTP/1.1 200) 9 headers in 359 bytes (2 switches on core 0)
Jul 18 16:41:52.267286 dv-cinder-846173-3-smb devstack@n-api.service[110383]: DEBUG dbcounter [-] [110383] Writing DB stats nova_api:SELECT=3 {{(pid=110383) stat_writer /usr/local/lib/python3.8/dist-packages/dbcounter.py:114}}
Jul 18 16:41:52.271489 dv-cinder-846173-3-smb devstack@n-api.service[110383]: DEBUG dbcounter [-] [110383] Writing DB stats nova_cell0:SELECT=3 {{(pid=110383) stat_writer /usr/local/lib/python3.8/dist-packages/dbcounter.py:114}}
Jul 18 16:41:52.271489 dv-cinder-846173-3-smb devstack@n-api.service[110383]: DEBUG dbcounter [-] [110383] Writing DB stats nova_cell1:SELECT=3 {{(pid=110383) stat_writer /usr/local/lib/python3.8/dist-packages/dbcounter.py:114}}
Jul 18 16:41:52.274008 dv-cinder-846173-3-smb devstack@n-api.service[110383]: DEBUG dbcounter [-] [110383] Writing DB stats nova_cell0:SELECT=6,nova_cell0:INSERT=1 {{(pid=110383) stat_writer /usr/local/lib/python3.8/dist-packages/dbcounter.py:114}}
Jul 18 16:41:52.547868 dv-cinder-846173-3-smb devstack@n-api.service[110383]: DEBUG nova.api.openstack.wsgi [None req-0a315459-2e7e-405b-8125-afea8565d8b7 admin admin] Action: 'create', calling method: >, body: {"extra_specs": {"hw_rng:allowed": "True"}} {{(pid=110383) _process_stack /opt/stack/nova/nova/api/openstack/wsgi.py:511}}
Jul 18 16:41:52.550447 dv-cinder-846173-3-smb devstack@n-api.service[110383]: /usr/local/lib/python3.8/dist-packages/oslo_policy/policy.py:1129: UserWarning: Policy "os_compute_api:os-flavor-extra-specs:create": "rule:context_is_admin" failed scope check. The token used to make the request was project scoped but the policy requires ['system'] scope. This behavior may change in the future where using the intended scope is required
Jul 18 16:41:52.550447 dv-cinder-846173-3-smb devstack@n-api.service[110383]: warnings.warn(msg)
Jul 18 16:41:52.667943 dv-cinder-846173-3-smb devstack@n-api.service[110383]: INFO nova.api.openstack.requestlog [None req-0a315459-2e7e-405b-8125-afea8565d8b7 admin admin] 10.222.0.81 "POST /compute/v2.1/flavors/c1/os-extra_specs" status: 200 len: 43 microversion: 2.61 time: 0.412982
Jul 18 16:41:52.668499 dv-cinder-846173-3-smb devstack@n-api.service[110383]: [pid: 110383|app: 0|req: 4/6] 10.222.0.81 () {64 vars in 1335 bytes} [Mon Jul 18 16:41:52 2022] POST /compute/v2.1/flavors/c1/os-extra_specs => generated 43 bytes in 415 msecs (HTTP/1.1 200) 9 headers in 358 bytes (1 switches on core 0)
Jul 18 16:41:54.996121 dv-cinder-846173-3-smb devstack@n-api.service[110382]: DEBUG nova.api.openstack.wsgi [None req-04c42b3f-508b-480c-aa89-e19e795293ed admin admin] Calling method '>' {{(pid=110382) _process_stack /opt/stack/nova/nova/api/openstack/wsgi.py:513}}
Jul 18 16:41:54.997196 dv-cinder-846173-3-smb devstack@n-api.service[110382]: INFO nova.api.openstack.requestlog [None req-04c42b3f-508b-480c-aa89-e19e795293ed admin admin] 10.222.0.81 "GET /compute/v2.1" status: 200 len: 388 microversion: 2.1 time: 0.001754
Jul 18 16:41:54.998133 dv-cinder-846173-3-smb devstack@n-api.service[110382]: [pid: 110382|app: 0|req: 3/7] 10.222.0.81 () {54 vars in 930 bytes} [Mon Jul 18 16:41:54 2022] GET /compute/v2.1 => generated 388 bytes in 3 msecs (HTTP/1.1 200) 9 headers in 357 bytes (1 switches on core 0)
Jul 18 16:41:55.737955 dv-cinder-846173-3-smb devstack@n-api.service[110383]: DEBUG nova.api.openstack.wsgi [None req-e99f4658-f336-4f4c-88cd-624a48b2aff8 admin admin] Action: 'create', calling method: >, body: {"flavor": {"rxtx_factor": 1.0, "id": "d1", "OS-FLV-EXT-DATA:ephemeral": 0, "os-flavor-access:is_public": true, "vcpus": 1, "ram": 512, "name": "ds512M", "disk": 5, "swap": 0}} {{(pid=110383) _process_stack /opt/stack/nova/nova/api/openstack/wsgi.py:511}}
Jul 18 16:41:55.755703 dv-cinder-846173-3-smb devstack@n-api.service[110383]: /usr/local/lib/python3.8/dist-packages/oslo_policy/policy.py:1129: UserWarning: Policy "os_compute_api:os-flavor-manage:create": "rule:context_is_admin" failed scope check. The token used to make the request was project scoped but the policy requires ['system'] scope. This behavior may change in the future where using the intended scope is required
Jul 18 16:41:55.755703 dv-cinder-846173-3-smb devstack@n-api.service[110383]: warnings.warn(msg)
Jul 18 16:41:55.865226 dv-cinder-846173-3-smb devstack@n-api.service[110383]: INFO nova.api.openstack.requestlog [None req-e99f4658-f336-4f4c-88cd-624a48b2aff8 admin admin] 10.222.0.81 "POST /compute/v2.1/flavors" status: 200 len: 404 microversion: 2.61 time: 0.859671
Jul 18 16:41:55.866025 dv-cinder-846173-3-smb devstack@n-api.service[110383]: [pid: 110383|app: 0|req: 5/8] 10.222.0.81 () {64 vars in 1282 bytes} [Mon Jul 18 16:41:55 2022] POST /compute/v2.1/flavors => generated 404 bytes in 861 msecs (HTTP/1.1 200) 9 headers in 359 bytes (1 switches on core 0)
Jul 18 16:41:55.877841 dv-cinder-846173-3-smb devstack@n-api.service[110382]: DEBUG nova.api.openstack.wsgi [None req-e4c5369f-52ff-4876-ba37-b42575e33145 admin admin] Action: 'create', calling method: >, body: {"extra_specs": {"hw_rng:allowed": "True"}} {{(pid=110382) _process_stack /opt/stack/nova/nova/api/openstack/wsgi.py:511}}
Jul 18 16:41:55.879706 dv-cinder-846173-3-smb devstack@n-api.service[110382]: /usr/local/lib/python3.8/dist-packages/oslo_policy/policy.py:1129: UserWarning: Policy "os_compute_api:os-flavor-extra-specs:create": "rule:context_is_admin" failed scope check. The token used to make the request was project scoped but the policy requires ['system'] scope. This behavior may change in the future where using the intended scope is required
Jul 18 16:41:55.879706 dv-cinder-846173-3-smb devstack@n-api.service[110382]: warnings.warn(msg)
Jul 18 16:41:56.011162 dv-cinder-846173-3-smb devstack@n-api.service[110382]: INFO nova.api.openstack.requestlog [None req-e4c5369f-52ff-4876-ba37-b42575e33145 admin admin] 10.222.0.81 "POST /compute/v2.1/flavors/d1/os-extra_specs" status: 200 len: 43 microversion: 2.61 time: 0.137153
Jul 18 16:41:56.023986 dv-cinder-846173-3-smb devstack@n-api.service[110382]: [pid: 110382|app: 0|req: 4/9] 10.222.0.81 () {64 vars in 1335 bytes} [Mon Jul 18 16:41:55 2022] POST /compute/v2.1/flavors/d1/os-extra_specs => generated 43 bytes in 139 msecs (HTTP/1.1 200) 9 headers in 358 bytes (1 switches on core 0)
Jul 18 16:41:58.231404 dv-cinder-846173-3-smb devstack@n-api.service[110383]: DEBUG nova.api.openstack.wsgi [None req-e99f4658-f336-4f4c-88cd-624a48b2aff8 admin admin] Calling method '>' {{(pid=110383) _process_stack /opt/stack/nova/nova/api/openstack/wsgi.py:513}}
Jul 18 16:41:58.232612 dv-cinder-846173-3-smb devstack@n-api.service[110383]: INFO nova.api.openstack.requestlog [None req-e99f4658-f336-4f4c-88cd-624a48b2aff8 admin admin] 10.222.0.81 "GET /compute/v2.1" status: 200 len: 388 microversion: 2.1 time: 0.001677
Jul 18 16:41:58.233187 dv-cinder-846173-3-smb devstack@n-api.service[110383]: [pid: 110383|app: 0|req: 6/10] 10.222.0.81 () {54 vars in 930 bytes} [Mon Jul 18 16:41:58 2022] GET /compute/v2.1 => generated 388 bytes in 3 msecs (HTTP/1.1 200) 9 headers in 357 bytes (1 switches on core 0)
Jul 18 16:41:58.656454 dv-cinder-846173-3-smb devstack@n-api.service[110382]: DEBUG nova.api.openstack.wsgi [None req-913eac78-3f35-450d-8f93-1f78fbc4e0c3 admin admin] Action: 'create', calling method: >, body: {"flavor": {"swap": 0, "OS-FLV-EXT-DATA:ephemeral": 0, "rxtx_factor": 1.0, "ram": 1024, "name": "ds1G", "vcpus": 1, "os-flavor-access:is_public": true, "disk": 10, "id": "d2"}} {{(pid=110382) _process_stack /opt/stack/nova/nova/api/openstack/wsgi.py:511}}
Jul 18 16:41:58.733067 dv-cinder-846173-3-smb devstack@n-api.service[110382]: INFO nova.api.openstack.requestlog [None req-913eac78-3f35-450d-8f93-1f78fbc4e0c3 admin admin] 10.222.0.81 "POST /compute/v2.1/flavors" status: 200 len: 404 microversion: 2.61 time: 0.493305
Jul 18 16:41:58.733602 dv-cinder-846173-3-smb devstack@n-api.service[110382]: [pid: 110382|app: 0|req: 5/11] 10.222.0.81 () {64 vars in 1282 bytes} [Mon Jul 18 16:41:58 2022] POST /compute/v2.1/flavors => generated 404 bytes in 494 msecs (HTTP/1.1 200) 9 headers in 359 bytes (2 switches on core 0)
Jul 18 16:41:58.745406 dv-cinder-846173-3-smb devstack@n-api.service[110383]: DEBUG nova.api.openstack.wsgi [None req-3e681196-96a3-42d9-be6b-0bbc995bedf3 admin admin] Action: 'create', calling method: >, body: {"extra_specs": {"hw_rng:allowed": "True"}} {{(pid=110383) _process_stack /opt/stack/nova/nova/api/openstack/wsgi.py:511}}
Jul 18 16:41:58.822725 dv-cinder-846173-3-smb devstack@n-api.service[110383]: INFO nova.api.openstack.requestlog [None req-3e681196-96a3-42d9-be6b-0bbc995bedf3 admin admin] 10.222.0.81 "POST /compute/v2.1/flavors/d2/os-extra_specs" status: 200 len: 43 microversion: 2.61 time: 0.080985
Jul 18 16:41:58.823375 dv-cinder-846173-3-smb devstack@n-api.service[110383]: [pid: 110383|app: 0|req: 7/12] 10.222.0.81 () {64 vars in 1335 bytes} [Mon Jul 18 16:41:58 2022] POST /compute/v2.1/flavors/d2/os-extra_specs => generated 43 bytes in 82 msecs (HTTP/1.1 200) 9 headers in 358 bytes (1 switches on core 0)
Jul 18 16:42:01.091554 dv-cinder-846173-3-smb devstack@n-api.service[110382]: DEBUG nova.api.openstack.wsgi [None req-913eac78-3f35-450d-8f93-1f78fbc4e0c3 admin admin] Calling method '>' {{(pid=110382) _process_stack /opt/stack/nova/nova/api/openstack/wsgi.py:513}}
Jul 18 16:42:01.092629 dv-cinder-846173-3-smb devstack@n-api.service[110382]: INFO nova.api.openstack.requestlog [None req-913eac78-3f35-450d-8f93-1f78fbc4e0c3 admin admin] 10.222.0.81 "GET /compute/v2.1" status: 200 len: 388 microversion: 2.1 time: 0.001927
Jul 18 16:42:01.093060 dv-cinder-846173-3-smb devstack@n-api.service[110382]: [pid: 110382|app: 0|req: 6/13] 10.222.0.81 () {54 vars in 930 bytes} [Mon Jul 18 16:42:01 2022] GET /compute/v2.1 => generated 388 bytes in 3 msecs (HTTP/1.1 200) 9 headers in 357 bytes (1 switches on core 0)
Jul 18 16:42:01.680290 dv-cinder-846173-3-smb devstack@n-api.service[110383]: DEBUG nova.api.openstack.wsgi [None req-b917b5cf-7877-45c4-9f48-07b9d0b2d176 admin admin] Action: 'create', calling method: >, body: {"flavor": {"rxtx_factor": 1.0, "disk": 10, "swap": 0, "os-flavor-access:is_public": true, "ram": 2048, "name": "ds2G", "vcpus": 2, "id": "d3", "OS-FLV-EXT-DATA:ephemeral": 0}} {{(pid=110383) _process_stack /opt/stack/nova/nova/api/openstack/wsgi.py:511}}
Jul 18 16:42:01.761591 dv-cinder-846173-3-smb devstack@n-api.service[110383]: INFO nova.api.openstack.requestlog [None req-b917b5cf-7877-45c4-9f48-07b9d0b2d176 admin admin] 10.222.0.81 "POST /compute/v2.1/flavors" status: 200 len: 404 microversion: 2.61 time: 0.661523
Jul 18 16:42:01.762455 dv-cinder-846173-3-smb devstack@n-api.service[110383]: [pid: 110383|app: 0|req: 8/14] 10.222.0.81 () {64 vars in 1282 bytes} [Mon Jul 18 16:42:01 2022] POST /compute/v2.1/flavors => generated 404 bytes in 663 msecs (HTTP/1.1 200) 9 headers in 359 bytes (2 switches on core 0)
Jul 18 16:42:01.775509 dv-cinder-846173-3-smb devstack@n-api.service[110382]: DEBUG nova.api.openstack.wsgi [None req-f00e0f23-ce01-46f2-b9de-a658dacb1b61 admin admin] Action: 'create', calling method: >, body: {"extra_specs": {"hw_rng:allowed": "True"}} {{(pid=110382) _process_stack /opt/stack/nova/nova/api/openstack/wsgi.py:511}}
Jul 18 16:42:01.880882 dv-cinder-846173-3-smb devstack@n-api.service[110382]: INFO nova.api.openstack.requestlog [None req-f00e0f23-ce01-46f2-b9de-a658dacb1b61 admin admin] 10.222.0.81 "POST /compute/v2.1/flavors/d3/os-extra_specs" status: 200 len: 43 microversion: 2.61 time: 0.109511
Jul 18 16:42:01.881558 dv-cinder-846173-3-smb devstack@n-api.service[110382]: [pid: 110382|app: 0|req: 7/15] 10.222.0.81 () {64 vars in 1335 bytes} [Mon Jul 18 16:42:01 2022] POST /compute/v2.1/flavors/d3/os-extra_specs => generated 43 bytes in 111 msecs (HTTP/1.1 200) 9 headers in 358 bytes (2 switches on core 0)
Jul 18 16:42:04.120805 dv-cinder-846173-3-smb devstack@n-api.service[110383]: DEBUG nova.api.openstack.wsgi [None req-b917b5cf-7877-45c4-9f48-07b9d0b2d176 admin admin] Calling method '>' {{(pid=110383) _process_stack /opt/stack/nova/nova/api/openstack/wsgi.py:513}}
Jul 18 16:42:04.121892 dv-cinder-846173-3-smb devstack@n-api.service[110383]: INFO nova.api.openstack.requestlog [None req-b917b5cf-7877-45c4-9f48-07b9d0b2d176 admin admin] 10.222.0.81 "GET /compute/v2.1" status: 200 len: 388 microversion: 2.1 time: 0.001521
Jul 18 16:42:04.122479 dv-cinder-846173-3-smb devstack@n-api.service[110383]: [pid: 110383|app: 0|req: 9/16] 10.222.0.81 () {54 vars in 930 bytes} [Mon Jul 18 16:42:04 2022] GET /compute/v2.1 => generated 388 bytes in 2 msecs (HTTP/1.1 200) 9 headers in 357 bytes (1 switches on core 0)
Jul 18 16:42:04.587769 dv-cinder-846173-3-smb devstack@n-api.service[110382]: DEBUG nova.api.openstack.wsgi [None req-77f9d330-dbc4-4910-bb10-2a6d7da7b8ed admin admin] Action: 'create', calling method: >, body: {"flavor": {"os-flavor-access:is_public": true, "ram": 4096, "name": "ds4G", "id": "d4", "disk": 20, "rxtx_factor": 1.0, "swap": 0, "vcpus": 4, "OS-FLV-EXT-DATA:ephemeral": 0}} {{(pid=110382) _process_stack /opt/stack/nova/nova/api/openstack/wsgi.py:511}}
Jul 18 16:42:04.676726 dv-cinder-846173-3-smb devstack@n-api.service[110382]: INFO nova.api.openstack.requestlog [None req-77f9d330-dbc4-4910-bb10-2a6d7da7b8ed admin admin] 10.222.0.81 "POST /compute/v2.1/flavors" status: 200 len: 404 microversion: 2.61 time: 0.547432
Jul 18 16:42:04.677535 dv-cinder-846173-3-smb devstack@n-api.service[110382]: [pid: 110382|app: 0|req: 8/17] 10.222.0.81 () {64 vars in 1282 bytes} [Mon Jul 18 16:42:04 2022] POST /compute/v2.1/flavors => generated 404 bytes in 549 msecs (HTTP/1.1 200) 9 headers in 359 bytes (2 switches on core 0)
Jul 18 16:42:04.690258 dv-cinder-846173-3-smb devstack@n-api.service[110383]: DEBUG nova.api.openstack.wsgi [None req-342658e2-ca2a-491c-9e5b-62b74c080c4d admin admin] Action: 'create', calling method: >, body: {"extra_specs": {"hw_rng:allowed": "True"}} {{(pid=110383) _process_stack /opt/stack/nova/nova/api/openstack/wsgi.py:511}}
Jul 18 16:42:04.801413 dv-cinder-846173-3-smb devstack@n-api.service[110383]: INFO nova.api.openstack.requestlog [None req-342658e2-ca2a-491c-9e5b-62b74c080c4d admin admin] 10.222.0.81 "POST /compute/v2.1/flavors/d4/os-extra_specs" status: 200 len: 43 microversion: 2.61 time: 0.115383
Jul 18 16:42:04.802304 dv-cinder-846173-3-smb devstack@n-api.service[110383]: [pid: 110383|app: 0|req: 10/18] 10.222.0.81 () {64 vars in 1335 bytes} [Mon Jul 18 16:42:04 2022] POST /compute/v2.1/flavors/d4/os-extra_specs => generated 43 bytes in 117 msecs (HTTP/1.1 200) 9 headers in 358 bytes (1 switches on core 0)
Jul 18 16:42:07.216843 dv-cinder-846173-3-smb devstack@n-api.service[110382]: DEBUG nova.api.openstack.wsgi [None req-77f9d330-dbc4-4910-bb10-2a6d7da7b8ed admin admin] Calling method '>' {{(pid=110382) _process_stack /opt/stack/nova/nova/api/openstack/wsgi.py:513}}
Jul 18 16:42:07.217781 dv-cinder-846173-3-smb devstack@n-api.service[110382]: INFO nova.api.openstack.requestlog [None req-77f9d330-dbc4-4910-bb10-2a6d7da7b8ed admin admin] 10.222.0.81 "GET /compute/v2.1" status: 200 len: 388 microversion: 2.1 time: 0.001538
Jul 18 16:42:07.218722 dv-cinder-846173-3-smb devstack@n-api.service[110382]: [pid: 110382|app: 0|req: 9/19] 10.222.0.81 () {54 vars in 930 bytes} [Mon Jul 18 16:42:07 2022] GET /compute/v2.1 => generated 388 bytes in 3 msecs (HTTP/1.1 200) 9 headers in 357 bytes (2 switches on core 0)
Jul 18 16:42:07.669028 dv-cinder-846173-3-smb devstack@n-api.service[110383]: DEBUG nova.api.openstack.wsgi [None req-67989d8e-3b89-4638-ae94-323c6ff9f14a admin admin] Calling method '>' {{(pid=110383) _process_stack /opt/stack/nova/nova/api/openstack/wsgi.py:513}}
Jul 18 16:42:07.700139 dv-cinder-846173-3-smb devstack@n-api.service[110383]: INFO nova.api.openstack.requestlog [None req-67989d8e-3b89-4638-ae94-323c6ff9f14a admin admin] 10.222.0.81 "GET /compute/v2.1/flavors/detail?is_public=True" status: 200 len: 2106 microversion: 2.61 time: 0.474697
