Jun 23 22:36:11.550674 dv-cinder-846173-2-iscsi neutron-server[104138]: DEBUG neutron_lib.callbacks.manager [None req-4b668352-94a2-458a-90ce-e66d7312f680 admin admin] Publish callbacks [] for security_group (b93b73e9-7df3-4037-b151-da1f9e142a44), precommit_delete {{(pid=104138) _notify_loop /usr/local/lib/python3.8/dist-packages/neutron_lib/callbacks/manager.py:176}}
Jun 23 22:36:11.621341 dv-cinder-846173-2-iscsi neutron-server[104138]: DEBUG neutron.wsgi [-] (104138) accepted ('10.222.0.43', 58552) {{(pid=104138) server /usr/local/lib/python3.8/dist-packages/eventlet/wsgi.py:1004}}
Jun 23 22:36:11.629089 dv-cinder-846173-2-iscsi neutron-server[104139]: DEBUG dbcounter [-] [104139] Writing DB stats neutron:SELECT=97,neutron:INSERT=2,neutron:UPDATE=1 {{(pid=104139) stat_writer /usr/local/lib/python3.8/dist-packages/dbcounter.py:114}}
Jun 23 22:36:11.654706 dv-cinder-846173-2-iscsi neutron-server[104138]: DEBUG neutron_lib.callbacks.manager [None req-5762c09b-c43c-4ee1-989f-1f9c3bb6c6e1 tempest-AttachVolumeNegativeTest-184787456 tempest-AttachVolumeNegativeTest-184787456-project] Publish callbacks ['neutron.plugins.ml2.plugin.SecurityGroupServerNotifierRpcMixin._notify_sg_on_port_change-928408', 'neutron.plugins.ml2.ovo_rpc._ObjectChangeHandler.handle_event-484540', 'neutron.api.rpc.agentnotifiers.dhcp_rpc_agent_api.DhcpAgentNotifyAPI._native_event_send_dhcp_notification-7888626', 'neutron.db.l3_dvrscheduler_db._notify_l3_agent_new_port-8743240445588'] for port (cddf1522-9e69-41b1-ab57-78ce828fe18a), after_create {{(pid=104138) _notify_loop /usr/local/lib/python3.8/dist-packages/neutron_lib/callbacks/manager.py:176}}
Jun 23 22:36:11.681463 dv-cinder-846173-2-iscsi neutron-server[104139]: DEBUG neutron.scheduler.dhcp_agent_scheduler [None req-05448890-a4a8-4bbc-bd17-a43c721574a9 admin admin] Network bcb228fc-05ce-4620-ab8e-125664fd2aaa is already hosted by enough agents. {{(pid=104139) _get_dhcp_agents_hosting_network /opt/stack/neutron/neutron/scheduler/dhcp_agent_scheduler.py:275}}
Jun 23 22:36:11.683399 dv-cinder-846173-2-iscsi neutron-server[104139]: DEBUG neutron.scheduler.base_scheduler [None req-05448890-a4a8-4bbc-bd17-a43c721574a9 admin admin] Resources bound (agent type, host, resource id): {{(pid=104139) schedule /opt/stack/neutron/neutron/scheduler/base_scheduler.py:57}}
Jun 23 22:36:11.707363 dv-cinder-846173-2-iscsi neutron-server[104140]: DEBUG neutron.plugins.ml2.plugin [None req-70386091-5333-4796-b9c5-cc49e865edb3 None None] Current status of the port 2bf677c7-5e7f-43df-83c4-d1b6f5ec07aa is: ACTIVE; New status is: ACTIVE {{(pid=104140) _update_individual_port_db_status /opt/stack/neutron/neutron/plugins/ml2/plugin.py:2292}}
Jun 23 22:36:11.710413 dv-cinder-846173-2-iscsi neutron-server[104140]: DEBUG neutron.plugins.ml2.rpc [None req-70386091-5333-4796-b9c5-cc49e865edb3 None None] Device a4171cce-59b3-4bb4-917f-a542c127b1f0 up at agent ovs-agent-dv-cinder-846173-2-iscsi {{(pid=104140) update_device_up /opt/stack/neutron/neutron/plugins/ml2/rpc.py:296}}
Jun 23 22:36:11.753998 dv-cinder-846173-2-iscsi neutron-server[104138]: INFO neutron.wsgi [req-e5c1c1a1-bce8-4192-bc73-d35b7dde80df req-5b04373b-e406-482f-9875-ba7732a0494c tempest-AttachVolumeTestJSON-545622694 tempest-AttachVolumeTestJSON-545622694-project] 10.222.0.43 "GET /v2.0/ports?tenant_id=c751cc6b8ac64f3fb7adc9bc71575bd2&fields=id HTTP/1.1" status: 200 len: 302 time: 0.2210610
Jun 23 22:36:11.796458 dv-cinder-846173-2-iscsi neutron-server[104138]: DEBUG neutron.scheduler.dhcp_agent_scheduler [None req-5762c09b-c43c-4ee1-989f-1f9c3bb6c6e1 tempest-AttachVolumeNegativeTest-184787456 tempest-AttachVolumeNegativeTest-184787456-project] Network 6e26287c-7a8e-421e-96a7-49a5147437a7 is already hosted by enough agents. {{(pid=104138) _get_dhcp_agents_hosting_network /opt/stack/neutron/neutron/scheduler/dhcp_agent_scheduler.py:275}}
Jun 23 22:36:11.830253 dv-cinder-846173-2-iscsi neutron-server[104140]: DEBUG neutron.db.provisioning_blocks [None req-70386091-5333-4796-b9c5-cc49e865edb3 None None] Provisioning complete for port a4171cce-59b3-4bb4-917f-a542c127b1f0 triggered by entity L2. {{(pid=104140) provisioning_complete /opt/stack/neutron/neutron/db/provisioning_blocks.py:145}}
Jun 23 22:36:11.832150 dv-cinder-846173-2-iscsi neutron-server[104140]: DEBUG neutron_lib.callbacks.manager [None req-70386091-5333-4796-b9c5-cc49e865edb3 None None] Publish callbacks ['neutron.plugins.ml2.plugin.Ml2Plugin._port_provisioned-628185'] for port (a4171cce-59b3-4bb4-917f-a542c127b1f0), provisioning_complete {{(pid=104140) _notify_loop /usr/local/lib/python3.8/dist-packages/neutron_lib/callbacks/manager.py:176}}
Jun 23 22:36:11.851233 dv-cinder-846173-2-iscsi neutron-server[104138]: DEBUG neutron.scheduler.base_scheduler [None req-5762c09b-c43c-4ee1-989f-1f9c3bb6c6e1 tempest-AttachVolumeNegativeTest-184787456 tempest-AttachVolumeNegativeTest-184787456-project] Resources bound (agent type, host, resource id): {{(pid=104138) schedule /opt/stack/neutron/neutron/scheduler/base_scheduler.py:57}}
Jun 23 22:36:11.855564 dv-cinder-846173-2-iscsi neutron-server[104138]: DEBUG neutron.api.rpc.handlers.resources_rpc [None req-5762c09b-c43c-4ee1-989f-1f9c3bb6c6e1 tempest-AttachVolumeNegativeTest-184787456 tempest-AttachVolumeNegativeTest-184787456-project] Pushing event updated for resources: {'Port': ['ID=cddf1522-9e69-41b1-ab57-78ce828fe18a,revision_number=1']} {{(pid=104138) push /opt/stack/neutron/neutron/api/rpc/handlers/resources_rpc.py:237}}
Jun 23 22:36:11.857910 dv-cinder-846173-2-iscsi neutron-server[104138]: DEBUG neutron.db.l3_dvrscheduler_db [None req-5762c09b-c43c-4ee1-989f-1f9c3bb6c6e1 tempest-AttachVolumeNegativeTest-184787456 tempest-AttachVolumeNegativeTest-184787456-project] Received port after_create {{(pid=104138) _notify_l3_agent_new_port /opt/stack/neutron/neutron/db/l3_dvrscheduler_db.py:542}}
Jun 23 22:36:11.885180 dv-cinder-846173-2-iscsi neutron-server[104140]: DEBUG neutron.db.l3_hamode_db [None req-b1bafa34-0355-47eb-9a1d-caa538c0d349 None None] neutron.services.l3_router.l3_router_plugin.L3RouterPlugin method _process_sync_ha_data called with arguments (, [{'id': '5217187c-ce4f-443e-8221-d529a6a20cd9', 'name': 'tempest-ServerRescueNegativeTestJSON-2024391372-router', 'tenant_id': '192d1c8d15ce462dbf10fc3b519ab253', 'admin_state_up': True, 'status': 'ACTIVE', 'external_gateway_info': {'network_id': '6e26287c-7a8e-421e-96a7-49a5147437a7', 'external_fixed_ips': [{'subnet_id': 'cc405269-fc2f-4873-a981-362f599c4440', 'ip_address': '172.27.2.21'}], 'enable_snat': True}, 'gw_port_id': '677ea63d-ca09-440a-865e-1ede8dc536ff', 'description': '', 'availability_zones': ['nova'], 'distributed': False, 'ha': False, 'ha_vr_id': 0, 'availability_zone_hints': [], 'routes': [], 'flavor_id': None, 'tags': [], 'created_at': '2022-06-23T22:35:51Z', 'updated_at': '2022-06-23T22:36:07Z', 'revision_number': 4, 'project_id': '192d1c8d15ce462dbf10fc3b519ab253', 'gw_port': {'id': '677ea63d-ca09-440a-865e-1ede8dc536ff', 'name': '', 'network_id': '6e26287c-7a8e-421e-96a7-49a5147437a7', 'tenant_id': '', 'mac_address': 'fa:16:3e:cb:a7:1b', 'admin_state_up': True, 'status': 'DOWN', 'device_id': '5217187c-ce4f-443e-8221-d529a6a20cd9', 'device_owner': 'network:router_gateway', 'standard_attr_id': 64, 'fixed_ips': [{'subnet_id': 'cc405269-fc2f-4873-a981-362f599c4440', 'ip_address': '172.27.2.21', 'prefixlen': 24}], 'allowed_address_pairs': [], 'extra_dhcp_opts': [], 'security_groups': [], 'description': '', 'binding:vnic_type': 'normal', 'binding:profile': {}, 'binding:host_id': 'dv-cinder-846173-2-iscsi', 'binding:vif_type': 'ovs', 'binding:vif_details': {'connectivity': 'l2', 'port_filter': True, 'ovs_hybrid_plug': False, 'datapath_type': 'system', 'bridge_name': 'br-int', 'bound_drivers': {'0': 'openvswitch'}}, 'port_security_enabled': False, 'tags': [], 'created_at': '2022-06-23T22:35:53Z', 'updated_at': '2022-06-23T22:36:01Z', 'revision_number': 3, 'project_id': '', 'subnets': [{'id': 'cc405269-fc2f-4873-a981-362f599c4440', 'cidr': '172.27.2.0/24', 'gateway_ip': '172.27.2.1', 'dns_nameservers': [], 'ipv6_ra_mode': None, 'subnetpool_id': None}], 'extra_subnets': [], 'address_scopes': {4: None, 6: None}, 'mtu': 1500}, 'enable_snat': True, 'gw_port_host': 'dv-cinder-846173-2-iscsi', '_interfaces': [{'id': '24bfcff9-8254-4246-8ff5-e0b2651fdcc1', 'name': '', 'network_id': '37491e26-b7d3-4482-a2c4-21c5caef5449', 'tenant_id': '192d1c8d15ce462dbf10fc3b519ab253', 'mac_address': 'fa:16:3e:eb:92:ca', 'admin_state_up': True, 'status': 'DOWN', 'device_id': '5217187c-ce4f-443e-8221-d529a6a20cd9', 'device_owner': 'network:router_interface', 'standard_attr_id': 102, 'fixed_ips': [{'subnet_id': 'be0ee753-550b-4b20-9c49-ed1963544021', 'ip_address': '172.20.0.1', 'prefixlen': 28}], 'allowed_address_pairs': [], 'extra_dhcp_opts': [], 'security_groups': [], 'description': '', 'binding:vnic_type': 'normal', 'binding:profile': {}, 'binding:host_id': '', 'binding:vif_type': 'unbound', 'binding:vif_details': {}, 'port_security_enabled': False, 'tags': [], 'created_at': '2022-06-23T22:36:02Z', 'updated_at': '2022-06-23T22:36:07Z', 'revision_number': 2, 'project_id': '192d1c8d15ce462dbf10fc3b519ab253', 'subnets': [{'id': 'be0ee753-550b-4b20-9c49-ed1963544021', 'cidr': '172.20.0.0/28', 'gateway_ip': '172.20.0.1', 'dns_nameservers': [], 'ipv6_ra_mode': None, 'subnetpool_id': None}], 'extra_subnets': [], 'address_scopes': {4: None, 6: None}, 'mtu': 1500}]}], 'dv-cinder-846173-2-iscsi', False) {} {{(pid=104140) wrapper /usr/local/lib/python3.8/dist-packages/oslo_log/helpers.py:65}}
Jun 23 22:36:11.901304 dv-cinder-846173-2-iscsi neutron-server[104139]: DEBUG neutron.scheduler.l3_agent_scheduler [None req-05448890-a4a8-4bbc-bd17-a43c721574a9 admin admin] Router a82d5a40-1915-4825-ae19-a6d581ed0c5b has already been hosted by L3 agent 1796ae9b-242a-4b39-9644-69851d1b1a26 {{(pid=104139) _get_candidates /opt/stack/neutron/neutron/scheduler/l3_agent_scheduler.py:126}}
Jun 23 22:36:11.920456 dv-cinder-846173-2-iscsi neutron-server[104138]: DEBUG neutron.pecan_wsgi.hooks.policy_enforcement [req-c1bbcbe6-a3a0-44e4-a433-65478c68e927 req-56a3121a-2bc1-49f2-a5ac-501777cb9825 tempest-ServerRescueNegativeTestJSON-675175554 tempest-ServerRescueNegativeTestJSON-675175554-project] Attributes excluded by policy engine: ['standard_attr_id', 'vlan_transparent', 'provider:network_type', 'provider:physical_network', 'provider:segmentation_id'] {{(pid=104138) _exclude_attributes_by_policy /opt/stack/neutron/neutron/pecan_wsgi/hooks/policy_enforcement.py:259}}
Jun 23 22:36:11.922914 dv-cinder-846173-2-iscsi neutron-server[104138]: INFO neutron.wsgi [req-c1bbcbe6-a3a0-44e4-a433-65478c68e927 req-56a3121a-2bc1-49f2-a5ac-501777cb9825 tempest-ServerRescueNegativeTestJSON-675175554 tempest-ServerRescueNegativeTestJSON-675175554-project] 10.222.0.43 "GET /v2.0/networks?id=37491e26-b7d3-4482-a2c4-21c5caef5449 HTTP/1.1" status: 200 len: 819 time: 0.3002388
Jun 23 22:36:11.948652 dv-cinder-846173-2-iscsi neutron-server[104140]: DEBUG neutron.api.rpc.handlers.l3_rpc [None req-b1bafa34-0355-47eb-9a1d-caa538c0d349 None None] Checking router: 5217187c-ce4f-443e-8221-d529a6a20cd9 for host: dv-cinder-846173-2-iscsi {{(pid=104140) _ensure_host_set_on_ports /opt/stack/neutron/neutron/api/rpc/handlers/l3_rpc.py:155}}
Jun 23 22:36:11.949188 dv-cinder-846173-2-iscsi neutron-server[104140]: DEBUG neutron.api.rpc.handlers.l3_rpc [None req-b1bafa34-0355-47eb-9a1d-caa538c0d349 None None] Updating router 5217187c-ce4f-443e-8221-d529a6a20cd9 port 24bfcff9-8254-4246-8ff5-e0b2651fdcc1 binding host dv-cinder-846173-2-iscsi {{(pid=104140) _ensure_host_set_on_port /opt/stack/neutron/neutron/api/rpc/handlers/l3_rpc.py:205}}
Jun 23 22:36:11.974637 dv-cinder-846173-2-iscsi neutron-server[104138]: DEBUG neutron_lib.callbacks.manager [None req-4b668352-94a2-458a-90ce-e66d7312f680 admin admin] Publish callbacks ['neutron.plugins.ml2.ovo_rpc._ObjectChangeHandler.handle_event-7912405'] for security_group (b93b73e9-7df3-4037-b151-da1f9e142a44), after_delete {{(pid=104138) _notify_loop /usr/local/lib/python3.8/dist-packages/neutron_lib/callbacks/manager.py:176}}
Jun 23 22:36:11.977289 dv-cinder-846173-2-iscsi neutron-server[104138]: DEBUG neutron_lib.callbacks.manager [None req-4b668352-94a2-458a-90ce-e66d7312f680 admin admin] Publish callbacks [] for security_group (None), before_response {{(pid=104138) _notify_loop /usr/local/lib/python3.8/dist-packages/neutron_lib/callbacks/manager.py:176}}
Jun 23 22:36:11.978913 dv-cinder-846173-2-iscsi neutron-server[104138]: INFO neutron.wsgi [None req-4b668352-94a2-458a-90ce-e66d7312f680 admin admin] 10.222.0.43 "DELETE /v2.0/security-groups/b93b73e9-7df3-4037-b151-da1f9e142a44 HTTP/1.1" status: 204 len: 168 time: 0.7385700
Jun 23 22:36:12.040860 dv-cinder-846173-2-iscsi neutron-server[104138]: INFO neutron.wsgi [req-c1bbcbe6-a3a0-44e4-a433-65478c68e927 req-2687cc95-3b88-4634-b061-bc437c6b5f15 tempest-ServerRescueNegativeTestJSON-675175554 tempest-ServerRescueNegativeTestJSON-675175554-project] 10.222.0.43 "GET /v2.0/quotas/192d1c8d15ce462dbf10fc3b519ab253 HTTP/1.1" status: 200 len: 375 time: 0.1113167
Jun 23 22:36:12.041893 dv-cinder-846173-2-iscsi neutron-server[104140]: DEBUG neutron_lib.callbacks.manager [None req-b1bafa34-0355-47eb-9a1d-caa538c0d349 None None] Publish callbacks ['neutron.plugins.ml2.plugin.SecurityGroupDbMixin._ensure_default_security_group_handler-928473'] for port (24bfcff9-8254-4246-8ff5-e0b2651fdcc1), before_update {{(pid=104140) _notify_loop /usr/local/lib/python3.8/dist-packages/neutron_lib/callbacks/manager.py:176}}
Jun 23 22:36:12.080796 dv-cinder-846173-2-iscsi neutron-server[104138]: DEBUG neutron.api.rpc.handlers.resources_rpc [None req-4b668352-94a2-458a-90ce-e66d7312f680 admin admin] Pushing event deleted for resources: {'SecurityGroup': ['ID=b93b73e9-7df3-4037-b151-da1f9e142a44,revision_number=None']} {{(pid=104138) push /opt/stack/neutron/neutron/api/rpc/handlers/resources_rpc.py:237}}
Jun 23 22:36:12.111659 dv-cinder-846173-2-iscsi neutron-server[104139]: DEBUG neutron.api.rpc.agentnotifiers.l3_rpc_agent_api [None req-05448890-a4a8-4bbc-bd17-a43c721574a9 admin admin] Notify agent at l3_agent.dv-cinder-846173-2-iscsi the message routers_updated {{(pid=104139) _agent_notification /opt/stack/neutron/neutron/api/rpc/agentnotifiers/l3_rpc_agent_api.py:65}}
Jun 23 22:36:12.134855 dv-cinder-846173-2-iscsi neutron-server[104139]: INFO neutron.wsgi [None req-05448890-a4a8-4bbc-bd17-a43c721574a9 admin admin] 10.222.0.43 "PUT /v2.0/routers/a82d5a40-1915-4825-ae19-a6d581ed0c5b/add_router_interface HTTP/1.1" status: 200 len: 503 time: 6.0180171
Jun 23 22:36:12.159161 dv-cinder-846173-2-iscsi neutron-server[104138]: DEBUG neutron.wsgi [req-e5c1c1a1-bce8-4192-bc73-d35b7dde80df req-0f574df5-243a-4210-93f2-2e01500e7bf6 service neutron] http://10.222.0.43:9696/v2.0/extensions returned with HTTP 200 {{(pid=104138) __call__ /opt/stack/neutron/neutron/wsgi.py:730}}
Jun 23 22:36:12.167135 dv-cinder-846173-2-iscsi neutron-server[104138]: INFO neutron.wsgi [req-e5c1c1a1-bce8-4192-bc73-d35b7dde80df req-0f574df5-243a-4210-93f2-2e01500e7bf6 service neutron] 10.222.0.43 "GET /v2.0/extensions HTTP/1.1" status: 200 len: 14320 time: 0.1373465
Jun 23 22:36:12.181619 dv-cinder-846173-2-iscsi neutron-server[104138]: DEBUG neutron_lib.callbacks.manager [None req-5762c09b-c43c-4ee1-989f-1f9c3bb6c6e1 tempest-AttachVolumeNegativeTest-184787456 tempest-AttachVolumeNegativeTest-184787456-project] Publish callbacks [] for floatingip (4b55f4a1-3eb0-422d-8e01-529b275505e5), precommit_create {{(pid=104138) _notify_loop /usr/local/lib/python3.8/dist-packages/neutron_lib/callbacks/manager.py:176}}
Jun 23 22:36:12.211233 dv-cinder-846173-2-iscsi neutron-server[104140]: DEBUG neutron.db.provisioning_blocks [None req-b550e7b4-f780-4387-a4fd-235f7fe63988 None None] Provisioning complete for port b89e7753-1022-4544-bfa5-6c08b1f7b65a triggered by entity DHCP. {{(pid=104140) provisioning_complete /opt/stack/neutron/neutron/db/provisioning_blocks.py:145}}
Jun 23 22:36:12.211646 dv-cinder-846173-2-iscsi neutron-server[104140]: DEBUG neutron_lib.callbacks.manager [None req-b550e7b4-f780-4387-a4fd-235f7fe63988 None None] Publish callbacks ['neutron.plugins.ml2.plugin.Ml2Plugin._port_provisioned-628185'] for port (b89e7753-1022-4544-bfa5-6c08b1f7b65a), provisioning_complete {{(pid=104140) _notify_loop /usr/local/lib/python3.8/dist-packages/neutron_lib/callbacks/manager.py:176}}
Jun 23 22:36:12.220193 dv-cinder-846173-2-iscsi neutron-server[104140]: DEBUG dbcounter [-] [104140] Writing DB stats neutron:SELECT=100 {{(pid=104140) stat_writer /usr/local/lib/python3.8/dist-packages/dbcounter.py:114}}
Jun 23 22:36:12.221265 dv-cinder-846173-2-iscsi neutron-server[104138]: INFO neutron.wsgi [req-c1bbcbe6-a3a0-44e4-a433-65478c68e927 req-0688f5cb-80d6-40e7-9f38-b0dee7c5745d tempest-ServerRescueNegativeTestJSON-675175554 tempest-ServerRescueNegativeTestJSON-675175554-project] 10.222.0.43 "GET /v2.0/ports?tenant_id=192d1c8d15ce462dbf10fc3b519ab253&fields=id HTTP/1.1" status: 200 len: 302 time: 0.1580386
Jun 23 22:36:12.316883 dv-cinder-846173-2-iscsi neutron-server[104138]: DEBUG neutron_lib.callbacks.manager [None req-5762c09b-c43c-4ee1-989f-1f9c3bb6c6e1 tempest-AttachVolumeNegativeTest-184787456 tempest-AttachVolumeNegativeTest-184787456-project] Publish callbacks ['neutron.plugins.ml2.plugin.SecurityGroupDbMixin._ensure_default_security_group_handler-928473'] for port (cddf1522-9e69-41b1-ab57-78ce828fe18a), before_update {{(pid=104138) _notify_loop /usr/local/lib/python3.8/dist-packages/neutron_lib/callbacks/manager.py:176}}
Jun 23 22:36:12.329562 dv-cinder-846173-2-iscsi neutron-server[104140]: DEBUG neutron.plugins.ml2.plugin [None req-70386091-5333-4796-b9c5-cc49e865edb3 None None] Current status of the port a4171cce-59b3-4bb4-917f-a542c127b1f0 is: ACTIVE; New status is: ACTIVE {{(pid=104140) _update_individual_port_db_status /opt/stack/neutron/neutron/plugins/ml2/plugin.py:2292}}
Jun 23 22:36:12.362178 dv-cinder-846173-2-iscsi neutron-server[104140]: DEBUG neutron.plugins.ml2.plugin [None req-b550e7b4-f780-4387-a4fd-235f7fe63988 None None] Port b89e7753-1022-4544-bfa5-6c08b1f7b65a cannot update to ACTIVE because it is not bound. {{(pid=104140) _port_provisioned /opt/stack/neutron/neutron/plugins/ml2/plugin.py:348}}
Jun 23 22:36:12.377728 dv-cinder-846173-2-iscsi neutron-server[104138]: INFO neutron.wsgi [req-e5c1c1a1-bce8-4192-bc73-d35b7dde80df req-30852480-1824-46c4-ba5d-a428087554f6 service neutron] 10.222.0.43 "GET /v2.0/networks/69c6d8a0-202c-42d8-bb93-5c3836a8475f?fields=segments HTTP/1.1" status: 200 len: 212 time: 0.2096784
Jun 23 22:36:12.531727 dv-cinder-846173-2-iscsi neutron-server[104138]: DEBUG dbcounter [-] [104138] Writing DB stats neutron:SELECT=99,neutron:UPDATE=1 {{(pid=104138) stat_writer /usr/local/lib/python3.8/dist-packages/dbcounter.py:114}}
Jun 23 22:36:12.676280 dv-cinder-846173-2-iscsi neutron-server[104138]: INFO neutron.wsgi [req-e5c1c1a1-bce8-4192-bc73-d35b7dde80df req-08719d06-895f-4a33-b8e7-20b0825676f5 service neutron] 10.222.0.43 "GET /v2.0/networks/69c6d8a0-202c-42d8-bb93-5c3836a8475f?fields=provider%3Aphysical_network&fields=provider%3Anetwork_type HTTP/1.1" status: 200 len: 281 time: 0.2960069
Jun 23 22:36:12.695790 dv-cinder-846173-2-iscsi neutron-server[104140]: DEBUG neutron_lib.callbacks.manager [None req-b1bafa34-0355-47eb-9a1d-caa538c0d349 None None] Publish callbacks [] for port (24bfcff9-8254-4246-8ff5-e0b2651fdcc1), precommit_update {{(pid=104140) _notify_loop /usr/local/lib/python3.8/dist-packages/neutron_lib/callbacks/manager.py:176}}
Jun 23 22:36:12.705965 dv-cinder-846173-2-iscsi neutron-server[104140]: DEBUG neutron_lib.callbacks.manager [None req-b1bafa34-0355-47eb-9a1d-caa538c0d349 None None] Publish callbacks ['neutron.plugins.ml2.plugin.SecurityGroupServerNotifierRpcMixin._notify_sg_on_port_change-928408', 'neutron.plugins.ml2.ovo_rpc._ObjectChangeHandler.handle_event-484540', 'neutron.api.rpc.agentnotifiers.dhcp_rpc_agent_api.DhcpAgentNotifyAPI._native_event_send_dhcp_notification-7888626', 'neutron.db.l3_db.L3RpcNotifierMixin._notify_gateway_port_ip_changed-8743240932446', 'neutron.db.l3_dvrscheduler_db._notify_l3_agent_port_update-8743240445606', 'neutron.db.l3_hascheduler_db._notify_l3_agent_ha_port_update-8743240445624'] for port (24bfcff9-8254-4246-8ff5-e0b2651fdcc1), after_update {{(pid=104140) _notify_loop /usr/local/lib/python3.8/dist-packages/neutron_lib/callbacks/manager.py:176}}
Jun 23 22:36:12.724939 dv-cinder-846173-2-iscsi neutron-server[104138]: DEBUG dbcounter [-] [104138] Writing DB stats neutron:SELECT=93,neutron:DELETE=4,neutron:INSERT=2,neutron:UPDATE=1 {{(pid=104138) stat_writer /usr/local/lib/python3.8/dist-packages/dbcounter.py:114}}
Jun 23 22:36:12.776693 dv-cinder-846173-2-iscsi neutron-server[104138]: DEBUG neutron_lib.callbacks.manager [None req-5762c09b-c43c-4ee1-989f-1f9c3bb6c6e1 tempest-AttachVolumeNegativeTest-184787456 tempest-AttachVolumeNegativeTest-184787456-project] Publish callbacks [] for port (cddf1522-9e69-41b1-ab57-78ce828fe18a), precommit_update {{(pid=104138) _notify_loop /usr/local/lib/python3.8/dist-packages/neutron_lib/callbacks/manager.py:176}}
Jun 23 22:36:12.781370 dv-cinder-846173-2-iscsi neutron-server[104138]: DEBUG neutron_lib.callbacks.manager [None req-5762c09b-c43c-4ee1-989f-1f9c3bb6c6e1 tempest-AttachVolumeNegativeTest-184787456 tempest-AttachVolumeNegativeTest-184787456-project] Publish callbacks ['neutron.plugins.ml2.plugin.SecurityGroupServerNotifierRpcMixin._notify_sg_on_port_change-928408', 'neutron.plugins.ml2.ovo_rpc._ObjectChangeHandler.handle_event-484540', 'neutron.api.rpc.agentnotifiers.dhcp_rpc_agent_api.DhcpAgentNotifyAPI._native_event_send_dhcp_notification-7888626', 'neutron.db.l3_db.L3RpcNotifierMixin._notify_gateway_port_ip_changed-8743240932446', 'neutron.db.l3_dvrscheduler_db._notify_l3_agent_port_update-8743240445606', 'neutron.db.l3_hascheduler_db._notify_l3_agent_ha_port_update-8743240445624'] for port (cddf1522-9e69-41b1-ab57-78ce828fe18a), after_update {{(pid=104138) _notify_loop /usr/local/lib/python3.8/dist-packages/neutron_lib/callbacks/manager.py:176}}
Jun 23 22:36:12.806490 dv-cinder-846173-2-iscsi neutron-server[104140]: DEBUG neutron.plugins.ml2.rpc [None req-70386091-5333-4796-b9c5-cc49e865edb3 None None] Device d7f643a5-baac-49d5-b114-301072e350df up at agent ovs-agent-dv-cinder-846173-2-iscsi {{(pid=104140) update_device_up /opt/stack/neutron/neutron/plugins/ml2/rpc.py:296}}
Jun 23 22:36:12.853889 dv-cinder-846173-2-iscsi neutron-server[104141]: DEBUG neutron.api.rpc.handlers.l3_rpc [None req-4f7e34d5-71d1-497c-b442-841f7ca6cefc None None] Sync routers for ids ['a82d5a40-1915-4825-ae19-a6d581ed0c5b'] in dv-cinder-846173-2-iscsi {{(pid=104141) sync_routers /opt/stack/neutron/neutron/api/rpc/handlers/l3_rpc.py:125}}
Jun 23 22:36:12.856207 dv-cinder-846173-2-iscsi neutron-server[104138]: DEBUG neutron_lib.callbacks.manager [None req-5762c09b-c43c-4ee1-989f-1f9c3bb6c6e1 tempest-AttachVolumeNegativeTest-184787456 tempest-AttachVolumeNegativeTest-184787456-project] Publish callbacks ['neutron.services.l3_router.l3_router_plugin.DVRResourceOperationHandler._create_dvr_floating_gw_port-7896095'] for floatingip (4b55f4a1-3eb0-422d-8e01-529b275505e5), after_create {{(pid=104138) _notify_loop /usr/local/lib/python3.8/dist-packages/neutron_lib/callbacks/manager.py:176}}
Jun 23 22:36:12.876233 dv-cinder-846173-2-iscsi neutron-server[104138]: DEBUG neutron.api.rpc.handlers.resources_rpc [None req-5762c09b-c43c-4ee1-989f-1f9c3bb6c6e1 tempest-AttachVolumeNegativeTest-184787456 tempest-AttachVolumeNegativeTest-184787456-project] Pushing event updated for resources: {'Port': ['ID=cddf1522-9e69-41b1-ab57-78ce828fe18a,revision_number=2']} {{(pid=104138) push /opt/stack/neutron/neutron/api/rpc/handlers/resources_rpc.py:237}}
Jun 23 22:36:12.891732 dv-cinder-846173-2-iscsi neutron-server[104138]: DEBUG neutron_lib.callbacks.manager [None req-5762c09b-c43c-4ee1-989f-1f9c3bb6c6e1 tempest-AttachVolumeNegativeTest-184787456 tempest-AttachVolumeNegativeTest-184787456-project] Publish callbacks ['neutron.notifiers.nova.Notifier._send_nova_notification-496994'] for floatingip (None), before_response {{(pid=104138) _notify_loop /usr/local/lib/python3.8/dist-packages/neutron_lib/callbacks/manager.py:176}}
Jun 23 22:36:12.893175 dv-cinder-846173-2-iscsi neutron-server[104138]: INFO neutron.wsgi [None req-5762c09b-c43c-4ee1-989f-1f9c3bb6c6e1 tempest-AttachVolumeNegativeTest-184787456 tempest-AttachVolumeNegativeTest-184787456-project] 10.222.0.43 "POST /v2.0/floatingips HTTP/1.1" status: 201 len: 692 time: 3.8557220
Jun 23 22:36:12.914469 dv-cinder-846173-2-iscsi neutron-server[104139]: DEBUG neutron.wsgi [-] (104139) accepted ('10.222.0.43', 58590) {{(pid=104139) server /usr/local/lib/python3.8/dist-packages/eventlet/wsgi.py:1004}}
Jun 23 22:36:12.932047 dv-cinder-846173-2-iscsi neutron-server[104140]: DEBUG dbcounter [-] [104140] Writing DB stats neutron:SELECT=97,neutron:UPDATE=3 {{(pid=104140) stat_writer /usr/local/lib/python3.8/dist-packages/dbcounter.py:114}}
Jun 23 22:36:12.937615 dv-cinder-846173-2-iscsi neutron-server[104141]: DEBUG neutron.db.l3_dvrscheduler_db [None req-4f7e34d5-71d1-497c-b442-841f7ca6cefc None None] Routers {'a82d5a40-1915-4825-ae19-a6d581ed0c5b'} bound to L3 agent in host dv-cinder-846173-2-iscsi {{(pid=104141) _get_router_ids_for_agent /opt/stack/neutron/neutron/db/l3_dvrscheduler_db.py:426}}
Jun 23 22:36:12.940772 dv-cinder-846173-2-iscsi neutron-server[104141]: DEBUG neutron.db.l3_hamode_db [None req-4f7e34d5-71d1-497c-b442-841f7ca6cefc None None] neutron.services.l3_router.l3_router_plugin.L3RouterPlugin method get_ha_sync_data_for_host called with arguments (, 'dv-cinder-846173-2-iscsi', Agent(admin_state_up=True,agent_type='L3 agent',availability_zone='nova',binary='neutron-l3-agent',configurations={"agent_mode": "legacy", "ex_gw_ports": 1, "extensions": [], "floating_ips": 0, "handle_internal_only_routers": true, "interface_driver": "openvswitch", "interfaces": 1, "log_agent_heartbeats": false, "routers": 1},created_at=2022-06-23T22:27:54Z,description=,heartbeat_timestamp=2022-06-23T22:35:55Z,host='dv-cinder-846173-2-iscsi',id=1796ae9b-242a-4b39-9644-69851d1b1a26,load=0,resource_versions=,resources_synced=,started_at=2022-06-23T22:27:54Z,topic='l3_agent')) {'router_ids': ['a82d5a40-1915-4825-ae19-a6d581ed0c5b'], 'active': True} {{(pid=104141) wrapper /usr/local/lib/python3.8/dist-packages/oslo_log/helpers.py:65}}
Jun 23 22:36:12.977786 dv-cinder-846173-2-iscsi neutron-server[104139]: DEBUG neutron_lib.callbacks.manager [None req-9d564cc2-14aa-4fce-a40d-32f04cc66c11 admin admin] Publish callbacks [] for security_group (None), before_create {{(pid=104139) _notify_loop /usr/local/lib/python3.8/dist-packages/neutron_lib/callbacks/manager.py:176}}
Jun 23 22:36:13.004605 dv-cinder-846173-2-iscsi neutron-server[104140]: DEBUG neutron.api.rpc.handlers.resources_rpc [None req-cdad99b4-1da4-4490-ac20-898d11e536c5 None None] Pushing event updated for resources: {'Port': ['ID=24bfcff9-8254-4246-8ff5-e0b2651fdcc1,revision_number=3']} {{(pid=104140) push /opt/stack/neutron/neutron/api/rpc/handlers/resources_rpc.py:237}}
Jun 23 22:36:13.067483 dv-cinder-846173-2-iscsi neutron-server[104140]: DEBUG neutron.db.provisioning_blocks [None req-70386091-5333-4796-b9c5-cc49e865edb3 None None] Provisioning complete for port d7f643a5-baac-49d5-b114-301072e350df triggered by entity L2. {{(pid=104140) provisioning_complete /opt/stack/neutron/neutron/db/provisioning_blocks.py:145}}
Jun 23 22:36:13.067879 dv-cinder-846173-2-iscsi neutron-server[104140]: DEBUG neutron_lib.callbacks.manager [None req-70386091-5333-4796-b9c5-cc49e865edb3 None None] Publish callbacks ['neutron.plugins.ml2.plugin.Ml2Plugin._port_provisioned-628185'] for port (d7f643a5-baac-49d5-b114-301072e350df), provisioning_complete {{(pid=104140) _notify_loop /usr/local/lib/python3.8/dist-packages/neutron_lib/callbacks/manager.py:176}}
Jun 23 22:36:13.115988 dv-cinder-846173-2-iscsi neutron-server[104140]: DEBUG neutron.plugins.ml2.managers [None req-b1bafa34-0355-47eb-9a1d-caa538c0d349 None None] Attempting to bind port 24bfcff9-8254-4246-8ff5-e0b2651fdcc1 on host dv-cinder-846173-2-iscsi for vnic_type normal with profile {{(pid=104140) bind_port /opt/stack/neutron/neutron/plugins/ml2/managers.py:811}}
Jun 23 22:36:13.116358 dv-cinder-846173-2-iscsi neutron-server[104140]: DEBUG neutron.plugins.ml2.managers [None req-b1bafa34-0355-47eb-9a1d-caa538c0d349 None None] Attempting to bind port 24bfcff9-8254-4246-8ff5-e0b2651fdcc1 by drivers openvswitch,hyperv on host dv-cinder-846173-2-iscsi at level 0 using segments [{'id': '9d27f790-f5c6-4cee-af5a-587078f2093b', 'network_type': 'vlan', 'physical_network': 'physnet1', 'segmentation_id': 696, 'network_id': '37491e26-b7d3-4482-a2c4-21c5caef5449'}] {{(pid=104140) _bind_port_level /opt/stack/neutron/neutron/plugins/ml2/managers.py:836}}
Jun 23 22:36:13.116726 dv-cinder-846173-2-iscsi neutron-server[104140]: DEBUG neutron.plugins.ml2.drivers.mech_agent [None req-b1bafa34-0355-47eb-9a1d-caa538c0d349 None None] Attempting to bind port 24bfcff9-8254-4246-8ff5-e0b2651fdcc1 on network 37491e26-b7d3-4482-a2c4-21c5caef5449 {{(pid=104140) bind_port /opt/stack/neutron/neutron/plugins/ml2/drivers/mech_agent.py:91}}
Jun 23 22:36:13.129254 dv-cinder-846173-2-iscsi neutron-server[104140]: DEBUG neutron.plugins.ml2.drivers.mech_agent [None req-b1bafa34-0355-47eb-9a1d-caa538c0d349 None None] Checking agent: {'id': '722187a0-d141-4128-a247-9431a5ead53e', 'agent_type': 'Open vSwitch agent', 'binary': 'neutron-openvswitch-agent', 'topic': 'N/A', 'host': 'dv-cinder-846173-2-iscsi', 'admin_state_up': True, 'created_at': datetime.datetime(2022, 6, 23, 22, 27, 57), 'started_at': datetime.datetime(2022, 6, 23, 22, 28, 27), 'heartbeat_timestamp': datetime.datetime(2022, 6, 23, 22, 35, 57), 'description': None, 'resources_synced': None, 'availability_zone': None, 'alive': True, 'configurations': {'arp_responder_enabled': False, 'baremetal_smartnic': False, 'bridge_mappings': {'physnet1': 'br-data'}, 'datapath_type': 'system', 'devices': 0, 'enable_distributed_routing': False, 'extensions': [], 'in_distributed_mode': False, 'integration_bridge': 'br-int', 'l2_population': False, 'log_agent_heartbeats': False, 'ovs_capabilities': {'datapath_types': ['netdev', 'system'], 'iface_types': ['erspan', 'geneve', 'gre', 'internal', 'ip6erspan', 'ip6gre', 'lisp', 'patch', 'stt', 'system', 'tap', 'vxlan']}, 'ovs_hybrid_plug': False, 'resource_provider_bandwidths': {}, 'resource_provider_hypervisors': {'br-data': 'dv-cinder-846173-2-iscsi'}, 'resource_provider_inventory_defaults': {'allocation_ratio': 1.0, 'min_unit': 1, 'step_size': 1, 'reserved': 0}, 'resource_provider_packet_processing_inventory_defaults': {'allocation_ratio': 1.0, 'min_unit': 1, 'step_size': 1, 'reserved': 0}, 'resource_provider_packet_processing_with_direction': {}, 'resource_provider_packet_processing_without_direction': {}, 'tunnel_types': [], 'tunneling_ip': None, 'vhostuser_socket_dir': '/var/run/openvswitch'}, 'resource_versions': {'AddressGroup': '1.2', 'Agent': '1.1', 'ConntrackHelper': '1.0', 'LocalIPAssociation': '1.0', 'Log': '1.0', 'NDPProxy': '1.0', 'Network': '1.1', 'Port': '1.7', 'PortForwarding': '1.3', 'QosPolicy': '1.10', 'SecurityGroup': '1.5', 'SecurityGroupRule': '1.2', 'SubPort': '1.0', 'Subnet': '1.1', 'Trunk': '1.1'}} {{(pid=104140) bind_port /opt/stack/neutron/neutron/plugins/ml2/drivers/mech_agent.py:110}}
Jun 23 22:36:13.129623 dv-cinder-846173-2-iscsi neutron-server[104140]: DEBUG neutron.plugins.ml2.drivers.mech_agent [None req-b1bafa34-0355-47eb-9a1d-caa538c0d349 None None] Checking segment: {'id': '9d27f790-f5c6-4cee-af5a-587078f2093b', 'network_type': 'vlan', 'physical_network': 'physnet1', 'segmentation_id': 696, 'network_id': '37491e26-b7d3-4482-a2c4-21c5caef5449'} for mappings: {'physnet1': 'br-data'} with network types: ['local', 'flat', 'vlan'] {{(pid=104140) check_segment_for_agent /opt/stack/neutron/neutron/plugins/ml2/drivers/mech_agent.py:373}}
Jun 23 22:36:13.130020 dv-cinder-846173-2-iscsi neutron-server[104140]: DEBUG neutron_lib.callbacks.manager [None req-b1bafa34-0355-47eb-9a1d-caa538c0d349 None None] Publish callbacks [] for ovs_bridge_name (None), before_read {{(pid=104140) _notify_loop /usr/local/lib/python3.8/dist-packages/neutron_lib/callbacks/manager.py:176}}
Jun 23 22:36:13.130410 dv-cinder-846173-2-iscsi neutron-server[104140]: DEBUG neutron.plugins.ml2.drivers.mech_agent [None req-b1bafa34-0355-47eb-9a1d-caa538c0d349 None None] Bound using segment: {'id': '9d27f790-f5c6-4cee-af5a-587078f2093b', 'network_type': 'vlan', 'physical_network': 'physnet1', 'segmentation_id': 696, 'network_id': '37491e26-b7d3-4482-a2c4-21c5caef5449'} {{(pid=104140) bind_port /opt/stack/neutron/neutron/plugins/ml2/drivers/mech_agent.py:120}}
Jun 23 22:36:13.131230 dv-cinder-846173-2-iscsi neutron-server[104140]: DEBUG neutron.plugins.ml2.managers [None req-b1bafa34-0355-47eb-9a1d-caa538c0d349 None None] Bound port: 24bfcff9-8254-4246-8ff5-e0b2651fdcc1, host: dv-cinder-846173-2-iscsi, vif_type: ovs, vif_details: {"connectivity": "l2", "port_filter": true, "ovs_hybrid_plug": false, "datapath_type": "system", "bridge_name": "br-int"}, binding_levels: [{'bound_driver': 'openvswitch', 'bound_segment': {'id': '9d27f790-f5c6-4cee-af5a-587078f2093b', 'network_type': 'vlan', 'physical_network': 'physnet1', 'segmentation_id': 696, 'network_id': '37491e26-b7d3-4482-a2c4-21c5caef5449'}}] {{(pid=104140) _bind_port_level /opt/stack/neutron/neutron/plugins/ml2/managers.py:948}}
Jun 23 22:36:13.131362 dv-cinder-846173-2-iscsi neutron-server[104140]: DEBUG neutron_lib.callbacks.manager [None req-b1bafa34-0355-47eb-9a1d-caa538c0d349 None None] Publish callbacks ['neutron.plugins.ml2.plugin.SecurityGroupDbMixin._ensure_default_security_group_handler-928473'] for port (24bfcff9-8254-4246-8ff5-e0b2651fdcc1), before_update {{(pid=104140) _notify_loop /usr/local/lib/python3.8/dist-packages/neutron_lib/callbacks/manager.py:176}}
Jun 23 22:36:13.275335 dv-cinder-846173-2-iscsi neutron-server[104140]: DEBUG neutron.plugins.ml2.plugin [None req-70386091-5333-4796-b9c5-cc49e865edb3 None None] Current status of the port d7f643a5-baac-49d5-b114-301072e350df is: DOWN; New status is: ACTIVE {{(pid=104140) _update_individual_port_db_status /opt/stack/neutron/neutron/plugins/ml2/plugin.py:2292}}
Jun 23 22:36:13.279545 dv-cinder-846173-2-iscsi neutron-server[104140]: DEBUG neutron_lib.callbacks.manager [None req-70386091-5333-4796-b9c5-cc49e865edb3 None None] Publish callbacks ['neutron.plugins.ml2.plugin.SecurityGroupDbMixin._ensure_default_security_group_handler-928473'] for port (d7f643a5-baac-49d5-b114-301072e350df), before_update {{(pid=104140) _notify_loop /usr/local/lib/python3.8/dist-packages/neutron_lib/callbacks/manager.py:176}}
Jun 23 22:36:13.281631 dv-cinder-846173-2-iscsi neutron-server[104139]: DEBUG neutron_lib.callbacks.manager [None req-9d564cc2-14aa-4fce-a40d-32f04cc66c11 admin admin] Publish callbacks [] for security_group (3129d85a-fe24-440d-b3f2-9864d9f0097f), precommit_create {{(pid=104139) _notify_loop /usr/local/lib/python3.8/dist-packages/neutron_lib/callbacks/manager.py:176}}
Jun 23 22:36:13.286564 dv-cinder-846173-2-iscsi neutron-server[104139]: DEBUG neutron_lib.callbacks.manager [None req-9d564cc2-14aa-4fce-a40d-32f04cc66c11 admin admin] Publish callbacks ['neutron.plugins.ml2.ovo_rpc._ObjectChangeHandler.handle_event-7912405'] for security_group (3129d85a-fe24-440d-b3f2-9864d9f0097f), after_create {{(pid=104139) _notify_loop /usr/local/lib/python3.8/dist-packages/neutron_lib/callbacks/manager.py:176}}
Jun 23 22:36:13.286766 dv-cinder-846173-2-iscsi neutron-server[104140]: DEBUG neutron.plugins.ml2.db [None req-b1bafa34-0355-47eb-9a1d-caa538c0d349 None None] For port 24bfcff9-8254-4246-8ff5-e0b2651fdcc1, host dv-cinder-846173-2-iscsi, cleared binding levels {{(pid=104140) clear_binding_levels /opt/stack/neutron/neutron/plugins/ml2/db.py:87}}
Jun 23 22:36:13.292252 dv-cinder-846173-2-iscsi neutron-server[104140]: DEBUG neutron.plugins.ml2.db [None req-b1bafa34-0355-47eb-9a1d-caa538c0d349 None None] For port 24bfcff9-8254-4246-8ff5-e0b2651fdcc1, host dv-cinder-846173-2-iscsi, set binding levels [PortBindingLevel(driver='openvswitch',host='dv-cinder-846173-2-iscsi',level=0,port_id=24bfcff9-8254-4246-8ff5-e0b2651fdcc1,segment=NetworkSegment(9d27f790-f5c6-4cee-af5a-587078f2093b),segment_id=9d27f790-f5c6-4cee-af5a-587078f2093b)] {{(pid=104140) set_binding_levels /opt/stack/neutron/neutron/plugins/ml2/db.py:59}}
Jun 23 22:36:13.331332 dv-cinder-846173-2-iscsi neutron-server[104141]: DEBUG neutron.db.l3_dvr_db [None req-4f7e34d5-71d1-497c-b442-841f7ca6cefc None None] Set router a82d5a40-1915-4825-ae19-a6d581ed0c5b gateway port host: dv-cinder-846173-2-iscsi {{(pid=104141) _build_routers_list /opt/stack/neutron/neutron/db/l3_dvr_db.py:907}}
Jun 23 22:36:13.334570 dv-cinder-846173-2-iscsi neutron-server[104140]: DEBUG neutron_lib.callbacks.manager [None req-b1bafa34-0355-47eb-9a1d-caa538c0d349 None None] Publish callbacks ['neutron.plugins.ml2.plugin.SecurityGroupServerNotifierRpcMixin._notify_sg_on_port_change-928408', 'neutron.plugins.ml2.ovo_rpc._ObjectChangeHandler.handle_event-484540', 'neutron.api.rpc.agentnotifiers.dhcp_rpc_agent_api.DhcpAgentNotifyAPI._native_event_send_dhcp_notification-7888626', 'neutron.db.l3_db.L3RpcNotifierMixin._notify_gateway_port_ip_changed-8743240932446', 'neutron.db.l3_dvrscheduler_db._notify_l3_agent_port_update-8743240445606', 'neutron.db.l3_hascheduler_db._notify_l3_agent_ha_port_update-8743240445624'] for port (24bfcff9-8254-4246-8ff5-e0b2651fdcc1), after_update {{(pid=104140) _notify_loop /usr/local/lib/python3.8/dist-packages/neutron_lib/callbacks/manager.py:176}}
Jun 23 22:36:13.372876 dv-cinder-846173-2-iscsi neutron-server[104138]: DEBUG neutron.wsgi [req-c1bbcbe6-a3a0-44e4-a433-65478c68e927 req-2bab0d17-b3bb-4f37-a6fa-5146e1a874f3 service neutron] http://10.222.0.43:9696/v2.0/extensions returned with HTTP 200 {{(pid=104138) __call__ /opt/stack/neutron/neutron/wsgi.py:730}}
Jun 23 22:36:13.373006 dv-cinder-846173-2-iscsi neutron-server[104140]: DEBUG neutron.plugins.ml2.db [None req-70386091-5333-4796-b9c5-cc49e865edb3 None None] For port d7f643a5-baac-49d5-b114-301072e350df, host dv-cinder-846173-2-iscsi, got binding levels [PortBindingLevel(driver='openvswitch',host='dv-cinder-846173-2-iscsi',level=0,port_id=d7f643a5-baac-49d5-b114-301072e350df,segment=NetworkSegment(23c53f9c-d667-4e0f-a4a2-09cd48a36ce7),segment_id=23c53f9c-d667-4e0f-a4a2-09cd48a36ce7)] {{(pid=104140) get_binding_level_objs /opt/stack/neutron/neutron/plugins/ml2/db.py:74}}
Jun 23 22:36:13.383246 dv-cinder-846173-2-iscsi neutron-server[104139]: INFO neutron.wsgi [None req-9d564cc2-14aa-4fce-a40d-32f04cc66c11 admin admin] 10.222.0.43 "GET /v2.0/security-groups?tenant_id=707bb2b7fe514daaa9cbf57443e8d58d&name=default HTTP/1.1" status: 200 len: 2996 time: 0.4641945
Jun 23 22:36:13.383610 dv-cinder-846173-2-iscsi neutron-server[104138]: INFO neutron.wsgi [req-c1bbcbe6-a3a0-44e4-a433-65478c68e927 req-2bab0d17-b3bb-4f37-a6fa-5146e1a874f3 service neutron] 10.222.0.43 "GET /v2.0/extensions HTTP/1.1" status: 200 len: 14320 time: 0.8082535
Jun 23 22:36:13.385750 dv-cinder-846173-2-iscsi neutron-server[104139]: DEBUG neutron.wsgi [-] (104139) accepted ('10.222.0.43', 58620) {{(pid=104139) server /usr/local/lib/python3.8/dist-packages/eventlet/wsgi.py:1004}}
Jun 23 22:36:13.400160 dv-cinder-846173-2-iscsi neutron-server[104140]: DEBUG neutron_lib.callbacks.manager [None req-70386091-5333-4796-b9c5-cc49e865edb3 None None] Publish callbacks ['neutron.plugins.ml2.plugin.SecurityGroupServerNotifierRpcMixin._notify_sg_on_port_change-928408', 'neutron.plugins.ml2.ovo_rpc._ObjectChangeHandler.handle_event-484540', 'neutron.api.rpc.agentnotifiers.dhcp_rpc_agent_api.DhcpAgentNotifyAPI._native_event_send_dhcp_notification-7888626', 'neutron.db.l3_db.L3RpcNotifierMixin._notify_gateway_port_ip_changed-8743240932446', 'neutron.db.l3_dvrscheduler_db._notify_l3_agent_port_update-8743240445606', 'neutron.db.l3_hascheduler_db._notify_l3_agent_ha_port_update-8743240445624'] for port (d7f643a5-baac-49d5-b114-301072e350df), after_update {{(pid=104140) _notify_loop /usr/local/lib/python3.8/dist-packages/neutron_lib/callbacks/manager.py:176}}
Jun 23 22:36:13.401518 dv-cinder-846173-2-iscsi neutron-server[104140]: DEBUG neutron.plugins.ml2.rpc [None req-70386091-5333-4796-b9c5-cc49e865edb3 None None] Device 68e2ee12-ee8f-4621-8b6f-7b4a6210685b up at agent ovs-agent-dv-cinder-846173-2-iscsi {{(pid=104140) update_device_up /opt/stack/neutron/neutron/plugins/ml2/rpc.py:296}}
Jun 23 22:36:13.402604 dv-cinder-846173-2-iscsi neutron-server[104139]: DEBUG neutron.api.rpc.handlers.resources_rpc [None req-9d564cc2-14aa-4fce-a40d-32f04cc66c11 admin admin] Pushing event updated for resources: {'SecurityGroup': ['ID=3129d85a-fe24-440d-b3f2-9864d9f0097f,revision_number=1']} {{(pid=104139) push /opt/stack/neutron/neutron/api/rpc/handlers/resources_rpc.py:237}}
Jun 23 22:36:13.515536 dv-cinder-846173-2-iscsi neutron-server[104139]: DEBUG neutron_lib.callbacks.manager [None req-ba31dfea-f25a-4d9a-af6b-a0df95202d22 admin admin] Publish callbacks [] for security_group (3129d85a-fe24-440d-b3f2-9864d9f0097f), before_delete {{(pid=104139) _notify_loop /usr/local/lib/python3.8/dist-packages/neutron_lib/callbacks/manager.py:176}}
Jun 23 22:36:13.572621 dv-cinder-846173-2-iscsi neutron-server[104140]: DEBUG neutron.db.l3_dvrscheduler_db [None req-b1bafa34-0355-47eb-9a1d-caa538c0d349 None None] Routers {'5217187c-ce4f-443e-8221-d529a6a20cd9'} bound to L3 agent in host dv-cinder-846173-2-iscsi {{(pid=104140) _get_router_ids_for_agent /opt/stack/neutron/neutron/db/l3_dvrscheduler_db.py:426}}
Jun 23 22:36:13.573275 dv-cinder-846173-2-iscsi neutron-server[104140]: DEBUG neutron.db.l3_hamode_db [None req-b1bafa34-0355-47eb-9a1d-caa538c0d349 None None] neutron.services.l3_router.l3_router_plugin.L3RouterPlugin method get_ha_sync_data_for_host called with arguments (, 'dv-cinder-846173-2-iscsi', Agent(admin_state_up=True,agent_type='L3 agent',availability_zone='nova',binary='neutron-l3-agent',configurations={"agent_mode": "legacy", "ex_gw_ports": 1, "extensions": [], "floating_ips": 0, "handle_internal_only_routers": true, "interface_driver": "openvswitch", "interfaces": 1, "log_agent_heartbeats": false, "routers": 1},created_at=2022-06-23T22:27:54Z,description=,heartbeat_timestamp=2022-06-23T22:35:55Z,host='dv-cinder-846173-2-iscsi',id=1796ae9b-242a-4b39-9644-69851d1b1a26,load=0,resource_versions=,resources_synced=,started_at=2022-06-23T22:27:54Z,topic='l3_agent')) {'router_ids': ['5217187c-ce4f-443e-8221-d529a6a20cd9'], 'active': True} {{(pid=104140) wrapper /usr/local/lib/python3.8/dist-packages/oslo_log/helpers.py:65}}
Jun 23 22:36:13.588683 dv-cinder-846173-2-iscsi neutron-server[104138]: DEBUG neutron.wsgi [-] (104138) accepted ('10.222.0.43', 58626) {{(pid=104138) server /usr/local/lib/python3.8/dist-packages/eventlet/wsgi.py:1004}}
Jun 23 22:36:13.592642 dv-cinder-846173-2-iscsi neutron-server[104140]: DEBUG neutron.api.rpc.handlers.resources_rpc [None req-cdad99b4-1da4-4490-ac20-898d11e536c5 None None] Pushing event updated for resources: {'Port': ['ID=24bfcff9-8254-4246-8ff5-e0b2651fdcc1,revision_number=4']} {{(pid=104140) push /opt/stack/neutron/neutron/api/rpc/handlers/resources_rpc.py:237}}
Jun 23 22:36:13.596424 dv-cinder-846173-2-iscsi neutron-server[104139]: DEBUG neutron_lib.callbacks.manager [None req-ba31dfea-f25a-4d9a-af6b-a0df95202d22 admin admin] Publish callbacks [] for security_group (3129d85a-fe24-440d-b3f2-9864d9f0097f), precommit_delete {{(pid=104139) _notify_loop /usr/local/lib/python3.8/dist-packages/neutron_lib/callbacks/manager.py:176}}
Jun 23 22:36:13.618461 dv-cinder-846173-2-iscsi neutron-server[104139]: DEBUG dbcounter [-] [104139] Writing DB stats neutron:SELECT=99,neutron:UPDATE=1 {{(pid=104139) stat_writer /usr/local/lib/python3.8/dist-packages/dbcounter.py:114}}
Jun 23 22:36:13.699148 dv-cinder-846173-2-iscsi neutron-server[104138]: INFO neutron.wsgi [req-c1bbcbe6-a3a0-44e4-a433-65478c68e927 req-87b23fe9-1a92-4adc-ab38-e17c81f2742f service neutron] 10.222.0.43 "GET /v2.0/networks/37491e26-b7d3-4482-a2c4-21c5caef5449?fields=segments HTTP/1.1" status: 200 len: 212 time: 0.3139305
Jun 23 22:36:13.699403 dv-cinder-846173-2-iscsi neutron-server[104140]: DEBUG neutron.db.provisioning_blocks [None req-2360410c-c085-4e6f-94a3-3c510eb87fc7 None None] Provisioning complete for port 24bfcff9-8254-4246-8ff5-e0b2651fdcc1 triggered by entity DHCP. {{(pid=104140) provisioning_complete /opt/stack/neutron/neutron/db/provisioning_blocks.py:145}}
Jun 23 22:36:13.699614 dv-cinder-846173-2-iscsi neutron-server[104140]: DEBUG neutron_lib.callbacks.manager [None req-2360410c-c085-4e6f-94a3-3c510eb87fc7 None None] Publish callbacks ['neutron.plugins.ml2.plugin.Ml2Plugin._port_provisioned-628185'] for port (24bfcff9-8254-4246-8ff5-e0b2651fdcc1), provisioning_complete {{(pid=104140) _notify_loop /usr/local/lib/python3.8/dist-packages/neutron_lib/callbacks/manager.py:176}}
Jun 23 22:36:13.718793 dv-cinder-846173-2-iscsi neutron-server[104139]: DEBUG neutron_lib.callbacks.manager [None req-ba31dfea-f25a-4d9a-af6b-a0df95202d22 admin admin] Publish callbacks ['neutron.plugins.ml2.ovo_rpc._ObjectChangeHandler.handle_event-7912405'] for security_group (3129d85a-fe24-440d-b3f2-9864d9f0097f), after_delete {{(pid=104139) _notify_loop /usr/local/lib/python3.8/dist-packages/neutron_lib/callbacks/manager.py:176}}
Jun 23 22:36:13.721662 dv-cinder-846173-2-iscsi neutron-server[104139]: DEBUG neutron_lib.callbacks.manager [None req-ba31dfea-f25a-4d9a-af6b-a0df95202d22 admin admin] Publish callbacks [] for security_group (None), before_response {{(pid=104139) _notify_loop /usr/local/lib/python3.8/dist-packages/neutron_lib/callbacks/manager.py:176}}
Jun 23 22:36:13.726325 dv-cinder-846173-2-iscsi neutron-server[104139]: INFO neutron.wsgi [None req-ba31dfea-f25a-4d9a-af6b-a0df95202d22 admin admin] 10.222.0.43 "DELETE /v2.0/security-groups/3129d85a-fe24-440d-b3f2-9864d9f0097f HTTP/1.1" status: 204 len: 168 time: 0.3378613
Jun 23 22:36:13.743975 dv-cinder-846173-2-iscsi neutron-server[104139]: DEBUG neutron.api.rpc.handlers.resources_rpc [None req-ba31dfea-f25a-4d9a-af6b-a0df95202d22 admin admin] Pushing event deleted for resources: {'SecurityGroup': ['ID=3129d85a-fe24-440d-b3f2-9864d9f0097f,revision_number=None']} {{(pid=104139) push /opt/stack/neutron/neutron/api/rpc/handlers/resources_rpc.py:237}}
Jun 23 22:36:13.762520 dv-cinder-846173-2-iscsi neutron-server[104140]: DEBUG dbcounter [-] [104140] Writing DB stats neutron:SELECT=99,neutron:UPDATE=1 {{(pid=104140) stat_writer /usr/local/lib/python3.8/dist-packages/dbcounter.py:114}}
Jun 23 22:36:13.931790 dv-cinder-846173-2-iscsi neutron-server[104138]: INFO neutron.wsgi [req-c1bbcbe6-a3a0-44e4-a433-65478c68e927 req-2eacc9cc-0145-40e4-afc3-ce7aef99f296 service neutron] 10.222.0.43 "GET /v2.0/networks/37491e26-b7d3-4482-a2c4-21c5caef5449?fields=provider%3Aphysical_network&fields=provider%3Anetwork_type HTTP/1.1" status: 200 len: 281 time: 0.2239060
