Jul 18 16:46:32.785844 dv-cinder-846172-3-iscsi devstack@c-api.service[118027]: DEBUG cinder.api.middleware.request_id [None req-f2216064-1cb1-47cc-9e13-e477f677eb40 None None] RequestId filter calling following filter/app {{(pid=118027) _context_setter /opt/stack/cinder/cinder/api/middleware/request_id.py:62}}
Jul 18 16:46:32.797777 dv-cinder-846172-3-iscsi devstack@c-api.service[118028]: INFO cinder.api.openstack.wsgi [None req-20df95b8-5b1d-4299-a8c5-c4b13bbae90a tempest-VolumeRetypeWithoutMigrationTest-2102863203 tempest-VolumeRetypeWithoutMigrationTest-2102863203-project] http://10.222.0.26/volume/v3/dab178dc67ed49cb90528aa8910acd52/volumes/294292ab-73f9-41b9-b587-6c293985ca7e returned with HTTP 200
Jul 18 16:46:32.797777 dv-cinder-846172-3-iscsi devstack@c-api.service[118028]: [pid: 118028|app: 0|req: 154/267] 10.222.0.26 () {58 vars in 1324 bytes} [Mon Jul 18 16:46:32 2022] GET /volume/v3/dab178dc67ed49cb90528aa8910acd52/volumes/294292ab-73f9-41b9-b587-6c293985ca7e => generated 927 bytes in 54 msecs (HTTP/1.1 200) 7 headers in 285 bytes (1 switches on core 0)
Jul 18 16:46:32.797951 dv-cinder-846172-3-iscsi devstack@c-api.service[118027]: INFO cinder.api.openstack.wsgi [None req-f2216064-1cb1-47cc-9e13-e477f677eb40 tempest-QosSpecsTestJSON-1426317550 tempest-QosSpecsTestJSON-1426317550-project-admin] GET http://10.222.0.26/volume/v3/0bb1a49d249942f3836e14be47e99c04/qos-specs/6dfc5c63-ba36-4137-b50a-c14cea305199
Jul 18 16:46:32.797951 dv-cinder-846172-3-iscsi devstack@c-api.service[118027]: DEBUG cinder.api.openstack.wsgi [None req-f2216064-1cb1-47cc-9e13-e477f677eb40 tempest-QosSpecsTestJSON-1426317550 tempest-QosSpecsTestJSON-1426317550-project-admin] Empty body provided in request {{(pid=118027) get_body /opt/stack/cinder/cinder/api/openstack/wsgi.py:715}}
Jul 18 16:46:32.797951 dv-cinder-846172-3-iscsi devstack@c-api.service[118027]: DEBUG cinder.api.openstack.wsgi [None req-f2216064-1cb1-47cc-9e13-e477f677eb40 tempest-QosSpecsTestJSON-1426317550 tempest-QosSpecsTestJSON-1426317550-project-admin] Calling method 'show' {{(pid=118027) _process_stack /opt/stack/cinder/cinder/api/openstack/wsgi.py:868}}
Jul 18 16:46:32.797951 dv-cinder-846172-3-iscsi devstack@c-api.service[118027]: /usr/local/lib/python3.8/dist-packages/oslo_context/context.py:100: DeprecationWarning: Policy enforcement is depending on the value of is_admin. This key is deprecated. Please update your policy file to use the standard policy values.
Jul 18 16:46:32.797951 dv-cinder-846172-3-iscsi devstack@c-api.service[118027]: warnings.warn('Policy enforcement is depending on the value of '
Jul 18 16:46:32.817830 dv-cinder-846172-3-iscsi devstack@c-api.service[118028]: DEBUG cinder.api.middleware.request_id [None req-0f410d22-6d15-454f-a237-bbf1935acfe9 None None] RequestId filter calling following filter/app {{(pid=118028) _context_setter /opt/stack/cinder/cinder/api/middleware/request_id.py:62}}
Jul 18 16:46:32.817973 dv-cinder-846172-3-iscsi devstack@c-api.service[118027]: INFO cinder.api.openstack.wsgi [None req-f2216064-1cb1-47cc-9e13-e477f677eb40 tempest-QosSpecsTestJSON-1426317550 tempest-QosSpecsTestJSON-1426317550-project-admin] http://10.222.0.26/volume/v3/0bb1a49d249942f3836e14be47e99c04/qos-specs/6dfc5c63-ba36-4137-b50a-c14cea305199 returned with HTTP 404
Jul 18 16:46:32.819208 dv-cinder-846172-3-iscsi devstack@c-api.service[118027]: [pid: 118027|app: 0|req: 114/268] 10.222.0.26 () {58 vars in 1330 bytes} [Mon Jul 18 16:46:32 2022] GET /volume/v3/0bb1a49d249942f3836e14be47e99c04/qos-specs/6dfc5c63-ba36-4137-b50a-c14cea305199 => generated 100 bytes in 34 msecs (HTTP/1.1 404) 7 headers in 292 bytes (2 switches on core 0)
Jul 18 16:46:32.823094 dv-cinder-846172-3-iscsi devstack@c-api.service[118028]: INFO cinder.api.openstack.wsgi [None req-0f410d22-6d15-454f-a237-bbf1935acfe9 tempest-VolumeRetypeWithoutMigrationTest-1431911879 tempest-VolumeRetypeWithoutMigrationTest-1431911879-project-admin] GET http://10.222.0.26/volume/v3/f45ab42b014b4523b145fe60a38b467f/volumes/294292ab-73f9-41b9-b587-6c293985ca7e
Jul 18 16:46:32.823836 dv-cinder-846172-3-iscsi devstack@c-api.service[118028]: DEBUG cinder.api.openstack.wsgi [None req-0f410d22-6d15-454f-a237-bbf1935acfe9 tempest-VolumeRetypeWithoutMigrationTest-1431911879 tempest-VolumeRetypeWithoutMigrationTest-1431911879-project-admin] Empty body provided in request {{(pid=118028) get_body /opt/stack/cinder/cinder/api/openstack/wsgi.py:715}}
Jul 18 16:46:32.824451 dv-cinder-846172-3-iscsi devstack@c-api.service[118028]: DEBUG cinder.api.openstack.wsgi [None req-0f410d22-6d15-454f-a237-bbf1935acfe9 tempest-VolumeRetypeWithoutMigrationTest-1431911879 tempest-VolumeRetypeWithoutMigrationTest-1431911879-project-admin] Calling method 'show' {{(pid=118028) _process_stack /opt/stack/cinder/cinder/api/openstack/wsgi.py:868}}
Jul 18 16:46:32.826475 dv-cinder-846172-3-iscsi devstack@c-api.service[118027]: DEBUG cinder.api.middleware.request_id [None req-5149efe1-4d5a-4e3f-8b8b-5ce456dc3fb4 None None] RequestId filter calling following filter/app {{(pid=118027) _context_setter /opt/stack/cinder/cinder/api/middleware/request_id.py:62}}
Jul 18 16:46:32.846336 dv-cinder-846172-3-iscsi devstack@c-api.service[118027]: INFO cinder.api.openstack.wsgi [None req-5149efe1-4d5a-4e3f-8b8b-5ce456dc3fb4 tempest-GroupSnapshotsTest-1464849111 tempest-GroupSnapshotsTest-1464849111-project] GET http://10.222.0.26/volume/v3/536017dde63546ff99f8cfef2890dc5a/groups/1d5a6c3d-5585-49e4-9eb2-27d6623a684f
Jul 18 16:46:32.847074 dv-cinder-846172-3-iscsi devstack@c-api.service[118027]: DEBUG cinder.api.openstack.wsgi [None req-5149efe1-4d5a-4e3f-8b8b-5ce456dc3fb4 tempest-GroupSnapshotsTest-1464849111 tempest-GroupSnapshotsTest-1464849111-project] Empty body provided in request {{(pid=118027) get_body /opt/stack/cinder/cinder/api/openstack/wsgi.py:715}}
Jul 18 16:46:32.847696 dv-cinder-846172-3-iscsi devstack@c-api.service[118027]: DEBUG cinder.api.openstack.wsgi [None req-5149efe1-4d5a-4e3f-8b8b-5ce456dc3fb4 tempest-GroupSnapshotsTest-1464849111 tempest-GroupSnapshotsTest-1464849111-project] Calling method 'version_select' {{(pid=118027) _process_stack /opt/stack/cinder/cinder/api/openstack/wsgi.py:868}}
Jul 18 16:46:32.848177 dv-cinder-846172-3-iscsi devstack@c-api.service[118027]: DEBUG cinder.api.v3.groups [None req-5149efe1-4d5a-4e3f-8b8b-5ce456dc3fb4 tempest-GroupSnapshotsTest-1464849111 tempest-GroupSnapshotsTest-1464849111-project] show called for member 1d5a6c3d-5585-49e4-9eb2-27d6623a684f {{(pid=118027) show /opt/stack/cinder/cinder/api/v3/groups.py:58}}
Jul 18 16:46:32.855927 dv-cinder-846172-3-iscsi devstack@c-api.service[118027]: /usr/local/lib/python3.8/dist-packages/oslo_context/context.py:100: DeprecationWarning: Policy enforcement is depending on the value of is_admin. This key is deprecated. Please update your policy file to use the standard policy values.
Jul 18 16:46:32.855927 dv-cinder-846172-3-iscsi devstack@c-api.service[118027]: warnings.warn('Policy enforcement is depending on the value of '
Jul 18 16:46:32.870833 dv-cinder-846172-3-iscsi devstack@c-api.service[118027]: INFO cinder.api.openstack.wsgi [None req-5149efe1-4d5a-4e3f-8b8b-5ce456dc3fb4 tempest-GroupSnapshotsTest-1464849111 tempest-GroupSnapshotsTest-1464849111-project] http://10.222.0.26/volume/v3/536017dde63546ff99f8cfef2890dc5a/groups/1d5a6c3d-5585-49e4-9eb2-27d6623a684f returned with HTTP 200
Jul 18 16:46:32.872218 dv-cinder-846172-3-iscsi devstack@c-api.service[118027]: [pid: 118027|app: 0|req: 115/269] 10.222.0.26 () {60 vars in 1362 bytes} [Mon Jul 18 16:46:32 2022] GET /volume/v3/536017dde63546ff99f8cfef2890dc5a/groups/1d5a6c3d-5585-49e4-9eb2-27d6623a684f => generated 392 bytes in 47 msecs (HTTP/1.1 200) 7 headers in 286 bytes (1 switches on core 0)
Jul 18 16:46:32.873626 dv-cinder-846172-3-iscsi devstack@c-api.service[118027]: DEBUG cinder.api.middleware.request_id [None req-66c535d1-89bc-48a6-94d0-9924f3f2ce20 None None] RequestId filter calling following filter/app {{(pid=118027) _context_setter /opt/stack/cinder/cinder/api/middleware/request_id.py:62}}
Jul 18 16:46:32.878743 dv-cinder-846172-3-iscsi devstack@c-api.service[118027]: INFO cinder.api.openstack.wsgi [None req-66c535d1-89bc-48a6-94d0-9924f3f2ce20 tempest-QosSpecsTestJSON-1426317550 tempest-QosSpecsTestJSON-1426317550-project-admin] GET http://10.222.0.26/volume/v3/0bb1a49d249942f3836e14be47e99c04/qos-specs
Jul 18 16:46:32.879378 dv-cinder-846172-3-iscsi devstack@c-api.service[118027]: DEBUG cinder.api.openstack.wsgi [None req-66c535d1-89bc-48a6-94d0-9924f3f2ce20 tempest-QosSpecsTestJSON-1426317550 tempest-QosSpecsTestJSON-1426317550-project-admin] Empty body provided in request {{(pid=118027) get_body /opt/stack/cinder/cinder/api/openstack/wsgi.py:715}}
Jul 18 16:46:32.879982 dv-cinder-846172-3-iscsi devstack@c-api.service[118027]: DEBUG cinder.api.openstack.wsgi [None req-66c535d1-89bc-48a6-94d0-9924f3f2ce20 tempest-QosSpecsTestJSON-1426317550 tempest-QosSpecsTestJSON-1426317550-project-admin] Calling method 'index' {{(pid=118027) _process_stack /opt/stack/cinder/cinder/api/openstack/wsgi.py:868}}
Jul 18 16:46:32.880789 dv-cinder-846172-3-iscsi devstack@c-api.service[118027]: /usr/local/lib/python3.8/dist-packages/oslo_context/context.py:100: DeprecationWarning: Policy enforcement is depending on the value of is_admin. This key is deprecated. Please update your policy file to use the standard policy values.
Jul 18 16:46:32.880789 dv-cinder-846172-3-iscsi devstack@c-api.service[118027]: warnings.warn('Policy enforcement is depending on the value of '
Jul 18 16:46:32.882478 dv-cinder-846172-3-iscsi devstack@c-api.service[118028]: /usr/local/lib/python3.8/dist-packages/oslo_context/context.py:100: DeprecationWarning: Policy enforcement is depending on the value of is_admin. This key is deprecated. Please update your policy file to use the standard policy values.
Jul 18 16:46:32.882478 dv-cinder-846172-3-iscsi devstack@c-api.service[118028]: warnings.warn('Policy enforcement is depending on the value of '
Jul 18 16:46:32.890453 dv-cinder-846172-3-iscsi devstack@c-api.service[118028]: INFO cinder.volume.api [None req-0f410d22-6d15-454f-a237-bbf1935acfe9 tempest-VolumeRetypeWithoutMigrationTest-1431911879 tempest-VolumeRetypeWithoutMigrationTest-1431911879-project-admin] Volume info retrieved successfully.
Jul 18 16:46:32.896677 dv-cinder-846172-3-iscsi devstack@c-api.service[118027]: INFO cinder.api.openstack.wsgi [None req-66c535d1-89bc-48a6-94d0-9924f3f2ce20 tempest-QosSpecsTestJSON-1426317550 tempest-QosSpecsTestJSON-1426317550-project-admin] http://10.222.0.26/volume/v3/0bb1a49d249942f3836e14be47e99c04/qos-specs returned with HTTP 200
Jul 18 16:46:32.897479 dv-cinder-846172-3-iscsi devstack@c-api.service[118027]: [pid: 118027|app: 0|req: 116/270] 10.222.0.26 () {58 vars in 1219 bytes} [Mon Jul 18 16:46:32 2022] GET /volume/v3/0bb1a49d249942f3836e14be47e99c04/qos-specs => generated 174 bytes in 25 msecs (HTTP/1.1 200) 7 headers in 285 bytes (1 switches on core 0)
Jul 18 16:46:32.899605 dv-cinder-846172-3-iscsi devstack@c-api.service[118027]: DEBUG cinder.api.middleware.request_id [None req-79a49a4b-e741-4412-878e-d734d7e382e0 None None] RequestId filter calling following filter/app {{(pid=118027) _context_setter /opt/stack/cinder/cinder/api/middleware/request_id.py:62}}
Jul 18 16:46:32.904787 dv-cinder-846172-3-iscsi devstack@c-api.service[118028]: INFO cinder.api.openstack.wsgi [None req-0f410d22-6d15-454f-a237-bbf1935acfe9 tempest-VolumeRetypeWithoutMigrationTest-1431911879 tempest-VolumeRetypeWithoutMigrationTest-1431911879-project-admin] http://10.222.0.26/volume/v3/f45ab42b014b4523b145fe60a38b467f/volumes/294292ab-73f9-41b9-b587-6c293985ca7e returned with HTTP 200
Jul 18 16:46:32.906199 dv-cinder-846172-3-iscsi devstack@c-api.service[118027]: INFO cinder.api.openstack.wsgi [None req-79a49a4b-e741-4412-878e-d734d7e382e0 tempest-GroupsV314Test-319424144 tempest-GroupsV314Test-319424144-project] GET http://10.222.0.26/volume/v3/97eff8f126e34cb78c3f8fb66c5f3222/volumes/edf1797d-9e8b-4b7a-9c39-1bff63d2c06f
Jul 18 16:46:32.906661 dv-cinder-846172-3-iscsi devstack@c-api.service[118028]: [pid: 118028|app: 0|req: 155/271] 10.222.0.26 () {58 vars in 1324 bytes} [Mon Jul 18 16:46:32 2022] GET /volume/v3/f45ab42b014b4523b145fe60a38b467f/volumes/294292ab-73f9-41b9-b587-6c293985ca7e => generated 1103 bytes in 90 msecs (HTTP/1.1 200) 7 headers in 286 bytes (2 switches on core 0)
Jul 18 16:46:32.908194 dv-cinder-846172-3-iscsi devstack@c-api.service[118028]: DEBUG cinder.api.middleware.request_id [None req-d0f1ea8b-fc2c-4a49-9f29-bdf1ce0c94bf None None] RequestId filter calling following filter/app {{(pid=118028) _context_setter /opt/stack/cinder/cinder/api/middleware/request_id.py:62}}
Jul 18 16:46:32.912123 dv-cinder-846172-3-iscsi devstack@c-api.service[118028]: INFO cinder.api.openstack.wsgi [None req-d0f1ea8b-fc2c-4a49-9f29-bdf1ce0c94bf tempest-GroupSnapshotsTest-1464849111 tempest-GroupSnapshotsTest-1464849111-project] PUT http://10.222.0.26/volume/v3/536017dde63546ff99f8cfef2890dc5a/groups/1d5a6c3d-5585-49e4-9eb2-27d6623a684f
Jul 18 16:46:32.912667 dv-cinder-846172-3-iscsi devstack@c-api.service[118027]: DEBUG cinder.api.openstack.wsgi [None req-79a49a4b-e741-4412-878e-d734d7e382e0 tempest-GroupsV314Test-319424144 tempest-GroupsV314Test-319424144-project] Empty body provided in request {{(pid=118027) get_body /opt/stack/cinder/cinder/api/openstack/wsgi.py:715}}
Jul 18 16:46:32.913054 dv-cinder-846172-3-iscsi devstack@c-api.service[118028]: DEBUG cinder.api.openstack.wsgi [None req-d0f1ea8b-fc2c-4a49-9f29-bdf1ce0c94bf tempest-GroupSnapshotsTest-1464849111 tempest-GroupSnapshotsTest-1464849111-project] Action: 'update', calling method: version_select, body: {"group": {"remove_volumes": "420fe94e-a3eb-4d64-8263-839adb10921b"}} {{(pid=118028) _process_stack /opt/stack/cinder/cinder/api/openstack/wsgi.py:866}}
Jul 18 16:46:32.913172 dv-cinder-846172-3-iscsi devstack@c-api.service[118027]: DEBUG cinder.api.openstack.wsgi [None req-79a49a4b-e741-4412-878e-d734d7e382e0 tempest-GroupsV314Test-319424144 tempest-GroupsV314Test-319424144-project] Calling method 'show' {{(pid=118027) _process_stack /opt/stack/cinder/cinder/api/openstack/wsgi.py:868}}
Jul 18 16:46:32.914156 dv-cinder-846172-3-iscsi devstack@c-api.service[118028]: DEBUG cinder.api.v3.groups [None req-d0f1ea8b-fc2c-4a49-9f29-bdf1ce0c94bf tempest-GroupSnapshotsTest-1464849111 tempest-GroupSnapshotsTest-1464849111-project] Update called for group 1d5a6c3d-5585-49e4-9eb2-27d6623a684f. {{(pid=118028) update /opt/stack/cinder/cinder/api/v3/groups.py:302}}
Jul 18 16:46:32.914560 dv-cinder-846172-3-iscsi devstack@c-api.service[118028]: INFO cinder.api.v3.groups [None req-d0f1ea8b-fc2c-4a49-9f29-bdf1ce0c94bf tempest-GroupSnapshotsTest-1464849111 tempest-GroupSnapshotsTest-1464849111-project] Updating group 1d5a6c3d-5585-49e4-9eb2-27d6623a684f with name None description: None add_volumes: None remove_volumes: 420fe94e-a3eb-4d64-8263-839adb10921b.
Jul 18 16:46:32.922703 dv-cinder-846172-3-iscsi devstack@c-api.service[118028]: /usr/local/lib/python3.8/dist-packages/oslo_context/context.py:100: DeprecationWarning: Policy enforcement is depending on the value of is_admin. This key is deprecated. Please update your policy file to use the standard policy values.
Jul 18 16:46:32.922703 dv-cinder-846172-3-iscsi devstack@c-api.service[118028]: warnings.warn('Policy enforcement is depending on the value of '
Jul 18 16:46:32.931641 dv-cinder-846172-3-iscsi devstack@c-api.service[118027]: /usr/local/lib/python3.8/dist-packages/oslo_context/context.py:100: DeprecationWarning: Policy enforcement is depending on the value of is_admin. This key is deprecated. Please update your policy file to use the standard policy values.
Jul 18 16:46:32.931641 dv-cinder-846172-3-iscsi devstack@c-api.service[118027]: warnings.warn('Policy enforcement is depending on the value of '
Jul 18 16:46:32.938993 dv-cinder-846172-3-iscsi devstack@c-api.service[118027]: INFO cinder.volume.api [None req-79a49a4b-e741-4412-878e-d734d7e382e0 tempest-GroupsV314Test-319424144 tempest-GroupsV314Test-319424144-project] Volume info retrieved successfully.
Jul 18 16:46:32.940484 dv-cinder-846172-3-iscsi devstack@c-api.service[118027]: WARNING stevedore.named [None req-79a49a4b-e741-4412-878e-d734d7e382e0 tempest-GroupsV314Test-319424144 tempest-GroupsV314Test-319424144-project] Could not load cinder.keymgr.conf_key_mgr.ConfKeyManager
Jul 18 16:46:32.945509 dv-cinder-846172-3-iscsi devstack@c-api.service[118027]: WARNING castellan.key_manager [None req-79a49a4b-e741-4412-878e-d734d7e382e0 tempest-GroupsV314Test-319424144 tempest-GroupsV314Test-319424144-project] Deprecation Warning : cinder.keymgr.conf_key_mgr.ConfKeyManager is not a stevedore based driver, trying to load it as a class: stevedore.exception.NoMatches: No 'castellan.drivers' driver found, looking for 'cinder.keymgr.conf_key_mgr.ConfKeyManager'
Jul 18 16:46:32.950951 dv-cinder-846172-3-iscsi devstack@c-api.service[118027]: DEBUG oslo_db.sqlalchemy.engines [None req-79a49a4b-e741-4412-878e-d734d7e382e0 tempest-GroupsV314Test-319424144 tempest-GroupsV314Test-319424144-project] MySQL server mode set to STRICT_TRANS_TABLES,STRICT_ALL_TABLES,NO_ZERO_IN_DATE,NO_ZERO_DATE,ERROR_FOR_DIVISION_BY_ZERO,TRADITIONAL,NO_ENGINE_SUBSTITUTION {{(pid=118027) _check_effective_sql_mode /usr/local/lib/python3.8/dist-packages/oslo_db/sqlalchemy/engines.py:314}}
Jul 18 16:46:32.957435 dv-cinder-846172-3-iscsi devstack@c-api.service[118027]: /usr/local/lib/python3.8/dist-packages/oslo_context/context.py:100: DeprecationWarning: Policy enforcement is depending on the value of is_admin. This key is deprecated. Please update your policy file to use the standard policy values.
Jul 18 16:46:32.957435 dv-cinder-846172-3-iscsi devstack@c-api.service[118027]: warnings.warn('Policy enforcement is depending on the value of '
Jul 18 16:46:32.978505 dv-cinder-846172-3-iscsi devstack@c-api.service[118027]: INFO cinder.api.openstack.wsgi [None req-79a49a4b-e741-4412-878e-d734d7e382e0 tempest-GroupsV314Test-319424144 tempest-GroupsV314Test-319424144-project] http://10.222.0.26/volume/v3/97eff8f126e34cb78c3f8fb66c5f3222/volumes/edf1797d-9e8b-4b7a-9c39-1bff63d2c06f returned with HTTP 200
Jul 18 16:46:32.980313 dv-cinder-846172-3-iscsi devstack@c-api.service[118027]: [pid: 118027|app: 0|req: 117/272] 10.222.0.26 () {60 vars in 1365 bytes} [Mon Jul 18 16:46:32 2022] GET /volume/v3/97eff8f126e34cb78c3f8fb66c5f3222/volumes/edf1797d-9e8b-4b7a-9c39-1bff63d2c06f => generated 989 bytes in 82 msecs (HTTP/1.1 200) 7 headers in 286 bytes (1 switches on core 0)
Jul 18 16:46:32.982203 dv-cinder-846172-3-iscsi devstack@c-api.service[118027]: DEBUG cinder.api.middleware.request_id [None req-377775f7-fb0a-43cb-b864-1b8223913fb4 None None] RequestId filter calling following filter/app {{(pid=118027) _context_setter /opt/stack/cinder/cinder/api/middleware/request_id.py:62}}
Jul 18 16:46:32.988817 dv-cinder-846172-3-iscsi devstack@c-api.service[118027]: INFO cinder.api.openstack.wsgi [None req-377775f7-fb0a-43cb-b864-1b8223913fb4 tempest-QosSpecsTestJSON-1426317550 tempest-QosSpecsTestJSON-1426317550-project-admin] POST http://10.222.0.26/volume/v3/0bb1a49d249942f3836e14be47e99c04/qos-specs
Jul 18 16:46:32.989826 dv-cinder-846172-3-iscsi devstack@c-api.service[118027]: DEBUG cinder.api.openstack.wsgi [None req-377775f7-fb0a-43cb-b864-1b8223913fb4 tempest-QosSpecsTestJSON-1426317550 tempest-QosSpecsTestJSON-1426317550-project-admin] Action: 'create', calling method: create, body: {"qos_specs": {"name": "tempest-QosSpecsTestJSON-qos-707206167", "consumer": "both"}} {{(pid=118027) _process_stack /opt/stack/cinder/cinder/api/openstack/wsgi.py:866}}
Jul 18 16:46:32.992026 dv-cinder-846172-3-iscsi devstack@c-api.service[118027]: DEBUG cinder.volume.qos_specs [None req-377775f7-fb0a-43cb-b864-1b8223913fb4 tempest-QosSpecsTestJSON-1426317550 tempest-QosSpecsTestJSON-1426317550-project-admin] Dict for qos_specs: {'name': 'tempest-QosSpecsTestJSON-qos-707206167', 'consumer': 'both', 'specs': {}} {{(pid=118027) create /opt/stack/cinder/cinder/volume/qos_specs.py:64}}
Jul 18 16:46:32.998606 dv-cinder-846172-3-iscsi devstack@c-api.service[118027]: DEBUG cinder.db.sqlalchemy.api [None req-377775f7-fb0a-43cb-b864-1b8223913fb4 tempest-QosSpecsTestJSON-1426317550 tempest-QosSpecsTestJSON-1426317550-project-admin] DB qos_specs_create(): root {'id': '3324b5f0-ab34-4278-84a4-ccaff28205e0', 'key': 'QoS_Specs_Name', 'value': 'tempest-QosSpecsTestJSON-qos-707206167'} {{(pid=118027) qos_specs_create /opt/stack/cinder/cinder/db/sqlalchemy/api.py:5586}}
Jul 18 16:46:33.088569 dv-cinder-846172-3-iscsi devstack@c-api.service[118027]: INFO cinder.api.openstack.wsgi [None req-377775f7-fb0a-43cb-b864-1b8223913fb4 tempest-QosSpecsTestJSON-1426317550 tempest-QosSpecsTestJSON-1426317550-project-admin] http://10.222.0.26/volume/v3/0bb1a49d249942f3836e14be47e99c04/qos-specs returned with HTTP 200
Jul 18 16:46:33.089600 dv-cinder-846172-3-iscsi devstack@c-api.service[118027]: [pid: 118027|app: 0|req: 118/273] 10.222.0.26 () {60 vars in 1240 bytes} [Mon Jul 18 16:46:32 2022] POST /volume/v3/0bb1a49d249942f3836e14be47e99c04/qos-specs => generated 430 bytes in 109 msecs (HTTP/1.1 200) 7 headers in 285 bytes (1 switches on core 0)
Jul 18 16:46:33.089600 dv-cinder-846172-3-iscsi devstack@c-api.service[118027]: DEBUG cinder.api.middleware.request_id [None req-cc45f8bb-5b4a-4ee3-aca5-ba76aae48c25 None None] RequestId filter calling following filter/app {{(pid=118027) _context_setter /opt/stack/cinder/cinder/api/middleware/request_id.py:62}}
Jul 18 16:46:33.096578 dv-cinder-846172-3-iscsi devstack@c-api.service[118027]: INFO cinder.api.openstack.wsgi [None req-cc45f8bb-5b4a-4ee3-aca5-ba76aae48c25 tempest-VolumeRetypeWithoutMigrationTest-2102863203 tempest-VolumeRetypeWithoutMigrationTest-2102863203-project] POST http://10.222.0.26/volume/v3/dab178dc67ed49cb90528aa8910acd52/volumes/294292ab-73f9-41b9-b587-6c293985ca7e/action
Jul 18 16:46:33.098834 dv-cinder-846172-3-iscsi devstack@c-api.service[118027]: DEBUG cinder.api.openstack.wsgi [None req-cc45f8bb-5b4a-4ee3-aca5-ba76aae48c25 tempest-VolumeRetypeWithoutMigrationTest-2102863203 tempest-VolumeRetypeWithoutMigrationTest-2102863203-project] Action body: b'{"os-retype": {"new_type": "volume-type-2", "migration_policy": "never"}}' {{(pid=118027) get_method /opt/stack/cinder/cinder/api/openstack/wsgi.py:983}}
Jul 18 16:46:33.098834 dv-cinder-846172-3-iscsi devstack@c-api.service[118027]: DEBUG cinder.api.openstack.wsgi [None req-cc45f8bb-5b4a-4ee3-aca5-ba76aae48c25 tempest-VolumeRetypeWithoutMigrationTest-2102863203 tempest-VolumeRetypeWithoutMigrationTest-2102863203-project] Action: 'action', calling method: _retype, body: {"os-retype": {"new_type": "volume-type-2", "migration_policy": "never"}} {{(pid=118027) _process_stack /opt/stack/cinder/cinder/api/openstack/wsgi.py:866}}
Jul 18 16:46:33.116388 dv-cinder-846172-3-iscsi devstack@c-api.service[118027]: /usr/local/lib/python3.8/dist-packages/oslo_context/context.py:100: DeprecationWarning: Policy enforcement is depending on the value of is_admin. This key is deprecated. Please update your policy file to use the standard policy values.
Jul 18 16:46:33.116388 dv-cinder-846172-3-iscsi devstack@c-api.service[118027]: warnings.warn('Policy enforcement is depending on the value of '
Jul 18 16:46:33.118064 dv-cinder-846172-3-iscsi devstack@c-api.service[118027]: INFO cinder.volume.api [None req-cc45f8bb-5b4a-4ee3-aca5-ba76aae48c25 tempest-VolumeRetypeWithoutMigrationTest-2102863203 tempest-VolumeRetypeWithoutMigrationTest-2102863203-project] Volume info retrieved successfully.
Jul 18 16:46:33.153664 dv-cinder-846172-3-iscsi devstack@c-api.service[118027]: WARNING cinder.quota [None req-cc45f8bb-5b4a-4ee3-aca5-ba76aae48c25 tempest-VolumeRetypeWithoutMigrationTest-2102863203 tempest-VolumeRetypeWithoutMigrationTest-2102863203-project] Deprecated: Default quota for resource: volumes_volume-type-2 is set by the default quota flag: quota_volumes_volume-type-2, it is now deprecated. Please use the default quota class for default quota.
Jul 18 16:46:33.154427 dv-cinder-846172-3-iscsi devstack@c-api.service[118027]: WARNING cinder.quota [None req-cc45f8bb-5b4a-4ee3-aca5-ba76aae48c25 tempest-VolumeRetypeWithoutMigrationTest-2102863203 tempest-VolumeRetypeWithoutMigrationTest-2102863203-project] Deprecated: Default quota for resource: gigabytes_volume-type-2 is set by the default quota flag: quota_gigabytes_volume-type-2, it is now deprecated. Please use the default quota class for default quota.
Jul 18 16:46:33.174629 dv-cinder-846172-3-iscsi devstack@c-api.service[118028]: INFO cinder.api.openstack.wsgi [None req-d0f1ea8b-fc2c-4a49-9f29-bdf1ce0c94bf tempest-GroupSnapshotsTest-1464849111 tempest-GroupSnapshotsTest-1464849111-project] http://10.222.0.26/volume/v3/536017dde63546ff99f8cfef2890dc5a/groups/1d5a6c3d-5585-49e4-9eb2-27d6623a684f returned with HTTP 202
Jul 18 16:46:33.178816 dv-cinder-846172-3-iscsi devstack@c-api.service[118028]: [pid: 118028|app: 0|req: 156/274] 10.222.0.26 () {62 vars in 1382 bytes} [Mon Jul 18 16:46:32 2022] PUT /volume/v3/536017dde63546ff99f8cfef2890dc5a/groups/1d5a6c3d-5585-49e4-9eb2-27d6623a684f => generated 0 bytes in 268 msecs (HTTP/1.1 202) 6 headers in 234 bytes (1 switches on core 0)
Jul 18 16:46:33.178816 dv-cinder-846172-3-iscsi devstack@c-api.service[118028]: DEBUG cinder.api.middleware.request_id [None req-a3cee67e-fd91-456a-bdc5-c9c3fb53ee8a None None] RequestId filter calling following filter/app {{(pid=118028) _context_setter /opt/stack/cinder/cinder/api/middleware/request_id.py:62}}
Jul 18 16:46:33.182101 dv-cinder-846172-3-iscsi devstack@c-api.service[118028]: INFO cinder.api.openstack.wsgi [None req-a3cee67e-fd91-456a-bdc5-c9c3fb53ee8a tempest-GroupsV314Test-319424144 tempest-GroupsV314Test-319424144-project] GET http://10.222.0.26/volume/v3/97eff8f126e34cb78c3f8fb66c5f3222/groups/6278371d-8e8e-4081-aacf-c9a6405b2cee
Jul 18 16:46:33.182758 dv-cinder-846172-3-iscsi devstack@c-api.service[118028]: DEBUG cinder.api.openstack.wsgi [None req-a3cee67e-fd91-456a-bdc5-c9c3fb53ee8a tempest-GroupsV314Test-319424144 tempest-GroupsV314Test-319424144-project] Empty body provided in request {{(pid=118028) get_body /opt/stack/cinder/cinder/api/openstack/wsgi.py:715}}
Jul 18 16:46:33.183236 dv-cinder-846172-3-iscsi devstack@c-api.service[118028]: DEBUG cinder.api.openstack.wsgi [None req-a3cee67e-fd91-456a-bdc5-c9c3fb53ee8a tempest-GroupsV314Test-319424144 tempest-GroupsV314Test-319424144-project] Calling method 'version_select' {{(pid=118028) _process_stack /opt/stack/cinder/cinder/api/openstack/wsgi.py:868}}
Jul 18 16:46:33.183620 dv-cinder-846172-3-iscsi devstack@c-api.service[118028]: DEBUG cinder.api.v3.groups [None req-a3cee67e-fd91-456a-bdc5-c9c3fb53ee8a tempest-GroupsV314Test-319424144 tempest-GroupsV314Test-319424144-project] show called for member 6278371d-8e8e-4081-aacf-c9a6405b2cee {{(pid=118028) show /opt/stack/cinder/cinder/api/v3/groups.py:58}}
Jul 18 16:46:33.190540 dv-cinder-846172-3-iscsi devstack@c-api.service[118028]: /usr/local/lib/python3.8/dist-packages/oslo_context/context.py:100: DeprecationWarning: Policy enforcement is depending on the value of is_admin. This key is deprecated. Please update your policy file to use the standard policy values.
Jul 18 16:46:33.190540 dv-cinder-846172-3-iscsi devstack@c-api.service[118028]: warnings.warn('Policy enforcement is depending on the value of '
Jul 18 16:46:33.206704 dv-cinder-846172-3-iscsi devstack@c-api.service[118028]: INFO cinder.api.openstack.wsgi [None req-a3cee67e-fd91-456a-bdc5-c9c3fb53ee8a tempest-GroupsV314Test-319424144 tempest-GroupsV314Test-319424144-project] http://10.222.0.26/volume/v3/97eff8f126e34cb78c3f8fb66c5f3222/groups/6278371d-8e8e-4081-aacf-c9a6405b2cee returned with HTTP 200
Jul 18 16:46:33.207518 dv-cinder-846172-3-iscsi devstack@c-api.service[118028]: [pid: 118028|app: 0|req: 157/275] 10.222.0.26 () {60 vars in 1362 bytes} [Mon Jul 18 16:46:33 2022] GET /volume/v3/97eff8f126e34cb78c3f8fb66c5f3222/groups/6278371d-8e8e-4081-aacf-c9a6405b2cee => generated 416 bytes in 31 msecs (HTTP/1.1 200) 7 headers in 286 bytes (1 switches on core 0)
Jul 18 16:46:33.213030 dv-cinder-846172-3-iscsi devstack@c-api.service[118028]: DEBUG cinder.api.middleware.request_id [None req-afc8ae8f-5b24-4d09-82dc-92e61626e2a4 None None] RequestId filter calling following filter/app {{(pid=118028) _context_setter /opt/stack/cinder/cinder/api/middleware/request_id.py:62}}
Jul 18 16:46:33.217578 dv-cinder-846172-3-iscsi devstack@c-api.service[118028]: INFO cinder.api.openstack.wsgi [None req-afc8ae8f-5b24-4d09-82dc-92e61626e2a4 tempest-VolumesCloneTest-81619647 tempest-VolumesCloneTest-81619647-project] POST http://10.222.0.26/volume/v3/bc192e7e5a3b4a8da04f8f0b53105592/volumes
Jul 18 16:46:33.218222 dv-cinder-846172-3-iscsi devstack@c-api.service[118028]: DEBUG cinder.api.openstack.wsgi [None req-afc8ae8f-5b24-4d09-82dc-92e61626e2a4 tempest-VolumesCloneTest-81619647 tempest-VolumesCloneTest-81619647-project] Action: 'create', calling method: create, body: {"volume": {"imageRef": "2c9b58f4-c854-458e-b6bf-fad98736e5bf", "size": 1, "name": "tempest-VolumesCloneTest-Volume-279656496"}} {{(pid=118028) _process_stack /opt/stack/cinder/cinder/api/openstack/wsgi.py:866}}
Jul 18 16:46:33.220216 dv-cinder-846172-3-iscsi devstack@c-api.service[118028]: DEBUG cinder.api.v3.volumes [None req-afc8ae8f-5b24-4d09-82dc-92e61626e2a4 tempest-VolumesCloneTest-81619647 tempest-VolumesCloneTest-81619647-project] Create volume request body: {'volume': {'imageRef': '2c9b58f4-c854-458e-b6bf-fad98736e5bf', 'size': 1, 'name': 'tempest-VolumesCloneTest-Volume-279656496'}} {{(pid=118028) create /opt/stack/cinder/cinder/api/v3/volumes.py:298}}
Jul 18 16:46:33.255132 dv-cinder-846172-3-iscsi devstack@c-api.service[118027]: DEBUG dbcounter [-] [118027] Writing DB stats cinder:SELECT=86,cinder:INSERT=5,cinder:UPDATE=9 {{(pid=118027) stat_writer /usr/local/lib/python3.8/dist-packages/dbcounter.py:114}}
Jul 18 16:46:33.313800 dv-cinder-846172-3-iscsi devstack@c-api.service[118027]: DEBUG cinder.quota [None req-cc45f8bb-5b4a-4ee3-aca5-ba76aae48c25 tempest-VolumeRetypeWithoutMigrationTest-2102863203 tempest-VolumeRetypeWithoutMigrationTest-2102863203-project] Created reservations ['e5cc0d60-dd11-4311-8cc3-a7d102bcdd53', 'af02e2b1-1c23-4db1-ac15-376ce2d02e89'] {{(pid=118027) reserve /opt/stack/cinder/cinder/quota.py:755}}
Jul 18 16:46:33.353986 dv-cinder-846172-3-iscsi devstack@c-api.service[118028]: INFO cinder.api.v3.volumes [None req-afc8ae8f-5b24-4d09-82dc-92e61626e2a4 tempest-VolumesCloneTest-81619647 tempest-VolumesCloneTest-81619647-project] Create volume of 1 GB
Jul 18 16:46:33.354826 dv-cinder-846172-3-iscsi devstack@c-api.service[118028]: /usr/local/lib/python3.8/dist-packages/oslo_context/context.py:100: DeprecationWarning: Policy enforcement is depending on the value of is_admin. This key is deprecated. Please update your policy file to use the standard policy values.
Jul 18 16:46:33.354826 dv-cinder-846172-3-iscsi devstack@c-api.service[118028]: warnings.warn('Policy enforcement is depending on the value of '
Jul 18 16:46:33.365048 dv-cinder-846172-3-iscsi devstack@c-api.service[118028]: INFO cinder.volume.api [None req-afc8ae8f-5b24-4d09-82dc-92e61626e2a4 tempest-VolumesCloneTest-81619647 tempest-VolumesCloneTest-81619647-project] Availability Zones retrieved successfully.
Jul 18 16:46:33.380874 dv-cinder-846172-3-iscsi devstack@c-api.service[118028]: DEBUG cinder.volume.api [None req-afc8ae8f-5b24-4d09-82dc-92e61626e2a4 tempest-VolumesCloneTest-81619647 tempest-VolumesCloneTest-81619647-project] Flow 'volume_create_api' (f72220e7-251d-4aff-81c1-f5265e329161) transitioned into state 'RUNNING' from state 'PENDING' {{(pid=118028) _flow_receiver /usr/local/lib/python3.8/dist-packages/taskflow/listeners/logging.py:141}}
Jul 18 16:46:33.383345 dv-cinder-846172-3-iscsi devstack@c-api.service[118028]: DEBUG cinder.volume.api [None req-afc8ae8f-5b24-4d09-82dc-92e61626e2a4 tempest-VolumesCloneTest-81619647 tempest-VolumesCloneTest-81619647-project] Task 'cinder.volume.flows.api.create_volume.ExtractVolumeRequestTask;volume:create' (0a422765-42d7-4ba6-88e1-50ef9d8eaf77) transitioned into state 'RUNNING' from state 'PENDING' {{(pid=118028) _task_receiver /usr/local/lib/python3.8/dist-packages/taskflow/listeners/logging.py:190}}
Jul 18 16:46:33.385790 dv-cinder-846172-3-iscsi devstack@c-api.service[118028]: DEBUG cinder.volume.flows.api.create_volume [None req-afc8ae8f-5b24-4d09-82dc-92e61626e2a4 tempest-VolumesCloneTest-81619647 tempest-VolumesCloneTest-81619647-project] Validating volume size '1' using validate_int {{(pid=118028) _extract_size /opt/stack/cinder/cinder/volume/flows/api/create_volume.py:228}}
Jul 18 16:46:33.460904 dv-cinder-846172-3-iscsi devstack@c-api.service[118027]: DEBUG cinder.quota [None req-cc45f8bb-5b4a-4ee3-aca5-ba76aae48c25 tempest-VolumeRetypeWithoutMigrationTest-2102863203 tempest-VolumeRetypeWithoutMigrationTest-2102863203-project] Created reservations ['312c6689-a2c0-41a3-9ca1-8ad4f93c86dd', '99bcb2fe-9c58-4885-98fd-06312cf35993'] {{(pid=118027) reserve /opt/stack/cinder/cinder/quota.py:755}}
Jul 18 16:46:33.472274 dv-cinder-846172-3-iscsi devstack@c-api.service[118028]: DEBUG cinder.volume.api [None req-afc8ae8f-5b24-4d09-82dc-92e61626e2a4 tempest-VolumesCloneTest-81619647 tempest-VolumesCloneTest-81619647-project] Task 'cinder.volume.flows.api.create_volume.ExtractVolumeRequestTask;volume:create' (0a422765-42d7-4ba6-88e1-50ef9d8eaf77) transitioned into state 'SUCCESS' from state 'RUNNING' with result '{'size': 1, 'snapshot_id': None, 'source_volid': None, 'volume_type': VolumeType(created_at=2022-07-18T16:28:26Z,deleted=False,deleted_at=None,description='Default Volume Type',extra_specs={},id=a3a7a2c9-9fcf-4ad4-9be3-e7d51a6f4540,is_public=True,name='__DEFAULT__',projects=[],qos_specs=,qos_specs_id=None,updated_at=2022-07-18T16:28:26Z), 'volume_type_id': 'a3a7a2c9-9fcf-4ad4-9be3-e7d51a6f4540', 'encryption_key_id': None, 'qos_specs': None, 'consistencygroup_id': None, 'cgsnapshot_id': None, 'group_id': None, 'replication_status': 'disabled', 'refresh_az': False, 'backup_id': None, 'multiattach': False, 'availability_zones': ['nova']}' {{(pid=118028) _task_receiver /usr/local/lib/python3.8/dist-packages/taskflow/listeners/logging.py:178}}
Jul 18 16:46:33.474301 dv-cinder-846172-3-iscsi devstack@c-api.service[118028]: DEBUG cinder.volume.api [None req-afc8ae8f-5b24-4d09-82dc-92e61626e2a4 tempest-VolumesCloneTest-81619647 tempest-VolumesCloneTest-81619647-project] Task 'cinder.volume.flows.api.create_volume.QuotaReserveTask;volume:create' (6fa6b175-a580-4b50-81dd-c050e8bf75b6) transitioned into state 'RUNNING' from state 'PENDING' {{(pid=118028) _task_receiver /usr/local/lib/python3.8/dist-packages/taskflow/listeners/logging.py:190}}
Jul 18 16:46:33.657428 dv-cinder-846172-3-iscsi devstack@c-api.service[118027]: INFO cinder.volume.api [None req-cc45f8bb-5b4a-4ee3-aca5-ba76aae48c25 tempest-VolumeRetypeWithoutMigrationTest-2102863203 tempest-VolumeRetypeWithoutMigrationTest-2102863203-project] Retype volume request issued successfully.
Jul 18 16:46:33.658063 dv-cinder-846172-3-iscsi devstack@c-api.service[118027]: INFO cinder.api.openstack.wsgi [None req-cc45f8bb-5b4a-4ee3-aca5-ba76aae48c25 tempest-VolumeRetypeWithoutMigrationTest-2102863203 tempest-VolumeRetypeWithoutMigrationTest-2102863203-project] http://10.222.0.26/volume/v3/dab178dc67ed49cb90528aa8910acd52/volumes/294292ab-73f9-41b9-b587-6c293985ca7e/action returned with HTTP 202
Jul 18 16:46:33.658974 dv-cinder-846172-3-iscsi devstack@c-api.service[118027]: [pid: 118027|app: 0|req: 119/276] 10.222.0.26 () {60 vars in 1366 bytes} [Mon Jul 18 16:46:33 2022] POST /volume/v3/dab178dc67ed49cb90528aa8910acd52/volumes/294292ab-73f9-41b9-b587-6c293985ca7e/action => generated 0 bytes in 569 msecs (HTTP/1.1 202) 7 headers in 289 bytes (1 switches on core 0)
Jul 18 16:46:33.660593 dv-cinder-846172-3-iscsi devstack@c-api.service[118027]: DEBUG cinder.api.middleware.request_id [None req-abf81705-75d7-494a-87ac-546459e06b7e None None] RequestId filter calling following filter/app {{(pid=118027) _context_setter /opt/stack/cinder/cinder/api/middleware/request_id.py:62}}
Jul 18 16:46:33.667015 dv-cinder-846172-3-iscsi devstack@c-api.service[118027]: INFO cinder.api.openstack.wsgi [None req-abf81705-75d7-494a-87ac-546459e06b7e tempest-QosSpecsTestJSON-1426317550 tempest-QosSpecsTestJSON-1426317550-project-admin] DELETE http://10.222.0.26/volume/v3/0bb1a49d249942f3836e14be47e99c04/qos-specs/3324b5f0-ab34-4278-84a4-ccaff28205e0?force=False
Jul 18 16:46:33.667546 dv-cinder-846172-3-iscsi devstack@c-api.service[118027]: DEBUG cinder.api.openstack.wsgi [None req-abf81705-75d7-494a-87ac-546459e06b7e tempest-QosSpecsTestJSON-1426317550 tempest-QosSpecsTestJSON-1426317550-project-admin] Empty body provided in request {{(pid=118027) get_body /opt/stack/cinder/cinder/api/openstack/wsgi.py:715}}
Jul 18 16:46:33.668006 dv-cinder-846172-3-iscsi devstack@c-api.service[118027]: DEBUG cinder.api.openstack.wsgi [None req-abf81705-75d7-494a-87ac-546459e06b7e tempest-QosSpecsTestJSON-1426317550 tempest-QosSpecsTestJSON-1426317550-project-admin] Calling method 'delete' {{(pid=118027) _process_stack /opt/stack/cinder/cinder/api/openstack/wsgi.py:868}}
Jul 18 16:46:33.668579 dv-cinder-846172-3-iscsi devstack@c-api.service[118027]: /usr/local/lib/python3.8/dist-packages/oslo_context/context.py:100: DeprecationWarning: Policy enforcement is depending on the value of is_admin. This key is deprecated. Please update your policy file to use the standard policy values.
Jul 18 16:46:33.668579 dv-cinder-846172-3-iscsi devstack@c-api.service[118027]: warnings.warn('Policy enforcement is depending on the value of '
Jul 18 16:46:33.669319 dv-cinder-846172-3-iscsi devstack@c-api.service[118027]: DEBUG cinder.api.contrib.qos_specs_manage [None req-abf81705-75d7-494a-87ac-546459e06b7e tempest-QosSpecsTestJSON-1426317550 tempest-QosSpecsTestJSON-1426317550-project-admin] Delete qos_spec: 3324b5f0-ab34-4278-84a4-ccaff28205e0, force: False {{(pid=118027) delete /opt/stack/cinder/cinder/api/contrib/qos_specs_manage.py:168}}
Jul 18 16:46:33.688768 dv-cinder-846172-3-iscsi devstack@c-api.service[118028]: DEBUG cinder.quota [None req-afc8ae8f-5b24-4d09-82dc-92e61626e2a4 tempest-VolumesCloneTest-81619647 tempest-VolumesCloneTest-81619647-project] Created reservations ['c58c3014-7aaa-4ebf-90a5-23704d1b003e', 'ceb2b708-9e17-4632-8115-3688b2e49f12', '2299bdaf-1eda-4630-ac29-79bee509dfb6', '81339df6-9032-42ce-8f51-6424ffd7690c'] {{(pid=118028) reserve /opt/stack/cinder/cinder/quota.py:755}}
Jul 18 16:46:33.691172 dv-cinder-846172-3-iscsi devstack@c-api.service[118028]: DEBUG cinder.volume.api [None req-afc8ae8f-5b24-4d09-82dc-92e61626e2a4 tempest-VolumesCloneTest-81619647 tempest-VolumesCloneTest-81619647-project] Task 'cinder.volume.flows.api.create_volume.QuotaReserveTask;volume:create' (6fa6b175-a580-4b50-81dd-c050e8bf75b6) transitioned into state 'SUCCESS' from state 'RUNNING' with result '{'reservations': ['c58c3014-7aaa-4ebf-90a5-23704d1b003e', 'ceb2b708-9e17-4632-8115-3688b2e49f12', '2299bdaf-1eda-4630-ac29-79bee509dfb6', '81339df6-9032-42ce-8f51-6424ffd7690c']}' {{(pid=118028) _task_receiver /usr/local/lib/python3.8/dist-packages/taskflow/listeners/logging.py:178}}
Jul 18 16:46:33.694539 dv-cinder-846172-3-iscsi devstack@c-api.service[118028]: DEBUG cinder.volume.api [None req-afc8ae8f-5b24-4d09-82dc-92e61626e2a4 tempest-VolumesCloneTest-81619647 tempest-VolumesCloneTest-81619647-project] Task 'cinder.volume.flows.api.create_volume.EntryCreateTask;volume:create' (fd1347cb-2ecc-4a46-be56-5330271a06f4) transitioned into state 'RUNNING' from state 'PENDING' {{(pid=118028) _task_receiver /usr/local/lib/python3.8/dist-packages/taskflow/listeners/logging.py:190}}
Jul 18 16:46:33.768739 dv-cinder-846172-3-iscsi devstack@c-api.service[118027]: INFO cinder.api.openstack.wsgi [None req-abf81705-75d7-494a-87ac-546459e06b7e tempest-QosSpecsTestJSON-1426317550 tempest-QosSpecsTestJSON-1426317550-project-admin] http://10.222.0.26/volume/v3/0bb1a49d249942f3836e14be47e99c04/qos-specs/3324b5f0-ab34-4278-84a4-ccaff28205e0?force=False returned with HTTP 202
Jul 18 16:46:33.769593 dv-cinder-846172-3-iscsi devstack@c-api.service[118027]: [pid: 118027|app: 0|req: 120/277] 10.222.0.26 () {58 vars in 1356 bytes} [Mon Jul 18 16:46:33 2022] DELETE /volume/v3/0bb1a49d249942f3836e14be47e99c04/qos-specs/3324b5f0-ab34-4278-84a4-ccaff28205e0?force=False => generated 0 bytes in 110 msecs (HTTP/1.1 202) 6 headers in 233 bytes (1 switches on core 0)
Jul 18 16:46:33.770862 dv-cinder-846172-3-iscsi devstack@c-api.service[118027]: DEBUG cinder.api.middleware.request_id [None req-5f09c787-efea-4a70-ad4f-c9435a99654a None None] RequestId filter calling following filter/app {{(pid=118027) _context_setter /opt/stack/cinder/cinder/api/middleware/request_id.py:62}}
Jul 18 16:46:33.771474 dv-cinder-846172-3-iscsi devstack@c-api.service[118028]: DEBUG cinder.volume.api [None req-afc8ae8f-5b24-4d09-82dc-92e61626e2a4 tempest-VolumesCloneTest-81619647 tempest-VolumesCloneTest-81619647-project] Task 'cinder.volume.flows.api.create_volume.EntryCreateTask;volume:create' (fd1347cb-2ecc-4a46-be56-5330271a06f4) transitioned into state 'SUCCESS' from state 'RUNNING' with result '{'volume_id': 'c174db4f-ffef-42ce-ad31-d584f9952fe7', 'volume_properties': VolumeProperties(attach_status='detached',availability_zone='nova',cgsnapshot_id=None,consistencygroup_id=None,display_description=None,display_name='tempest-VolumesCloneTest-Volume-279656496',encryption_key_id=None,group_id=None,group_type_id=,metadata={},multiattach=False,project_id='bc192e7e5a3b4a8da04f8f0b53105592',qos_specs=None,replication_status=,reservations=['c58c3014-7aaa-4ebf-90a5-23704d1b003e','ceb2b708-9e17-4632-8115-3688b2e49f12','2299bdaf-1eda-4630-ac29-79bee509dfb6','81339df6-9032-42ce-8f51-6424ffd7690c'],size=1,snapshot_id=None,source_replicaid=,source_volid=None,status='creating',user_id='39607830620d46c08f574ee6bdbc5575',volume_type_id=a3a7a2c9-9fcf-4ad4-9be3-e7d51a6f4540), 'volume': Volume(_name_id=None,admin_metadata=,attach_status='detached',availability_zone='nova',bootable=False,cluster=,cluster_name=None,consistencygroup=,consistencygroup_id=None,created_at=2022-07-18T16:46:33Z,deleted=False,deleted_at=None,display_description=None,display_name='tempest-VolumesCloneTest-Volume-279656496',ec2_id=None,encryption_key_id=None,glance_metadata=,group=,group_id=None,host=None,id=c174db4f-ffef-42ce-ad31-d584f9952fe7,launched_at=None,metadata={},migration_status=None,multiattach=False,previous_status=None,project_id='bc192e7e5a3b4a8da04f8f0b53105592',provider_auth=None,provider_geometry=None,provider_id=None,provider_location=None,replication_driver_data=None,replication_extended_status=None,replication_status=None,scheduled_at=None,service_uuid=None,shared_targets=True,size=1,snapshot_id=None,snapshots=,source_volid=None,status='creating',terminated_at=None,updated_at=None,use_quota=True,user_id='39607830620d46c08f574ee6bdbc5575',volume_attachment=VolumeAttachmentList,volume_type=VolumeType(a3a7a2c9-9fcf-4ad4-9be3-e7d51a6f4540),volume_type_id=a3a7a2c9-9fcf-4ad4-9be3-e7d51a6f4540)}' {{(pid=118028) _task_receiver /usr/local/lib/python3.8/dist-packages/taskflow/listeners/logging.py:178}}
Jul 18 16:46:33.773528 dv-cinder-846172-3-iscsi devstack@c-api.service[118028]: DEBUG cinder.volume.api [None req-afc8ae8f-5b24-4d09-82dc-92e61626e2a4 tempest-VolumesCloneTest-81619647 tempest-VolumesCloneTest-81619647-project] Task 'cinder.volume.flows.api.create_volume.QuotaCommitTask;volume:create' (5b3ac79a-7d45-49b7-86df-076c81e31c58) transitioned into state 'RUNNING' from state 'PENDING' {{(pid=118028) _task_receiver /usr/local/lib/python3.8/dist-packages/taskflow/listeners/logging.py:190}}
Jul 18 16:46:33.775373 dv-cinder-846172-3-iscsi devstack@c-api.service[118027]: INFO cinder.api.openstack.wsgi [None req-5f09c787-efea-4a70-ad4f-c9435a99654a tempest-GroupSnapshotsTest-1464849111 tempest-GroupSnapshotsTest-1464849111-project] GET http://10.222.0.26/volume/v3/536017dde63546ff99f8cfef2890dc5a/groups/1d5a6c3d-5585-49e4-9eb2-27d6623a684f
Jul 18 16:46:33.775888 dv-cinder-846172-3-iscsi devstack@c-api.service[118027]: DEBUG cinder.api.openstack.wsgi [None req-5f09c787-efea-4a70-ad4f-c9435a99654a tempest-GroupSnapshotsTest-1464849111 tempest-GroupSnapshotsTest-1464849111-project] Empty body provided in request {{(pid=118027) get_body /opt/stack/cinder/cinder/api/openstack/wsgi.py:715}}
Jul 18 16:46:33.776330 dv-cinder-846172-3-iscsi devstack@c-api.service[118027]: DEBUG cinder.api.openstack.wsgi [None req-5f09c787-efea-4a70-ad4f-c9435a99654a tempest-GroupSnapshotsTest-1464849111 tempest-GroupSnapshotsTest-1464849111-project] Calling method 'version_select' {{(pid=118027) _process_stack /opt/stack/cinder/cinder/api/openstack/wsgi.py:868}}
Jul 18 16:46:33.776666 dv-cinder-846172-3-iscsi devstack@c-api.service[118027]: DEBUG cinder.api.v3.groups [None req-5f09c787-efea-4a70-ad4f-c9435a99654a tempest-GroupSnapshotsTest-1464849111 tempest-GroupSnapshotsTest-1464849111-project] show called for member 1d5a6c3d-5585-49e4-9eb2-27d6623a684f {{(pid=118027) show /opt/stack/cinder/cinder/api/v3/groups.py:58}}
Jul 18 16:46:33.782537 dv-cinder-846172-3-iscsi devstack@c-api.service[118027]: /usr/local/lib/python3.8/dist-packages/oslo_context/context.py:100: DeprecationWarning: Policy enforcement is depending on the value of is_admin. This key is deprecated. Please update your policy file to use the standard policy values.
Jul 18 16:46:33.782537 dv-cinder-846172-3-iscsi devstack@c-api.service[118027]: warnings.warn('Policy enforcement is depending on the value of '
Jul 18 16:46:33.797664 dv-cinder-846172-3-iscsi devstack@c-api.service[118027]: INFO cinder.api.openstack.wsgi [None req-5f09c787-efea-4a70-ad4f-c9435a99654a tempest-GroupSnapshotsTest-1464849111 tempest-GroupSnapshotsTest-1464849111-project] http://10.222.0.26/volume/v3/536017dde63546ff99f8cfef2890dc5a/groups/1d5a6c3d-5585-49e4-9eb2-27d6623a684f returned with HTTP 200
Jul 18 16:46:33.798465 dv-cinder-846172-3-iscsi devstack@c-api.service[118027]: [pid: 118027|app: 0|req: 121/278] 10.222.0.26 () {60 vars in 1362 bytes} [Mon Jul 18 16:46:33 2022] GET /volume/v3/536017dde63546ff99f8cfef2890dc5a/groups/1d5a6c3d-5585-49e4-9eb2-27d6623a684f => generated 392 bytes in 28 msecs (HTTP/1.1 200) 7 headers in 286 bytes (1 switches on core 0)
Jul 18 16:46:33.799806 dv-cinder-846172-3-iscsi devstack@c-api.service[118027]: DEBUG cinder.api.middleware.request_id [None req-4d43ed0d-553a-45fd-aae1-e08609330f2b None None] RequestId filter calling following filter/app {{(pid=118027) _context_setter /opt/stack/cinder/cinder/api/middleware/request_id.py:62}}
Jul 18 16:46:33.803287 dv-cinder-846172-3-iscsi devstack@c-api.service[118027]: INFO cinder.api.openstack.wsgi [None req-4d43ed0d-553a-45fd-aae1-e08609330f2b tempest-GroupsV314Test-319424144 tempest-GroupsV314Test-319424144-project] GET http://10.222.0.26/volume/v3/97eff8f126e34cb78c3f8fb66c5f3222/volumes/detail
Jul 18 16:46:33.803742 dv-cinder-846172-3-iscsi devstack@c-api.service[118027]: DEBUG cinder.api.openstack.wsgi [None req-4d43ed0d-553a-45fd-aae1-e08609330f2b tempest-GroupsV314Test-319424144 tempest-GroupsV314Test-319424144-project] Empty body provided in request {{(pid=118027) get_body /opt/stack/cinder/cinder/api/openstack/wsgi.py:715}}
Jul 18 16:46:33.804190 dv-cinder-846172-3-iscsi devstack@c-api.service[118027]: DEBUG cinder.api.openstack.wsgi [None req-4d43ed0d-553a-45fd-aae1-e08609330f2b tempest-GroupsV314Test-319424144 tempest-GroupsV314Test-319424144-project] Calling method 'detail' {{(pid=118027) _process_stack /opt/stack/cinder/cinder/api/openstack/wsgi.py:868}}
Jul 18 16:46:33.804861 dv-cinder-846172-3-iscsi devstack@c-api.service[118027]: DEBUG cinder.api.api_utils [None req-4d43ed0d-553a-45fd-aae1-e08609330f2b tempest-GroupsV314Test-319424144 tempest-GroupsV314Test-319424144-project] Removing options '' from query. {{(pid=118027) remove_invalid_filter_options /opt/stack/cinder/cinder/api/api_utils.py:83}}
Jul 18 16:46:33.805630 dv-cinder-846172-3-iscsi devstack@c-api.service[118027]: /usr/local/lib/python3.8/dist-packages/oslo_context/context.py:100: DeprecationWarning: Policy enforcement is depending on the value of is_admin. This key is deprecated. Please update your policy file to use the standard policy values.
Jul 18 16:46:33.805630 dv-cinder-846172-3-iscsi devstack@c-api.service[118027]: warnings.warn('Policy enforcement is depending on the value of '
Jul 18 16:46:33.806569 dv-cinder-846172-3-iscsi devstack@c-api.service[118027]: DEBUG cinder.volume.api [None req-4d43ed0d-553a-45fd-aae1-e08609330f2b tempest-GroupsV314Test-319424144 tempest-GroupsV314Test-319424144-project] Searching by: MultiDict([('no_migration_targets', True)]). {{(pid=118027) get_all /opt/stack/cinder/cinder/volume/api.py:664}}
Jul 18 16:46:33.861167 dv-cinder-846172-3-iscsi devstack@c-api.service[118027]: INFO cinder.volume.api [None req-4d43ed0d-553a-45fd-aae1-e08609330f2b tempest-GroupsV314Test-319424144 tempest-GroupsV314Test-319424144-project] Get all volumes completed successfully.
Jul 18 16:46:33.862665 dv-cinder-846172-3-iscsi devstack@c-api.service[118027]: WARNING stevedore.named [None req-4d43ed0d-553a-45fd-aae1-e08609330f2b tempest-GroupsV314Test-319424144 tempest-GroupsV314Test-319424144-project] Could not load cinder.keymgr.conf_key_mgr.ConfKeyManager
