Jun 16 18:36:29.376617 dv-cinder-846171-1-smb devstack@keystone.service[86897]: DEBUG keystone.server.flask.request_processing.middleware.auth_context [None req-02356ff5-5973-44d1-a261-4c6836705ec7 None admin] Validating token access rules against request {{(pid=86897) validate_allowed_request /usr/local/lib/python3.8/dist-packages/keystonemiddleware/auth_token/__init__.py:545}}
Jun 16 18:36:29.397463 dv-cinder-846171-1-smb devstack@keystone.service[86898]: DEBUG keystone.server.flask.request_processing.middleware.auth_context [None req-dca32c4a-35f5-4d1c-ab5f-3c37fdf5cd0d None admin] Validating token access rules against request {{(pid=86898) validate_allowed_request /usr/local/lib/python3.8/dist-packages/keystonemiddleware/auth_token/__init__.py:545}}
Jun 16 18:36:29.423017 dv-cinder-846171-1-smb devstack@keystone.service[86897]: DEBUG keystone.server.flask.request_processing.middleware.auth_context [None req-0bf7ac3e-d381-4d53-bb57-84185f7d6c1b None admin] RBAC: auth_context: {'token': , 'domain_id': None, 'trust_id': None, 'trustor_id': None, 'trustee_id': None, 'domain_name': None, 'group_ids': [], 'user_id': 'd16970c992ef45ad92a1879619e5cda1', 'user_domain_id': 'default', 'system_scope': 'all', 'project_id': None, 'project_domain_id': None, 'roles': ['admin', 'member', 'reader'], 'is_admin_project': True, 'service_user_id': None, 'service_user_domain_id': None, 'service_project_id': None, 'service_project_domain_id': None, 'service_roles': []} {{(pid=86897) fill_context /opt/stack/keystone/keystone/server/flask/request_processing/middleware/auth_context.py:478}}
Jun 16 18:36:29.423802 dv-cinder-846171-1-smb devstack@keystone.service[86897]: DEBUG keystone.server.flask.request_processing.req_logging [None req-0bf7ac3e-d381-4d53-bb57-84185f7d6c1b None admin] REQUEST_METHOD: `GET` {{(pid=86897) log_request_info /opt/stack/keystone/keystone/server/flask/request_processing/req_logging.py:27}}
Jun 16 18:36:29.424033 dv-cinder-846171-1-smb devstack@keystone.service[86897]: DEBUG keystone.server.flask.request_processing.req_logging [None req-0bf7ac3e-d381-4d53-bb57-84185f7d6c1b None admin] SCRIPT_NAME: `/identity` {{(pid=86897) log_request_info /opt/stack/keystone/keystone/server/flask/request_processing/req_logging.py:28}}
Jun 16 18:36:29.424309 dv-cinder-846171-1-smb devstack@keystone.service[86897]: DEBUG keystone.server.flask.request_processing.req_logging [None req-0bf7ac3e-d381-4d53-bb57-84185f7d6c1b None admin] PATH_INFO: `/v3/roles` {{(pid=86897) log_request_info /opt/stack/keystone/keystone/server/flask/request_processing/req_logging.py:29}}
Jun 16 18:36:29.425136 dv-cinder-846171-1-smb devstack@keystone.service[86897]: DEBUG keystone.common.rbac_enforcer.enforcer [None req-0bf7ac3e-d381-4d53-bb57-84185f7d6c1b None admin] RBAC: Adding query filter params (name=anotherrole) {{(pid=86897) _extract_filter_values /opt/stack/keystone/keystone/common/rbac_enforcer/enforcer.py:167}}
Jun 16 18:36:29.425614 dv-cinder-846171-1-smb devstack@keystone.service[86897]: DEBUG keystone.common.rbac_enforcer.enforcer [None req-0bf7ac3e-d381-4d53-bb57-84185f7d6c1b None admin] RBAC: Authorizing `identity:list_roles()` {{(pid=86897) enforce_call /opt/stack/keystone/keystone/common/rbac_enforcer/enforcer.py:449}}
Jun 16 18:36:29.427766 dv-cinder-846171-1-smb devstack@keystone.service[86897]: DEBUG keystone.common.rbac_enforcer.enforcer [None req-0bf7ac3e-d381-4d53-bb57-84185f7d6c1b None admin] RBAC: Authorization granted {{(pid=86897) enforce_call /opt/stack/keystone/keystone/common/rbac_enforcer/enforcer.py:457}}
Jun 16 18:36:29.437055 dv-cinder-846171-1-smb devstack@keystone.service[86897]: [pid: 86897|app: 0|req: 94/189] 10.222.0.40 () {56 vars in 1111 bytes} [Thu Jun 16 18:36:29 2022] GET /identity/v3/roles?name=anotherrole => generated 334 bytes in 207 msecs (HTTP/1.1 200) 5 headers in 177 bytes (1 switches on core 0)
Jun 16 18:36:29.441991 dv-cinder-846171-1-smb devstack@keystone.service[86898]: DEBUG keystone.server.flask.request_processing.middleware.auth_context [None req-12be87e8-a673-4ae3-b894-da2b6e854078 None admin] RBAC: auth_context: {'token': , 'domain_id': None, 'trust_id': None, 'trustor_id': None, 'trustee_id': None, 'domain_name': None, 'group_ids': [], 'user_id': 'd16970c992ef45ad92a1879619e5cda1', 'user_domain_id': 'default', 'system_scope': 'all', 'project_id': None, 'project_domain_id': None, 'roles': ['admin', 'member', 'reader'], 'is_admin_project': True, 'service_user_id': None, 'service_user_domain_id': None, 'service_project_id': None, 'service_project_domain_id': None, 'service_roles': []} {{(pid=86898) fill_context /opt/stack/keystone/keystone/server/flask/request_processing/middleware/auth_context.py:478}}
Jun 16 18:36:29.443010 dv-cinder-846171-1-smb devstack@keystone.service[86898]: DEBUG keystone.server.flask.request_processing.req_logging [None req-12be87e8-a673-4ae3-b894-da2b6e854078 None admin] REQUEST_METHOD: `GET` {{(pid=86898) log_request_info /opt/stack/keystone/keystone/server/flask/request_processing/req_logging.py:27}}
Jun 16 18:36:29.443293 dv-cinder-846171-1-smb devstack@keystone.service[86898]: DEBUG keystone.server.flask.request_processing.req_logging [None req-12be87e8-a673-4ae3-b894-da2b6e854078 None admin] SCRIPT_NAME: `/identity` {{(pid=86898) log_request_info /opt/stack/keystone/keystone/server/flask/request_processing/req_logging.py:28}}
Jun 16 18:36:29.443498 dv-cinder-846171-1-smb devstack@keystone.service[86897]: DEBUG keystone.server.flask.request_processing.middleware.auth_context [None req-0bf7ac3e-d381-4d53-bb57-84185f7d6c1b None admin] Authenticating user token {{(pid=86897) process_request /usr/local/lib/python3.8/dist-packages/keystonemiddleware/auth_token/__init__.py:407}}
Jun 16 18:36:29.443665 dv-cinder-846171-1-smb devstack@keystone.service[86898]: DEBUG keystone.server.flask.request_processing.req_logging [None req-12be87e8-a673-4ae3-b894-da2b6e854078 None admin] PATH_INFO: `/v3/domains/default` {{(pid=86898) log_request_info /opt/stack/keystone/keystone/server/flask/request_processing/req_logging.py:29}}
Jun 16 18:36:29.445469 dv-cinder-846171-1-smb devstack@keystone.service[86898]: DEBUG keystone.common.rbac_enforcer.enforcer [None req-12be87e8-a673-4ae3-b894-da2b6e854078 None admin] RBAC: Authorizing `identity:get_domain(domain_id=default)` {{(pid=86898) enforce_call /opt/stack/keystone/keystone/common/rbac_enforcer/enforcer.py:449}}
Jun 16 18:36:29.447255 dv-cinder-846171-1-smb devstack@keystone.service[86898]: DEBUG keystone.common.rbac_enforcer.enforcer [None req-12be87e8-a673-4ae3-b894-da2b6e854078 None admin] RBAC: Authorization granted {{(pid=86898) enforce_call /opt/stack/keystone/keystone/common/rbac_enforcer/enforcer.py:457}}
Jun 16 18:36:29.449915 dv-cinder-846171-1-smb devstack@keystone.service[86898]: [pid: 86898|app: 0|req: 96/190] 10.222.0.40 () {56 vars in 1108 bytes} [Thu Jun 16 18:36:29 2022] GET /identity/v3/domains/default => generated 199 bytes in 176 msecs (HTTP/1.1 200) 5 headers in 177 bytes (1 switches on core 0)
Jun 16 18:36:29.451270 dv-cinder-846171-1-smb devstack@keystone.service[86898]: DEBUG keystone.server.flask.request_processing.req_logging [None req-376b9583-6726-4fb6-8f97-1e65d5e2b9e2 None None] REQUEST_METHOD: `GET` {{(pid=86898) log_request_info /opt/stack/keystone/keystone/server/flask/request_processing/req_logging.py:27}}
Jun 16 18:36:29.451559 dv-cinder-846171-1-smb devstack@keystone.service[86898]: DEBUG keystone.server.flask.request_processing.req_logging [None req-376b9583-6726-4fb6-8f97-1e65d5e2b9e2 None None] SCRIPT_NAME: `/identity` {{(pid=86898) log_request_info /opt/stack/keystone/keystone/server/flask/request_processing/req_logging.py:28}}
Jun 16 18:36:29.451853 dv-cinder-846171-1-smb devstack@keystone.service[86898]: DEBUG keystone.server.flask.request_processing.req_logging [None req-376b9583-6726-4fb6-8f97-1e65d5e2b9e2 None None] PATH_INFO: `/` {{(pid=86898) log_request_info /opt/stack/keystone/keystone/server/flask/request_processing/req_logging.py:29}}
Jun 16 18:36:29.457314 dv-cinder-846171-1-smb devstack@keystone.service[86898]: [pid: 86898|app: 0|req: 97/191] 10.222.0.40 () {54 vars in 926 bytes} [Thu Jun 16 18:36:29 2022] GET /identity => generated 270 bytes in 3 msecs (HTTP/1.1 300) 6 headers in 234 bytes (1 switches on core 0)
Jun 16 18:36:29.457314 dv-cinder-846171-1-smb devstack@keystone.service[86898]: DEBUG keystone.server.flask.request_processing.middleware.auth_context [None req-376b9583-6726-4fb6-8f97-1e65d5e2b9e2 None None] Authenticating user token {{(pid=86898) process_request /usr/local/lib/python3.8/dist-packages/keystonemiddleware/auth_token/__init__.py:407}}
Jun 16 18:36:29.541321 dv-cinder-846171-1-smb devstack@keystone.service[86898]: DEBUG dbcounter [-] [86898] Writing DB stats keystone:SELECT=100 {{(pid=86898) stat_writer /usr/local/lib/python3.8/dist-packages/dbcounter.py:114}}
Jun 16 18:36:29.571160 dv-cinder-846171-1-smb devstack@keystone.service[86897]: DEBUG keystone.server.flask.request_processing.middleware.auth_context [None req-0bf7ac3e-d381-4d53-bb57-84185f7d6c1b None admin] Validating token access rules against request {{(pid=86897) validate_allowed_request /usr/local/lib/python3.8/dist-packages/keystonemiddleware/auth_token/__init__.py:545}}
Jun 16 18:36:29.578531 dv-cinder-846171-1-smb devstack@keystone.service[86897]: DEBUG dbcounter [-] [86897] Writing DB stats keystone:SELECT=100 {{(pid=86897) stat_writer /usr/local/lib/python3.8/dist-packages/dbcounter.py:114}}
Jun 16 18:36:29.589974 dv-cinder-846171-1-smb devstack@keystone.service[86898]: DEBUG keystone.server.flask.request_processing.middleware.auth_context [None req-376b9583-6726-4fb6-8f97-1e65d5e2b9e2 None None] Validating token access rules against request {{(pid=86898) validate_allowed_request /usr/local/lib/python3.8/dist-packages/keystonemiddleware/auth_token/__init__.py:545}}
Jun 16 18:36:29.606844 dv-cinder-846171-1-smb devstack@keystone.service[86897]: DEBUG keystone.server.flask.request_processing.middleware.auth_context [None req-b860b724-c687-43d4-ac61-a7a3d294a1ff None admin] RBAC: auth_context: {'token': , 'domain_id': None, 'trust_id': None, 'trustor_id': None, 'trustee_id': None, 'domain_name': None, 'group_ids': [], 'user_id': 'd16970c992ef45ad92a1879619e5cda1', 'user_domain_id': 'default', 'system_scope': 'all', 'project_id': None, 'project_domain_id': None, 'roles': ['admin', 'member', 'reader'], 'is_admin_project': True, 'service_user_id': None, 'service_user_domain_id': None, 'service_project_id': None, 'service_project_domain_id': None, 'service_roles': []} {{(pid=86897) fill_context /opt/stack/keystone/keystone/server/flask/request_processing/middleware/auth_context.py:478}}
Jun 16 18:36:29.607506 dv-cinder-846171-1-smb devstack@keystone.service[86897]: DEBUG keystone.server.flask.request_processing.req_logging [None req-b860b724-c687-43d4-ac61-a7a3d294a1ff None admin] REQUEST_METHOD: `GET` {{(pid=86897) log_request_info /opt/stack/keystone/keystone/server/flask/request_processing/req_logging.py:27}}
Jun 16 18:36:29.607820 dv-cinder-846171-1-smb devstack@keystone.service[86897]: DEBUG keystone.server.flask.request_processing.req_logging [None req-b860b724-c687-43d4-ac61-a7a3d294a1ff None admin] SCRIPT_NAME: `/identity` {{(pid=86897) log_request_info /opt/stack/keystone/keystone/server/flask/request_processing/req_logging.py:28}}
Jun 16 18:36:29.608101 dv-cinder-846171-1-smb devstack@keystone.service[86897]: DEBUG keystone.server.flask.request_processing.req_logging [None req-b860b724-c687-43d4-ac61-a7a3d294a1ff None admin] PATH_INFO: `/v3/role_assignments` {{(pid=86897) log_request_info /opt/stack/keystone/keystone/server/flask/request_processing/req_logging.py:29}}
Jun 16 18:36:29.608944 dv-cinder-846171-1-smb devstack@keystone.service[86897]: DEBUG keystone.common.rbac_enforcer.enforcer [None req-b860b724-c687-43d4-ac61-a7a3d294a1ff None admin] RBAC: Adding query filter params (role.id=85059d55a9ee403aa18b9580d26ccbed, scope.project.id=1f0cac840efb41429100d553f9c6d470, user.id=b03aa99594304e7f8e065f8b3ac2b405) {{(pid=86897) _extract_filter_values /opt/stack/keystone/keystone/common/rbac_enforcer/enforcer.py:167}}
Jun 16 18:36:29.609256 dv-cinder-846171-1-smb devstack@keystone.service[86897]: DEBUG keystone.common.rbac_enforcer.enforcer [None req-b860b724-c687-43d4-ac61-a7a3d294a1ff None admin] RBAC: Authorizing `identity:list_role_assignments()` {{(pid=86897) enforce_call /opt/stack/keystone/keystone/common/rbac_enforcer/enforcer.py:449}}
Jun 16 18:36:29.610715 dv-cinder-846171-1-smb devstack@keystone.service[86897]: DEBUG keystone.common.rbac_enforcer.enforcer [None req-b860b724-c687-43d4-ac61-a7a3d294a1ff None admin] RBAC: Authorization granted {{(pid=86897) enforce_call /opt/stack/keystone/keystone/common/rbac_enforcer/enforcer.py:457}}
Jun 16 18:36:29.617245 dv-cinder-846171-1-smb devstack@keystone.service[86897]: [pid: 86897|app: 0|req: 95/192] 10.222.0.40 () {56 vars in 1374 bytes} [Thu Jun 16 18:36:29 2022] GET /identity/v3/role_assignments?user.id=b03aa99594304e7f8e065f8b3ac2b405&scope.project.id=1f0cac840efb41429100d553f9c6d470&role.id=85059d55a9ee403aa18b9580d26ccbed => generated 608 bytes in 174 msecs (HTTP/1.1 200) 5 headers in 177 bytes (1 switches on core 0)
Jun 16 18:36:29.617245 dv-cinder-846171-1-smb devstack@keystone.service[86897]: DEBUG keystone.server.flask.request_processing.middleware.auth_context [None req-b860b724-c687-43d4-ac61-a7a3d294a1ff None admin] Authenticating user token {{(pid=86897) process_request /usr/local/lib/python3.8/dist-packages/keystonemiddleware/auth_token/__init__.py:407}}
Jun 16 18:36:29.633425 dv-cinder-846171-1-smb devstack@keystone.service[86898]: DEBUG keystone.server.flask.request_processing.middleware.auth_context [None req-167fedef-4199-49a9-9a58-586a5b93057a None admin] RBAC: auth_context: {'token': , 'domain_id': None, 'trust_id': None, 'trustor_id': None, 'trustee_id': None, 'domain_name': None, 'group_ids': [], 'user_id': 'd16970c992ef45ad92a1879619e5cda1', 'user_domain_id': 'default', 'system_scope': 'all', 'project_id': None, 'project_domain_id': None, 'roles': ['admin', 'member', 'reader'], 'is_admin_project': True, 'service_user_id': None, 'service_user_domain_id': None, 'service_project_id': None, 'service_project_domain_id': None, 'service_roles': []} {{(pid=86898) fill_context /opt/stack/keystone/keystone/server/flask/request_processing/middleware/auth_context.py:478}}
Jun 16 18:36:29.634710 dv-cinder-846171-1-smb devstack@keystone.service[86898]: DEBUG keystone.server.flask.request_processing.req_logging [None req-167fedef-4199-49a9-9a58-586a5b93057a None admin] REQUEST_METHOD: `GET` {{(pid=86898) log_request_info /opt/stack/keystone/keystone/server/flask/request_processing/req_logging.py:27}}
Jun 16 18:36:29.635032 dv-cinder-846171-1-smb devstack@keystone.service[86898]: DEBUG keystone.server.flask.request_processing.req_logging [None req-167fedef-4199-49a9-9a58-586a5b93057a None admin] SCRIPT_NAME: `/identity` {{(pid=86898) log_request_info /opt/stack/keystone/keystone/server/flask/request_processing/req_logging.py:28}}
Jun 16 18:36:29.635346 dv-cinder-846171-1-smb devstack@keystone.service[86898]: DEBUG keystone.server.flask.request_processing.req_logging [None req-167fedef-4199-49a9-9a58-586a5b93057a None admin] PATH_INFO: `/v3/users/38ce82c31ee9401c8ebe7fb183b5eb1c` {{(pid=86898) log_request_info /opt/stack/keystone/keystone/server/flask/request_processing/req_logging.py:29}}
Jun 16 18:36:29.651989 dv-cinder-846171-1-smb devstack@keystone.service[86898]: DEBUG keystone.common.rbac_enforcer.enforcer [None req-167fedef-4199-49a9-9a58-586a5b93057a None admin] RBAC: Authorizing `identity:get_user(user_id=38ce82c31ee9401c8ebe7fb183b5eb1c)` {{(pid=86898) enforce_call /opt/stack/keystone/keystone/common/rbac_enforcer/enforcer.py:449}}
Jun 16 18:36:29.654094 dv-cinder-846171-1-smb devstack@keystone.service[86898]: DEBUG keystone.common.rbac_enforcer.enforcer [None req-167fedef-4199-49a9-9a58-586a5b93057a None admin] RBAC: Authorization granted {{(pid=86898) enforce_call /opt/stack/keystone/keystone/common/rbac_enforcer/enforcer.py:457}}
Jun 16 18:36:29.656250 dv-cinder-846171-1-smb devstack@keystone.service[86898]: [pid: 86898|app: 0|req: 98/193] 10.222.0.40 () {56 vars in 1177 bytes} [Thu Jun 16 18:36:29 2022] GET /identity/v3/users/38ce82c31ee9401c8ebe7fb183b5eb1c => generated 283 bytes in 202 msecs (HTTP/1.1 200) 5 headers in 177 bytes (1 switches on core 0)
Jun 16 18:36:29.662218 dv-cinder-846171-1-smb devstack@keystone.service[86898]: DEBUG keystone.server.flask.request_processing.middleware.auth_context [None req-167fedef-4199-49a9-9a58-586a5b93057a None admin] Authenticating user token {{(pid=86898) process_request /usr/local/lib/python3.8/dist-packages/keystonemiddleware/auth_token/__init__.py:407}}
Jun 16 18:36:29.770819 dv-cinder-846171-1-smb devstack@keystone.service[86897]: DEBUG keystone.server.flask.request_processing.middleware.auth_context [None req-b860b724-c687-43d4-ac61-a7a3d294a1ff None admin] Validating token access rules against request {{(pid=86897) validate_allowed_request /usr/local/lib/python3.8/dist-packages/keystonemiddleware/auth_token/__init__.py:545}}
Jun 16 18:36:29.791106 dv-cinder-846171-1-smb devstack@keystone.service[86898]: DEBUG keystone.server.flask.request_processing.middleware.auth_context [None req-167fedef-4199-49a9-9a58-586a5b93057a None admin] Validating token access rules against request {{(pid=86898) validate_allowed_request /usr/local/lib/python3.8/dist-packages/keystonemiddleware/auth_token/__init__.py:545}}
Jun 16 18:36:29.809981 dv-cinder-846171-1-smb devstack@keystone.service[86898]: DEBUG dbcounter [-] [86898] Writing DB stats keystone:SELECT=100 {{(pid=86898) stat_writer /usr/local/lib/python3.8/dist-packages/dbcounter.py:114}}
Jun 16 18:36:29.812241 dv-cinder-846171-1-smb devstack@keystone.service[86897]: DEBUG keystone.server.flask.request_processing.middleware.auth_context [None req-ff7d0050-5409-4ca3-9b4d-6f75f22910f1 None admin] RBAC: auth_context: {'token': , 'domain_id': None, 'trust_id': None, 'trustor_id': None, 'trustee_id': None, 'domain_name': None, 'group_ids': [], 'user_id': 'd16970c992ef45ad92a1879619e5cda1', 'user_domain_id': 'default', 'system_scope': 'all', 'project_id': None, 'project_domain_id': None, 'roles': ['admin', 'member', 'reader'], 'is_admin_project': True, 'service_user_id': None, 'service_user_domain_id': None, 'service_project_id': None, 'service_project_domain_id': None, 'service_roles': []} {{(pid=86897) fill_context /opt/stack/keystone/keystone/server/flask/request_processing/middleware/auth_context.py:478}}
Jun 16 18:36:29.813161 dv-cinder-846171-1-smb devstack@keystone.service[86897]: DEBUG keystone.server.flask.request_processing.req_logging [None req-ff7d0050-5409-4ca3-9b4d-6f75f22910f1 None admin] REQUEST_METHOD: `GET` {{(pid=86897) log_request_info /opt/stack/keystone/keystone/server/flask/request_processing/req_logging.py:27}}
Jun 16 18:36:29.813446 dv-cinder-846171-1-smb devstack@keystone.service[86897]: DEBUG keystone.server.flask.request_processing.req_logging [None req-ff7d0050-5409-4ca3-9b4d-6f75f22910f1 None admin] SCRIPT_NAME: `/identity` {{(pid=86897) log_request_info /opt/stack/keystone/keystone/server/flask/request_processing/req_logging.py:28}}
Jun 16 18:36:29.813736 dv-cinder-846171-1-smb devstack@keystone.service[86897]: DEBUG keystone.server.flask.request_processing.req_logging [None req-ff7d0050-5409-4ca3-9b4d-6f75f22910f1 None admin] PATH_INFO: `/v3/users/38ce82c31ee9401c8ebe7fb183b5eb1c` {{(pid=86897) log_request_info /opt/stack/keystone/keystone/server/flask/request_processing/req_logging.py:29}}
Jun 16 18:36:29.816777 dv-cinder-846171-1-smb devstack@keystone.service[86897]: DEBUG keystone.common.rbac_enforcer.enforcer [None req-ff7d0050-5409-4ca3-9b4d-6f75f22910f1 None admin] RBAC: Authorizing `identity:get_user(user_id=38ce82c31ee9401c8ebe7fb183b5eb1c)` {{(pid=86897) enforce_call /opt/stack/keystone/keystone/common/rbac_enforcer/enforcer.py:449}}
Jun 16 18:36:29.817920 dv-cinder-846171-1-smb devstack@keystone.service[86897]: DEBUG keystone.common.rbac_enforcer.enforcer [None req-ff7d0050-5409-4ca3-9b4d-6f75f22910f1 None admin] RBAC: Authorization granted {{(pid=86897) enforce_call /opt/stack/keystone/keystone/common/rbac_enforcer/enforcer.py:457}}
Jun 16 18:36:29.819896 dv-cinder-846171-1-smb devstack@keystone.service[86897]: [pid: 86897|app: 0|req: 96/194] 10.222.0.40 () {56 vars in 1177 bytes} [Thu Jun 16 18:36:29 2022] GET /identity/v3/users/38ce82c31ee9401c8ebe7fb183b5eb1c => generated 283 bytes in 202 msecs (HTTP/1.1 200) 5 headers in 177 bytes (1 switches on core 0)
Jun 16 18:36:29.820896 dv-cinder-846171-1-smb devstack@keystone.service[86897]: DEBUG keystone.server.flask.request_processing.req_logging [None req-c9fb9ff0-ecdb-4a22-adbe-6f3a7aecec6e None None] REQUEST_METHOD: `POST` {{(pid=86897) log_request_info /opt/stack/keystone/keystone/server/flask/request_processing/req_logging.py:27}}
Jun 16 18:36:29.821180 dv-cinder-846171-1-smb devstack@keystone.service[86897]: DEBUG keystone.server.flask.request_processing.req_logging [None req-c9fb9ff0-ecdb-4a22-adbe-6f3a7aecec6e None None] SCRIPT_NAME: `/identity` {{(pid=86897) log_request_info /opt/stack/keystone/keystone/server/flask/request_processing/req_logging.py:28}}
Jun 16 18:36:29.821548 dv-cinder-846171-1-smb devstack@keystone.service[86897]: DEBUG keystone.server.flask.request_processing.req_logging [None req-c9fb9ff0-ecdb-4a22-adbe-6f3a7aecec6e None None] PATH_INFO: `/v3/auth/tokens` {{(pid=86897) log_request_info /opt/stack/keystone/keystone/server/flask/request_processing/req_logging.py:29}}
Jun 16 18:36:29.836055 dv-cinder-846171-1-smb devstack@keystone.service[86898]: DEBUG keystone.server.flask.request_processing.middleware.auth_context [None req-78cd1ee3-fe23-480c-a7ca-17f9413b112c None admin] RBAC: auth_context: {'token': , 'domain_id': None, 'trust_id': None, 'trustor_id': None, 'trustee_id': None, 'domain_name': None, 'group_ids': [], 'user_id': 'd16970c992ef45ad92a1879619e5cda1', 'user_domain_id': 'default', 'system_scope': 'all', 'project_id': None, 'project_domain_id': None, 'roles': ['admin', 'member', 'reader'], 'is_admin_project': True, 'service_user_id': None, 'service_user_domain_id': None, 'service_project_id': None, 'service_project_domain_id': None, 'service_roles': []} {{(pid=86898) fill_context /opt/stack/keystone/keystone/server/flask/request_processing/middleware/auth_context.py:478}}
Jun 16 18:36:29.836762 dv-cinder-846171-1-smb devstack@keystone.service[86898]: DEBUG keystone.server.flask.request_processing.req_logging [None req-78cd1ee3-fe23-480c-a7ca-17f9413b112c None admin] REQUEST_METHOD: `POST` {{(pid=86898) log_request_info /opt/stack/keystone/keystone/server/flask/request_processing/req_logging.py:27}}
Jun 16 18:36:29.837043 dv-cinder-846171-1-smb devstack@keystone.service[86898]: DEBUG keystone.server.flask.request_processing.req_logging [None req-78cd1ee3-fe23-480c-a7ca-17f9413b112c None admin] SCRIPT_NAME: `/identity` {{(pid=86898) log_request_info /opt/stack/keystone/keystone/server/flask/request_processing/req_logging.py:28}}
Jun 16 18:36:29.837321 dv-cinder-846171-1-smb devstack@keystone.service[86898]: DEBUG keystone.server.flask.request_processing.req_logging [None req-78cd1ee3-fe23-480c-a7ca-17f9413b112c None admin] PATH_INFO: `/v3/users` {{(pid=86898) log_request_info /opt/stack/keystone/keystone/server/flask/request_processing/req_logging.py:29}}
Jun 16 18:36:29.838043 dv-cinder-846171-1-smb devstack@keystone.service[86898]: DEBUG keystone.common.rbac_enforcer.enforcer [None req-78cd1ee3-fe23-480c-a7ca-17f9413b112c None admin] RBAC: Authorizing `identity:create_user()` {{(pid=86898) enforce_call /opt/stack/keystone/keystone/common/rbac_enforcer/enforcer.py:449}}
Jun 16 18:36:29.839576 dv-cinder-846171-1-smb devstack@keystone.service[86897]: DEBUG keystone.auth.core [None req-c9fb9ff0-ecdb-4a22-adbe-6f3a7aecec6e None None] MFA Rules not processed for user `d16970c992ef45ad92a1879619e5cda1`. Rule list: `[]` (Enabled: `True`). {{(pid=86897) check_auth_methods_against_rules /opt/stack/keystone/keystone/auth/core.py:438}}
Jun 16 18:36:29.839684 dv-cinder-846171-1-smb devstack@keystone.service[86898]: DEBUG keystone.common.rbac_enforcer.enforcer [None req-78cd1ee3-fe23-480c-a7ca-17f9413b112c None admin] RBAC: Authorization granted {{(pid=86898) enforce_call /opt/stack/keystone/keystone/common/rbac_enforcer/enforcer.py:457}}
Jun 16 18:36:29.841758 dv-cinder-846171-1-smb devstack@keystone.service[86897]: DEBUG keystone.common.fernet_utils [None req-c9fb9ff0-ecdb-4a22-adbe-6f3a7aecec6e None None] Loaded 2 Fernet keys from /etc/keystone/fernet-keys/, but `[fernet_tokens] max_active_keys = 3`; perhaps there have not been enough key rotations to reach `max_active_keys` yet? {{(pid=86897) load_keys /opt/stack/keystone/keystone/common/fernet_utils.py:286}}
Jun 16 18:36:29.864290 dv-cinder-846171-1-smb devstack@keystone.service[86898]: [pid: 86898|app: 0|req: 99/195] 10.222.0.40 () {60 vars in 1132 bytes} [Thu Jun 16 18:36:29 2022] POST /identity/v3/users => generated 297 bytes in 202 msecs (HTTP/1.1 201) 5 headers in 182 bytes (1 switches on core 0)
Jun 16 18:36:29.870958 dv-cinder-846171-1-smb devstack@keystone.service[86898]: DEBUG keystone.server.flask.request_processing.middleware.auth_context [None req-78cd1ee3-fe23-480c-a7ca-17f9413b112c None admin] Authenticating user token {{(pid=86898) process_request /usr/local/lib/python3.8/dist-packages/keystonemiddleware/auth_token/__init__.py:407}}
Jun 16 18:36:29.876883 dv-cinder-846171-1-smb devstack@keystone.service[86897]: DEBUG dbcounter [-] [86897] Writing DB stats keystone:SELECT=100 {{(pid=86897) stat_writer /usr/local/lib/python3.8/dist-packages/dbcounter.py:114}}
Jun 16 18:36:29.930050 dv-cinder-846171-1-smb devstack@keystone.service[86897]: [pid: 86897|app: 0|req: 97/196] 10.222.0.40 () {58 vars in 1023 bytes} [Thu Jun 16 18:36:29 2022] POST /identity/v3/auth/tokens => generated 799 bytes in 110 msecs (HTTP/1.1 201) 6 headers in 363 bytes (1 switches on core 0)
Jun 16 18:36:29.935964 dv-cinder-846171-1-smb devstack@keystone.service[86897]: DEBUG keystone.server.flask.request_processing.middleware.auth_context [None req-c9fb9ff0-ecdb-4a22-adbe-6f3a7aecec6e None None] Authenticating user token {{(pid=86897) process_request /usr/local/lib/python3.8/dist-packages/keystonemiddleware/auth_token/__init__.py:407}}
Jun 16 18:36:30.014582 dv-cinder-846171-1-smb devstack@keystone.service[86898]: DEBUG keystone.server.flask.request_processing.middleware.auth_context [None req-78cd1ee3-fe23-480c-a7ca-17f9413b112c None admin] Validating token access rules against request {{(pid=86898) validate_allowed_request /usr/local/lib/python3.8/dist-packages/keystonemiddleware/auth_token/__init__.py:545}}
Jun 16 18:36:30.060797 dv-cinder-846171-1-smb devstack@keystone.service[86898]: DEBUG keystone.server.flask.request_processing.middleware.auth_context [None req-3197d336-db8a-4910-8f2d-b806486627a1 None admin] RBAC: auth_context: {'token': , 'domain_id': None, 'trust_id': None, 'trustor_id': None, 'trustee_id': None, 'domain_name': None, 'group_ids': [], 'user_id': 'd16970c992ef45ad92a1879619e5cda1', 'user_domain_id': 'default', 'system_scope': 'all', 'project_id': None, 'project_domain_id': None, 'roles': ['admin', 'member', 'reader'], 'is_admin_project': True, 'service_user_id': None, 'service_user_domain_id': None, 'service_project_id': None, 'service_project_domain_id': None, 'service_roles': []} {{(pid=86898) fill_context /opt/stack/keystone/keystone/server/flask/request_processing/middleware/auth_context.py:478}}
Jun 16 18:36:30.060797 dv-cinder-846171-1-smb devstack@keystone.service[86898]: DEBUG keystone.server.flask.request_processing.req_logging [None req-3197d336-db8a-4910-8f2d-b806486627a1 None admin] REQUEST_METHOD: `GET` {{(pid=86898) log_request_info /opt/stack/keystone/keystone/server/flask/request_processing/req_logging.py:27}}
Jun 16 18:36:30.060797 dv-cinder-846171-1-smb devstack@keystone.service[86898]: DEBUG keystone.server.flask.request_processing.req_logging [None req-3197d336-db8a-4910-8f2d-b806486627a1 None admin] SCRIPT_NAME: `/identity` {{(pid=86898) log_request_info /opt/stack/keystone/keystone/server/flask/request_processing/req_logging.py:28}}
Jun 16 18:36:30.060797 dv-cinder-846171-1-smb devstack@keystone.service[86898]: DEBUG keystone.server.flask.request_processing.req_logging [None req-3197d336-db8a-4910-8f2d-b806486627a1 None admin] PATH_INFO: `/v3/auth/tokens` {{(pid=86898) log_request_info /opt/stack/keystone/keystone/server/flask/request_processing/req_logging.py:29}}
Jun 16 18:36:30.078833 dv-cinder-846171-1-smb devstack@keystone.service[86897]: DEBUG keystone.server.flask.request_processing.middleware.auth_context [None req-c9fb9ff0-ecdb-4a22-adbe-6f3a7aecec6e None None] Validating token access rules against request {{(pid=86897) validate_allowed_request /usr/local/lib/python3.8/dist-packages/keystonemiddleware/auth_token/__init__.py:545}}
Jun 16 18:36:30.108705 dv-cinder-846171-1-smb devstack@keystone.service[86898]: DEBUG dbcounter [-] [86898] Writing DB stats keystone:SELECT=97,keystone:INSERT=3 {{(pid=86898) stat_writer /usr/local/lib/python3.8/dist-packages/dbcounter.py:114}}
Jun 16 18:36:30.126675 dv-cinder-846171-1-smb devstack@keystone.service[86897]: DEBUG keystone.server.flask.request_processing.middleware.auth_context [None req-f47d6c22-765f-4f6e-bd9b-6b24315df76c None admin] RBAC: auth_context: {'token': , 'domain_id': None, 'trust_id': None, 'trustor_id': None, 'trustee_id': None, 'domain_name': None, 'group_ids': [], 'user_id': 'd16970c992ef45ad92a1879619e5cda1', 'user_domain_id': 'default', 'system_scope': 'all', 'project_id': None, 'project_domain_id': None, 'roles': ['admin', 'member', 'reader'], 'is_admin_project': True, 'service_user_id': None, 'service_user_domain_id': None, 'service_project_id': None, 'service_project_domain_id': None, 'service_roles': []} {{(pid=86897) fill_context /opt/stack/keystone/keystone/server/flask/request_processing/middleware/auth_context.py:478}}
Jun 16 18:36:30.127751 dv-cinder-846171-1-smb devstack@keystone.service[86897]: DEBUG keystone.server.flask.request_processing.req_logging [None req-f47d6c22-765f-4f6e-bd9b-6b24315df76c None admin] REQUEST_METHOD: `GET` {{(pid=86897) log_request_info /opt/stack/keystone/keystone/server/flask/request_processing/req_logging.py:27}}
Jun 16 18:36:30.128267 dv-cinder-846171-1-smb devstack@keystone.service[86897]: DEBUG keystone.server.flask.request_processing.req_logging [None req-f47d6c22-765f-4f6e-bd9b-6b24315df76c None admin] SCRIPT_NAME: `/identity` {{(pid=86897) log_request_info /opt/stack/keystone/keystone/server/flask/request_processing/req_logging.py:28}}
Jun 16 18:36:30.128807 dv-cinder-846171-1-smb devstack@keystone.service[86897]: DEBUG keystone.server.flask.request_processing.req_logging [None req-f47d6c22-765f-4f6e-bd9b-6b24315df76c None admin] PATH_INFO: `/v3/auth/tokens` {{(pid=86897) log_request_info /opt/stack/keystone/keystone/server/flask/request_processing/req_logging.py:29}}
Jun 16 18:36:30.152156 dv-cinder-846171-1-smb devstack@keystone.service[86898]: DEBUG keystone.common.rbac_enforcer.enforcer [None req-3197d336-db8a-4910-8f2d-b806486627a1 None admin] RBAC: Authorizing `identity:validate_token()` {{(pid=86898) enforce_call /opt/stack/keystone/keystone/common/rbac_enforcer/enforcer.py:449}}
Jun 16 18:36:30.153780 dv-cinder-846171-1-smb devstack@keystone.service[86898]: DEBUG keystone.common.rbac_enforcer.enforcer [None req-3197d336-db8a-4910-8f2d-b806486627a1 None admin] RBAC: Authorization granted {{(pid=86898) enforce_call /opt/stack/keystone/keystone/common/rbac_enforcer/enforcer.py:457}}
Jun 16 18:36:30.182650 dv-cinder-846171-1-smb devstack@keystone.service[86897]: DEBUG dbcounter [-] [86897] Writing DB stats keystone:SELECT=100 {{(pid=86897) stat_writer /usr/local/lib/python3.8/dist-packages/dbcounter.py:114}}
Jun 16 18:36:30.230504 dv-cinder-846171-1-smb devstack@keystone.service[86897]: DEBUG keystone.common.rbac_enforcer.enforcer [None req-f47d6c22-765f-4f6e-bd9b-6b24315df76c None admin] RBAC: Authorizing `identity:validate_token()` {{(pid=86897) enforce_call /opt/stack/keystone/keystone/common/rbac_enforcer/enforcer.py:449}}
Jun 16 18:36:30.232873 dv-cinder-846171-1-smb devstack@keystone.service[86897]: DEBUG keystone.common.rbac_enforcer.enforcer [None req-f47d6c22-765f-4f6e-bd9b-6b24315df76c None admin] RBAC: Authorization granted {{(pid=86897) enforce_call /opt/stack/keystone/keystone/common/rbac_enforcer/enforcer.py:457}}
Jun 16 18:36:30.288984 dv-cinder-846171-1-smb devstack@keystone.service[86898]: [pid: 86898|app: 0|req: 100/197] 10.222.0.40 () {58 vars in 1282 bytes} [Thu Jun 16 18:36:29 2022] GET /identity/v3/auth/tokens => generated 799 bytes in 425 msecs (HTTP/1.1 200) 6 headers in 358 bytes (1 switches on core 0)
Jun 16 18:36:30.289937 dv-cinder-846171-1-smb devstack@keystone.service[86898]: DEBUG keystone.server.flask.request_processing.middleware.auth_context [None req-3197d336-db8a-4910-8f2d-b806486627a1 None admin] Authenticating user token {{(pid=86898) process_request /usr/local/lib/python3.8/dist-packages/keystonemiddleware/auth_token/__init__.py:407}}
Jun 16 18:36:30.373018 dv-cinder-846171-1-smb devstack@keystone.service[86898]: DEBUG dbcounter [-] [86898] Writing DB stats keystone:SELECT=100 {{(pid=86898) stat_writer /usr/local/lib/python3.8/dist-packages/dbcounter.py:114}}
Jun 16 18:36:30.387428 dv-cinder-846171-1-smb devstack@keystone.service[86897]: [pid: 86897|app: 0|req: 98/198] 10.222.0.40 () {58 vars in 1282 bytes} [Thu Jun 16 18:36:29 2022] GET /identity/v3/auth/tokens => generated 799 bytes in 457 msecs (HTTP/1.1 200) 6 headers in 358 bytes (1 switches on core 0)
Jun 16 18:36:30.388299 dv-cinder-846171-1-smb devstack@keystone.service[86897]: DEBUG keystone.server.flask.request_processing.middleware.auth_context [None req-f47d6c22-765f-4f6e-bd9b-6b24315df76c None admin] Authenticating user token {{(pid=86897) process_request /usr/local/lib/python3.8/dist-packages/keystonemiddleware/auth_token/__init__.py:407}}
Jun 16 18:36:30.414628 dv-cinder-846171-1-smb devstack@keystone.service[86898]: DEBUG keystone.server.flask.request_processing.middleware.auth_context [None req-3197d336-db8a-4910-8f2d-b806486627a1 None admin] Validating token access rules against request {{(pid=86898) validate_allowed_request /usr/local/lib/python3.8/dist-packages/keystonemiddleware/auth_token/__init__.py:545}}
Jun 16 18:36:30.456349 dv-cinder-846171-1-smb devstack@keystone.service[86898]: DEBUG keystone.server.flask.request_processing.middleware.auth_context [None req-d6f32fe2-7ecd-4968-9804-24fd85d4d7a7 None admin] RBAC: auth_context: {'token': , 'domain_id': None, 'trust_id': None, 'trustor_id': None, 'trustee_id': None, 'domain_name': None, 'group_ids': [], 'user_id': 'd16970c992ef45ad92a1879619e5cda1', 'user_domain_id': 'default', 'system_scope': 'all', 'project_id': None, 'project_domain_id': None, 'roles': ['admin', 'member', 'reader'], 'is_admin_project': True, 'service_user_id': None, 'service_user_domain_id': None, 'service_project_id': None, 'service_project_domain_id': None, 'service_roles': []} {{(pid=86898) fill_context /opt/stack/keystone/keystone/server/flask/request_processing/middleware/auth_context.py:478}}
Jun 16 18:36:30.457179 dv-cinder-846171-1-smb devstack@keystone.service[86898]: DEBUG keystone.server.flask.request_processing.req_logging [None req-d6f32fe2-7ecd-4968-9804-24fd85d4d7a7 None admin] REQUEST_METHOD: `GET` {{(pid=86898) log_request_info /opt/stack/keystone/keystone/server/flask/request_processing/req_logging.py:27}}
Jun 16 18:36:30.457460 dv-cinder-846171-1-smb devstack@keystone.service[86898]: DEBUG keystone.server.flask.request_processing.req_logging [None req-d6f32fe2-7ecd-4968-9804-24fd85d4d7a7 None admin] SCRIPT_NAME: `/identity` {{(pid=86898) log_request_info /opt/stack/keystone/keystone/server/flask/request_processing/req_logging.py:28}}
Jun 16 18:36:30.457730 dv-cinder-846171-1-smb devstack@keystone.service[86898]: DEBUG keystone.server.flask.request_processing.req_logging [None req-d6f32fe2-7ecd-4968-9804-24fd85d4d7a7 None admin] PATH_INFO: `/v3/roles/reader` {{(pid=86898) log_request_info /opt/stack/keystone/keystone/server/flask/request_processing/req_logging.py:29}}
Jun 16 18:36:30.469150 dv-cinder-846171-1-smb devstack@keystone.service[86898]: DEBUG keystone.common.rbac_enforcer.enforcer [None req-d6f32fe2-7ecd-4968-9804-24fd85d4d7a7 None admin] Extracting inferred target data resulted in "NOT FOUND (404)". {{(pid=86898) enforce_call /opt/stack/keystone/keystone/common/rbac_enforcer/enforcer.py:409}}
Jun 16 18:36:30.475658 dv-cinder-846171-1-smb devstack@keystone.service[86897]: DEBUG dbcounter [-] [86897] Writing DB stats keystone:SELECT=100 {{(pid=86897) stat_writer /usr/local/lib/python3.8/dist-packages/dbcounter.py:114}}
Jun 16 18:36:30.478257 dv-cinder-846171-1-smb devstack@keystone.service[86898]: ERROR keystone.server.flask.application [None req-d6f32fe2-7ecd-4968-9804-24fd85d4d7a7 None admin] Could not find role: reader.: keystone.exception.RoleNotFound: Could not find role: reader.
Jun 16 18:36:30.478257 dv-cinder-846171-1-smb devstack@keystone.service[86898]: ERROR keystone.server.flask.application
Traceback (most recent call last):
Jun 16 18:36:30.478257 dv-cinder-846171-1-smb devstack@keystone.service[86898]: ERROR keystone.server.flask.application
File "/usr/local/lib/python3.8/dist-packages/flask/app.py", line 1523, in full_dispatch_request
Jun 16 18:36:30.478257 dv-cinder-846171-1-smb devstack@keystone.service[86898]: ERROR keystone.server.flask.application rv = self.dispatch_request()
Jun 16 18:36:30.478257 dv-cinder-846171-1-smb devstack@keystone.service[86898]: ERROR keystone.server.flask.application
File "/usr/local/lib/python3.8/dist-packages/flask/app.py", line 1509, in dispatch_request
Jun 16 18:36:30.478257 dv-cinder-846171-1-smb devstack@keystone.service[86898]: ERROR keystone.server.flask.application return self.ensure_sync(self.view_functions[rule.endpoint])(**req.view_args)
Jun 16 18:36:30.478257 dv-cinder-846171-1-smb devstack@keystone.service[86898]: ERROR keystone.server.flask.application
File "/usr/local/lib/python3.8/dist-packages/flask_restful/__init__.py", line 467, in wrapper
Jun 16 18:36:30.478257 dv-cinder-846171-1-smb devstack@keystone.service[86898]: ERROR keystone.server.flask.application resp = resource(*args, **kwargs)
Jun 16 18:36:30.478257 dv-cinder-846171-1-smb devstack@keystone.service[86898]: ERROR keystone.server.flask.application
File "/usr/local/lib/python3.8/dist-packages/flask/views.py", line 84, in view
Jun 16 18:36:30.478257 dv-cinder-846171-1-smb devstack@keystone.service[86898]: ERROR keystone.server.flask.application return current_app.ensure_sync(self.dispatch_request)(*args, **kwargs)
Jun 16 18:36:30.478257 dv-cinder-846171-1-smb devstack@keystone.service[86898]: ERROR keystone.server.flask.application
File "/usr/local/lib/python3.8/dist-packages/flask_restful/__init__.py", line 582, in dispatch_request
Jun 16 18:36:30.478257 dv-cinder-846171-1-smb devstack@keystone.service[86898]: ERROR keystone.server.flask.application resp = meth(*args, **kwargs)
Jun 16 18:36:30.478257 dv-cinder-846171-1-smb devstack@keystone.service[86898]: ERROR keystone.server.flask.application
File "/opt/stack/keystone/keystone/api/roles.py", line 50, in get
Jun 16 18:36:30.478257 dv-cinder-846171-1-smb devstack@keystone.service[86898]: ERROR keystone.server.flask.application return self._get_role(role_id)
Jun 16 18:36:30.478257 dv-cinder-846171-1-smb devstack@keystone.service[86898]: ERROR keystone.server.flask.application
File "/opt/stack/keystone/keystone/api/roles.py", line 70, in _get_role
Jun 16 18:36:30.478257 dv-cinder-846171-1-smb devstack@keystone.service[86898]: ERROR keystone.server.flask.application ENFORCER.enforce_call(action='identity:get_role')
Jun 16 18:36:30.479145 dv-cinder-846171-1-smb devstack@keystone.service[86898]: ERROR keystone.server.flask.application
File "/opt/stack/keystone/keystone/common/rbac_enforcer/enforcer.py", line 402, in enforce_call
Jun 16 18:36:30.479145 dv-cinder-846171-1-smb devstack@keystone.service[86898]: ERROR keystone.server.flask.application policy_dict.update(cls._extract_member_target_data(
Jun 16 18:36:30.479145 dv-cinder-846171-1-smb devstack@keystone.service[86898]: ERROR keystone.server.flask.application
File "/opt/stack/keystone/keystone/common/rbac_enforcer/enforcer.py", line 234, in _extract_member_target_data
Jun 16 18:36:30.479145 dv-cinder-846171-1-smb devstack@keystone.service[86898]: ERROR keystone.server.flask.application member_name: func(flask.request.view_args[key])
Jun 16 18:36:30.479145 dv-cinder-846171-1-smb devstack@keystone.service[86898]: ERROR keystone.server.flask.application
File "/opt/stack/keystone/keystone/common/manager.py", line 115, in wrapped
Jun 16 18:36:30.479145 dv-cinder-846171-1-smb devstack@keystone.service[86898]: ERROR keystone.server.flask.application __ret_val = __f(*args, **kwargs)
Jun 16 18:36:30.479145 dv-cinder-846171-1-smb devstack@keystone.service[86898]: ERROR keystone.server.flask.application
File "/usr/local/lib/python3.8/dist-packages/decorator.py", line 232, in fun
Jun 16 18:36:30.479145 dv-cinder-846171-1-smb devstack@keystone.service[86898]: ERROR keystone.server.flask.application return caller(func, *(extras + args), **kw)
Jun 16 18:36:30.479145 dv-cinder-846171-1-smb devstack@keystone.service[86898]: ERROR keystone.server.flask.application
File "/usr/local/lib/python3.8/dist-packages/dogpile/cache/region.py", line 1577, in get_or_create_for_user_func
Jun 16 18:36:30.479145 dv-cinder-846171-1-smb devstack@keystone.service[86898]: ERROR keystone.server.flask.application return self.get_or_create(
Jun 16 18:36:30.479145 dv-cinder-846171-1-smb devstack@keystone.service[86898]: ERROR keystone.server.flask.application
File "/usr/local/lib/python3.8/dist-packages/dogpile/cache/region.py", line 1042, in get_or_create
Jun 16 18:36:30.479145 dv-cinder-846171-1-smb devstack@keystone.service[86898]: ERROR keystone.server.flask.application with Lock(
Jun 16 18:36:30.479145 dv-cinder-846171-1-smb devstack@keystone.service[86898]: ERROR keystone.server.flask.application
File "/usr/local/lib/python3.8/dist-packages/dogpile/lock.py", line 185, in __enter__
Jun 16 18:36:30.479145 dv-cinder-846171-1-smb devstack@keystone.service[86898]: ERROR keystone.server.flask.application return self._enter()
Jun 16 18:36:30.479145 dv-cinder-846171-1-smb devstack@keystone.service[86898]: ERROR keystone.server.flask.application
File "/usr/local/lib/python3.8/dist-packages/dogpile/lock.py", line 94, in _enter
Jun 16 18:36:30.479145 dv-cinder-846171-1-smb devstack@keystone.service[86898]: ERROR keystone.server.flask.application generated = self._enter_create(value, createdtime)
Jun 16 18:36:30.480561 dv-cinder-846171-1-smb devstack@keystone.service[86898]: ERROR keystone.server.flask.application
File "/usr/local/lib/python3.8/dist-packages/dogpile/lock.py", line 178, in _enter_create
Jun 16 18:36:30.480561 dv-cinder-846171-1-smb devstack@keystone.service[86898]: ERROR keystone.server.flask.application return self.creator()
Jun 16 18:36:30.480561 dv-cinder-846171-1-smb devstack@keystone.service[86898]: ERROR keystone.server.flask.application
File "/usr/local/lib/python3.8/dist-packages/dogpile/cache/region.py", line 995, in gen_value
Jun 16 18:36:30.480561 dv-cinder-846171-1-smb devstack@keystone.service[86898]: ERROR keystone.server.flask.application created_value = creator(
Jun 16 18:36:30.480561 dv-cinder-846171-1-smb devstack@keystone.service[86898]: ERROR keystone.server.flask.application
File "/opt/stack/keystone/keystone/assignment/core.py", line 1276, in get_role
Jun 16 18:36:30.480561 dv-cinder-846171-1-smb devstack@keystone.service[86898]: ERROR keystone.server.flask.application return self.driver.get_role(role_id)
Jun 16 18:36:30.480561 dv-cinder-846171-1-smb devstack@keystone.service[86898]: ERROR keystone.server.flask.application
File "/opt/stack/keystone/keystone/assignment/role_backends/sql.py", line 70, in get_role
Jun 16 18:36:30.480561 dv-cinder-846171-1-smb devstack@keystone.service[86898]: ERROR keystone.server.flask.application return self._get_role(session, role_id).to_dict()
Jun 16 18:36:30.480561 dv-cinder-846171-1-smb devstack@keystone.service[86898]: ERROR keystone.server.flask.application
File "/opt/stack/keystone/keystone/assignment/role_backends/sql.py", line 65, in _get_role
Jun 16 18:36:30.480561 dv-cinder-846171-1-smb devstack@keystone.service[86898]: ERROR keystone.server.flask.application raise exception.RoleNotFound(role_id=role_id)
Jun 16 18:36:30.480561 dv-cinder-846171-1-smb devstack@keystone.service[86898]: ERROR keystone.server.flask.application keystone.exception.RoleNotFound: Could not find role: reader.
Jun 16 18:36:30.480561 dv-cinder-846171-1-smb devstack@keystone.service[86898]: ERROR keystone.server.flask.application
Jun 16 18:36:30.480561 dv-cinder-846171-1-smb devstack@keystone.service[86898]: [pid: 86898|app: 0|req: 101/199] 10.222.0.40 () {56 vars in 1099 bytes} [Thu Jun 16 18:36:30 2022] GET /identity/v3/roles/reader => generated 84 bytes in 190 msecs (HTTP/1.1 404) 5 headers in 183 bytes (1 switches on core 0)
Jun 16 18:36:30.481694 dv-cinder-846171-1-smb devstack@keystone.service[86898]: DEBUG keystone.server.flask.request_processing.middleware.auth_context [None req-d6f32fe2-7ecd-4968-9804-24fd85d4d7a7 None admin] Authenticating user token {{(pid=86898) process_request /usr/local/lib/python3.8/dist-packages/keystonemiddleware/auth_token/__init__.py:407}}
Jun 16 18:36:30.519747 dv-cinder-846171-1-smb devstack@keystone.service[86897]: DEBUG keystone.server.flask.request_processing.middleware.auth_context [None req-f47d6c22-765f-4f6e-bd9b-6b24315df76c None admin] Validating token access rules against request {{(pid=86897) validate_allowed_request /usr/local/lib/python3.8/dist-packages/keystonemiddleware/auth_token/__init__.py:545}}
Jun 16 18:36:30.566845 dv-cinder-846171-1-smb devstack@keystone.service[86897]: DEBUG keystone.server.flask.request_processing.middleware.auth_context [None req-fb2a8316-196f-4dd7-85d0-d5deea1935f0 None admin] RBAC: auth_context: {'token': , 'domain_id': None, 'trust_id': None, 'trustor_id': None, 'trustee_id': None, 'domain_name': None, 'group_ids': [], 'user_id': 'd16970c992ef45ad92a1879619e5cda1', 'user_domain_id': 'default', 'system_scope': 'all', 'project_id': None, 'project_domain_id': None, 'roles': ['admin', 'member', 'reader'], 'is_admin_project': True, 'service_user_id': None, 'service_user_domain_id': None, 'service_project_id': None, 'service_project_domain_id': None, 'service_roles': []} {{(pid=86897) fill_context /opt/stack/keystone/keystone/server/flask/request_processing/middleware/auth_context.py:478}}
Jun 16 18:36:30.568110 dv-cinder-846171-1-smb devstack@keystone.service[86897]: DEBUG keystone.server.flask.request_processing.req_logging [None req-fb2a8316-196f-4dd7-85d0-d5deea1935f0 None admin] REQUEST_METHOD: `GET` {{(pid=86897) log_request_info /opt/stack/keystone/keystone/server/flask/request_processing/req_logging.py:27}}
Jun 16 18:36:30.568530 dv-cinder-846171-1-smb devstack@keystone.service[86897]: DEBUG keystone.server.flask.request_processing.req_logging [None req-fb2a8316-196f-4dd7-85d0-d5deea1935f0 None admin] SCRIPT_NAME: `/identity` {{(pid=86897) log_request_info /opt/stack/keystone/keystone/server/flask/request_processing/req_logging.py:28}}
Jun 16 18:36:30.569466 dv-cinder-846171-1-smb devstack@keystone.service[86897]: DEBUG keystone.server.flask.request_processing.req_logging [None req-fb2a8316-196f-4dd7-85d0-d5deea1935f0 None admin] PATH_INFO: `/v3/projects/e8cc7688c6d046abad0e3ebd04723c92` {{(pid=86897) log_request_info /opt/stack/keystone/keystone/server/flask/request_processing/req_logging.py:29}}
Jun 16 18:36:30.571109 dv-cinder-846171-1-smb devstack@keystone.service[86897]: DEBUG keystone.common.rbac_enforcer.enforcer [None req-fb2a8316-196f-4dd7-85d0-d5deea1935f0 None admin] RBAC: Authorizing `identity:get_project(project_id=e8cc7688c6d046abad0e3ebd04723c92)` {{(pid=86897) enforce_call /opt/stack/keystone/keystone/common/rbac_enforcer/enforcer.py:449}}
Jun 16 18:36:30.573757 dv-cinder-846171-1-smb devstack@keystone.service[86897]: DEBUG keystone.common.rbac_enforcer.enforcer [None req-fb2a8316-196f-4dd7-85d0-d5deea1935f0 None admin] RBAC: Authorization granted {{(pid=86897) enforce_call /opt/stack/keystone/keystone/common/rbac_enforcer/enforcer.py:457}}
Jun 16 18:36:30.575702 dv-cinder-846171-1-smb devstack@keystone.service[86897]: [pid: 86897|app: 0|req: 99/200] 10.222.0.40 () {56 vars in 1186 bytes} [Thu Jun 16 18:36:30 2022] GET /identity/v3/projects/e8cc7688c6d046abad0e3ebd04723c92 => generated 302 bytes in 188 msecs (HTTP/1.1 200) 5 headers in 177 bytes (1 switches on core 0)
Jun 16 18:36:30.576610 dv-cinder-846171-1-smb devstack@keystone.service[86897]: DEBUG keystone.server.flask.request_processing.middleware.auth_context [None req-fb2a8316-196f-4dd7-85d0-d5deea1935f0 None admin] Authenticating user token {{(pid=86897) process_request /usr/local/lib/python3.8/dist-packages/keystonemiddleware/auth_token/__init__.py:407}}
Jun 16 18:36:30.606264 dv-cinder-846171-1-smb devstack@keystone.service[86898]: DEBUG keystone.server.flask.request_processing.middleware.auth_context [None req-d6f32fe2-7ecd-4968-9804-24fd85d4d7a7 None admin] Validating token access rules against request {{(pid=86898) validate_allowed_request /usr/local/lib/python3.8/dist-packages/keystonemiddleware/auth_token/__init__.py:545}}
Jun 16 18:36:30.637193 dv-cinder-846171-1-smb devstack@keystone.service[86898]: DEBUG dbcounter [-] [86898] Writing DB stats keystone:SELECT=100 {{(pid=86898) stat_writer /usr/local/lib/python3.8/dist-packages/dbcounter.py:114}}
