Jun 23 10:39:07.717389 dv-cinder-846146-4-smb devstack@keystone.service[92003]: DEBUG keystone.server.flask.request_processing.req_logging [None req-7add23d6-a6b3-4d98-9995-103dbf0f6676 None admin] REQUEST_METHOD: `GET` {{(pid=92003) log_request_info /opt/stack/keystone/keystone/server/flask/request_processing/req_logging.py:27}}
Jun 23 10:39:07.718663 dv-cinder-846146-4-smb devstack@keystone.service[92003]: DEBUG keystone.server.flask.request_processing.req_logging [None req-7add23d6-a6b3-4d98-9995-103dbf0f6676 None admin] SCRIPT_NAME: `/identity` {{(pid=92003) log_request_info /opt/stack/keystone/keystone/server/flask/request_processing/req_logging.py:28}}
Jun 23 10:39:07.719158 dv-cinder-846146-4-smb devstack@keystone.service[92003]: DEBUG keystone.server.flask.request_processing.req_logging [None req-7add23d6-a6b3-4d98-9995-103dbf0f6676 None admin] PATH_INFO: `/v3/roles` {{(pid=92003) log_request_info /opt/stack/keystone/keystone/server/flask/request_processing/req_logging.py:29}}
Jun 23 10:39:07.720833 dv-cinder-846146-4-smb devstack@keystone.service[92003]: DEBUG keystone.common.rbac_enforcer.enforcer [None req-7add23d6-a6b3-4d98-9995-103dbf0f6676 None admin] RBAC: Adding query filter params (name=member) {{(pid=92003) _extract_filter_values /opt/stack/keystone/keystone/common/rbac_enforcer/enforcer.py:167}}
Jun 23 10:39:07.721417 dv-cinder-846146-4-smb devstack@keystone.service[92003]: DEBUG keystone.common.rbac_enforcer.enforcer [None req-7add23d6-a6b3-4d98-9995-103dbf0f6676 None admin] RBAC: Authorizing `identity:list_roles()` {{(pid=92003) enforce_call /opt/stack/keystone/keystone/common/rbac_enforcer/enforcer.py:449}}
Jun 23 10:39:07.723851 dv-cinder-846146-4-smb devstack@keystone.service[92003]: DEBUG keystone.common.rbac_enforcer.enforcer [None req-7add23d6-a6b3-4d98-9995-103dbf0f6676 None admin] RBAC: Authorization granted {{(pid=92003) enforce_call /opt/stack/keystone/keystone/common/rbac_enforcer/enforcer.py:457}}
Jun 23 10:39:07.733518 dv-cinder-846146-4-smb devstack@keystone.service[92004]: DEBUG keystone.server.flask.request_processing.middleware.auth_context [None req-281bdc3f-5bad-4cee-9172-dc3bc6a21c53 None None] Validating token access rules against request {{(pid=92004) validate_allowed_request /usr/local/lib/python3.8/dist-packages/keystonemiddleware/auth_token/__init__.py:545}}
Jun 23 10:39:07.738771 dv-cinder-846146-4-smb devstack@keystone.service[92003]: [pid: 92003|app: 0|req: 111/214] 10.222.0.20 () {56 vars in 1101 bytes} [Thu Jun 23 10:39:07 2022] GET /identity/v3/roles?name=member => generated 341 bytes in 209 msecs (HTTP/1.1 200) 5 headers in 177 bytes (2 switches on core 0)
Jun 23 10:39:07.739817 dv-cinder-846146-4-smb devstack@keystone.service[92003]: DEBUG keystone.server.flask.request_processing.middleware.auth_context [None req-7add23d6-a6b3-4d98-9995-103dbf0f6676 None admin] Authenticating user token {{(pid=92003) process_request /usr/local/lib/python3.8/dist-packages/keystonemiddleware/auth_token/__init__.py:407}}
Jun 23 10:39:07.771643 dv-cinder-846146-4-smb devstack@keystone.service[92004]: DEBUG keystone.server.flask.request_processing.middleware.auth_context [None req-0d2a7156-815a-49b5-9187-2cc206a8a306 None admin] RBAC: auth_context: {'token': , 'domain_id': None, 'trust_id': None, 'trustor_id': None, 'trustee_id': None, 'domain_name': None, 'group_ids': [], 'user_id': '587163b8ce4f4c51b7955cf5936eed6d', 'user_domain_id': 'default', 'system_scope': 'all', 'project_id': None, 'project_domain_id': None, 'roles': ['admin', 'member', 'reader'], 'is_admin_project': True, 'service_user_id': None, 'service_user_domain_id': None, 'service_project_id': None, 'service_project_domain_id': None, 'service_roles': []} {{(pid=92004) fill_context /opt/stack/keystone/keystone/server/flask/request_processing/middleware/auth_context.py:478}}
Jun 23 10:39:07.772805 dv-cinder-846146-4-smb devstack@keystone.service[92004]: DEBUG keystone.server.flask.request_processing.req_logging [None req-0d2a7156-815a-49b5-9187-2cc206a8a306 None admin] REQUEST_METHOD: `GET` {{(pid=92004) log_request_info /opt/stack/keystone/keystone/server/flask/request_processing/req_logging.py:27}}
Jun 23 10:39:07.773287 dv-cinder-846146-4-smb devstack@keystone.service[92004]: DEBUG keystone.server.flask.request_processing.req_logging [None req-0d2a7156-815a-49b5-9187-2cc206a8a306 None admin] SCRIPT_NAME: `/identity` {{(pid=92004) log_request_info /opt/stack/keystone/keystone/server/flask/request_processing/req_logging.py:28}}
Jun 23 10:39:07.773768 dv-cinder-846146-4-smb devstack@keystone.service[92004]: DEBUG keystone.server.flask.request_processing.req_logging [None req-0d2a7156-815a-49b5-9187-2cc206a8a306 None admin] PATH_INFO: `/v3/domains/default` {{(pid=92004) log_request_info /opt/stack/keystone/keystone/server/flask/request_processing/req_logging.py:29}}
Jun 23 10:39:07.775139 dv-cinder-846146-4-smb devstack@keystone.service[92004]: DEBUG keystone.common.rbac_enforcer.enforcer [None req-0d2a7156-815a-49b5-9187-2cc206a8a306 None admin] RBAC: Authorizing `identity:get_domain(domain_id=default)` {{(pid=92004) enforce_call /opt/stack/keystone/keystone/common/rbac_enforcer/enforcer.py:449}}
Jun 23 10:39:07.776815 dv-cinder-846146-4-smb devstack@keystone.service[92004]: DEBUG keystone.common.rbac_enforcer.enforcer [None req-0d2a7156-815a-49b5-9187-2cc206a8a306 None admin] RBAC: Authorization granted {{(pid=92004) enforce_call /opt/stack/keystone/keystone/common/rbac_enforcer/enforcer.py:457}}
Jun 23 10:39:07.784173 dv-cinder-846146-4-smb devstack@keystone.service[92004]: [pid: 92004|app: 0|req: 104/215] 10.222.0.20 () {56 vars in 1108 bytes} [Thu Jun 23 10:39:07 2022] GET /identity/v3/domains/default => generated 199 bytes in 162 msecs (HTTP/1.1 200) 5 headers in 177 bytes (1 switches on core 0)
Jun 23 10:39:07.785275 dv-cinder-846146-4-smb devstack@keystone.service[92004]: DEBUG keystone.server.flask.request_processing.middleware.auth_context [None req-0d2a7156-815a-49b5-9187-2cc206a8a306 None admin] Authenticating user token {{(pid=92004) process_request /usr/local/lib/python3.8/dist-packages/keystonemiddleware/auth_token/__init__.py:407}}
Jun 23 10:39:07.846926 dv-cinder-846146-4-smb devstack@keystone.service[92003]: DEBUG keystone.server.flask.request_processing.middleware.auth_context [None req-7add23d6-a6b3-4d98-9995-103dbf0f6676 None admin] Validating token access rules against request {{(pid=92003) validate_allowed_request /usr/local/lib/python3.8/dist-packages/keystonemiddleware/auth_token/__init__.py:545}}
Jun 23 10:39:07.882208 dv-cinder-846146-4-smb devstack@keystone.service[92003]: DEBUG keystone.server.flask.request_processing.middleware.auth_context [None req-b4c85c73-4062-4558-bf58-5d8aa4513844 None admin] RBAC: auth_context: {'token': , 'domain_id': None, 'trust_id': None, 'trustor_id': None, 'trustee_id': None, 'domain_name': None, 'group_ids': [], 'user_id': '587163b8ce4f4c51b7955cf5936eed6d', 'user_domain_id': 'default', 'system_scope': 'all', 'project_id': None, 'project_domain_id': None, 'roles': ['admin', 'member', 'reader'], 'is_admin_project': True, 'service_user_id': None, 'service_user_domain_id': None, 'service_project_id': None, 'service_project_domain_id': None, 'service_roles': []} {{(pid=92003) fill_context /opt/stack/keystone/keystone/server/flask/request_processing/middleware/auth_context.py:478}}
Jun 23 10:39:07.883252 dv-cinder-846146-4-smb devstack@keystone.service[92003]: DEBUG keystone.server.flask.request_processing.req_logging [None req-b4c85c73-4062-4558-bf58-5d8aa4513844 None admin] REQUEST_METHOD: `GET` {{(pid=92003) log_request_info /opt/stack/keystone/keystone/server/flask/request_processing/req_logging.py:27}}
Jun 23 10:39:07.883606 dv-cinder-846146-4-smb devstack@keystone.service[92003]: DEBUG keystone.server.flask.request_processing.req_logging [None req-b4c85c73-4062-4558-bf58-5d8aa4513844 None admin] SCRIPT_NAME: `/identity` {{(pid=92003) log_request_info /opt/stack/keystone/keystone/server/flask/request_processing/req_logging.py:28}}
Jun 23 10:39:07.883987 dv-cinder-846146-4-smb devstack@keystone.service[92003]: DEBUG keystone.server.flask.request_processing.req_logging [None req-b4c85c73-4062-4558-bf58-5d8aa4513844 None admin] PATH_INFO: `/v3/users/759437f1a8574797b420066053d55e5a` {{(pid=92003) log_request_info /opt/stack/keystone/keystone/server/flask/request_processing/req_logging.py:29}}
Jun 23 10:39:07.899617 dv-cinder-846146-4-smb devstack@keystone.service[92003]: DEBUG keystone.common.rbac_enforcer.enforcer [None req-b4c85c73-4062-4558-bf58-5d8aa4513844 None admin] RBAC: Authorizing `identity:get_user(user_id=759437f1a8574797b420066053d55e5a)` {{(pid=92003) enforce_call /opt/stack/keystone/keystone/common/rbac_enforcer/enforcer.py:449}}
Jun 23 10:39:07.901229 dv-cinder-846146-4-smb devstack@keystone.service[92003]: DEBUG keystone.common.rbac_enforcer.enforcer [None req-b4c85c73-4062-4558-bf58-5d8aa4513844 None admin] RBAC: Authorization granted {{(pid=92003) enforce_call /opt/stack/keystone/keystone/common/rbac_enforcer/enforcer.py:457}}
Jun 23 10:39:07.903016 dv-cinder-846146-4-smb devstack@keystone.service[92003]: [pid: 92003|app: 0|req: 112/216] 10.222.0.20 () {56 vars in 1177 bytes} [Thu Jun 23 10:39:07 2022] GET /identity/v3/users/759437f1a8574797b420066053d55e5a => generated 297 bytes in 164 msecs (HTTP/1.1 200) 5 headers in 177 bytes (2 switches on core 0)
Jun 23 10:39:07.909021 dv-cinder-846146-4-smb devstack@keystone.service[92003]: DEBUG keystone.server.flask.request_processing.middleware.auth_context [None req-b4c85c73-4062-4558-bf58-5d8aa4513844 None admin] Authenticating user token {{(pid=92003) process_request /usr/local/lib/python3.8/dist-packages/keystonemiddleware/auth_token/__init__.py:407}}
Jun 23 10:39:07.924571 dv-cinder-846146-4-smb devstack@keystone.service[92004]: DEBUG keystone.server.flask.request_processing.middleware.auth_context [None req-0d2a7156-815a-49b5-9187-2cc206a8a306 None admin] Validating token access rules against request {{(pid=92004) validate_allowed_request /usr/local/lib/python3.8/dist-packages/keystonemiddleware/auth_token/__init__.py:545}}
Jun 23 10:39:07.936030 dv-cinder-846146-4-smb devstack@keystone.service[92004]: DEBUG dbcounter [-] [92004] Writing DB stats keystone:SELECT=100 {{(pid=92004) stat_writer /usr/local/lib/python3.8/dist-packages/dbcounter.py:114}}
Jun 23 10:39:07.937718 dv-cinder-846146-4-smb devstack@keystone.service[92003]: DEBUG dbcounter [-] [92003] Writing DB stats keystone:SELECT=100 {{(pid=92003) stat_writer /usr/local/lib/python3.8/dist-packages/dbcounter.py:114}}
Jun 23 10:39:07.962865 dv-cinder-846146-4-smb devstack@keystone.service[92004]: DEBUG keystone.server.flask.request_processing.middleware.auth_context [None req-e063d8b5-cfa2-43c8-8b53-9f316ba44e67 None admin] RBAC: auth_context: {'token': , 'domain_id': None, 'trust_id': None, 'trustor_id': None, 'trustee_id': None, 'domain_name': None, 'group_ids': [], 'user_id': '587163b8ce4f4c51b7955cf5936eed6d', 'user_domain_id': 'default', 'system_scope': 'all', 'project_id': None, 'project_domain_id': None, 'roles': ['admin', 'member', 'reader'], 'is_admin_project': True, 'service_user_id': None, 'service_user_domain_id': None, 'service_project_id': None, 'service_project_domain_id': None, 'service_roles': []} {{(pid=92004) fill_context /opt/stack/keystone/keystone/server/flask/request_processing/middleware/auth_context.py:478}}
Jun 23 10:39:07.963673 dv-cinder-846146-4-smb devstack@keystone.service[92004]: DEBUG keystone.server.flask.request_processing.req_logging [None req-e063d8b5-cfa2-43c8-8b53-9f316ba44e67 None admin] REQUEST_METHOD: `POST` {{(pid=92004) log_request_info /opt/stack/keystone/keystone/server/flask/request_processing/req_logging.py:27}}
Jun 23 10:39:07.964031 dv-cinder-846146-4-smb devstack@keystone.service[92004]: DEBUG keystone.server.flask.request_processing.req_logging [None req-e063d8b5-cfa2-43c8-8b53-9f316ba44e67 None admin] SCRIPT_NAME: `/identity` {{(pid=92004) log_request_info /opt/stack/keystone/keystone/server/flask/request_processing/req_logging.py:28}}
Jun 23 10:39:07.964384 dv-cinder-846146-4-smb devstack@keystone.service[92004]: DEBUG keystone.server.flask.request_processing.req_logging [None req-e063d8b5-cfa2-43c8-8b53-9f316ba44e67 None admin] PATH_INFO: `/v3/users` {{(pid=92004) log_request_info /opt/stack/keystone/keystone/server/flask/request_processing/req_logging.py:29}}
Jun 23 10:39:07.965367 dv-cinder-846146-4-smb devstack@keystone.service[92004]: DEBUG keystone.common.rbac_enforcer.enforcer [None req-e063d8b5-cfa2-43c8-8b53-9f316ba44e67 None admin] RBAC: Authorizing `identity:create_user()` {{(pid=92004) enforce_call /opt/stack/keystone/keystone/common/rbac_enforcer/enforcer.py:449}}
Jun 23 10:39:07.967782 dv-cinder-846146-4-smb devstack@keystone.service[92004]: DEBUG keystone.common.rbac_enforcer.enforcer [None req-e063d8b5-cfa2-43c8-8b53-9f316ba44e67 None admin] RBAC: Authorization granted {{(pid=92004) enforce_call /opt/stack/keystone/keystone/common/rbac_enforcer/enforcer.py:457}}
Jun 23 10:39:08.027427 dv-cinder-846146-4-smb devstack@keystone.service[92003]: DEBUG keystone.server.flask.request_processing.middleware.auth_context [None req-b4c85c73-4062-4558-bf58-5d8aa4513844 None admin] Validating token access rules against request {{(pid=92003) validate_allowed_request /usr/local/lib/python3.8/dist-packages/keystonemiddleware/auth_token/__init__.py:545}}
Jun 23 10:39:08.066961 dv-cinder-846146-4-smb devstack@keystone.service[92004]: [pid: 92004|app: 0|req: 105/217] 10.222.0.20 () {60 vars in 1132 bytes} [Thu Jun 23 10:39:07 2022] POST /identity/v3/users => generated 297 bytes in 282 msecs (HTTP/1.1 201) 5 headers in 182 bytes (1 switches on core 0)
Jun 23 10:39:08.072855 dv-cinder-846146-4-smb devstack@keystone.service[92003]: DEBUG keystone.server.flask.request_processing.middleware.auth_context [None req-c4123acf-b133-4948-845c-011c9bf3bc00 None admin] RBAC: auth_context: {'token': , 'domain_id': None, 'trust_id': None, 'trustor_id': None, 'trustee_id': None, 'domain_name': None, 'group_ids': [], 'user_id': '587163b8ce4f4c51b7955cf5936eed6d', 'user_domain_id': 'default', 'system_scope': 'all', 'project_id': None, 'project_domain_id': None, 'roles': ['admin', 'member', 'reader'], 'is_admin_project': True, 'service_user_id': None, 'service_user_domain_id': None, 'service_project_id': None, 'service_project_domain_id': None, 'service_roles': []} {{(pid=92003) fill_context /opt/stack/keystone/keystone/server/flask/request_processing/middleware/auth_context.py:478}}
Jun 23 10:39:08.072855 dv-cinder-846146-4-smb devstack@keystone.service[92003]: DEBUG keystone.server.flask.request_processing.req_logging [None req-c4123acf-b133-4948-845c-011c9bf3bc00 None admin] REQUEST_METHOD: `GET` {{(pid=92003) log_request_info /opt/stack/keystone/keystone/server/flask/request_processing/req_logging.py:27}}
Jun 23 10:39:08.072855 dv-cinder-846146-4-smb devstack@keystone.service[92003]: DEBUG keystone.server.flask.request_processing.req_logging [None req-c4123acf-b133-4948-845c-011c9bf3bc00 None admin] SCRIPT_NAME: `/identity` {{(pid=92003) log_request_info /opt/stack/keystone/keystone/server/flask/request_processing/req_logging.py:28}}
Jun 23 10:39:08.072855 dv-cinder-846146-4-smb devstack@keystone.service[92003]: DEBUG keystone.server.flask.request_processing.req_logging [None req-c4123acf-b133-4948-845c-011c9bf3bc00 None admin] PATH_INFO: `/v3/auth/tokens` {{(pid=92003) log_request_info /opt/stack/keystone/keystone/server/flask/request_processing/req_logging.py:29}}
Jun 23 10:39:08.154291 dv-cinder-846146-4-smb devstack@keystone.service[92003]: DEBUG keystone.common.rbac_enforcer.enforcer [None req-c4123acf-b133-4948-845c-011c9bf3bc00 None admin] RBAC: Authorizing `identity:validate_token()` {{(pid=92003) enforce_call /opt/stack/keystone/keystone/common/rbac_enforcer/enforcer.py:449}}
Jun 23 10:39:08.155807 dv-cinder-846146-4-smb devstack@keystone.service[92003]: DEBUG keystone.common.rbac_enforcer.enforcer [None req-c4123acf-b133-4948-845c-011c9bf3bc00 None admin] RBAC: Authorization granted {{(pid=92003) enforce_call /opt/stack/keystone/keystone/common/rbac_enforcer/enforcer.py:457}}
Jun 23 10:39:08.183838 dv-cinder-846146-4-smb devstack@keystone.service[92003]: DEBUG dbcounter [-] [92003] Writing DB stats keystone:SELECT=100 {{(pid=92003) stat_writer /usr/local/lib/python3.8/dist-packages/dbcounter.py:114}}
Jun 23 10:39:08.268196 dv-cinder-846146-4-smb devstack@keystone.service[92004]: DEBUG keystone.server.flask.request_processing.req_logging [None req-dac04660-ee7f-4710-b2d3-5156e6a9728f None None] REQUEST_METHOD: `GET` {{(pid=92004) log_request_info /opt/stack/keystone/keystone/server/flask/request_processing/req_logging.py:27}}
Jun 23 10:39:08.268826 dv-cinder-846146-4-smb devstack@keystone.service[92004]: DEBUG keystone.server.flask.request_processing.req_logging [None req-dac04660-ee7f-4710-b2d3-5156e6a9728f None None] SCRIPT_NAME: `/identity` {{(pid=92004) log_request_info /opt/stack/keystone/keystone/server/flask/request_processing/req_logging.py:28}}
Jun 23 10:39:08.268826 dv-cinder-846146-4-smb devstack@keystone.service[92004]: DEBUG keystone.server.flask.request_processing.req_logging [None req-dac04660-ee7f-4710-b2d3-5156e6a9728f None None] PATH_INFO: `/` {{(pid=92004) log_request_info /opt/stack/keystone/keystone/server/flask/request_processing/req_logging.py:29}}
Jun 23 10:39:08.270426 dv-cinder-846146-4-smb devstack@keystone.service[92004]: [pid: 92004|app: 0|req: 106/218] 10.222.0.20 () {54 vars in 926 bytes} [Thu Jun 23 10:39:08 2022] GET /identity => generated 270 bytes in 3 msecs (HTTP/1.1 300) 6 headers in 234 bytes (2 switches on core 0)
Jun 23 10:39:08.274538 dv-cinder-846146-4-smb devstack@keystone.service[92003]: [pid: 92003|app: 0|req: 113/219] 10.222.0.20 () {58 vars in 1282 bytes} [Thu Jun 23 10:39:07 2022] GET /identity/v3/auth/tokens => generated 799 bytes in 366 msecs (HTTP/1.1 200) 6 headers in 358 bytes (2 switches on core 0)
Jun 23 10:39:08.275443 dv-cinder-846146-4-smb devstack@keystone.service[92004]: DEBUG keystone.server.flask.request_processing.req_logging [None req-88b44a49-f099-4cdb-84ae-ea87ed617128 None None] REQUEST_METHOD: `POST` {{(pid=92004) log_request_info /opt/stack/keystone/keystone/server/flask/request_processing/req_logging.py:27}}
Jun 23 10:39:08.275741 dv-cinder-846146-4-smb devstack@keystone.service[92004]: DEBUG keystone.server.flask.request_processing.req_logging [None req-88b44a49-f099-4cdb-84ae-ea87ed617128 None None] SCRIPT_NAME: `/identity` {{(pid=92004) log_request_info /opt/stack/keystone/keystone/server/flask/request_processing/req_logging.py:28}}
Jun 23 10:39:08.276028 dv-cinder-846146-4-smb devstack@keystone.service[92004]: DEBUG keystone.server.flask.request_processing.req_logging [None req-88b44a49-f099-4cdb-84ae-ea87ed617128 None None] PATH_INFO: `/v3/auth/tokens` {{(pid=92004) log_request_info /opt/stack/keystone/keystone/server/flask/request_processing/req_logging.py:29}}
Jun 23 10:39:08.280133 dv-cinder-846146-4-smb devstack@keystone.service[92003]: DEBUG keystone.server.flask.request_processing.middleware.auth_context [None req-c4123acf-b133-4948-845c-011c9bf3bc00 None admin] Authenticating user token {{(pid=92003) process_request /usr/local/lib/python3.8/dist-packages/keystonemiddleware/auth_token/__init__.py:407}}
Jun 23 10:39:08.300210 dv-cinder-846146-4-smb devstack@keystone.service[92004]: DEBUG keystone.auth.core [None req-88b44a49-f099-4cdb-84ae-ea87ed617128 None None] MFA Rules not processed for user `587163b8ce4f4c51b7955cf5936eed6d`. Rule list: `[]` (Enabled: `True`). {{(pid=92004) check_auth_methods_against_rules /opt/stack/keystone/keystone/auth/core.py:438}}
Jun 23 10:39:08.301461 dv-cinder-846146-4-smb devstack@keystone.service[92004]: DEBUG keystone.common.fernet_utils [None req-88b44a49-f099-4cdb-84ae-ea87ed617128 None None] Loaded 2 Fernet keys from /etc/keystone/fernet-keys/, but `[fernet_tokens] max_active_keys = 3`; perhaps there have not been enough key rotations to reach `max_active_keys` yet? {{(pid=92004) load_keys /opt/stack/keystone/keystone/common/fernet_utils.py:286}}
Jun 23 10:39:08.392541 dv-cinder-846146-4-smb devstack@keystone.service[92004]: [pid: 92004|app: 0|req: 107/220] 10.222.0.20 () {58 vars in 1023 bytes} [Thu Jun 23 10:39:08 2022] POST /identity/v3/auth/tokens => generated 799 bytes in 118 msecs (HTTP/1.1 201) 6 headers in 363 bytes (1 switches on core 0)
Jun 23 10:39:08.402829 dv-cinder-846146-4-smb devstack@keystone.service[92003]: DEBUG keystone.server.flask.request_processing.middleware.auth_context [None req-c4123acf-b133-4948-845c-011c9bf3bc00 None admin] Validating token access rules against request {{(pid=92003) validate_allowed_request /usr/local/lib/python3.8/dist-packages/keystonemiddleware/auth_token/__init__.py:545}}
Jun 23 10:39:08.420212 dv-cinder-846146-4-smb devstack@keystone.service[92004]: DEBUG keystone.server.flask.request_processing.middleware.auth_context [None req-88b44a49-f099-4cdb-84ae-ea87ed617128 None None] Authenticating user token {{(pid=92004) process_request /usr/local/lib/python3.8/dist-packages/keystonemiddleware/auth_token/__init__.py:407}}
Jun 23 10:39:08.431763 dv-cinder-846146-4-smb devstack@keystone.service[92003]: DEBUG dbcounter [-] [92003] Writing DB stats keystone:SELECT=100 {{(pid=92003) stat_writer /usr/local/lib/python3.8/dist-packages/dbcounter.py:114}}
Jun 23 10:39:08.445689 dv-cinder-846146-4-smb devstack@keystone.service[92003]: DEBUG keystone.server.flask.request_processing.middleware.auth_context [None req-29bb3164-6cbc-4af9-b958-1f2105435aa3 None admin] RBAC: auth_context: {'token': , 'domain_id': None, 'trust_id': None, 'trustor_id': None, 'trustee_id': None, 'domain_name': None, 'group_ids': [], 'user_id': '587163b8ce4f4c51b7955cf5936eed6d', 'user_domain_id': 'default', 'system_scope': 'all', 'project_id': None, 'project_domain_id': None, 'roles': ['admin', 'member', 'reader'], 'is_admin_project': True, 'service_user_id': None, 'service_user_domain_id': None, 'service_project_id': None, 'service_project_domain_id': None, 'service_roles': []} {{(pid=92003) fill_context /opt/stack/keystone/keystone/server/flask/request_processing/middleware/auth_context.py:478}}
Jun 23 10:39:08.447436 dv-cinder-846146-4-smb devstack@keystone.service[92003]: DEBUG keystone.server.flask.request_processing.req_logging [None req-29bb3164-6cbc-4af9-b958-1f2105435aa3 None admin] REQUEST_METHOD: `GET` {{(pid=92003) log_request_info /opt/stack/keystone/keystone/server/flask/request_processing/req_logging.py:27}}
Jun 23 10:39:08.447436 dv-cinder-846146-4-smb devstack@keystone.service[92003]: DEBUG keystone.server.flask.request_processing.req_logging [None req-29bb3164-6cbc-4af9-b958-1f2105435aa3 None admin] SCRIPT_NAME: `/identity` {{(pid=92003) log_request_info /opt/stack/keystone/keystone/server/flask/request_processing/req_logging.py:28}}
Jun 23 10:39:08.447436 dv-cinder-846146-4-smb devstack@keystone.service[92003]: DEBUG keystone.server.flask.request_processing.req_logging [None req-29bb3164-6cbc-4af9-b958-1f2105435aa3 None admin] PATH_INFO: `/v3/projects/c8ac4f9587f94b4ca2b19728f8a69cdf` {{(pid=92003) log_request_info /opt/stack/keystone/keystone/server/flask/request_processing/req_logging.py:29}}
Jun 23 10:39:08.448552 dv-cinder-846146-4-smb devstack@keystone.service[92003]: DEBUG keystone.common.rbac_enforcer.enforcer [None req-29bb3164-6cbc-4af9-b958-1f2105435aa3 None admin] RBAC: Authorizing `identity:get_project(project_id=c8ac4f9587f94b4ca2b19728f8a69cdf)` {{(pid=92003) enforce_call /opt/stack/keystone/keystone/common/rbac_enforcer/enforcer.py:449}}
Jun 23 10:39:08.450195 dv-cinder-846146-4-smb devstack@keystone.service[92003]: DEBUG keystone.common.rbac_enforcer.enforcer [None req-29bb3164-6cbc-4af9-b958-1f2105435aa3 None admin] RBAC: Authorization granted {{(pid=92003) enforce_call /opt/stack/keystone/keystone/common/rbac_enforcer/enforcer.py:457}}
Jun 23 10:39:08.452806 dv-cinder-846146-4-smb devstack@keystone.service[92003]: [pid: 92003|app: 0|req: 114/221] 10.222.0.20 () {56 vars in 1186 bytes} [Thu Jun 23 10:39:08 2022] GET /identity/v3/projects/c8ac4f9587f94b4ca2b19728f8a69cdf => generated 302 bytes in 173 msecs (HTTP/1.1 200) 5 headers in 177 bytes (2 switches on core 0)
Jun 23 10:39:08.458666 dv-cinder-846146-4-smb devstack@keystone.service[92003]: DEBUG keystone.server.flask.request_processing.middleware.auth_context [None req-29bb3164-6cbc-4af9-b958-1f2105435aa3 None admin] Authenticating user token {{(pid=92003) process_request /usr/local/lib/python3.8/dist-packages/keystonemiddleware/auth_token/__init__.py:407}}
Jun 23 10:39:08.537166 dv-cinder-846146-4-smb devstack@keystone.service[92004]: DEBUG dbcounter [-] [92004] Writing DB stats keystone:SELECT=97,keystone:INSERT=3 {{(pid=92004) stat_writer /usr/local/lib/python3.8/dist-packages/dbcounter.py:114}}
Jun 23 10:39:08.546314 dv-cinder-846146-4-smb devstack@keystone.service[92004]: DEBUG keystone.server.flask.request_processing.middleware.auth_context [None req-88b44a49-f099-4cdb-84ae-ea87ed617128 None None] Validating token access rules against request {{(pid=92004) validate_allowed_request /usr/local/lib/python3.8/dist-packages/keystonemiddleware/auth_token/__init__.py:545}}
Jun 23 10:39:08.582715 dv-cinder-846146-4-smb devstack@keystone.service[92004]: DEBUG keystone.server.flask.request_processing.middleware.auth_context [None req-9c428cfc-0150-4685-b0eb-73d00dc9cb9b None admin] RBAC: auth_context: {'token': , 'domain_id': None, 'trust_id': None, 'trustor_id': None, 'trustee_id': None, 'domain_name': None, 'group_ids': [], 'user_id': '587163b8ce4f4c51b7955cf5936eed6d', 'user_domain_id': 'default', 'system_scope': 'all', 'project_id': None, 'project_domain_id': None, 'roles': ['admin', 'member', 'reader'], 'is_admin_project': True, 'service_user_id': None, 'service_user_domain_id': None, 'service_project_id': None, 'service_project_domain_id': None, 'service_roles': []} {{(pid=92004) fill_context /opt/stack/keystone/keystone/server/flask/request_processing/middleware/auth_context.py:478}}
Jun 23 10:39:08.583527 dv-cinder-846146-4-smb devstack@keystone.service[92004]: DEBUG keystone.server.flask.request_processing.req_logging [None req-9c428cfc-0150-4685-b0eb-73d00dc9cb9b None admin] REQUEST_METHOD: `GET` {{(pid=92004) log_request_info /opt/stack/keystone/keystone/server/flask/request_processing/req_logging.py:27}}
Jun 23 10:39:08.583817 dv-cinder-846146-4-smb devstack@keystone.service[92004]: DEBUG keystone.server.flask.request_processing.req_logging [None req-9c428cfc-0150-4685-b0eb-73d00dc9cb9b None admin] SCRIPT_NAME: `/identity` {{(pid=92004) log_request_info /opt/stack/keystone/keystone/server/flask/request_processing/req_logging.py:28}}
Jun 23 10:39:08.584101 dv-cinder-846146-4-smb devstack@keystone.service[92004]: DEBUG keystone.server.flask.request_processing.req_logging [None req-9c428cfc-0150-4685-b0eb-73d00dc9cb9b None admin] PATH_INFO: `/v3/roles/admin` {{(pid=92004) log_request_info /opt/stack/keystone/keystone/server/flask/request_processing/req_logging.py:29}}
Jun 23 10:39:08.594680 dv-cinder-846146-4-smb devstack@keystone.service[92003]: DEBUG keystone.server.flask.request_processing.middleware.auth_context [None req-29bb3164-6cbc-4af9-b958-1f2105435aa3 None admin] Validating token access rules against request {{(pid=92003) validate_allowed_request /usr/local/lib/python3.8/dist-packages/keystonemiddleware/auth_token/__init__.py:545}}
Jun 23 10:39:08.596399 dv-cinder-846146-4-smb devstack@keystone.service[92004]: DEBUG keystone.common.rbac_enforcer.enforcer [None req-9c428cfc-0150-4685-b0eb-73d00dc9cb9b None admin] Extracting inferred target data resulted in "NOT FOUND (404)". {{(pid=92004) enforce_call /opt/stack/keystone/keystone/common/rbac_enforcer/enforcer.py:409}}
Jun 23 10:39:08.604771 dv-cinder-846146-4-smb devstack@keystone.service[92004]: ERROR keystone.server.flask.application [None req-9c428cfc-0150-4685-b0eb-73d00dc9cb9b None admin] Could not find role: admin.: keystone.exception.RoleNotFound: Could not find role: admin.
Jun 23 10:39:08.604771 dv-cinder-846146-4-smb devstack@keystone.service[92004]: ERROR keystone.server.flask.application
Traceback (most recent call last):
Jun 23 10:39:08.604771 dv-cinder-846146-4-smb devstack@keystone.service[92004]: ERROR keystone.server.flask.application
File "/usr/local/lib/python3.8/dist-packages/flask/app.py", line 1523, in full_dispatch_request
Jun 23 10:39:08.604771 dv-cinder-846146-4-smb devstack@keystone.service[92004]: ERROR keystone.server.flask.application rv = self.dispatch_request()
Jun 23 10:39:08.604771 dv-cinder-846146-4-smb devstack@keystone.service[92004]: ERROR keystone.server.flask.application
File "/usr/local/lib/python3.8/dist-packages/flask/app.py", line 1509, in dispatch_request
Jun 23 10:39:08.604771 dv-cinder-846146-4-smb devstack@keystone.service[92004]: ERROR keystone.server.flask.application return self.ensure_sync(self.view_functions[rule.endpoint])(**req.view_args)
Jun 23 10:39:08.604771 dv-cinder-846146-4-smb devstack@keystone.service[92004]: ERROR keystone.server.flask.application
File "/usr/local/lib/python3.8/dist-packages/flask_restful/__init__.py", line 467, in wrapper
Jun 23 10:39:08.604771 dv-cinder-846146-4-smb devstack@keystone.service[92004]: ERROR keystone.server.flask.application resp = resource(*args, **kwargs)
Jun 23 10:39:08.604771 dv-cinder-846146-4-smb devstack@keystone.service[92004]: ERROR keystone.server.flask.application
File "/usr/local/lib/python3.8/dist-packages/flask/views.py", line 84, in view
Jun 23 10:39:08.604771 dv-cinder-846146-4-smb devstack@keystone.service[92004]: ERROR keystone.server.flask.application return current_app.ensure_sync(self.dispatch_request)(*args, **kwargs)
Jun 23 10:39:08.604771 dv-cinder-846146-4-smb devstack@keystone.service[92004]: ERROR keystone.server.flask.application
File "/usr/local/lib/python3.8/dist-packages/flask_restful/__init__.py", line 582, in dispatch_request
Jun 23 10:39:08.604771 dv-cinder-846146-4-smb devstack@keystone.service[92004]: ERROR keystone.server.flask.application resp = meth(*args, **kwargs)
Jun 23 10:39:08.604771 dv-cinder-846146-4-smb devstack@keystone.service[92004]: ERROR keystone.server.flask.application
File "/opt/stack/keystone/keystone/api/roles.py", line 50, in get
Jun 23 10:39:08.604771 dv-cinder-846146-4-smb devstack@keystone.service[92004]: ERROR keystone.server.flask.application return self._get_role(role_id)
Jun 23 10:39:08.604771 dv-cinder-846146-4-smb devstack@keystone.service[92004]: ERROR keystone.server.flask.application
File "/opt/stack/keystone/keystone/api/roles.py", line 70, in _get_role
Jun 23 10:39:08.604771 dv-cinder-846146-4-smb devstack@keystone.service[92004]: ERROR keystone.server.flask.application ENFORCER.enforce_call(action='identity:get_role')
Jun 23 10:39:08.612945 dv-cinder-846146-4-smb devstack@keystone.service[92004]: ERROR keystone.server.flask.application
File "/opt/stack/keystone/keystone/common/rbac_enforcer/enforcer.py", line 402, in enforce_call
Jun 23 10:39:08.612945 dv-cinder-846146-4-smb devstack@keystone.service[92004]: ERROR keystone.server.flask.application policy_dict.update(cls._extract_member_target_data(
Jun 23 10:39:08.612945 dv-cinder-846146-4-smb devstack@keystone.service[92004]: ERROR keystone.server.flask.application
File "/opt/stack/keystone/keystone/common/rbac_enforcer/enforcer.py", line 234, in _extract_member_target_data
Jun 23 10:39:08.612945 dv-cinder-846146-4-smb devstack@keystone.service[92004]: ERROR keystone.server.flask.application member_name: func(flask.request.view_args[key])
Jun 23 10:39:08.612945 dv-cinder-846146-4-smb devstack@keystone.service[92004]: ERROR keystone.server.flask.application
File "/opt/stack/keystone/keystone/common/manager.py", line 115, in wrapped
Jun 23 10:39:08.612945 dv-cinder-846146-4-smb devstack@keystone.service[92004]: ERROR keystone.server.flask.application __ret_val = __f(*args, **kwargs)
Jun 23 10:39:08.612945 dv-cinder-846146-4-smb devstack@keystone.service[92004]: ERROR keystone.server.flask.application
File "/usr/local/lib/python3.8/dist-packages/decorator.py", line 232, in fun
Jun 23 10:39:08.612945 dv-cinder-846146-4-smb devstack@keystone.service[92004]: ERROR keystone.server.flask.application return caller(func, *(extras + args), **kw)
Jun 23 10:39:08.612945 dv-cinder-846146-4-smb devstack@keystone.service[92004]: ERROR keystone.server.flask.application
File "/usr/local/lib/python3.8/dist-packages/dogpile/cache/region.py", line 1577, in get_or_create_for_user_func
Jun 23 10:39:08.612945 dv-cinder-846146-4-smb devstack@keystone.service[92004]: ERROR keystone.server.flask.application return self.get_or_create(
Jun 23 10:39:08.612945 dv-cinder-846146-4-smb devstack@keystone.service[92004]: ERROR keystone.server.flask.application
File "/usr/local/lib/python3.8/dist-packages/dogpile/cache/region.py", line 1042, in get_or_create
Jun 23 10:39:08.612945 dv-cinder-846146-4-smb devstack@keystone.service[92004]: ERROR keystone.server.flask.application with Lock(
Jun 23 10:39:08.612945 dv-cinder-846146-4-smb devstack@keystone.service[92004]: ERROR keystone.server.flask.application
File "/usr/local/lib/python3.8/dist-packages/dogpile/lock.py", line 185, in __enter__
Jun 23 10:39:08.612945 dv-cinder-846146-4-smb devstack@keystone.service[92004]: ERROR keystone.server.flask.application return self._enter()
Jun 23 10:39:08.612945 dv-cinder-846146-4-smb devstack@keystone.service[92004]: ERROR keystone.server.flask.application
File "/usr/local/lib/python3.8/dist-packages/dogpile/lock.py", line 94, in _enter
Jun 23 10:39:08.612945 dv-cinder-846146-4-smb devstack@keystone.service[92004]: ERROR keystone.server.flask.application generated = self._enter_create(value, createdtime)
Jun 23 10:39:08.614026 dv-cinder-846146-4-smb devstack@keystone.service[92004]: ERROR keystone.server.flask.application
File "/usr/local/lib/python3.8/dist-packages/dogpile/lock.py", line 178, in _enter_create
Jun 23 10:39:08.614026 dv-cinder-846146-4-smb devstack@keystone.service[92004]: ERROR keystone.server.flask.application return self.creator()
Jun 23 10:39:08.614026 dv-cinder-846146-4-smb devstack@keystone.service[92004]: ERROR keystone.server.flask.application
File "/usr/local/lib/python3.8/dist-packages/dogpile/cache/region.py", line 995, in gen_value
Jun 23 10:39:08.614026 dv-cinder-846146-4-smb devstack@keystone.service[92004]: ERROR keystone.server.flask.application created_value = creator(
Jun 23 10:39:08.614026 dv-cinder-846146-4-smb devstack@keystone.service[92004]: ERROR keystone.server.flask.application
File "/opt/stack/keystone/keystone/assignment/core.py", line 1276, in get_role
Jun 23 10:39:08.614026 dv-cinder-846146-4-smb devstack@keystone.service[92004]: ERROR keystone.server.flask.application return self.driver.get_role(role_id)
Jun 23 10:39:08.614026 dv-cinder-846146-4-smb devstack@keystone.service[92004]: ERROR keystone.server.flask.application
File "/opt/stack/keystone/keystone/assignment/role_backends/sql.py", line 70, in get_role
Jun 23 10:39:08.614026 dv-cinder-846146-4-smb devstack@keystone.service[92004]: ERROR keystone.server.flask.application return self._get_role(session, role_id).to_dict()
Jun 23 10:39:08.614026 dv-cinder-846146-4-smb devstack@keystone.service[92004]: ERROR keystone.server.flask.application
File "/opt/stack/keystone/keystone/assignment/role_backends/sql.py", line 65, in _get_role
Jun 23 10:39:08.614026 dv-cinder-846146-4-smb devstack@keystone.service[92004]: ERROR keystone.server.flask.application raise exception.RoleNotFound(role_id=role_id)
Jun 23 10:39:08.614026 dv-cinder-846146-4-smb devstack@keystone.service[92004]: ERROR keystone.server.flask.application keystone.exception.RoleNotFound: Could not find role: admin.
Jun 23 10:39:08.614026 dv-cinder-846146-4-smb devstack@keystone.service[92004]: ERROR keystone.server.flask.application
Jun 23 10:39:08.614026 dv-cinder-846146-4-smb devstack@keystone.service[92004]: [pid: 92004|app: 0|req: 108/222] 10.222.0.20 () {56 vars in 1096 bytes} [Thu Jun 23 10:39:08 2022] GET /identity/v3/roles/admin => generated 83 bytes in 187 msecs (HTTP/1.1 404) 5 headers in 183 bytes (2 switches on core 0)
Jun 23 10:39:08.614026 dv-cinder-846146-4-smb devstack@keystone.service[92004]: DEBUG keystone.server.flask.request_processing.req_logging [None req-d30eb533-cd17-4263-bfdf-889757b0b280 None None] REQUEST_METHOD: `GET` {{(pid=92004) log_request_info /opt/stack/keystone/keystone/server/flask/request_processing/req_logging.py:27}}
Jun 23 10:39:08.614873 dv-cinder-846146-4-smb devstack@keystone.service[92004]: DEBUG keystone.server.flask.request_processing.req_logging [None req-d30eb533-cd17-4263-bfdf-889757b0b280 None None] SCRIPT_NAME: `/identity` {{(pid=92004) log_request_info /opt/stack/keystone/keystone/server/flask/request_processing/req_logging.py:28}}
Jun 23 10:39:08.614873 dv-cinder-846146-4-smb devstack@keystone.service[92004]: DEBUG keystone.server.flask.request_processing.req_logging [None req-d30eb533-cd17-4263-bfdf-889757b0b280 None None] PATH_INFO: `/` {{(pid=92004) log_request_info /opt/stack/keystone/keystone/server/flask/request_processing/req_logging.py:29}}
Jun 23 10:39:08.614873 dv-cinder-846146-4-smb devstack@keystone.service[92004]: [pid: 92004|app: 0|req: 109/223] 10.222.0.20 () {54 vars in 926 bytes} [Thu Jun 23 10:39:08 2022] GET /identity => generated 270 bytes in 3 msecs (HTTP/1.1 300) 6 headers in 234 bytes (1 switches on core 0)
Jun 23 10:39:08.614873 dv-cinder-846146-4-smb devstack@keystone.service[92004]: DEBUG keystone.server.flask.request_processing.middleware.auth_context [None req-d30eb533-cd17-4263-bfdf-889757b0b280 None None] Authenticating user token {{(pid=92004) process_request /usr/local/lib/python3.8/dist-packages/keystonemiddleware/auth_token/__init__.py:407}}
Jun 23 10:39:08.644986 dv-cinder-846146-4-smb devstack@keystone.service[92003]: DEBUG keystone.server.flask.request_processing.middleware.auth_context [None req-521b01b0-7efb-4af0-bfc1-e5fce5cd30c9 None admin] RBAC: auth_context: {'token': , 'domain_id': None, 'trust_id': None, 'trustor_id': None, 'trustee_id': None, 'domain_name': None, 'group_ids': [], 'user_id': '587163b8ce4f4c51b7955cf5936eed6d', 'user_domain_id': 'default', 'system_scope': 'all', 'project_id': None, 'project_domain_id': None, 'roles': ['admin', 'member', 'reader'], 'is_admin_project': True, 'service_user_id': None, 'service_user_domain_id': None, 'service_project_id': None, 'service_project_domain_id': None, 'service_roles': []} {{(pid=92003) fill_context /opt/stack/keystone/keystone/server/flask/request_processing/middleware/auth_context.py:478}}
Jun 23 10:39:08.645936 dv-cinder-846146-4-smb devstack@keystone.service[92003]: DEBUG keystone.server.flask.request_processing.req_logging [None req-521b01b0-7efb-4af0-bfc1-e5fce5cd30c9 None admin] REQUEST_METHOD: `GET` {{(pid=92003) log_request_info /opt/stack/keystone/keystone/server/flask/request_processing/req_logging.py:27}}
Jun 23 10:39:08.646484 dv-cinder-846146-4-smb devstack@keystone.service[92003]: DEBUG keystone.server.flask.request_processing.req_logging [None req-521b01b0-7efb-4af0-bfc1-e5fce5cd30c9 None admin] SCRIPT_NAME: `/identity` {{(pid=92003) log_request_info /opt/stack/keystone/keystone/server/flask/request_processing/req_logging.py:28}}
Jun 23 10:39:08.647091 dv-cinder-846146-4-smb devstack@keystone.service[92003]: DEBUG keystone.server.flask.request_processing.req_logging [None req-521b01b0-7efb-4af0-bfc1-e5fce5cd30c9 None admin] PATH_INFO: `/v3/role_assignments` {{(pid=92003) log_request_info /opt/stack/keystone/keystone/server/flask/request_processing/req_logging.py:29}}
Jun 23 10:39:08.648669 dv-cinder-846146-4-smb devstack@keystone.service[92003]: DEBUG keystone.common.rbac_enforcer.enforcer [None req-521b01b0-7efb-4af0-bfc1-e5fce5cd30c9 None admin] RBAC: Adding query filter params (role.id=14edb03a6a644798bdbf762bb59f6ef9, scope.project.id=c8ac4f9587f94b4ca2b19728f8a69cdf, user.id=759437f1a8574797b420066053d55e5a) {{(pid=92003) _extract_filter_values /opt/stack/keystone/keystone/common/rbac_enforcer/enforcer.py:167}}
Jun 23 10:39:08.649051 dv-cinder-846146-4-smb devstack@keystone.service[92003]: DEBUG keystone.common.rbac_enforcer.enforcer [None req-521b01b0-7efb-4af0-bfc1-e5fce5cd30c9 None admin] RBAC: Authorizing `identity:list_role_assignments()` {{(pid=92003) enforce_call /opt/stack/keystone/keystone/common/rbac_enforcer/enforcer.py:449}}
Jun 23 10:39:08.650745 dv-cinder-846146-4-smb devstack@keystone.service[92003]: DEBUG keystone.common.rbac_enforcer.enforcer [None req-521b01b0-7efb-4af0-bfc1-e5fce5cd30c9 None admin] RBAC: Authorization granted {{(pid=92003) enforce_call /opt/stack/keystone/keystone/common/rbac_enforcer/enforcer.py:457}}
Jun 23 10:39:08.658412 dv-cinder-846146-4-smb devstack@keystone.service[92003]: [pid: 92003|app: 0|req: 115/224] 10.222.0.20 () {56 vars in 1374 bytes} [Thu Jun 23 10:39:08 2022] GET /identity/v3/role_assignments?user.id=759437f1a8574797b420066053d55e5a&scope.project.id=c8ac4f9587f94b4ca2b19728f8a69cdf&role.id=14edb03a6a644798bdbf762bb59f6ef9 => generated 259 bytes in 200 msecs (HTTP/1.1 200) 5 headers in 177 bytes (2 switches on core 0)
Jun 23 10:39:08.659770 dv-cinder-846146-4-smb devstack@keystone.service[92003]: DEBUG keystone.server.flask.request_processing.req_logging [None req-962dff9e-d884-4944-93d0-073bad0ea11a None None] REQUEST_METHOD: `POST` {{(pid=92003) log_request_info /opt/stack/keystone/keystone/server/flask/request_processing/req_logging.py:27}}
Jun 23 10:39:08.660066 dv-cinder-846146-4-smb devstack@keystone.service[92003]: DEBUG keystone.server.flask.request_processing.req_logging [None req-962dff9e-d884-4944-93d0-073bad0ea11a None None] SCRIPT_NAME: `/identity` {{(pid=92003) log_request_info /opt/stack/keystone/keystone/server/flask/request_processing/req_logging.py:28}}
Jun 23 10:39:08.660352 dv-cinder-846146-4-smb devstack@keystone.service[92003]: DEBUG keystone.server.flask.request_processing.req_logging [None req-962dff9e-d884-4944-93d0-073bad0ea11a None None] PATH_INFO: `/v3/auth/tokens` {{(pid=92003) log_request_info /opt/stack/keystone/keystone/server/flask/request_processing/req_logging.py:29}}
Jun 23 10:39:08.680590 dv-cinder-846146-4-smb devstack@keystone.service[92003]: DEBUG keystone.auth.core [None req-962dff9e-d884-4944-93d0-073bad0ea11a None None] MFA Rules not processed for user `587163b8ce4f4c51b7955cf5936eed6d`. Rule list: `[]` (Enabled: `True`). {{(pid=92003) check_auth_methods_against_rules /opt/stack/keystone/keystone/auth/core.py:438}}
Jun 23 10:39:08.681847 dv-cinder-846146-4-smb devstack@keystone.service[92003]: DEBUG keystone.common.fernet_utils [None req-962dff9e-d884-4944-93d0-073bad0ea11a None None] Loaded 2 Fernet keys from /etc/keystone/fernet-keys/, but `[fernet_tokens] max_active_keys = 3`; perhaps there have not been enough key rotations to reach `max_active_keys` yet? {{(pid=92003) load_keys /opt/stack/keystone/keystone/common/fernet_utils.py:286}}
Jun 23 10:39:08.771498 dv-cinder-846146-4-smb devstack@keystone.service[92004]: DEBUG keystone.server.flask.request_processing.middleware.auth_context [None req-d30eb533-cd17-4263-bfdf-889757b0b280 None None] Validating token access rules against request {{(pid=92004) validate_allowed_request /usr/local/lib/python3.8/dist-packages/keystonemiddleware/auth_token/__init__.py:545}}
Jun 23 10:39:08.796730 dv-cinder-846146-4-smb devstack@keystone.service[92003]: DEBUG dbcounter [-] [92003] Writing DB stats keystone:SELECT=100 {{(pid=92003) stat_writer /usr/local/lib/python3.8/dist-packages/dbcounter.py:114}}
Jun 23 10:39:08.834660 dv-cinder-846146-4-smb devstack@keystone.service[92004]: DEBUG keystone.server.flask.request_processing.middleware.auth_context [None req-760af8d1-9df4-4382-867f-d92b068bd947 None admin] RBAC: auth_context: {'token': , 'domain_id': None, 'trust_id': None, 'trustor_id': None, 'trustee_id': None, 'domain_name': None, 'group_ids': [], 'user_id': '587163b8ce4f4c51b7955cf5936eed6d', 'user_domain_id': 'default', 'system_scope': 'all', 'project_id': None, 'project_domain_id': None, 'roles': ['admin', 'member', 'reader'], 'is_admin_project': True, 'service_user_id': None, 'service_user_domain_id': None, 'service_project_id': None, 'service_project_domain_id': None, 'service_roles': []} {{(pid=92004) fill_context /opt/stack/keystone/keystone/server/flask/request_processing/middleware/auth_context.py:478}}
Jun 23 10:39:08.835355 dv-cinder-846146-4-smb devstack@keystone.service[92004]: DEBUG keystone.server.flask.request_processing.req_logging [None req-760af8d1-9df4-4382-867f-d92b068bd947 None admin] REQUEST_METHOD: `GET` {{(pid=92004) log_request_info /opt/stack/keystone/keystone/server/flask/request_processing/req_logging.py:27}}
Jun 23 10:39:08.835636 dv-cinder-846146-4-smb devstack@keystone.service[92004]: DEBUG keystone.server.flask.request_processing.req_logging [None req-760af8d1-9df4-4382-867f-d92b068bd947 None admin] SCRIPT_NAME: `/identity` {{(pid=92004) log_request_info /opt/stack/keystone/keystone/server/flask/request_processing/req_logging.py:28}}
Jun 23 10:39:08.835909 dv-cinder-846146-4-smb devstack@keystone.service[92004]: DEBUG keystone.server.flask.request_processing.req_logging [None req-760af8d1-9df4-4382-867f-d92b068bd947 None admin] PATH_INFO: `/v3/roles` {{(pid=92004) log_request_info /opt/stack/keystone/keystone/server/flask/request_processing/req_logging.py:29}}
Jun 23 10:39:08.836706 dv-cinder-846146-4-smb devstack@keystone.service[92004]: DEBUG keystone.common.rbac_enforcer.enforcer [None req-760af8d1-9df4-4382-867f-d92b068bd947 None admin] RBAC: Adding query filter params (name=admin) {{(pid=92004) _extract_filter_values /opt/stack/keystone/keystone/common/rbac_enforcer/enforcer.py:167}}
Jun 23 10:39:08.837020 dv-cinder-846146-4-smb devstack@keystone.service[92004]: DEBUG keystone.common.rbac_enforcer.enforcer [None req-760af8d1-9df4-4382-867f-d92b068bd947 None admin] RBAC: Authorizing `identity:list_roles()` {{(pid=92004) enforce_call /opt/stack/keystone/keystone/common/rbac_enforcer/enforcer.py:449}}
Jun 23 10:39:08.838481 dv-cinder-846146-4-smb devstack@keystone.service[92004]: DEBUG keystone.common.rbac_enforcer.enforcer [None req-760af8d1-9df4-4382-867f-d92b068bd947 None admin] RBAC: Authorization granted {{(pid=92004) enforce_call /opt/stack/keystone/keystone/common/rbac_enforcer/enforcer.py:457}}
Jun 23 10:39:08.840918 dv-cinder-846146-4-smb devstack@keystone.service[92003]: [pid: 92003|app: 0|req: 116/225] 10.222.0.20 () {58 vars in 1023 bytes} [Thu Jun 23 10:39:08 2022] POST /identity/v3/auth/tokens => generated 799 bytes in 182 msecs (HTTP/1.1 201) 6 headers in 363 bytes (1 switches on core 0)
Jun 23 10:39:08.851994 dv-cinder-846146-4-smb devstack@keystone.service[92004]: [pid: 92004|app: 0|req: 110/226] 10.222.0.20 () {56 vars in 1099 bytes} [Thu Jun 23 10:39:08 2022] GET /identity/v3/roles?name=admin => generated 339 bytes in 240 msecs (HTTP/1.1 200) 5 headers in 177 bytes (2 switches on core 0)
Jun 23 10:39:08.858384 dv-cinder-846146-4-smb devstack@keystone.service[92003]: DEBUG keystone.server.flask.request_processing.middleware.auth_context [None req-962dff9e-d884-4944-93d0-073bad0ea11a None None] Authenticating user token {{(pid=92003) process_request /usr/local/lib/python3.8/dist-packages/keystonemiddleware/auth_token/__init__.py:407}}
Jun 23 10:39:08.878404 dv-cinder-846146-4-smb devstack@keystone.service[92004]: DEBUG keystone.server.flask.request_processing.middleware.auth_context [None req-760af8d1-9df4-4382-867f-d92b068bd947 None admin] Authenticating user token {{(pid=92004) process_request /usr/local/lib/python3.8/dist-packages/keystonemiddleware/auth_token/__init__.py:407}}
Jun 23 10:39:08.899924 dv-cinder-846146-4-smb devstack@keystone.service[92004]: DEBUG dbcounter [-] [92004] Writing DB stats keystone:SELECT=100 {{(pid=92004) stat_writer /usr/local/lib/python3.8/dist-packages/dbcounter.py:114}}
Jun 23 10:39:09.029712 dv-cinder-846146-4-smb devstack@keystone.service[92004]: DEBUG keystone.server.flask.request_processing.middleware.auth_context [None req-760af8d1-9df4-4382-867f-d92b068bd947 None admin] Validating token access rules against request {{(pid=92004) validate_allowed_request /usr/local/lib/python3.8/dist-packages/keystonemiddleware/auth_token/__init__.py:545}}
Jun 23 10:39:09.066829 dv-cinder-846146-4-smb devstack@keystone.service[92003]: DEBUG keystone.server.flask.request_processing.middleware.auth_context [None req-962dff9e-d884-4944-93d0-073bad0ea11a None None] Validating token access rules against request {{(pid=92003) validate_allowed_request /usr/local/lib/python3.8/dist-packages/keystonemiddleware/auth_token/__init__.py:545}}
Jun 23 10:39:09.092678 dv-cinder-846146-4-smb devstack@keystone.service[92004]: DEBUG keystone.server.flask.request_processing.middleware.auth_context [None req-a14b2a66-376d-419d-9c8b-ab97c8fd54e9 None admin] RBAC: auth_context: {'token': , 'domain_id': None, 'trust_id': None, 'trustor_id': None, 'trustee_id': None, 'domain_name': None, 'group_ids': [], 'user_id': '587163b8ce4f4c51b7955cf5936eed6d', 'user_domain_id': 'default', 'system_scope': 'all', 'project_id': None, 'project_domain_id': None, 'roles': ['admin', 'member', 'reader'], 'is_admin_project': True, 'service_user_id': None, 'service_user_domain_id': None, 'service_project_id': None, 'service_project_domain_id': None, 'service_roles': []} {{(pid=92004) fill_context /opt/stack/keystone/keystone/server/flask/request_processing/middleware/auth_context.py:478}}
Jun 23 10:39:09.093358 dv-cinder-846146-4-smb devstack@keystone.service[92004]: DEBUG keystone.server.flask.request_processing.req_logging [None req-a14b2a66-376d-419d-9c8b-ab97c8fd54e9 None admin] REQUEST_METHOD: `GET` {{(pid=92004) log_request_info /opt/stack/keystone/keystone/server/flask/request_processing/req_logging.py:27}}
