Jun 20 10:50:29.729448 dv-cinder-846146-3-smb devstack@keystone.service[79985]: DEBUG keystone.server.flask.request_processing.middleware.auth_context [None req-245c2af0-09fa-4e76-a913-a85cf5ae9015 None admin] RBAC: auth_context: {'token': , 'domain_id': None, 'trust_id': None, 'trustor_id': None, 'trustee_id': None, 'domain_name': None, 'group_ids': [], 'user_id': 'ed51b679e7284f09892dd09395e07a13', 'user_domain_id': 'default', 'system_scope': 'all', 'project_id': None, 'project_domain_id': None, 'roles': ['admin', 'member', 'reader'], 'is_admin_project': True, 'service_user_id': None, 'service_user_domain_id': None, 'service_project_id': None, 'service_project_domain_id': None, 'service_roles': []} {{(pid=79985) fill_context /opt/stack/keystone/keystone/server/flask/request_processing/middleware/auth_context.py:478}}
Jun 20 10:50:29.730337 dv-cinder-846146-3-smb devstack@keystone.service[79985]: DEBUG keystone.server.flask.request_processing.req_logging [None req-245c2af0-09fa-4e76-a913-a85cf5ae9015 None admin] REQUEST_METHOD: `GET` {{(pid=79985) log_request_info /opt/stack/keystone/keystone/server/flask/request_processing/req_logging.py:27}}
Jun 20 10:50:29.730626 dv-cinder-846146-3-smb devstack@keystone.service[79985]: DEBUG keystone.server.flask.request_processing.req_logging [None req-245c2af0-09fa-4e76-a913-a85cf5ae9015 None admin] SCRIPT_NAME: `/identity` {{(pid=79985) log_request_info /opt/stack/keystone/keystone/server/flask/request_processing/req_logging.py:28}}
Jun 20 10:50:29.730902 dv-cinder-846146-3-smb devstack@keystone.service[79985]: DEBUG keystone.server.flask.request_processing.req_logging [None req-245c2af0-09fa-4e76-a913-a85cf5ae9015 None admin] PATH_INFO: `/v3/domains/default` {{(pid=79985) log_request_info /opt/stack/keystone/keystone/server/flask/request_processing/req_logging.py:29}}
Jun 20 10:50:29.732508 dv-cinder-846146-3-smb devstack@keystone.service[79985]: DEBUG keystone.common.rbac_enforcer.enforcer [None req-245c2af0-09fa-4e76-a913-a85cf5ae9015 None admin] RBAC: Authorizing `identity:get_domain(domain_id=default)` {{(pid=79985) enforce_call /opt/stack/keystone/keystone/common/rbac_enforcer/enforcer.py:449}}
Jun 20 10:50:29.734256 dv-cinder-846146-3-smb devstack@keystone.service[79985]: DEBUG keystone.common.rbac_enforcer.enforcer [None req-245c2af0-09fa-4e76-a913-a85cf5ae9015 None admin] RBAC: Authorization granted {{(pid=79985) enforce_call /opt/stack/keystone/keystone/common/rbac_enforcer/enforcer.py:457}}
Jun 20 10:50:29.737857 dv-cinder-846146-3-smb devstack@keystone.service[79985]: [pid: 79985|app: 0|req: 115/214] 10.222.0.25 () {56 vars in 1108 bytes} [Mon Jun 20 10:50:29 2022] GET /identity/v3/domains/default => generated 199 bytes in 190 msecs (HTTP/1.1 200) 5 headers in 177 bytes (1 switches on core 0)
Jun 20 10:50:29.742578 dv-cinder-846146-3-smb devstack@keystone.service[79985]: DEBUG keystone.server.flask.request_processing.middleware.auth_context [None req-245c2af0-09fa-4e76-a913-a85cf5ae9015 None admin] Authenticating user token {{(pid=79985) process_request /usr/local/lib/python3.8/dist-packages/keystonemiddleware/auth_token/__init__.py:407}}
Jun 20 10:50:29.759411 dv-cinder-846146-3-smb devstack@keystone.service[79985]: DEBUG dbcounter [-] [79985] Writing DB stats keystone:SELECT=100 {{(pid=79985) stat_writer /usr/local/lib/python3.8/dist-packages/dbcounter.py:114}}
Jun 20 10:50:29.810858 dv-cinder-846146-3-smb devstack@keystone.service[79986]: DEBUG keystone.server.flask.request_processing.middleware.auth_context [None req-778e436c-e14b-4aa1-a31a-c548e3ef8501 None admin] Validating token access rules against request {{(pid=79986) validate_allowed_request /usr/local/lib/python3.8/dist-packages/keystonemiddleware/auth_token/__init__.py:545}}
Jun 20 10:50:29.854950 dv-cinder-846146-3-smb devstack@keystone.service[79986]: DEBUG keystone.server.flask.request_processing.middleware.auth_context [None req-563e000b-63c3-4b56-8a74-4d2b63183e20 None admin] RBAC: auth_context: {'token': , 'domain_id': None, 'trust_id': None, 'trustor_id': None, 'trustee_id': None, 'domain_name': None, 'group_ids': [], 'user_id': 'ed51b679e7284f09892dd09395e07a13', 'user_domain_id': 'default', 'system_scope': 'all', 'project_id': None, 'project_domain_id': None, 'roles': ['admin', 'member', 'reader'], 'is_admin_project': True, 'service_user_id': None, 'service_user_domain_id': None, 'service_project_id': None, 'service_project_domain_id': None, 'service_roles': []} {{(pid=79986) fill_context /opt/stack/keystone/keystone/server/flask/request_processing/middleware/auth_context.py:478}}
Jun 20 10:50:29.856171 dv-cinder-846146-3-smb devstack@keystone.service[79986]: DEBUG keystone.server.flask.request_processing.req_logging [None req-563e000b-63c3-4b56-8a74-4d2b63183e20 None admin] REQUEST_METHOD: `GET` {{(pid=79986) log_request_info /opt/stack/keystone/keystone/server/flask/request_processing/req_logging.py:27}}
Jun 20 10:50:29.856679 dv-cinder-846146-3-smb devstack@keystone.service[79986]: DEBUG keystone.server.flask.request_processing.req_logging [None req-563e000b-63c3-4b56-8a74-4d2b63183e20 None admin] SCRIPT_NAME: `/identity` {{(pid=79986) log_request_info /opt/stack/keystone/keystone/server/flask/request_processing/req_logging.py:28}}
Jun 20 10:50:29.857146 dv-cinder-846146-3-smb devstack@keystone.service[79986]: DEBUG keystone.server.flask.request_processing.req_logging [None req-563e000b-63c3-4b56-8a74-4d2b63183e20 None admin] PATH_INFO: `/v3/roles` {{(pid=79986) log_request_info /opt/stack/keystone/keystone/server/flask/request_processing/req_logging.py:29}}
Jun 20 10:50:29.858088 dv-cinder-846146-3-smb devstack@keystone.service[79986]: DEBUG keystone.common.rbac_enforcer.enforcer [None req-563e000b-63c3-4b56-8a74-4d2b63183e20 None admin] RBAC: Adding query filter params (name=member) {{(pid=79986) _extract_filter_values /opt/stack/keystone/keystone/common/rbac_enforcer/enforcer.py:167}}
Jun 20 10:50:29.858606 dv-cinder-846146-3-smb devstack@keystone.service[79986]: DEBUG keystone.common.rbac_enforcer.enforcer [None req-563e000b-63c3-4b56-8a74-4d2b63183e20 None admin] RBAC: Authorizing `identity:list_roles()` {{(pid=79986) enforce_call /opt/stack/keystone/keystone/common/rbac_enforcer/enforcer.py:449}}
Jun 20 10:50:29.859090 dv-cinder-846146-3-smb devstack@keystone.service[79985]: DEBUG keystone.server.flask.request_processing.middleware.auth_context [None req-245c2af0-09fa-4e76-a913-a85cf5ae9015 None admin] Validating token access rules against request {{(pid=79985) validate_allowed_request /usr/local/lib/python3.8/dist-packages/keystonemiddleware/auth_token/__init__.py:545}}
Jun 20 10:50:29.860519 dv-cinder-846146-3-smb devstack@keystone.service[79986]: DEBUG keystone.common.rbac_enforcer.enforcer [None req-563e000b-63c3-4b56-8a74-4d2b63183e20 None admin] RBAC: Authorization granted {{(pid=79986) enforce_call /opt/stack/keystone/keystone/common/rbac_enforcer/enforcer.py:457}}
Jun 20 10:50:29.870828 dv-cinder-846146-3-smb devstack@keystone.service[79986]: [pid: 79986|app: 0|req: 100/215] 10.222.0.25 () {56 vars in 1101 bytes} [Mon Jun 20 10:50:29 2022] GET /identity/v3/roles?name=member => generated 341 bytes in 201 msecs (HTTP/1.1 200) 5 headers in 177 bytes (2 switches on core 0)
Jun 20 10:50:29.881968 dv-cinder-846146-3-smb devstack@keystone.service[79986]: DEBUG keystone.server.flask.request_processing.middleware.auth_context [None req-563e000b-63c3-4b56-8a74-4d2b63183e20 None admin] Authenticating user token {{(pid=79986) process_request /usr/local/lib/python3.8/dist-packages/keystonemiddleware/auth_token/__init__.py:407}}
Jun 20 10:50:29.894619 dv-cinder-846146-3-smb devstack@keystone.service[79985]: DEBUG keystone.server.flask.request_processing.middleware.auth_context [None req-ab8080a1-8001-44ee-95c8-ba01a9f6c6f0 None admin] RBAC: auth_context: {'token': , 'domain_id': None, 'trust_id': None, 'trustor_id': None, 'trustee_id': None, 'domain_name': None, 'group_ids': [], 'user_id': 'ed51b679e7284f09892dd09395e07a13', 'user_domain_id': 'default', 'system_scope': 'all', 'project_id': None, 'project_domain_id': None, 'roles': ['admin', 'member', 'reader'], 'is_admin_project': True, 'service_user_id': None, 'service_user_domain_id': None, 'service_project_id': None, 'service_project_domain_id': None, 'service_roles': []} {{(pid=79985) fill_context /opt/stack/keystone/keystone/server/flask/request_processing/middleware/auth_context.py:478}}
Jun 20 10:50:29.895528 dv-cinder-846146-3-smb devstack@keystone.service[79985]: DEBUG keystone.server.flask.request_processing.req_logging [None req-ab8080a1-8001-44ee-95c8-ba01a9f6c6f0 None admin] REQUEST_METHOD: `POST` {{(pid=79985) log_request_info /opt/stack/keystone/keystone/server/flask/request_processing/req_logging.py:27}}
Jun 20 10:50:29.895949 dv-cinder-846146-3-smb devstack@keystone.service[79985]: DEBUG keystone.server.flask.request_processing.req_logging [None req-ab8080a1-8001-44ee-95c8-ba01a9f6c6f0 None admin] SCRIPT_NAME: `/identity` {{(pid=79985) log_request_info /opt/stack/keystone/keystone/server/flask/request_processing/req_logging.py:28}}
Jun 20 10:50:29.896361 dv-cinder-846146-3-smb devstack@keystone.service[79985]: DEBUG keystone.server.flask.request_processing.req_logging [None req-ab8080a1-8001-44ee-95c8-ba01a9f6c6f0 None admin] PATH_INFO: `/v3/users` {{(pid=79985) log_request_info /opt/stack/keystone/keystone/server/flask/request_processing/req_logging.py:29}}
Jun 20 10:50:29.897219 dv-cinder-846146-3-smb devstack@keystone.service[79985]: DEBUG keystone.common.rbac_enforcer.enforcer [None req-ab8080a1-8001-44ee-95c8-ba01a9f6c6f0 None admin] RBAC: Authorizing `identity:create_user()` {{(pid=79985) enforce_call /opt/stack/keystone/keystone/common/rbac_enforcer/enforcer.py:449}}
Jun 20 10:50:29.898820 dv-cinder-846146-3-smb devstack@keystone.service[79985]: DEBUG keystone.common.rbac_enforcer.enforcer [None req-ab8080a1-8001-44ee-95c8-ba01a9f6c6f0 None admin] RBAC: Authorization granted {{(pid=79985) enforce_call /opt/stack/keystone/keystone/common/rbac_enforcer/enforcer.py:457}}
Jun 20 10:50:29.921806 dv-cinder-846146-3-smb devstack@keystone.service[79985]: [pid: 79985|app: 0|req: 116/216] 10.222.0.25 () {60 vars in 1132 bytes} [Mon Jun 20 10:50:29 2022] POST /identity/v3/users => generated 297 bytes in 180 msecs (HTTP/1.1 201) 5 headers in 182 bytes (2 switches on core 0)
Jun 20 10:50:29.923443 dv-cinder-846146-3-smb devstack@keystone.service[79985]: DEBUG keystone.server.flask.request_processing.req_logging [None req-a7147cbf-e234-456c-bd2e-b48a40093eb4 None None] REQUEST_METHOD: `GET` {{(pid=79985) log_request_info /opt/stack/keystone/keystone/server/flask/request_processing/req_logging.py:27}}
Jun 20 10:50:29.924015 dv-cinder-846146-3-smb devstack@keystone.service[79985]: DEBUG keystone.server.flask.request_processing.req_logging [None req-a7147cbf-e234-456c-bd2e-b48a40093eb4 None None] SCRIPT_NAME: `/identity` {{(pid=79985) log_request_info /opt/stack/keystone/keystone/server/flask/request_processing/req_logging.py:28}}
Jun 20 10:50:29.924433 dv-cinder-846146-3-smb devstack@keystone.service[79985]: DEBUG keystone.server.flask.request_processing.req_logging [None req-a7147cbf-e234-456c-bd2e-b48a40093eb4 None None] PATH_INFO: `/` {{(pid=79985) log_request_info /opt/stack/keystone/keystone/server/flask/request_processing/req_logging.py:29}}
Jun 20 10:50:29.926204 dv-cinder-846146-3-smb devstack@keystone.service[79985]: [pid: 79985|app: 0|req: 117/217] 10.222.0.25 () {54 vars in 926 bytes} [Mon Jun 20 10:50:29 2022] GET /identity => generated 270 bytes in 3 msecs (HTTP/1.1 300) 6 headers in 234 bytes (1 switches on core 0)
Jun 20 10:50:29.936133 dv-cinder-846146-3-smb devstack@keystone.service[79985]: DEBUG keystone.server.flask.request_processing.req_logging [None req-6ffa2ece-9e64-43a3-bd34-6c5920b43815 None None] REQUEST_METHOD: `POST` {{(pid=79985) log_request_info /opt/stack/keystone/keystone/server/flask/request_processing/req_logging.py:27}}
Jun 20 10:50:29.936751 dv-cinder-846146-3-smb devstack@keystone.service[79985]: DEBUG keystone.server.flask.request_processing.req_logging [None req-6ffa2ece-9e64-43a3-bd34-6c5920b43815 None None] SCRIPT_NAME: `/identity` {{(pid=79985) log_request_info /opt/stack/keystone/keystone/server/flask/request_processing/req_logging.py:28}}
Jun 20 10:50:29.937173 dv-cinder-846146-3-smb devstack@keystone.service[79985]: DEBUG keystone.server.flask.request_processing.req_logging [None req-6ffa2ece-9e64-43a3-bd34-6c5920b43815 None None] PATH_INFO: `/v3/auth/tokens` {{(pid=79985) log_request_info /opt/stack/keystone/keystone/server/flask/request_processing/req_logging.py:29}}
Jun 20 10:50:29.955829 dv-cinder-846146-3-smb devstack@keystone.service[79986]: DEBUG dbcounter [-] [79986] Writing DB stats keystone:SELECT=100 {{(pid=79986) stat_writer /usr/local/lib/python3.8/dist-packages/dbcounter.py:114}}
Jun 20 10:50:29.956231 dv-cinder-846146-3-smb devstack@keystone.service[79985]: DEBUG keystone.auth.core [None req-6ffa2ece-9e64-43a3-bd34-6c5920b43815 None None] MFA Rules not processed for user `ed51b679e7284f09892dd09395e07a13`. Rule list: `[]` (Enabled: `True`). {{(pid=79985) check_auth_methods_against_rules /opt/stack/keystone/keystone/auth/core.py:438}}
Jun 20 10:50:29.957584 dv-cinder-846146-3-smb devstack@keystone.service[79985]: DEBUG keystone.common.fernet_utils [None req-6ffa2ece-9e64-43a3-bd34-6c5920b43815 None None] Loaded 2 Fernet keys from /etc/keystone/fernet-keys/, but `[fernet_tokens] max_active_keys = 3`; perhaps there have not been enough key rotations to reach `max_active_keys` yet? {{(pid=79985) load_keys /opt/stack/keystone/keystone/common/fernet_utils.py:286}}
Jun 20 10:50:30.002959 dv-cinder-846146-3-smb devstack@keystone.service[79986]: DEBUG keystone.server.flask.request_processing.middleware.auth_context [None req-563e000b-63c3-4b56-8a74-4d2b63183e20 None admin] Validating token access rules against request {{(pid=79986) validate_allowed_request /usr/local/lib/python3.8/dist-packages/keystonemiddleware/auth_token/__init__.py:545}}
Jun 20 10:50:30.039674 dv-cinder-846146-3-smb devstack@keystone.service[79985]: DEBUG dbcounter [-] [79985] Writing DB stats keystone:SELECT=97,keystone:INSERT=3 {{(pid=79985) stat_writer /usr/local/lib/python3.8/dist-packages/dbcounter.py:114}}
Jun 20 10:50:30.048883 dv-cinder-846146-3-smb devstack@keystone.service[79986]: DEBUG keystone.server.flask.request_processing.middleware.auth_context [None req-cbe7c3af-5d5c-4763-9e84-534b3a42879b None admin] RBAC: auth_context: {'token': , 'domain_id': None, 'trust_id': None, 'trustor_id': None, 'trustee_id': None, 'domain_name': None, 'group_ids': [], 'user_id': 'ed51b679e7284f09892dd09395e07a13', 'user_domain_id': 'default', 'system_scope': 'all', 'project_id': None, 'project_domain_id': None, 'roles': ['admin', 'member', 'reader'], 'is_admin_project': True, 'service_user_id': None, 'service_user_domain_id': None, 'service_project_id': None, 'service_project_domain_id': None, 'service_roles': []} {{(pid=79986) fill_context /opt/stack/keystone/keystone/server/flask/request_processing/middleware/auth_context.py:478}}
Jun 20 10:50:30.049839 dv-cinder-846146-3-smb devstack@keystone.service[79986]: DEBUG keystone.server.flask.request_processing.req_logging [None req-cbe7c3af-5d5c-4763-9e84-534b3a42879b None admin] REQUEST_METHOD: `GET` {{(pid=79986) log_request_info /opt/stack/keystone/keystone/server/flask/request_processing/req_logging.py:27}}
Jun 20 10:50:30.050125 dv-cinder-846146-3-smb devstack@keystone.service[79986]: DEBUG keystone.server.flask.request_processing.req_logging [None req-cbe7c3af-5d5c-4763-9e84-534b3a42879b None admin] SCRIPT_NAME: `/identity` {{(pid=79986) log_request_info /opt/stack/keystone/keystone/server/flask/request_processing/req_logging.py:28}}
Jun 20 10:50:30.050430 dv-cinder-846146-3-smb devstack@keystone.service[79986]: DEBUG keystone.server.flask.request_processing.req_logging [None req-cbe7c3af-5d5c-4763-9e84-534b3a42879b None admin] PATH_INFO: `/v3/users/bf5fdb96fdb0475caedf2cd8aa8d7e2b` {{(pid=79986) log_request_info /opt/stack/keystone/keystone/server/flask/request_processing/req_logging.py:29}}
Jun 20 10:50:30.053098 dv-cinder-846146-3-smb devstack@keystone.service[79985]: [pid: 79985|app: 0|req: 118/218] 10.222.0.25 () {58 vars in 1023 bytes} [Mon Jun 20 10:50:29 2022] POST /identity/v3/auth/tokens => generated 799 bytes in 118 msecs (HTTP/1.1 201) 6 headers in 363 bytes (2 switches on core 0)
Jun 20 10:50:30.068189 dv-cinder-846146-3-smb devstack@keystone.service[79986]: DEBUG keystone.common.rbac_enforcer.enforcer [None req-cbe7c3af-5d5c-4763-9e84-534b3a42879b None admin] RBAC: Authorizing `identity:get_user(user_id=bf5fdb96fdb0475caedf2cd8aa8d7e2b)` {{(pid=79986) enforce_call /opt/stack/keystone/keystone/common/rbac_enforcer/enforcer.py:449}}
Jun 20 10:50:30.070101 dv-cinder-846146-3-smb devstack@keystone.service[79986]: DEBUG keystone.common.rbac_enforcer.enforcer [None req-cbe7c3af-5d5c-4763-9e84-534b3a42879b None admin] RBAC: Authorization granted {{(pid=79986) enforce_call /opt/stack/keystone/keystone/common/rbac_enforcer/enforcer.py:457}}
Jun 20 10:50:30.077000 dv-cinder-846146-3-smb devstack@keystone.service[79986]: [pid: 79986|app: 0|req: 101/219] 10.222.0.25 () {56 vars in 1177 bytes} [Mon Jun 20 10:50:29 2022] GET /identity/v3/users/bf5fdb96fdb0475caedf2cd8aa8d7e2b => generated 297 bytes in 194 msecs (HTTP/1.1 200) 5 headers in 177 bytes (1 switches on core 0)
Jun 20 10:50:30.078811 dv-cinder-846146-3-smb devstack@keystone.service[79985]: DEBUG keystone.server.flask.request_processing.middleware.auth_context [None req-6ffa2ece-9e64-43a3-bd34-6c5920b43815 None None] Authenticating user token {{(pid=79985) process_request /usr/local/lib/python3.8/dist-packages/keystonemiddleware/auth_token/__init__.py:407}}
Jun 20 10:50:30.081332 dv-cinder-846146-3-smb devstack@keystone.service[79986]: DEBUG keystone.server.flask.request_processing.middleware.auth_context [None req-cbe7c3af-5d5c-4763-9e84-534b3a42879b None admin] Authenticating user token {{(pid=79986) process_request /usr/local/lib/python3.8/dist-packages/keystonemiddleware/auth_token/__init__.py:407}}
Jun 20 10:50:30.214889 dv-cinder-846146-3-smb devstack@keystone.service[79986]: DEBUG keystone.server.flask.request_processing.middleware.auth_context [None req-cbe7c3af-5d5c-4763-9e84-534b3a42879b None admin] Validating token access rules against request {{(pid=79986) validate_allowed_request /usr/local/lib/python3.8/dist-packages/keystonemiddleware/auth_token/__init__.py:545}}
Jun 20 10:50:30.229530 dv-cinder-846146-3-smb devstack@keystone.service[79985]: DEBUG keystone.server.flask.request_processing.middleware.auth_context [None req-6ffa2ece-9e64-43a3-bd34-6c5920b43815 None None] Validating token access rules against request {{(pid=79985) validate_allowed_request /usr/local/lib/python3.8/dist-packages/keystonemiddleware/auth_token/__init__.py:545}}
Jun 20 10:50:30.243675 dv-cinder-846146-3-smb devstack@keystone.service[79986]: DEBUG dbcounter [-] [79986] Writing DB stats keystone:SELECT=100 {{(pid=79986) stat_writer /usr/local/lib/python3.8/dist-packages/dbcounter.py:114}}
Jun 20 10:50:30.259828 dv-cinder-846146-3-smb devstack@keystone.service[79986]: DEBUG keystone.server.flask.request_processing.middleware.auth_context [None req-da20a5ed-9e84-4158-9823-4935bcd83c61 None admin] RBAC: auth_context: {'token': , 'domain_id': None, 'trust_id': None, 'trustor_id': None, 'trustee_id': None, 'domain_name': None, 'group_ids': [], 'user_id': 'ed51b679e7284f09892dd09395e07a13', 'user_domain_id': 'default', 'system_scope': 'all', 'project_id': None, 'project_domain_id': None, 'roles': ['admin', 'member', 'reader'], 'is_admin_project': True, 'service_user_id': None, 'service_user_domain_id': None, 'service_project_id': None, 'service_project_domain_id': None, 'service_roles': []} {{(pid=79986) fill_context /opt/stack/keystone/keystone/server/flask/request_processing/middleware/auth_context.py:478}}
Jun 20 10:50:30.259828 dv-cinder-846146-3-smb devstack@keystone.service[79986]: DEBUG keystone.server.flask.request_processing.req_logging [None req-da20a5ed-9e84-4158-9823-4935bcd83c61 None admin] REQUEST_METHOD: `GET` {{(pid=79986) log_request_info /opt/stack/keystone/keystone/server/flask/request_processing/req_logging.py:27}}
Jun 20 10:50:30.260106 dv-cinder-846146-3-smb devstack@keystone.service[79986]: DEBUG keystone.server.flask.request_processing.req_logging [None req-da20a5ed-9e84-4158-9823-4935bcd83c61 None admin] SCRIPT_NAME: `/identity` {{(pid=79986) log_request_info /opt/stack/keystone/keystone/server/flask/request_processing/req_logging.py:28}}
Jun 20 10:50:30.260462 dv-cinder-846146-3-smb devstack@keystone.service[79986]: DEBUG keystone.server.flask.request_processing.req_logging [None req-da20a5ed-9e84-4158-9823-4935bcd83c61 None admin] PATH_INFO: `/v3/roles/admin` {{(pid=79986) log_request_info /opt/stack/keystone/keystone/server/flask/request_processing/req_logging.py:29}}
Jun 20 10:50:30.277006 dv-cinder-846146-3-smb devstack@keystone.service[79986]: DEBUG keystone.common.rbac_enforcer.enforcer [None req-da20a5ed-9e84-4158-9823-4935bcd83c61 None admin] Extracting inferred target data resulted in "NOT FOUND (404)". {{(pid=79986) enforce_call /opt/stack/keystone/keystone/common/rbac_enforcer/enforcer.py:409}}
Jun 20 10:50:30.279597 dv-cinder-846146-3-smb devstack@keystone.service[79985]: DEBUG keystone.server.flask.request_processing.middleware.auth_context [None req-b346762e-73de-43b4-9eec-f2fc72b7a4bd None admin] RBAC: auth_context: {'token': , 'domain_id': None, 'trust_id': None, 'trustor_id': None, 'trustee_id': None, 'domain_name': None, 'group_ids': [], 'user_id': 'ed51b679e7284f09892dd09395e07a13', 'user_domain_id': 'default', 'system_scope': 'all', 'project_id': None, 'project_domain_id': None, 'roles': ['admin', 'member', 'reader'], 'is_admin_project': True, 'service_user_id': None, 'service_user_domain_id': None, 'service_project_id': None, 'service_project_domain_id': None, 'service_roles': []} {{(pid=79985) fill_context /opt/stack/keystone/keystone/server/flask/request_processing/middleware/auth_context.py:478}}
Jun 20 10:50:30.280454 dv-cinder-846146-3-smb devstack@keystone.service[79985]: DEBUG keystone.server.flask.request_processing.req_logging [None req-b346762e-73de-43b4-9eec-f2fc72b7a4bd None admin] REQUEST_METHOD: `GET` {{(pid=79985) log_request_info /opt/stack/keystone/keystone/server/flask/request_processing/req_logging.py:27}}
Jun 20 10:50:30.280906 dv-cinder-846146-3-smb devstack@keystone.service[79985]: DEBUG keystone.server.flask.request_processing.req_logging [None req-b346762e-73de-43b4-9eec-f2fc72b7a4bd None admin] SCRIPT_NAME: `/identity` {{(pid=79985) log_request_info /opt/stack/keystone/keystone/server/flask/request_processing/req_logging.py:28}}
Jun 20 10:50:30.281393 dv-cinder-846146-3-smb devstack@keystone.service[79985]: DEBUG keystone.server.flask.request_processing.req_logging [None req-b346762e-73de-43b4-9eec-f2fc72b7a4bd None admin] PATH_INFO: `/v3/auth/tokens` {{(pid=79985) log_request_info /opt/stack/keystone/keystone/server/flask/request_processing/req_logging.py:29}}
Jun 20 10:50:30.285534 dv-cinder-846146-3-smb devstack@keystone.service[79986]: ERROR keystone.server.flask.application [None req-da20a5ed-9e84-4158-9823-4935bcd83c61 None admin] Could not find role: admin.: keystone.exception.RoleNotFound: Could not find role: admin.
Jun 20 10:50:30.285534 dv-cinder-846146-3-smb devstack@keystone.service[79986]: ERROR keystone.server.flask.application
Traceback (most recent call last):
Jun 20 10:50:30.285534 dv-cinder-846146-3-smb devstack@keystone.service[79986]: ERROR keystone.server.flask.application
File "/usr/local/lib/python3.8/dist-packages/flask/app.py", line 1523, in full_dispatch_request
Jun 20 10:50:30.285534 dv-cinder-846146-3-smb devstack@keystone.service[79986]: ERROR keystone.server.flask.application rv = self.dispatch_request()
Jun 20 10:50:30.285534 dv-cinder-846146-3-smb devstack@keystone.service[79986]: ERROR keystone.server.flask.application
File "/usr/local/lib/python3.8/dist-packages/flask/app.py", line 1509, in dispatch_request
Jun 20 10:50:30.285534 dv-cinder-846146-3-smb devstack@keystone.service[79986]: ERROR keystone.server.flask.application return self.ensure_sync(self.view_functions[rule.endpoint])(**req.view_args)
Jun 20 10:50:30.285534 dv-cinder-846146-3-smb devstack@keystone.service[79986]: ERROR keystone.server.flask.application
File "/usr/local/lib/python3.8/dist-packages/flask_restful/__init__.py", line 467, in wrapper
Jun 20 10:50:30.285534 dv-cinder-846146-3-smb devstack@keystone.service[79986]: ERROR keystone.server.flask.application resp = resource(*args, **kwargs)
Jun 20 10:50:30.285534 dv-cinder-846146-3-smb devstack@keystone.service[79986]: ERROR keystone.server.flask.application
File "/usr/local/lib/python3.8/dist-packages/flask/views.py", line 84, in view
Jun 20 10:50:30.285534 dv-cinder-846146-3-smb devstack@keystone.service[79986]: ERROR keystone.server.flask.application return current_app.ensure_sync(self.dispatch_request)(*args, **kwargs)
Jun 20 10:50:30.285534 dv-cinder-846146-3-smb devstack@keystone.service[79986]: ERROR keystone.server.flask.application
File "/usr/local/lib/python3.8/dist-packages/flask_restful/__init__.py", line 582, in dispatch_request
Jun 20 10:50:30.285534 dv-cinder-846146-3-smb devstack@keystone.service[79986]: ERROR keystone.server.flask.application resp = meth(*args, **kwargs)
Jun 20 10:50:30.285534 dv-cinder-846146-3-smb devstack@keystone.service[79986]: ERROR keystone.server.flask.application
File "/opt/stack/keystone/keystone/api/roles.py", line 50, in get
Jun 20 10:50:30.285534 dv-cinder-846146-3-smb devstack@keystone.service[79986]: ERROR keystone.server.flask.application return self._get_role(role_id)
Jun 20 10:50:30.285534 dv-cinder-846146-3-smb devstack@keystone.service[79986]: ERROR keystone.server.flask.application
File "/opt/stack/keystone/keystone/api/roles.py", line 70, in _get_role
Jun 20 10:50:30.285534 dv-cinder-846146-3-smb devstack@keystone.service[79986]: ERROR keystone.server.flask.application ENFORCER.enforce_call(action='identity:get_role')
Jun 20 10:50:30.286486 dv-cinder-846146-3-smb devstack@keystone.service[79986]: ERROR keystone.server.flask.application
File "/opt/stack/keystone/keystone/common/rbac_enforcer/enforcer.py", line 402, in enforce_call
Jun 20 10:50:30.286486 dv-cinder-846146-3-smb devstack@keystone.service[79986]: ERROR keystone.server.flask.application policy_dict.update(cls._extract_member_target_data(
Jun 20 10:50:30.286486 dv-cinder-846146-3-smb devstack@keystone.service[79986]: ERROR keystone.server.flask.application
File "/opt/stack/keystone/keystone/common/rbac_enforcer/enforcer.py", line 234, in _extract_member_target_data
Jun 20 10:50:30.286486 dv-cinder-846146-3-smb devstack@keystone.service[79986]: ERROR keystone.server.flask.application member_name: func(flask.request.view_args[key])
Jun 20 10:50:30.286486 dv-cinder-846146-3-smb devstack@keystone.service[79986]: ERROR keystone.server.flask.application
File "/opt/stack/keystone/keystone/common/manager.py", line 115, in wrapped
Jun 20 10:50:30.286486 dv-cinder-846146-3-smb devstack@keystone.service[79986]: ERROR keystone.server.flask.application __ret_val = __f(*args, **kwargs)
Jun 20 10:50:30.286486 dv-cinder-846146-3-smb devstack@keystone.service[79986]: ERROR keystone.server.flask.application
File "/usr/local/lib/python3.8/dist-packages/decorator.py", line 232, in fun
Jun 20 10:50:30.286486 dv-cinder-846146-3-smb devstack@keystone.service[79986]: ERROR keystone.server.flask.application return caller(func, *(extras + args), **kw)
Jun 20 10:50:30.286486 dv-cinder-846146-3-smb devstack@keystone.service[79986]: ERROR keystone.server.flask.application
File "/usr/local/lib/python3.8/dist-packages/dogpile/cache/region.py", line 1577, in get_or_create_for_user_func
Jun 20 10:50:30.286486 dv-cinder-846146-3-smb devstack@keystone.service[79986]: ERROR keystone.server.flask.application return self.get_or_create(
Jun 20 10:50:30.286486 dv-cinder-846146-3-smb devstack@keystone.service[79986]: ERROR keystone.server.flask.application
File "/usr/local/lib/python3.8/dist-packages/dogpile/cache/region.py", line 1042, in get_or_create
Jun 20 10:50:30.286486 dv-cinder-846146-3-smb devstack@keystone.service[79986]: ERROR keystone.server.flask.application with Lock(
Jun 20 10:50:30.286486 dv-cinder-846146-3-smb devstack@keystone.service[79986]: ERROR keystone.server.flask.application
File "/usr/local/lib/python3.8/dist-packages/dogpile/lock.py", line 185, in __enter__
Jun 20 10:50:30.286486 dv-cinder-846146-3-smb devstack@keystone.service[79986]: ERROR keystone.server.flask.application return self._enter()
Jun 20 10:50:30.286486 dv-cinder-846146-3-smb devstack@keystone.service[79986]: ERROR keystone.server.flask.application
File "/usr/local/lib/python3.8/dist-packages/dogpile/lock.py", line 94, in _enter
Jun 20 10:50:30.286486 dv-cinder-846146-3-smb devstack@keystone.service[79986]: ERROR keystone.server.flask.application generated = self._enter_create(value, createdtime)
Jun 20 10:50:30.287290 dv-cinder-846146-3-smb devstack@keystone.service[79986]: ERROR keystone.server.flask.application
File "/usr/local/lib/python3.8/dist-packages/dogpile/lock.py", line 178, in _enter_create
Jun 20 10:50:30.287290 dv-cinder-846146-3-smb devstack@keystone.service[79986]: ERROR keystone.server.flask.application return self.creator()
Jun 20 10:50:30.287290 dv-cinder-846146-3-smb devstack@keystone.service[79986]: ERROR keystone.server.flask.application
File "/usr/local/lib/python3.8/dist-packages/dogpile/cache/region.py", line 995, in gen_value
Jun 20 10:50:30.287290 dv-cinder-846146-3-smb devstack@keystone.service[79986]: ERROR keystone.server.flask.application created_value = creator(
Jun 20 10:50:30.287290 dv-cinder-846146-3-smb devstack@keystone.service[79986]: ERROR keystone.server.flask.application
File "/opt/stack/keystone/keystone/assignment/core.py", line 1276, in get_role
Jun 20 10:50:30.287290 dv-cinder-846146-3-smb devstack@keystone.service[79986]: ERROR keystone.server.flask.application return self.driver.get_role(role_id)
Jun 20 10:50:30.287290 dv-cinder-846146-3-smb devstack@keystone.service[79986]: ERROR keystone.server.flask.application
File "/opt/stack/keystone/keystone/assignment/role_backends/sql.py", line 70, in get_role
Jun 20 10:50:30.287290 dv-cinder-846146-3-smb devstack@keystone.service[79986]: ERROR keystone.server.flask.application return self._get_role(session, role_id).to_dict()
Jun 20 10:50:30.287290 dv-cinder-846146-3-smb devstack@keystone.service[79986]: ERROR keystone.server.flask.application
File "/opt/stack/keystone/keystone/assignment/role_backends/sql.py", line 65, in _get_role
Jun 20 10:50:30.287290 dv-cinder-846146-3-smb devstack@keystone.service[79986]: ERROR keystone.server.flask.application raise exception.RoleNotFound(role_id=role_id)
Jun 20 10:50:30.287290 dv-cinder-846146-3-smb devstack@keystone.service[79986]: ERROR keystone.server.flask.application keystone.exception.RoleNotFound: Could not find role: admin.
Jun 20 10:50:30.287290 dv-cinder-846146-3-smb devstack@keystone.service[79986]: ERROR keystone.server.flask.application
Jun 20 10:50:30.287290 dv-cinder-846146-3-smb devstack@keystone.service[79986]: [pid: 79986|app: 0|req: 102/220] 10.222.0.25 () {56 vars in 1096 bytes} [Mon Jun 20 10:50:30 2022] GET /identity/v3/roles/admin => generated 83 bytes in 206 msecs (HTTP/1.1 404) 5 headers in 183 bytes (1 switches on core 0)
Jun 20 10:50:30.292887 dv-cinder-846146-3-smb devstack@keystone.service[79986]: DEBUG keystone.server.flask.request_processing.middleware.auth_context [None req-da20a5ed-9e84-4158-9823-4935bcd83c61 None admin] Authenticating user token {{(pid=79986) process_request /usr/local/lib/python3.8/dist-packages/keystonemiddleware/auth_token/__init__.py:407}}
Jun 20 10:50:30.357183 dv-cinder-846146-3-smb devstack@keystone.service[79985]: DEBUG dbcounter [-] [79985] Writing DB stats keystone:SELECT=100 {{(pid=79985) stat_writer /usr/local/lib/python3.8/dist-packages/dbcounter.py:114}}
Jun 20 10:50:30.365542 dv-cinder-846146-3-smb devstack@keystone.service[79985]: DEBUG keystone.common.rbac_enforcer.enforcer [None req-b346762e-73de-43b4-9eec-f2fc72b7a4bd None admin] RBAC: Authorizing `identity:validate_token()` {{(pid=79985) enforce_call /opt/stack/keystone/keystone/common/rbac_enforcer/enforcer.py:449}}
Jun 20 10:50:30.367573 dv-cinder-846146-3-smb devstack@keystone.service[79985]: DEBUG keystone.common.rbac_enforcer.enforcer [None req-b346762e-73de-43b4-9eec-f2fc72b7a4bd None admin] RBAC: Authorization granted {{(pid=79985) enforce_call /opt/stack/keystone/keystone/common/rbac_enforcer/enforcer.py:457}}
Jun 20 10:50:30.421565 dv-cinder-846146-3-smb devstack@keystone.service[79986]: DEBUG keystone.server.flask.request_processing.middleware.auth_context [None req-da20a5ed-9e84-4158-9823-4935bcd83c61 None admin] Validating token access rules against request {{(pid=79986) validate_allowed_request /usr/local/lib/python3.8/dist-packages/keystonemiddleware/auth_token/__init__.py:545}}
Jun 20 10:50:30.462355 dv-cinder-846146-3-smb devstack@keystone.service[79986]: DEBUG keystone.server.flask.request_processing.middleware.auth_context [None req-7861f386-826b-4a3a-926f-5bd410b597e9 None admin] RBAC: auth_context: {'token': , 'domain_id': None, 'trust_id': None, 'trustor_id': None, 'trustee_id': None, 'domain_name': None, 'group_ids': [], 'user_id': 'ed51b679e7284f09892dd09395e07a13', 'user_domain_id': 'default', 'system_scope': 'all', 'project_id': None, 'project_domain_id': None, 'roles': ['admin', 'member', 'reader'], 'is_admin_project': True, 'service_user_id': None, 'service_user_domain_id': None, 'service_project_id': None, 'service_project_domain_id': None, 'service_roles': []} {{(pid=79986) fill_context /opt/stack/keystone/keystone/server/flask/request_processing/middleware/auth_context.py:478}}
Jun 20 10:50:30.463066 dv-cinder-846146-3-smb devstack@keystone.service[79986]: DEBUG keystone.server.flask.request_processing.req_logging [None req-7861f386-826b-4a3a-926f-5bd410b597e9 None admin] REQUEST_METHOD: `GET` {{(pid=79986) log_request_info /opt/stack/keystone/keystone/server/flask/request_processing/req_logging.py:27}}
Jun 20 10:50:30.463478 dv-cinder-846146-3-smb devstack@keystone.service[79986]: DEBUG keystone.server.flask.request_processing.req_logging [None req-7861f386-826b-4a3a-926f-5bd410b597e9 None admin] SCRIPT_NAME: `/identity` {{(pid=79986) log_request_info /opt/stack/keystone/keystone/server/flask/request_processing/req_logging.py:28}}
Jun 20 10:50:30.463824 dv-cinder-846146-3-smb devstack@keystone.service[79986]: DEBUG keystone.server.flask.request_processing.req_logging [None req-7861f386-826b-4a3a-926f-5bd410b597e9 None admin] PATH_INFO: `/v3/roles` {{(pid=79986) log_request_info /opt/stack/keystone/keystone/server/flask/request_processing/req_logging.py:29}}
Jun 20 10:50:30.464674 dv-cinder-846146-3-smb devstack@keystone.service[79986]: DEBUG keystone.common.rbac_enforcer.enforcer [None req-7861f386-826b-4a3a-926f-5bd410b597e9 None admin] RBAC: Adding query filter params (name=admin) {{(pid=79986) _extract_filter_values /opt/stack/keystone/keystone/common/rbac_enforcer/enforcer.py:167}}
Jun 20 10:50:30.465109 dv-cinder-846146-3-smb devstack@keystone.service[79986]: DEBUG keystone.common.rbac_enforcer.enforcer [None req-7861f386-826b-4a3a-926f-5bd410b597e9 None admin] RBAC: Authorizing `identity:list_roles()` {{(pid=79986) enforce_call /opt/stack/keystone/keystone/common/rbac_enforcer/enforcer.py:449}}
Jun 20 10:50:30.466563 dv-cinder-846146-3-smb devstack@keystone.service[79986]: DEBUG keystone.common.rbac_enforcer.enforcer [None req-7861f386-826b-4a3a-926f-5bd410b597e9 None admin] RBAC: Authorization granted {{(pid=79986) enforce_call /opt/stack/keystone/keystone/common/rbac_enforcer/enforcer.py:457}}
Jun 20 10:50:30.476530 dv-cinder-846146-3-smb devstack@keystone.service[79986]: [pid: 79986|app: 0|req: 103/221] 10.222.0.25 () {56 vars in 1099 bytes} [Mon Jun 20 10:50:30 2022] GET /identity/v3/roles?name=admin => generated 339 bytes in 184 msecs (HTTP/1.1 200) 5 headers in 177 bytes (1 switches on core 0)
Jun 20 10:50:30.483011 dv-cinder-846146-3-smb devstack@keystone.service[79986]: DEBUG keystone.server.flask.request_processing.middleware.auth_context [None req-7861f386-826b-4a3a-926f-5bd410b597e9 None admin] Authenticating user token {{(pid=79986) process_request /usr/local/lib/python3.8/dist-packages/keystonemiddleware/auth_token/__init__.py:407}}
Jun 20 10:50:30.508557 dv-cinder-846146-3-smb devstack@keystone.service[79985]: [pid: 79985|app: 0|req: 119/222] 10.222.0.25 () {58 vars in 1282 bytes} [Mon Jun 20 10:50:30 2022] GET /identity/v3/auth/tokens => generated 799 bytes in 430 msecs (HTTP/1.1 200) 6 headers in 358 bytes (1 switches on core 0)
Jun 20 10:50:30.515056 dv-cinder-846146-3-smb devstack@keystone.service[79985]: DEBUG keystone.server.flask.request_processing.middleware.auth_context [None req-b346762e-73de-43b4-9eec-f2fc72b7a4bd None admin] Authenticating user token {{(pid=79985) process_request /usr/local/lib/python3.8/dist-packages/keystonemiddleware/auth_token/__init__.py:407}}
Jun 20 10:50:30.544847 dv-cinder-846146-3-smb devstack@keystone.service[79986]: DEBUG dbcounter [-] [79986] Writing DB stats keystone:SELECT=100 {{(pid=79986) stat_writer /usr/local/lib/python3.8/dist-packages/dbcounter.py:114}}
Jun 20 10:50:30.615770 dv-cinder-846146-3-smb devstack@keystone.service[79986]: DEBUG keystone.server.flask.request_processing.middleware.auth_context [None req-7861f386-826b-4a3a-926f-5bd410b597e9 None admin] Validating token access rules against request {{(pid=79986) validate_allowed_request /usr/local/lib/python3.8/dist-packages/keystonemiddleware/auth_token/__init__.py:545}}
Jun 20 10:50:30.628724 dv-cinder-846146-3-smb devstack@keystone.service[79985]: DEBUG dbcounter [-] [79985] Writing DB stats keystone:SELECT=100 {{(pid=79985) stat_writer /usr/local/lib/python3.8/dist-packages/dbcounter.py:114}}
Jun 20 10:50:30.640263 dv-cinder-846146-3-smb devstack@keystone.service[79985]: DEBUG keystone.server.flask.request_processing.middleware.auth_context [None req-b346762e-73de-43b4-9eec-f2fc72b7a4bd None admin] Validating token access rules against request {{(pid=79985) validate_allowed_request /usr/local/lib/python3.8/dist-packages/keystonemiddleware/auth_token/__init__.py:545}}
Jun 20 10:50:30.656789 dv-cinder-846146-3-smb devstack@keystone.service[79986]: DEBUG keystone.server.flask.request_processing.middleware.auth_context [None req-0ecc3569-412f-4cba-a178-712257453ec6 None admin] RBAC: auth_context: {'token': , 'domain_id': None, 'trust_id': None, 'trustor_id': None, 'trustee_id': None, 'domain_name': None, 'group_ids': [], 'user_id': 'ed51b679e7284f09892dd09395e07a13', 'user_domain_id': 'default', 'system_scope': 'all', 'project_id': None, 'project_domain_id': None, 'roles': ['admin', 'member', 'reader'], 'is_admin_project': True, 'service_user_id': None, 'service_user_domain_id': None, 'service_project_id': None, 'service_project_domain_id': None, 'service_roles': []} {{(pid=79986) fill_context /opt/stack/keystone/keystone/server/flask/request_processing/middleware/auth_context.py:478}}
Jun 20 10:50:30.658694 dv-cinder-846146-3-smb devstack@keystone.service[79986]: DEBUG keystone.server.flask.request_processing.req_logging [None req-0ecc3569-412f-4cba-a178-712257453ec6 None admin] REQUEST_METHOD: `GET` {{(pid=79986) log_request_info /opt/stack/keystone/keystone/server/flask/request_processing/req_logging.py:27}}
Jun 20 10:50:30.659203 dv-cinder-846146-3-smb devstack@keystone.service[79986]: DEBUG keystone.server.flask.request_processing.req_logging [None req-0ecc3569-412f-4cba-a178-712257453ec6 None admin] SCRIPT_NAME: `/identity` {{(pid=79986) log_request_info /opt/stack/keystone/keystone/server/flask/request_processing/req_logging.py:28}}
Jun 20 10:50:30.659782 dv-cinder-846146-3-smb devstack@keystone.service[79986]: DEBUG keystone.server.flask.request_processing.req_logging [None req-0ecc3569-412f-4cba-a178-712257453ec6 None admin] PATH_INFO: `/v3/users/63dcd8f0b6bc4f59b73d316e0e24fe05` {{(pid=79986) log_request_info /opt/stack/keystone/keystone/server/flask/request_processing/req_logging.py:29}}
Jun 20 10:50:30.661321 dv-cinder-846146-3-smb devstack@keystone.service[79986]: DEBUG keystone.common.rbac_enforcer.enforcer [None req-0ecc3569-412f-4cba-a178-712257453ec6 None admin] RBAC: Authorizing `identity:get_user(user_id=63dcd8f0b6bc4f59b73d316e0e24fe05)` {{(pid=79986) enforce_call /opt/stack/keystone/keystone/common/rbac_enforcer/enforcer.py:449}}
Jun 20 10:50:30.663068 dv-cinder-846146-3-smb devstack@keystone.service[79986]: DEBUG keystone.common.rbac_enforcer.enforcer [None req-0ecc3569-412f-4cba-a178-712257453ec6 None admin] RBAC: Authorization granted {{(pid=79986) enforce_call /opt/stack/keystone/keystone/common/rbac_enforcer/enforcer.py:457}}
Jun 20 10:50:30.665085 dv-cinder-846146-3-smb devstack@keystone.service[79986]: [pid: 79986|app: 0|req: 104/223] 10.222.0.25 () {56 vars in 1177 bytes} [Mon Jun 20 10:50:30 2022] GET /identity/v3/users/63dcd8f0b6bc4f59b73d316e0e24fe05 => generated 283 bytes in 183 msecs (HTTP/1.1 200) 5 headers in 177 bytes (1 switches on core 0)
Jun 20 10:50:30.677791 dv-cinder-846146-3-smb devstack@keystone.service[79986]: DEBUG keystone.server.flask.request_processing.middleware.auth_context [None req-0ecc3569-412f-4cba-a178-712257453ec6 None admin] Authenticating user token {{(pid=79986) process_request /usr/local/lib/python3.8/dist-packages/keystonemiddleware/auth_token/__init__.py:407}}
Jun 20 10:50:30.707120 dv-cinder-846146-3-smb devstack@keystone.service[79985]: DEBUG keystone.server.flask.request_processing.middleware.auth_context [None req-ac659596-5815-40ff-9a2f-ef04c5b72f8f None admin] RBAC: auth_context: {'token': , 'domain_id': None, 'trust_id': None, 'trustor_id': None, 'trustee_id': None, 'domain_name': None, 'group_ids': [], 'user_id': 'ed51b679e7284f09892dd09395e07a13', 'user_domain_id': 'default', 'system_scope': 'all', 'project_id': None, 'project_domain_id': None, 'roles': ['admin', 'member', 'reader'], 'is_admin_project': True, 'service_user_id': None, 'service_user_domain_id': None, 'service_project_id': None, 'service_project_domain_id': None, 'service_roles': []} {{(pid=79985) fill_context /opt/stack/keystone/keystone/server/flask/request_processing/middleware/auth_context.py:478}}
Jun 20 10:50:30.708350 dv-cinder-846146-3-smb devstack@keystone.service[79985]: DEBUG keystone.server.flask.request_processing.req_logging [None req-ac659596-5815-40ff-9a2f-ef04c5b72f8f None admin] REQUEST_METHOD: `GET` {{(pid=79985) log_request_info /opt/stack/keystone/keystone/server/flask/request_processing/req_logging.py:27}}
Jun 20 10:50:30.708824 dv-cinder-846146-3-smb devstack@keystone.service[79985]: DEBUG keystone.server.flask.request_processing.req_logging [None req-ac659596-5815-40ff-9a2f-ef04c5b72f8f None admin] SCRIPT_NAME: `/identity` {{(pid=79985) log_request_info /opt/stack/keystone/keystone/server/flask/request_processing/req_logging.py:28}}
Jun 20 10:50:30.709376 dv-cinder-846146-3-smb devstack@keystone.service[79985]: DEBUG keystone.server.flask.request_processing.req_logging [None req-ac659596-5815-40ff-9a2f-ef04c5b72f8f None admin] PATH_INFO: `/v3/projects/7e7fd11ddb784c059797922afd2c7d05` {{(pid=79985) log_request_info /opt/stack/keystone/keystone/server/flask/request_processing/req_logging.py:29}}
Jun 20 10:50:30.710926 dv-cinder-846146-3-smb devstack@keystone.service[79985]: DEBUG keystone.common.rbac_enforcer.enforcer [None req-ac659596-5815-40ff-9a2f-ef04c5b72f8f None admin] RBAC: Authorizing `identity:get_project(project_id=7e7fd11ddb784c059797922afd2c7d05)` {{(pid=79985) enforce_call /opt/stack/keystone/keystone/common/rbac_enforcer/enforcer.py:449}}
Jun 20 10:50:30.712807 dv-cinder-846146-3-smb devstack@keystone.service[79985]: DEBUG keystone.common.rbac_enforcer.enforcer [None req-ac659596-5815-40ff-9a2f-ef04c5b72f8f None admin] RBAC: Authorization granted {{(pid=79985) enforce_call /opt/stack/keystone/keystone/common/rbac_enforcer/enforcer.py:457}}
Jun 20 10:50:30.715214 dv-cinder-846146-3-smb devstack@keystone.service[79985]: [pid: 79985|app: 0|req: 120/224] 10.222.0.25 () {56 vars in 1186 bytes} [Mon Jun 20 10:50:30 2022] GET /identity/v3/projects/7e7fd11ddb784c059797922afd2c7d05 => generated 302 bytes in 201 msecs (HTTP/1.1 200) 5 headers in 177 bytes (1 switches on core 0)
Jun 20 10:50:30.716748 dv-cinder-846146-3-smb devstack@keystone.service[79985]: DEBUG keystone.server.flask.request_processing.req_logging [None req-045b6836-7b95-4f6e-b79d-e39466491d6f None None] REQUEST_METHOD: `GET` {{(pid=79985) log_request_info /opt/stack/keystone/keystone/server/flask/request_processing/req_logging.py:27}}
Jun 20 10:50:30.717215 dv-cinder-846146-3-smb devstack@keystone.service[79985]: DEBUG keystone.server.flask.request_processing.req_logging [None req-045b6836-7b95-4f6e-b79d-e39466491d6f None None] SCRIPT_NAME: `/identity` {{(pid=79985) log_request_info /opt/stack/keystone/keystone/server/flask/request_processing/req_logging.py:28}}
Jun 20 10:50:30.717662 dv-cinder-846146-3-smb devstack@keystone.service[79985]: DEBUG keystone.server.flask.request_processing.req_logging [None req-045b6836-7b95-4f6e-b79d-e39466491d6f None None] PATH_INFO: `/` {{(pid=79985) log_request_info /opt/stack/keystone/keystone/server/flask/request_processing/req_logging.py:29}}
Jun 20 10:50:30.724271 dv-cinder-846146-3-smb devstack@keystone.service[79985]: [pid: 79985|app: 0|req: 121/225] 10.222.0.25 () {54 vars in 926 bytes} [Mon Jun 20 10:50:30 2022] GET /identity => generated 270 bytes in 3 msecs (HTTP/1.1 300) 6 headers in 234 bytes (1 switches on core 0)
Jun 20 10:50:30.725341 dv-cinder-846146-3-smb devstack@keystone.service[79985]: DEBUG keystone.server.flask.request_processing.middleware.auth_context [None req-045b6836-7b95-4f6e-b79d-e39466491d6f None None] Authenticating user token {{(pid=79985) process_request /usr/local/lib/python3.8/dist-packages/keystonemiddleware/auth_token/__init__.py:407}}
Jun 20 10:50:30.812168 dv-cinder-846146-3-smb devstack@keystone.service[79986]: DEBUG keystone.server.flask.request_processing.middleware.auth_context [None req-0ecc3569-412f-4cba-a178-712257453ec6 None admin] Validating token access rules against request {{(pid=79986) validate_allowed_request /usr/local/lib/python3.8/dist-packages/keystonemiddleware/auth_token/__init__.py:545}}
Jun 20 10:50:30.828505 dv-cinder-846146-3-smb devstack@keystone.service[79986]: DEBUG dbcounter [-] [79986] Writing DB stats keystone:SELECT=100 {{(pid=79986) stat_writer /usr/local/lib/python3.8/dist-packages/dbcounter.py:114}}
Jun 20 10:50:30.847428 dv-cinder-846146-3-smb devstack@keystone.service[79985]: DEBUG keystone.server.flask.request_processing.middleware.auth_context [None req-045b6836-7b95-4f6e-b79d-e39466491d6f None None] Validating token access rules against request {{(pid=79985) validate_allowed_request /usr/local/lib/python3.8/dist-packages/keystonemiddleware/auth_token/__init__.py:545}}
Jun 20 10:50:30.859768 dv-cinder-846146-3-smb devstack@keystone.service[79986]: DEBUG keystone.server.flask.request_processing.middleware.auth_context [None req-eaf402d5-376b-495b-b6db-b9d66d7608f4 None admin] RBAC: auth_context: {'token': , 'domain_id': None, 'trust_id': None, 'trustor_id': None, 'trustee_id': None, 'domain_name': None, 'group_ids': [], 'user_id': 'ed51b679e7284f09892dd09395e07a13', 'user_domain_id': 'default', 'system_scope': 'all', 'project_id': None, 'project_domain_id': None, 'roles': ['admin', 'member', 'reader'], 'is_admin_project': True, 'service_user_id': None, 'service_user_domain_id': None, 'service_project_id': None, 'service_project_domain_id': None, 'service_roles': []} {{(pid=79986) fill_context /opt/stack/keystone/keystone/server/flask/request_processing/middleware/auth_context.py:478}}
Jun 20 10:50:30.861273 dv-cinder-846146-3-smb devstack@keystone.service[79986]: DEBUG keystone.server.flask.request_processing.req_logging [None req-eaf402d5-376b-495b-b6db-b9d66d7608f4 None admin] REQUEST_METHOD: `GET` {{(pid=79986) log_request_info /opt/stack/keystone/keystone/server/flask/request_processing/req_logging.py:27}}
Jun 20 10:50:30.861885 dv-cinder-846146-3-smb devstack@keystone.service[79986]: DEBUG keystone.server.flask.request_processing.req_logging [None req-eaf402d5-376b-495b-b6db-b9d66d7608f4 None admin] SCRIPT_NAME: `/identity` {{(pid=79986) log_request_info /opt/stack/keystone/keystone/server/flask/request_processing/req_logging.py:28}}
Jun 20 10:50:30.861885 dv-cinder-846146-3-smb devstack@keystone.service[79986]: DEBUG keystone.server.flask.request_processing.req_logging [None req-eaf402d5-376b-495b-b6db-b9d66d7608f4 None admin] PATH_INFO: `/v3/projects/7e7fd11ddb784c059797922afd2c7d05` {{(pid=79986) log_request_info /opt/stack/keystone/keystone/server/flask/request_processing/req_logging.py:29}}
Jun 20 10:50:30.863188 dv-cinder-846146-3-smb devstack@keystone.service[79986]: DEBUG keystone.common.rbac_enforcer.enforcer [None req-eaf402d5-376b-495b-b6db-b9d66d7608f4 None admin] RBAC: Authorizing `identity:get_project(project_id=7e7fd11ddb784c059797922afd2c7d05)` {{(pid=79986) enforce_call /opt/stack/keystone/keystone/common/rbac_enforcer/enforcer.py:449}}
Jun 20 10:50:30.864734 dv-cinder-846146-3-smb devstack@keystone.service[79986]: DEBUG keystone.common.rbac_enforcer.enforcer [None req-eaf402d5-376b-495b-b6db-b9d66d7608f4 None admin] RBAC: Authorization granted {{(pid=79986) enforce_call /opt/stack/keystone/keystone/common/rbac_enforcer/enforcer.py:457}}
