Jun 16 11:37:34.201242 dv-cinder-846146-2-iscsi devstack@keystone.service[87091]: DEBUG keystone.common.rbac_enforcer.enforcer [None req-1df02fa2-6bbb-4e45-9cfe-aa41336bc71d None admin] RBAC: Adding query filter params (name=reader) {{(pid=87091) _extract_filter_values /opt/stack/keystone/keystone/common/rbac_enforcer/enforcer.py:167}}
Jun 16 11:37:34.202192 dv-cinder-846146-2-iscsi devstack@keystone.service[87091]: DEBUG keystone.common.rbac_enforcer.enforcer [None req-1df02fa2-6bbb-4e45-9cfe-aa41336bc71d None admin] RBAC: Authorizing `identity:list_roles()` {{(pid=87091) enforce_call /opt/stack/keystone/keystone/common/rbac_enforcer/enforcer.py:449}}
Jun 16 11:37:34.203733 dv-cinder-846146-2-iscsi devstack@keystone.service[87091]: DEBUG keystone.common.rbac_enforcer.enforcer [None req-1df02fa2-6bbb-4e45-9cfe-aa41336bc71d None admin] RBAC: Authorization granted {{(pid=87091) enforce_call /opt/stack/keystone/keystone/common/rbac_enforcer/enforcer.py:457}}
Jun 16 11:37:34.216595 dv-cinder-846146-2-iscsi devstack@keystone.service[87091]: [pid: 87091|app: 0|req: 181/366] 10.222.0.40 () {56 vars in 1101 bytes} [Thu Jun 16 11:37:34 2022] GET /identity/v3/roles?name=reader => generated 341 bytes in 211 msecs (HTTP/1.1 200) 5 headers in 177 bytes (1 switches on core 0)
Jun 16 11:37:34.217470 dv-cinder-846146-2-iscsi devstack@keystone.service[87091]: DEBUG keystone.server.flask.request_processing.middleware.auth_context [None req-1df02fa2-6bbb-4e45-9cfe-aa41336bc71d None admin] Authenticating user token {{(pid=87091) process_request /usr/local/lib/python3.8/dist-packages/keystonemiddleware/auth_token/__init__.py:407}}
Jun 16 11:37:34.319308 dv-cinder-846146-2-iscsi devstack@keystone.service[87092]: DEBUG keystone.server.flask.request_processing.middleware.auth_context [None req-47e67654-6cf6-4fe6-bd92-6d2d17eff74d None admin] Validating token access rules against request {{(pid=87092) validate_allowed_request /usr/local/lib/python3.8/dist-packages/keystonemiddleware/auth_token/__init__.py:545}}
Jun 16 11:37:34.346922 dv-cinder-846146-2-iscsi devstack@keystone.service[87091]: DEBUG dbcounter [-] [87091] Writing DB stats keystone:SELECT=100 {{(pid=87091) stat_writer /usr/local/lib/python3.8/dist-packages/dbcounter.py:114}}
Jun 16 11:37:34.355862 dv-cinder-846146-2-iscsi devstack@keystone.service[87091]: DEBUG keystone.server.flask.request_processing.middleware.auth_context [None req-1df02fa2-6bbb-4e45-9cfe-aa41336bc71d None admin] Validating token access rules against request {{(pid=87091) validate_allowed_request /usr/local/lib/python3.8/dist-packages/keystonemiddleware/auth_token/__init__.py:545}}
Jun 16 11:37:34.363889 dv-cinder-846146-2-iscsi devstack@keystone.service[87092]: DEBUG keystone.server.flask.request_processing.middleware.auth_context [None req-3c4ea57e-6e72-4ca3-b4cc-b7e76ad0786b None admin] RBAC: auth_context: {'token': , 'domain_id': None, 'trust_id': None, 'trustor_id': None, 'trustee_id': None, 'domain_name': None, 'group_ids': [], 'user_id': '1361568ee63a477ea9c9be31d039c80d', 'user_domain_id': 'default', 'system_scope': 'all', 'project_id': None, 'project_domain_id': None, 'roles': ['admin', 'member', 'reader'], 'is_admin_project': True, 'service_user_id': None, 'service_user_domain_id': None, 'service_project_id': None, 'service_project_domain_id': None, 'service_roles': []} {{(pid=87092) fill_context /opt/stack/keystone/keystone/server/flask/request_processing/middleware/auth_context.py:478}}
Jun 16 11:37:34.370940 dv-cinder-846146-2-iscsi devstack@keystone.service[87092]: DEBUG keystone.server.flask.request_processing.req_logging [None req-3c4ea57e-6e72-4ca3-b4cc-b7e76ad0786b None admin] REQUEST_METHOD: `GET` {{(pid=87092) log_request_info /opt/stack/keystone/keystone/server/flask/request_processing/req_logging.py:27}}
Jun 16 11:37:34.370940 dv-cinder-846146-2-iscsi devstack@keystone.service[87092]: DEBUG keystone.server.flask.request_processing.req_logging [None req-3c4ea57e-6e72-4ca3-b4cc-b7e76ad0786b None admin] SCRIPT_NAME: `/identity` {{(pid=87092) log_request_info /opt/stack/keystone/keystone/server/flask/request_processing/req_logging.py:28}}
Jun 16 11:37:34.370940 dv-cinder-846146-2-iscsi devstack@keystone.service[87092]: DEBUG keystone.server.flask.request_processing.req_logging [None req-3c4ea57e-6e72-4ca3-b4cc-b7e76ad0786b None admin] PATH_INFO: `/v3/roles/admin` {{(pid=87092) log_request_info /opt/stack/keystone/keystone/server/flask/request_processing/req_logging.py:29}}
Jun 16 11:37:34.376278 dv-cinder-846146-2-iscsi devstack@keystone.service[87092]: DEBUG dbcounter [-] [87092] Writing DB stats keystone:SELECT=100 {{(pid=87092) stat_writer /usr/local/lib/python3.8/dist-packages/dbcounter.py:114}}
Jun 16 11:37:34.382939 dv-cinder-846146-2-iscsi devstack@keystone.service[87092]: DEBUG keystone.common.rbac_enforcer.enforcer [None req-3c4ea57e-6e72-4ca3-b4cc-b7e76ad0786b None admin] Extracting inferred target data resulted in "NOT FOUND (404)". {{(pid=87092) enforce_call /opt/stack/keystone/keystone/common/rbac_enforcer/enforcer.py:409}}
Jun 16 11:37:34.391043 dv-cinder-846146-2-iscsi devstack@keystone.service[87092]: ERROR keystone.server.flask.application [None req-3c4ea57e-6e72-4ca3-b4cc-b7e76ad0786b None admin] Could not find role: admin.: keystone.exception.RoleNotFound: Could not find role: admin.
Jun 16 11:37:34.391043 dv-cinder-846146-2-iscsi devstack@keystone.service[87092]: ERROR keystone.server.flask.application
Traceback (most recent call last):
Jun 16 11:37:34.391043 dv-cinder-846146-2-iscsi devstack@keystone.service[87092]: ERROR keystone.server.flask.application
File "/usr/local/lib/python3.8/dist-packages/flask/app.py", line 1523, in full_dispatch_request
Jun 16 11:37:34.391043 dv-cinder-846146-2-iscsi devstack@keystone.service[87092]: ERROR keystone.server.flask.application rv = self.dispatch_request()
Jun 16 11:37:34.391043 dv-cinder-846146-2-iscsi devstack@keystone.service[87092]: ERROR keystone.server.flask.application
File "/usr/local/lib/python3.8/dist-packages/flask/app.py", line 1509, in dispatch_request
Jun 16 11:37:34.391043 dv-cinder-846146-2-iscsi devstack@keystone.service[87092]: ERROR keystone.server.flask.application return self.ensure_sync(self.view_functions[rule.endpoint])(**req.view_args)
Jun 16 11:37:34.391043 dv-cinder-846146-2-iscsi devstack@keystone.service[87092]: ERROR keystone.server.flask.application
File "/usr/local/lib/python3.8/dist-packages/flask_restful/__init__.py", line 467, in wrapper
Jun 16 11:37:34.391043 dv-cinder-846146-2-iscsi devstack@keystone.service[87092]: ERROR keystone.server.flask.application resp = resource(*args, **kwargs)
Jun 16 11:37:34.391043 dv-cinder-846146-2-iscsi devstack@keystone.service[87092]: ERROR keystone.server.flask.application
File "/usr/local/lib/python3.8/dist-packages/flask/views.py", line 84, in view
Jun 16 11:37:34.391043 dv-cinder-846146-2-iscsi devstack@keystone.service[87092]: ERROR keystone.server.flask.application return current_app.ensure_sync(self.dispatch_request)(*args, **kwargs)
Jun 16 11:37:34.391043 dv-cinder-846146-2-iscsi devstack@keystone.service[87092]: ERROR keystone.server.flask.application
File "/usr/local/lib/python3.8/dist-packages/flask_restful/__init__.py", line 582, in dispatch_request
Jun 16 11:37:34.391043 dv-cinder-846146-2-iscsi devstack@keystone.service[87092]: ERROR keystone.server.flask.application resp = meth(*args, **kwargs)
Jun 16 11:37:34.391043 dv-cinder-846146-2-iscsi devstack@keystone.service[87092]: ERROR keystone.server.flask.application
File "/opt/stack/keystone/keystone/api/roles.py", line 50, in get
Jun 16 11:37:34.391043 dv-cinder-846146-2-iscsi devstack@keystone.service[87092]: ERROR keystone.server.flask.application return self._get_role(role_id)
Jun 16 11:37:34.391043 dv-cinder-846146-2-iscsi devstack@keystone.service[87092]: ERROR keystone.server.flask.application
File "/opt/stack/keystone/keystone/api/roles.py", line 70, in _get_role
Jun 16 11:37:34.391043 dv-cinder-846146-2-iscsi devstack@keystone.service[87092]: ERROR keystone.server.flask.application ENFORCER.enforce_call(action='identity:get_role')
Jun 16 11:37:34.391976 dv-cinder-846146-2-iscsi devstack@keystone.service[87092]: ERROR keystone.server.flask.application
File "/opt/stack/keystone/keystone/common/rbac_enforcer/enforcer.py", line 402, in enforce_call
Jun 16 11:37:34.391976 dv-cinder-846146-2-iscsi devstack@keystone.service[87092]: ERROR keystone.server.flask.application policy_dict.update(cls._extract_member_target_data(
Jun 16 11:37:34.391976 dv-cinder-846146-2-iscsi devstack@keystone.service[87092]: ERROR keystone.server.flask.application
File "/opt/stack/keystone/keystone/common/rbac_enforcer/enforcer.py", line 234, in _extract_member_target_data
Jun 16 11:37:34.391976 dv-cinder-846146-2-iscsi devstack@keystone.service[87092]: ERROR keystone.server.flask.application member_name: func(flask.request.view_args[key])
Jun 16 11:37:34.391976 dv-cinder-846146-2-iscsi devstack@keystone.service[87092]: ERROR keystone.server.flask.application
File "/opt/stack/keystone/keystone/common/manager.py", line 115, in wrapped
Jun 16 11:37:34.391976 dv-cinder-846146-2-iscsi devstack@keystone.service[87092]: ERROR keystone.server.flask.application __ret_val = __f(*args, **kwargs)
Jun 16 11:37:34.391976 dv-cinder-846146-2-iscsi devstack@keystone.service[87092]: ERROR keystone.server.flask.application
File "/usr/local/lib/python3.8/dist-packages/decorator.py", line 232, in fun
Jun 16 11:37:34.391976 dv-cinder-846146-2-iscsi devstack@keystone.service[87092]: ERROR keystone.server.flask.application return caller(func, *(extras + args), **kw)
Jun 16 11:37:34.391976 dv-cinder-846146-2-iscsi devstack@keystone.service[87092]: ERROR keystone.server.flask.application
File "/usr/local/lib/python3.8/dist-packages/dogpile/cache/region.py", line 1577, in get_or_create_for_user_func
Jun 16 11:37:34.391976 dv-cinder-846146-2-iscsi devstack@keystone.service[87092]: ERROR keystone.server.flask.application return self.get_or_create(
Jun 16 11:37:34.391976 dv-cinder-846146-2-iscsi devstack@keystone.service[87092]: ERROR keystone.server.flask.application
File "/usr/local/lib/python3.8/dist-packages/dogpile/cache/region.py", line 1042, in get_or_create
Jun 16 11:37:34.391976 dv-cinder-846146-2-iscsi devstack@keystone.service[87092]: ERROR keystone.server.flask.application with Lock(
Jun 16 11:37:34.391976 dv-cinder-846146-2-iscsi devstack@keystone.service[87092]: ERROR keystone.server.flask.application
File "/usr/local/lib/python3.8/dist-packages/dogpile/lock.py", line 185, in __enter__
Jun 16 11:37:34.391976 dv-cinder-846146-2-iscsi devstack@keystone.service[87092]: ERROR keystone.server.flask.application return self._enter()
Jun 16 11:37:34.391976 dv-cinder-846146-2-iscsi devstack@keystone.service[87092]: ERROR keystone.server.flask.application
File "/usr/local/lib/python3.8/dist-packages/dogpile/lock.py", line 94, in _enter
Jun 16 11:37:34.391976 dv-cinder-846146-2-iscsi devstack@keystone.service[87092]: ERROR keystone.server.flask.application generated = self._enter_create(value, createdtime)
Jun 16 11:37:34.392759 dv-cinder-846146-2-iscsi devstack@keystone.service[87092]: ERROR keystone.server.flask.application
File "/usr/local/lib/python3.8/dist-packages/dogpile/lock.py", line 178, in _enter_create
Jun 16 11:37:34.392759 dv-cinder-846146-2-iscsi devstack@keystone.service[87092]: ERROR keystone.server.flask.application return self.creator()
Jun 16 11:37:34.392759 dv-cinder-846146-2-iscsi devstack@keystone.service[87092]: ERROR keystone.server.flask.application
File "/usr/local/lib/python3.8/dist-packages/dogpile/cache/region.py", line 995, in gen_value
Jun 16 11:37:34.392759 dv-cinder-846146-2-iscsi devstack@keystone.service[87092]: ERROR keystone.server.flask.application created_value = creator(
Jun 16 11:37:34.392759 dv-cinder-846146-2-iscsi devstack@keystone.service[87092]: ERROR keystone.server.flask.application
File "/opt/stack/keystone/keystone/assignment/core.py", line 1276, in get_role
Jun 16 11:37:34.392759 dv-cinder-846146-2-iscsi devstack@keystone.service[87092]: ERROR keystone.server.flask.application return self.driver.get_role(role_id)
Jun 16 11:37:34.392759 dv-cinder-846146-2-iscsi devstack@keystone.service[87092]: ERROR keystone.server.flask.application
File "/opt/stack/keystone/keystone/assignment/role_backends/sql.py", line 70, in get_role
Jun 16 11:37:34.392759 dv-cinder-846146-2-iscsi devstack@keystone.service[87092]: ERROR keystone.server.flask.application return self._get_role(session, role_id).to_dict()
Jun 16 11:37:34.392759 dv-cinder-846146-2-iscsi devstack@keystone.service[87092]: ERROR keystone.server.flask.application
File "/opt/stack/keystone/keystone/assignment/role_backends/sql.py", line 65, in _get_role
Jun 16 11:37:34.392759 dv-cinder-846146-2-iscsi devstack@keystone.service[87092]: ERROR keystone.server.flask.application raise exception.RoleNotFound(role_id=role_id)
Jun 16 11:37:34.392759 dv-cinder-846146-2-iscsi devstack@keystone.service[87092]: ERROR keystone.server.flask.application keystone.exception.RoleNotFound: Could not find role: admin.
Jun 16 11:37:34.392759 dv-cinder-846146-2-iscsi devstack@keystone.service[87092]: ERROR keystone.server.flask.application
Jun 16 11:37:34.392759 dv-cinder-846146-2-iscsi devstack@keystone.service[87092]: [pid: 87092|app: 0|req: 186/367] 10.222.0.40 () {56 vars in 1096 bytes} [Thu Jun 16 11:37:34 2022] GET /identity/v3/roles/admin => generated 83 bytes in 221 msecs (HTTP/1.1 404) 5 headers in 183 bytes (1 switches on core 0)
Jun 16 11:37:34.393394 dv-cinder-846146-2-iscsi devstack@keystone.service[87092]: DEBUG keystone.server.flask.request_processing.middleware.auth_context [None req-3c4ea57e-6e72-4ca3-b4cc-b7e76ad0786b None admin] Authenticating user token {{(pid=87092) process_request /usr/local/lib/python3.8/dist-packages/keystonemiddleware/auth_token/__init__.py:407}}
Jun 16 11:37:34.406078 dv-cinder-846146-2-iscsi devstack@keystone.service[87091]: DEBUG keystone.server.flask.request_processing.middleware.auth_context [None req-055a2e03-92de-45e8-9d3e-8076449668c3 None admin] RBAC: auth_context: {'token': , 'domain_id': None, 'trust_id': None, 'trustor_id': None, 'trustee_id': None, 'domain_name': None, 'group_ids': [], 'user_id': '1361568ee63a477ea9c9be31d039c80d', 'user_domain_id': 'default', 'system_scope': 'all', 'project_id': None, 'project_domain_id': None, 'roles': ['admin', 'member', 'reader'], 'is_admin_project': True, 'service_user_id': None, 'service_user_domain_id': None, 'service_project_id': None, 'service_project_domain_id': None, 'service_roles': []} {{(pid=87091) fill_context /opt/stack/keystone/keystone/server/flask/request_processing/middleware/auth_context.py:478}}
Jun 16 11:37:34.412897 dv-cinder-846146-2-iscsi devstack@keystone.service[87091]: DEBUG keystone.server.flask.request_processing.req_logging [None req-055a2e03-92de-45e8-9d3e-8076449668c3 None admin] REQUEST_METHOD: `GET` {{(pid=87091) log_request_info /opt/stack/keystone/keystone/server/flask/request_processing/req_logging.py:27}}
Jun 16 11:37:34.412897 dv-cinder-846146-2-iscsi devstack@keystone.service[87091]: DEBUG keystone.server.flask.request_processing.req_logging [None req-055a2e03-92de-45e8-9d3e-8076449668c3 None admin] SCRIPT_NAME: `/identity` {{(pid=87091) log_request_info /opt/stack/keystone/keystone/server/flask/request_processing/req_logging.py:28}}
Jun 16 11:37:34.412897 dv-cinder-846146-2-iscsi devstack@keystone.service[87091]: DEBUG keystone.server.flask.request_processing.req_logging [None req-055a2e03-92de-45e8-9d3e-8076449668c3 None admin] PATH_INFO: `/v3/groups/fc0b2e61c0d84851839f6e76dcf9ac0a` {{(pid=87091) log_request_info /opt/stack/keystone/keystone/server/flask/request_processing/req_logging.py:29}}
Jun 16 11:37:34.412897 dv-cinder-846146-2-iscsi devstack@keystone.service[87091]: DEBUG keystone.common.rbac_enforcer.enforcer [None req-055a2e03-92de-45e8-9d3e-8076449668c3 None admin] RBAC: Authorizing `identity:get_group(group_id=fc0b2e61c0d84851839f6e76dcf9ac0a)` {{(pid=87091) enforce_call /opt/stack/keystone/keystone/common/rbac_enforcer/enforcer.py:449}}
Jun 16 11:37:34.412897 dv-cinder-846146-2-iscsi devstack@keystone.service[87091]: DEBUG keystone.common.rbac_enforcer.enforcer [None req-055a2e03-92de-45e8-9d3e-8076449668c3 None admin] RBAC: Authorization granted {{(pid=87091) enforce_call /opt/stack/keystone/keystone/common/rbac_enforcer/enforcer.py:457}}
Jun 16 11:37:34.413616 dv-cinder-846146-2-iscsi devstack@keystone.service[87091]: [pid: 87091|app: 0|req: 182/368] 10.222.0.40 () {56 vars in 1180 bytes} [Thu Jun 16 11:37:34 2022] GET /identity/v3/groups/fc0b2e61c0d84851839f6e76dcf9ac0a => generated 226 bytes in 196 msecs (HTTP/1.1 200) 5 headers in 177 bytes (1 switches on core 0)
Jun 16 11:37:34.414363 dv-cinder-846146-2-iscsi devstack@keystone.service[87091]: DEBUG keystone.server.flask.request_processing.middleware.auth_context [None req-055a2e03-92de-45e8-9d3e-8076449668c3 None admin] Authenticating user token {{(pid=87091) process_request /usr/local/lib/python3.8/dist-packages/keystonemiddleware/auth_token/__init__.py:407}}
Jun 16 11:37:34.535290 dv-cinder-846146-2-iscsi devstack@keystone.service[87092]: DEBUG keystone.server.flask.request_processing.middleware.auth_context [None req-3c4ea57e-6e72-4ca3-b4cc-b7e76ad0786b None admin] Validating token access rules against request {{(pid=87092) validate_allowed_request /usr/local/lib/python3.8/dist-packages/keystonemiddleware/auth_token/__init__.py:545}}
Jun 16 11:37:34.539511 dv-cinder-846146-2-iscsi devstack@keystone.service[87091]: DEBUG keystone.server.flask.request_processing.middleware.auth_context [None req-055a2e03-92de-45e8-9d3e-8076449668c3 None admin] Validating token access rules against request {{(pid=87091) validate_allowed_request /usr/local/lib/python3.8/dist-packages/keystonemiddleware/auth_token/__init__.py:545}}
Jun 16 11:37:34.580354 dv-cinder-846146-2-iscsi devstack@keystone.service[87092]: DEBUG keystone.server.flask.request_processing.middleware.auth_context [None req-4bd0264a-9cfb-4b91-93c1-a48b4440e1be None admin] RBAC: auth_context: {'token': , 'domain_id': None, 'trust_id': None, 'trustor_id': None, 'trustee_id': None, 'domain_name': None, 'group_ids': [], 'user_id': '1361568ee63a477ea9c9be31d039c80d', 'user_domain_id': 'default', 'system_scope': 'all', 'project_id': None, 'project_domain_id': None, 'roles': ['admin', 'member', 'reader'], 'is_admin_project': True, 'service_user_id': None, 'service_user_domain_id': None, 'service_project_id': None, 'service_project_domain_id': None, 'service_roles': []} {{(pid=87092) fill_context /opt/stack/keystone/keystone/server/flask/request_processing/middleware/auth_context.py:478}}
Jun 16 11:37:34.581890 dv-cinder-846146-2-iscsi devstack@keystone.service[87092]: DEBUG keystone.server.flask.request_processing.req_logging [None req-4bd0264a-9cfb-4b91-93c1-a48b4440e1be None admin] REQUEST_METHOD: `GET` {{(pid=87092) log_request_info /opt/stack/keystone/keystone/server/flask/request_processing/req_logging.py:27}}
Jun 16 11:37:34.582393 dv-cinder-846146-2-iscsi devstack@keystone.service[87092]: DEBUG keystone.server.flask.request_processing.req_logging [None req-4bd0264a-9cfb-4b91-93c1-a48b4440e1be None admin] SCRIPT_NAME: `/identity` {{(pid=87092) log_request_info /opt/stack/keystone/keystone/server/flask/request_processing/req_logging.py:28}}
Jun 16 11:37:34.582878 dv-cinder-846146-2-iscsi devstack@keystone.service[87092]: DEBUG keystone.server.flask.request_processing.req_logging [None req-4bd0264a-9cfb-4b91-93c1-a48b4440e1be None admin] PATH_INFO: `/v3/auth/tokens` {{(pid=87092) log_request_info /opt/stack/keystone/keystone/server/flask/request_processing/req_logging.py:29}}
Jun 16 11:37:34.585561 dv-cinder-846146-2-iscsi devstack@keystone.service[87091]: DEBUG keystone.server.flask.request_processing.middleware.auth_context [None req-083058ea-2440-43c4-9aa5-cc0465410816 None admin] RBAC: auth_context: {'token': , 'domain_id': None, 'trust_id': None, 'trustor_id': None, 'trustee_id': None, 'domain_name': None, 'group_ids': [], 'user_id': '1361568ee63a477ea9c9be31d039c80d', 'user_domain_id': 'default', 'system_scope': 'all', 'project_id': None, 'project_domain_id': None, 'roles': ['admin', 'member', 'reader'], 'is_admin_project': True, 'service_user_id': None, 'service_user_domain_id': None, 'service_project_id': None, 'service_project_domain_id': None, 'service_roles': []} {{(pid=87091) fill_context /opt/stack/keystone/keystone/server/flask/request_processing/middleware/auth_context.py:478}}
Jun 16 11:37:34.586439 dv-cinder-846146-2-iscsi devstack@keystone.service[87091]: DEBUG keystone.server.flask.request_processing.req_logging [None req-083058ea-2440-43c4-9aa5-cc0465410816 None admin] REQUEST_METHOD: `GET` {{(pid=87091) log_request_info /opt/stack/keystone/keystone/server/flask/request_processing/req_logging.py:27}}
Jun 16 11:37:34.586720 dv-cinder-846146-2-iscsi devstack@keystone.service[87091]: DEBUG keystone.server.flask.request_processing.req_logging [None req-083058ea-2440-43c4-9aa5-cc0465410816 None admin] SCRIPT_NAME: `/identity` {{(pid=87091) log_request_info /opt/stack/keystone/keystone/server/flask/request_processing/req_logging.py:28}}
Jun 16 11:37:34.587250 dv-cinder-846146-2-iscsi devstack@keystone.service[87091]: DEBUG keystone.server.flask.request_processing.req_logging [None req-083058ea-2440-43c4-9aa5-cc0465410816 None admin] PATH_INFO: `/v3/users/cdf7f806c890415bbc8f1280abfd838f` {{(pid=87091) log_request_info /opt/stack/keystone/keystone/server/flask/request_processing/req_logging.py:29}}
Jun 16 11:37:34.588616 dv-cinder-846146-2-iscsi devstack@keystone.service[87091]: DEBUG keystone.common.rbac_enforcer.enforcer [None req-083058ea-2440-43c4-9aa5-cc0465410816 None admin] RBAC: Authorizing `identity:get_user(user_id=cdf7f806c890415bbc8f1280abfd838f)` {{(pid=87091) enforce_call /opt/stack/keystone/keystone/common/rbac_enforcer/enforcer.py:449}}
Jun 16 11:37:34.589912 dv-cinder-846146-2-iscsi devstack@keystone.service[87091]: DEBUG keystone.common.rbac_enforcer.enforcer [None req-083058ea-2440-43c4-9aa5-cc0465410816 None admin] RBAC: Authorization granted {{(pid=87091) enforce_call /opt/stack/keystone/keystone/common/rbac_enforcer/enforcer.py:457}}
Jun 16 11:37:34.596170 dv-cinder-846146-2-iscsi devstack@keystone.service[87091]: [pid: 87091|app: 0|req: 183/369] 10.222.0.40 () {56 vars in 1177 bytes} [Thu Jun 16 11:37:34 2022] GET /identity/v3/users/cdf7f806c890415bbc8f1280abfd838f => generated 293 bytes in 178 msecs (HTTP/1.1 200) 5 headers in 177 bytes (1 switches on core 0)
Jun 16 11:37:34.596831 dv-cinder-846146-2-iscsi devstack@keystone.service[87091]: DEBUG keystone.server.flask.request_processing.middleware.auth_context [None req-083058ea-2440-43c4-9aa5-cc0465410816 None admin] Authenticating user token {{(pid=87091) process_request /usr/local/lib/python3.8/dist-packages/keystonemiddleware/auth_token/__init__.py:407}}
Jun 16 11:37:34.643100 dv-cinder-846146-2-iscsi devstack@keystone.service[87091]: DEBUG dbcounter [-] [87091] Writing DB stats keystone:SELECT=100 {{(pid=87091) stat_writer /usr/local/lib/python3.8/dist-packages/dbcounter.py:114}}
Jun 16 11:37:34.681936 dv-cinder-846146-2-iscsi devstack@keystone.service[87092]: DEBUG dbcounter [-] [87092] Writing DB stats keystone:SELECT=100 {{(pid=87092) stat_writer /usr/local/lib/python3.8/dist-packages/dbcounter.py:114}}
Jun 16 11:37:34.686869 dv-cinder-846146-2-iscsi devstack@keystone.service[87092]: DEBUG keystone.common.rbac_enforcer.enforcer [None req-4bd0264a-9cfb-4b91-93c1-a48b4440e1be None admin] RBAC: Authorizing `identity:validate_token()` {{(pid=87092) enforce_call /opt/stack/keystone/keystone/common/rbac_enforcer/enforcer.py:449}}
Jun 16 11:37:34.688865 dv-cinder-846146-2-iscsi devstack@keystone.service[87092]: DEBUG keystone.common.rbac_enforcer.enforcer [None req-4bd0264a-9cfb-4b91-93c1-a48b4440e1be None admin] RBAC: Authorization granted {{(pid=87092) enforce_call /opt/stack/keystone/keystone/common/rbac_enforcer/enforcer.py:457}}
Jun 16 11:37:34.728805 dv-cinder-846146-2-iscsi devstack@keystone.service[87091]: DEBUG keystone.server.flask.request_processing.middleware.auth_context [None req-083058ea-2440-43c4-9aa5-cc0465410816 None admin] Validating token access rules against request {{(pid=87091) validate_allowed_request /usr/local/lib/python3.8/dist-packages/keystonemiddleware/auth_token/__init__.py:545}}
Jun 16 11:37:34.776262 dv-cinder-846146-2-iscsi devstack@keystone.service[87091]: DEBUG keystone.server.flask.request_processing.middleware.auth_context [None req-8ddfb4ce-c42f-4149-94a3-938d77c59793 None admin] RBAC: auth_context: {'token': , 'domain_id': None, 'trust_id': None, 'trustor_id': None, 'trustee_id': None, 'domain_name': None, 'group_ids': [], 'user_id': '1361568ee63a477ea9c9be31d039c80d', 'user_domain_id': 'default', 'system_scope': 'all', 'project_id': None, 'project_domain_id': None, 'roles': ['admin', 'member', 'reader'], 'is_admin_project': True, 'service_user_id': None, 'service_user_domain_id': None, 'service_project_id': None, 'service_project_domain_id': None, 'service_roles': []} {{(pid=87091) fill_context /opt/stack/keystone/keystone/server/flask/request_processing/middleware/auth_context.py:478}}
Jun 16 11:37:34.776980 dv-cinder-846146-2-iscsi devstack@keystone.service[87091]: DEBUG keystone.server.flask.request_processing.req_logging [None req-8ddfb4ce-c42f-4149-94a3-938d77c59793 None admin] REQUEST_METHOD: `GET` {{(pid=87091) log_request_info /opt/stack/keystone/keystone/server/flask/request_processing/req_logging.py:27}}
Jun 16 11:37:34.777264 dv-cinder-846146-2-iscsi devstack@keystone.service[87091]: DEBUG keystone.server.flask.request_processing.req_logging [None req-8ddfb4ce-c42f-4149-94a3-938d77c59793 None admin] SCRIPT_NAME: `/identity` {{(pid=87091) log_request_info /opt/stack/keystone/keystone/server/flask/request_processing/req_logging.py:28}}
Jun 16 11:37:34.777546 dv-cinder-846146-2-iscsi devstack@keystone.service[87091]: DEBUG keystone.server.flask.request_processing.req_logging [None req-8ddfb4ce-c42f-4149-94a3-938d77c59793 None admin] PATH_INFO: `/v3/roles` {{(pid=87091) log_request_info /opt/stack/keystone/keystone/server/flask/request_processing/req_logging.py:29}}
Jun 16 11:37:34.778299 dv-cinder-846146-2-iscsi devstack@keystone.service[87091]: DEBUG keystone.common.rbac_enforcer.enforcer [None req-8ddfb4ce-c42f-4149-94a3-938d77c59793 None admin] RBAC: Adding query filter params (name=admin) {{(pid=87091) _extract_filter_values /opt/stack/keystone/keystone/common/rbac_enforcer/enforcer.py:167}}
Jun 16 11:37:34.778610 dv-cinder-846146-2-iscsi devstack@keystone.service[87091]: DEBUG keystone.common.rbac_enforcer.enforcer [None req-8ddfb4ce-c42f-4149-94a3-938d77c59793 None admin] RBAC: Authorizing `identity:list_roles()` {{(pid=87091) enforce_call /opt/stack/keystone/keystone/common/rbac_enforcer/enforcer.py:449}}
Jun 16 11:37:34.780025 dv-cinder-846146-2-iscsi devstack@keystone.service[87091]: DEBUG keystone.common.rbac_enforcer.enforcer [None req-8ddfb4ce-c42f-4149-94a3-938d77c59793 None admin] RBAC: Authorization granted {{(pid=87091) enforce_call /opt/stack/keystone/keystone/common/rbac_enforcer/enforcer.py:457}}
Jun 16 11:37:34.789567 dv-cinder-846146-2-iscsi devstack@keystone.service[87091]: [pid: 87091|app: 0|req: 184/370] 10.222.0.40 () {56 vars in 1099 bytes} [Thu Jun 16 11:37:34 2022] GET /identity/v3/roles?name=admin => generated 339 bytes in 193 msecs (HTTP/1.1 200) 5 headers in 177 bytes (1 switches on core 0)
Jun 16 11:37:34.790365 dv-cinder-846146-2-iscsi devstack@keystone.service[87091]: DEBUG keystone.server.flask.request_processing.middleware.auth_context [None req-8ddfb4ce-c42f-4149-94a3-938d77c59793 None admin] Authenticating user token {{(pid=87091) process_request /usr/local/lib/python3.8/dist-packages/keystonemiddleware/auth_token/__init__.py:407}}
Jun 16 11:37:34.819672 dv-cinder-846146-2-iscsi devstack@keystone.service[87092]: [pid: 87092|app: 0|req: 187/371] 10.222.0.40 () {58 vars in 1282 bytes} [Thu Jun 16 11:37:34 2022] GET /identity/v3/auth/tokens => generated 799 bytes in 427 msecs (HTTP/1.1 200) 6 headers in 358 bytes (1 switches on core 0)
Jun 16 11:37:34.820879 dv-cinder-846146-2-iscsi devstack@keystone.service[87092]: DEBUG keystone.server.flask.request_processing.middleware.auth_context [None req-4bd0264a-9cfb-4b91-93c1-a48b4440e1be None admin] Authenticating user token {{(pid=87092) process_request /usr/local/lib/python3.8/dist-packages/keystonemiddleware/auth_token/__init__.py:407}}
Jun 16 11:37:34.896553 dv-cinder-846146-2-iscsi devstack@keystone.service[87091]: DEBUG dbcounter [-] [87091] Writing DB stats keystone:SELECT=100 {{(pid=87091) stat_writer /usr/local/lib/python3.8/dist-packages/dbcounter.py:114}}
Jun 16 11:37:34.903826 dv-cinder-846146-2-iscsi devstack@keystone.service[87091]: DEBUG keystone.server.flask.request_processing.middleware.auth_context [None req-8ddfb4ce-c42f-4149-94a3-938d77c59793 None admin] Validating token access rules against request {{(pid=87091) validate_allowed_request /usr/local/lib/python3.8/dist-packages/keystonemiddleware/auth_token/__init__.py:545}}
Jun 16 11:37:34.926578 dv-cinder-846146-2-iscsi devstack@keystone.service[87092]: DEBUG dbcounter [-] [87092] Writing DB stats keystone:SELECT=100 {{(pid=87092) stat_writer /usr/local/lib/python3.8/dist-packages/dbcounter.py:114}}
Jun 16 11:37:34.931522 dv-cinder-846146-2-iscsi devstack@keystone.service[87092]: DEBUG keystone.server.flask.request_processing.middleware.auth_context [None req-4bd0264a-9cfb-4b91-93c1-a48b4440e1be None admin] Validating token access rules against request {{(pid=87092) validate_allowed_request /usr/local/lib/python3.8/dist-packages/keystonemiddleware/auth_token/__init__.py:545}}
Jun 16 11:37:34.939780 dv-cinder-846146-2-iscsi devstack@keystone.service[87091]: DEBUG keystone.server.flask.request_processing.middleware.auth_context [None req-cb7778ad-1033-4533-8a18-3a75811a4462 None admin] RBAC: auth_context: {'token': , 'domain_id': None, 'trust_id': None, 'trustor_id': None, 'trustee_id': None, 'domain_name': None, 'group_ids': [], 'user_id': '1361568ee63a477ea9c9be31d039c80d', 'user_domain_id': 'default', 'system_scope': 'all', 'project_id': None, 'project_domain_id': None, 'roles': ['admin', 'member', 'reader'], 'is_admin_project': True, 'service_user_id': None, 'service_user_domain_id': None, 'service_project_id': None, 'service_project_domain_id': None, 'service_roles': []} {{(pid=87091) fill_context /opt/stack/keystone/keystone/server/flask/request_processing/middleware/auth_context.py:478}}
Jun 16 11:37:34.941547 dv-cinder-846146-2-iscsi devstack@keystone.service[87091]: DEBUG keystone.server.flask.request_processing.req_logging [None req-cb7778ad-1033-4533-8a18-3a75811a4462 None admin] REQUEST_METHOD: `GET` {{(pid=87091) log_request_info /opt/stack/keystone/keystone/server/flask/request_processing/req_logging.py:27}}
Jun 16 11:37:34.941857 dv-cinder-846146-2-iscsi devstack@keystone.service[87091]: DEBUG keystone.server.flask.request_processing.req_logging [None req-cb7778ad-1033-4533-8a18-3a75811a4462 None admin] SCRIPT_NAME: `/identity` {{(pid=87091) log_request_info /opt/stack/keystone/keystone/server/flask/request_processing/req_logging.py:28}}
Jun 16 11:37:34.942134 dv-cinder-846146-2-iscsi devstack@keystone.service[87091]: DEBUG keystone.server.flask.request_processing.req_logging [None req-cb7778ad-1033-4533-8a18-3a75811a4462 None admin] PATH_INFO: `/v3/role_assignments` {{(pid=87091) log_request_info /opt/stack/keystone/keystone/server/flask/request_processing/req_logging.py:29}}
Jun 16 11:37:34.942988 dv-cinder-846146-2-iscsi devstack@keystone.service[87091]: DEBUG keystone.common.rbac_enforcer.enforcer [None req-cb7778ad-1033-4533-8a18-3a75811a4462 None admin] RBAC: Adding query filter params (group.id=fc0b2e61c0d84851839f6e76dcf9ac0a, role.id=c2d46bdeda48498b8c04ea76027be796, scope.project.id=90ef71bb81154cd8856ce17bcf6eb121) {{(pid=87091) _extract_filter_values /opt/stack/keystone/keystone/common/rbac_enforcer/enforcer.py:167}}
Jun 16 11:37:34.943285 dv-cinder-846146-2-iscsi devstack@keystone.service[87091]: DEBUG keystone.common.rbac_enforcer.enforcer [None req-cb7778ad-1033-4533-8a18-3a75811a4462 None admin] RBAC: Authorizing `identity:list_role_assignments()` {{(pid=87091) enforce_call /opt/stack/keystone/keystone/common/rbac_enforcer/enforcer.py:449}}
Jun 16 11:37:34.945175 dv-cinder-846146-2-iscsi devstack@keystone.service[87091]: DEBUG keystone.common.rbac_enforcer.enforcer [None req-cb7778ad-1033-4533-8a18-3a75811a4462 None admin] RBAC: Authorization granted {{(pid=87091) enforce_call /opt/stack/keystone/keystone/common/rbac_enforcer/enforcer.py:457}}
Jun 16 11:37:34.959195 dv-cinder-846146-2-iscsi devstack@keystone.service[87091]: [pid: 87091|app: 0|req: 185/372] 10.222.0.40 () {56 vars in 1376 bytes} [Thu Jun 16 11:37:34 2022] GET /identity/v3/role_assignments?group.id=fc0b2e61c0d84851839f6e76dcf9ac0a&scope.project.id=90ef71bb81154cd8856ce17bcf6eb121&role.id=c2d46bdeda48498b8c04ea76027be796 => generated 260 bytes in 163 msecs (HTTP/1.1 200) 5 headers in 177 bytes (1 switches on core 0)
Jun 16 11:37:34.960258 dv-cinder-846146-2-iscsi devstack@keystone.service[87091]: DEBUG keystone.server.flask.request_processing.middleware.auth_context [None req-cb7778ad-1033-4533-8a18-3a75811a4462 None admin] Authenticating user token {{(pid=87091) process_request /usr/local/lib/python3.8/dist-packages/keystonemiddleware/auth_token/__init__.py:407}}
Jun 16 11:37:34.976773 dv-cinder-846146-2-iscsi devstack@keystone.service[87092]: DEBUG keystone.server.flask.request_processing.middleware.auth_context [None req-d75a67a2-6dff-43ad-9326-8adbdd2fe0fe None admin] RBAC: auth_context: {'token': , 'domain_id': None, 'trust_id': None, 'trustor_id': None, 'trustee_id': None, 'domain_name': None, 'group_ids': [], 'user_id': '1361568ee63a477ea9c9be31d039c80d', 'user_domain_id': 'default', 'system_scope': 'all', 'project_id': None, 'project_domain_id': None, 'roles': ['admin', 'member', 'reader'], 'is_admin_project': True, 'service_user_id': None, 'service_user_domain_id': None, 'service_project_id': None, 'service_project_domain_id': None, 'service_roles': []} {{(pid=87092) fill_context /opt/stack/keystone/keystone/server/flask/request_processing/middleware/auth_context.py:478}}
Jun 16 11:37:34.978164 dv-cinder-846146-2-iscsi devstack@keystone.service[87092]: DEBUG keystone.server.flask.request_processing.req_logging [None req-d75a67a2-6dff-43ad-9326-8adbdd2fe0fe None admin] REQUEST_METHOD: `GET` {{(pid=87092) log_request_info /opt/stack/keystone/keystone/server/flask/request_processing/req_logging.py:27}}
Jun 16 11:37:34.978665 dv-cinder-846146-2-iscsi devstack@keystone.service[87092]: DEBUG keystone.server.flask.request_processing.req_logging [None req-d75a67a2-6dff-43ad-9326-8adbdd2fe0fe None admin] SCRIPT_NAME: `/identity` {{(pid=87092) log_request_info /opt/stack/keystone/keystone/server/flask/request_processing/req_logging.py:28}}
Jun 16 11:37:34.979153 dv-cinder-846146-2-iscsi devstack@keystone.service[87092]: DEBUG keystone.server.flask.request_processing.req_logging [None req-d75a67a2-6dff-43ad-9326-8adbdd2fe0fe None admin] PATH_INFO: `/v3/role_assignments` {{(pid=87092) log_request_info /opt/stack/keystone/keystone/server/flask/request_processing/req_logging.py:29}}
Jun 16 11:37:34.980266 dv-cinder-846146-2-iscsi devstack@keystone.service[87092]: DEBUG keystone.common.rbac_enforcer.enforcer [None req-d75a67a2-6dff-43ad-9326-8adbdd2fe0fe None admin] RBAC: Adding query filter params (role.id=30c1267a61504942b5b1382cc1d47901, user.id=cdf7f806c890415bbc8f1280abfd838f, scope.system=all) {{(pid=87092) _extract_filter_values /opt/stack/keystone/keystone/common/rbac_enforcer/enforcer.py:167}}
Jun 16 11:37:34.980798 dv-cinder-846146-2-iscsi devstack@keystone.service[87092]: DEBUG keystone.common.rbac_enforcer.enforcer [None req-d75a67a2-6dff-43ad-9326-8adbdd2fe0fe None admin] RBAC: Authorizing `identity:list_role_assignments()` {{(pid=87092) enforce_call /opt/stack/keystone/keystone/common/rbac_enforcer/enforcer.py:449}}
Jun 16 11:37:34.983260 dv-cinder-846146-2-iscsi devstack@keystone.service[87092]: DEBUG keystone.common.rbac_enforcer.enforcer [None req-d75a67a2-6dff-43ad-9326-8adbdd2fe0fe None admin] RBAC: Authorization granted {{(pid=87092) enforce_call /opt/stack/keystone/keystone/common/rbac_enforcer/enforcer.py:457}}
Jun 16 11:37:35.000876 dv-cinder-846146-2-iscsi devstack@keystone.service[87092]: [pid: 87092|app: 0|req: 188/373] 10.222.0.40 () {56 vars in 1308 bytes} [Thu Jun 16 11:37:34 2022] GET /identity/v3/role_assignments?user.id=cdf7f806c890415bbc8f1280abfd838f&scope.system=all&role.id=30c1267a61504942b5b1382cc1d47901 => generated 510 bytes in 180 msecs (HTTP/1.1 200) 5 headers in 177 bytes (1 switches on core 0)
Jun 16 11:37:35.002058 dv-cinder-846146-2-iscsi devstack@keystone.service[87092]: DEBUG keystone.server.flask.request_processing.middleware.auth_context [None req-d75a67a2-6dff-43ad-9326-8adbdd2fe0fe None admin] Authenticating user token {{(pid=87092) process_request /usr/local/lib/python3.8/dist-packages/keystonemiddleware/auth_token/__init__.py:407}}
Jun 16 11:37:35.170384 dv-cinder-846146-2-iscsi devstack@keystone.service[87091]: DEBUG keystone.server.flask.request_processing.middleware.auth_context [None req-cb7778ad-1033-4533-8a18-3a75811a4462 None admin] Validating token access rules against request {{(pid=87091) validate_allowed_request /usr/local/lib/python3.8/dist-packages/keystonemiddleware/auth_token/__init__.py:545}}
Jun 16 11:37:35.254017 dv-cinder-846146-2-iscsi devstack@keystone.service[87092]: DEBUG keystone.server.flask.request_processing.middleware.auth_context [None req-d75a67a2-6dff-43ad-9326-8adbdd2fe0fe None admin] Validating token access rules against request {{(pid=87092) validate_allowed_request /usr/local/lib/python3.8/dist-packages/keystonemiddleware/auth_token/__init__.py:545}}
Jun 16 11:37:35.312044 dv-cinder-846146-2-iscsi devstack@keystone.service[87091]: DEBUG keystone.server.flask.request_processing.middleware.auth_context [None req-a9591fbd-1051-467b-914e-21a93e1f27d0 None admin] RBAC: auth_context: {'token': , 'domain_id': None, 'trust_id': None, 'trustor_id': None, 'trustee_id': None, 'domain_name': None, 'group_ids': [], 'user_id': '1361568ee63a477ea9c9be31d039c80d', 'user_domain_id': 'default', 'system_scope': 'all', 'project_id': None, 'project_domain_id': None, 'roles': ['admin', 'member', 'reader'], 'is_admin_project': True, 'service_user_id': None, 'service_user_domain_id': None, 'service_project_id': None, 'service_project_domain_id': None, 'service_roles': []} {{(pid=87091) fill_context /opt/stack/keystone/keystone/server/flask/request_processing/middleware/auth_context.py:478}}
Jun 16 11:37:35.313615 dv-cinder-846146-2-iscsi devstack@keystone.service[87091]: DEBUG keystone.server.flask.request_processing.req_logging [None req-a9591fbd-1051-467b-914e-21a93e1f27d0 None admin] REQUEST_METHOD: `GET` {{(pid=87091) log_request_info /opt/stack/keystone/keystone/server/flask/request_processing/req_logging.py:27}}
Jun 16 11:37:35.313615 dv-cinder-846146-2-iscsi devstack@keystone.service[87091]: DEBUG keystone.server.flask.request_processing.req_logging [None req-a9591fbd-1051-467b-914e-21a93e1f27d0 None admin] SCRIPT_NAME: `/identity` {{(pid=87091) log_request_info /opt/stack/keystone/keystone/server/flask/request_processing/req_logging.py:28}}
Jun 16 11:37:35.315612 dv-cinder-846146-2-iscsi devstack@keystone.service[87091]: DEBUG keystone.server.flask.request_processing.req_logging [None req-a9591fbd-1051-467b-914e-21a93e1f27d0 None admin] PATH_INFO: `/v3/auth/tokens` {{(pid=87091) log_request_info /opt/stack/keystone/keystone/server/flask/request_processing/req_logging.py:29}}
Jun 16 11:37:35.357082 dv-cinder-846146-2-iscsi devstack@keystone.service[87091]: DEBUG dbcounter [-] [87091] Writing DB stats keystone:SELECT=100 {{(pid=87091) stat_writer /usr/local/lib/python3.8/dist-packages/dbcounter.py:114}}
Jun 16 11:37:35.372301 dv-cinder-846146-2-iscsi devstack@keystone.service[87092]: DEBUG keystone.server.flask.request_processing.middleware.auth_context [None req-79fb3171-32ce-4352-a888-57a72f998625 None admin] RBAC: auth_context: {'token': , 'domain_id': None, 'trust_id': None, 'trustor_id': None, 'trustee_id': None, 'domain_name': None, 'group_ids': [], 'user_id': '1361568ee63a477ea9c9be31d039c80d', 'user_domain_id': 'default', 'system_scope': 'all', 'project_id': None, 'project_domain_id': None, 'roles': ['admin', 'member', 'reader'], 'is_admin_project': True, 'service_user_id': None, 'service_user_domain_id': None, 'service_project_id': None, 'service_project_domain_id': None, 'service_roles': []} {{(pid=87092) fill_context /opt/stack/keystone/keystone/server/flask/request_processing/middleware/auth_context.py:478}}
Jun 16 11:37:35.373176 dv-cinder-846146-2-iscsi devstack@keystone.service[87092]: DEBUG keystone.server.flask.request_processing.req_logging [None req-79fb3171-32ce-4352-a888-57a72f998625 None admin] REQUEST_METHOD: `GET` {{(pid=87092) log_request_info /opt/stack/keystone/keystone/server/flask/request_processing/req_logging.py:27}}
Jun 16 11:37:35.374278 dv-cinder-846146-2-iscsi devstack@keystone.service[87092]: DEBUG keystone.server.flask.request_processing.req_logging [None req-79fb3171-32ce-4352-a888-57a72f998625 None admin] SCRIPT_NAME: `/identity` {{(pid=87092) log_request_info /opt/stack/keystone/keystone/server/flask/request_processing/req_logging.py:28}}
Jun 16 11:37:35.374566 dv-cinder-846146-2-iscsi devstack@keystone.service[87092]: DEBUG keystone.server.flask.request_processing.req_logging [None req-79fb3171-32ce-4352-a888-57a72f998625 None admin] PATH_INFO: `/v3/projects/90ef71bb81154cd8856ce17bcf6eb121` {{(pid=87092) log_request_info /opt/stack/keystone/keystone/server/flask/request_processing/req_logging.py:29}}
Jun 16 11:37:35.375815 dv-cinder-846146-2-iscsi devstack@keystone.service[87092]: DEBUG keystone.common.rbac_enforcer.enforcer [None req-79fb3171-32ce-4352-a888-57a72f998625 None admin] RBAC: Authorizing `identity:get_project(project_id=90ef71bb81154cd8856ce17bcf6eb121)` {{(pid=87092) enforce_call /opt/stack/keystone/keystone/common/rbac_enforcer/enforcer.py:449}}
Jun 16 11:37:35.377348 dv-cinder-846146-2-iscsi devstack@keystone.service[87092]: DEBUG keystone.common.rbac_enforcer.enforcer [None req-79fb3171-32ce-4352-a888-57a72f998625 None admin] RBAC: Authorization granted {{(pid=87092) enforce_call /opt/stack/keystone/keystone/common/rbac_enforcer/enforcer.py:457}}
Jun 16 11:37:35.384028 dv-cinder-846146-2-iscsi devstack@keystone.service[87092]: [pid: 87092|app: 0|req: 189/374] 10.222.0.40 () {56 vars in 1186 bytes} [Thu Jun 16 11:37:35 2022] GET /identity/v3/projects/90ef71bb81154cd8856ce17bcf6eb121 => generated 302 bytes in 379 msecs (HTTP/1.1 200) 5 headers in 177 bytes (1 switches on core 0)
Jun 16 11:37:35.396928 dv-cinder-846146-2-iscsi devstack@keystone.service[87092]: DEBUG keystone.server.flask.request_processing.middleware.auth_context [None req-79fb3171-32ce-4352-a888-57a72f998625 None admin] Authenticating user token {{(pid=87092) process_request /usr/local/lib/python3.8/dist-packages/keystonemiddleware/auth_token/__init__.py:407}}
Jun 16 11:37:35.446814 dv-cinder-846146-2-iscsi devstack@keystone.service[87091]: DEBUG keystone.common.rbac_enforcer.enforcer [None req-a9591fbd-1051-467b-914e-21a93e1f27d0 None admin] RBAC: Authorizing `identity:validate_token()` {{(pid=87091) enforce_call /opt/stack/keystone/keystone/common/rbac_enforcer/enforcer.py:449}}
Jun 16 11:37:35.448235 dv-cinder-846146-2-iscsi devstack@keystone.service[87091]: DEBUG keystone.common.rbac_enforcer.enforcer [None req-a9591fbd-1051-467b-914e-21a93e1f27d0 None admin] RBAC: Authorization granted {{(pid=87091) enforce_call /opt/stack/keystone/keystone/common/rbac_enforcer/enforcer.py:457}}
Jun 16 11:37:35.453083 dv-cinder-846146-2-iscsi devstack@keystone.service[87092]: DEBUG dbcounter [-] [87092] Writing DB stats keystone:SELECT=100 {{(pid=87092) stat_writer /usr/local/lib/python3.8/dist-packages/dbcounter.py:114}}
Jun 16 11:37:35.598301 dv-cinder-846146-2-iscsi devstack@keystone.service[87091]: [pid: 87091|app: 0|req: 186/375] 10.222.0.40 () {58 vars in 1282 bytes} [Thu Jun 16 11:37:34 2022] GET /identity/v3/auth/tokens => generated 799 bytes in 635 msecs (HTTP/1.1 200) 6 headers in 358 bytes (1 switches on core 0)
Jun 16 11:37:35.617903 dv-cinder-846146-2-iscsi devstack@keystone.service[87091]: DEBUG keystone.server.flask.request_processing.middleware.auth_context [None req-a9591fbd-1051-467b-914e-21a93e1f27d0 None admin] Authenticating user token {{(pid=87091) process_request /usr/local/lib/python3.8/dist-packages/keystonemiddleware/auth_token/__init__.py:407}}
Jun 16 11:37:35.625904 dv-cinder-846146-2-iscsi devstack@keystone.service[87092]: DEBUG keystone.server.flask.request_processing.middleware.auth_context [None req-79fb3171-32ce-4352-a888-57a72f998625 None admin] Validating token access rules against request {{(pid=87092) validate_allowed_request /usr/local/lib/python3.8/dist-packages/keystonemiddleware/auth_token/__init__.py:545}}
Jun 16 11:37:35.685596 dv-cinder-846146-2-iscsi devstack@keystone.service[87092]: DEBUG keystone.server.flask.request_processing.middleware.auth_context [None req-b3fa136b-5565-41da-9476-262ca66759d2 None admin] RBAC: auth_context: {'token': , 'domain_id': None, 'trust_id': None, 'trustor_id': None, 'trustee_id': None, 'domain_name': None, 'group_ids': [], 'user_id': '1361568ee63a477ea9c9be31d039c80d', 'user_domain_id': 'default', 'system_scope': 'all', 'project_id': None, 'project_domain_id': None, 'roles': ['admin', 'member', 'reader'], 'is_admin_project': True, 'service_user_id': None, 'service_user_domain_id': None, 'service_project_id': None, 'service_project_domain_id': None, 'service_roles': []} {{(pid=87092) fill_context /opt/stack/keystone/keystone/server/flask/request_processing/middleware/auth_context.py:478}}
Jun 16 11:37:35.687498 dv-cinder-846146-2-iscsi devstack@keystone.service[87092]: DEBUG keystone.server.flask.request_processing.req_logging [None req-b3fa136b-5565-41da-9476-262ca66759d2 None admin] REQUEST_METHOD: `GET` {{(pid=87092) log_request_info /opt/stack/keystone/keystone/server/flask/request_processing/req_logging.py:27}}
Jun 16 11:37:35.688638 dv-cinder-846146-2-iscsi devstack@keystone.service[87092]: DEBUG keystone.server.flask.request_processing.req_logging [None req-b3fa136b-5565-41da-9476-262ca66759d2 None admin] SCRIPT_NAME: `/identity` {{(pid=87092) log_request_info /opt/stack/keystone/keystone/server/flask/request_processing/req_logging.py:28}}
Jun 16 11:37:35.688638 dv-cinder-846146-2-iscsi devstack@keystone.service[87092]: DEBUG keystone.server.flask.request_processing.req_logging [None req-b3fa136b-5565-41da-9476-262ca66759d2 None admin] PATH_INFO: `/v3/groups/fc0b2e61c0d84851839f6e76dcf9ac0a` {{(pid=87092) log_request_info /opt/stack/keystone/keystone/server/flask/request_processing/req_logging.py:29}}
Jun 16 11:37:35.695911 dv-cinder-846146-2-iscsi devstack@keystone.service[87092]: DEBUG keystone.common.rbac_enforcer.enforcer [None req-b3fa136b-5565-41da-9476-262ca66759d2 None admin] RBAC: Authorizing `identity:get_group(group_id=fc0b2e61c0d84851839f6e76dcf9ac0a)` {{(pid=87092) enforce_call /opt/stack/keystone/keystone/common/rbac_enforcer/enforcer.py:449}}
Jun 16 11:37:35.703893 dv-cinder-846146-2-iscsi devstack@keystone.service[87092]: DEBUG keystone.common.rbac_enforcer.enforcer [None req-b3fa136b-5565-41da-9476-262ca66759d2 None admin] RBAC: Authorization granted {{(pid=87092) enforce_call /opt/stack/keystone/keystone/common/rbac_enforcer/enforcer.py:457}}
Jun 16 11:37:35.703893 dv-cinder-846146-2-iscsi devstack@keystone.service[87092]: [pid: 87092|app: 0|req: 190/376] 10.222.0.40 () {56 vars in 1180 bytes} [Thu Jun 16 11:37:35 2022] GET /identity/v3/groups/fc0b2e61c0d84851839f6e76dcf9ac0a => generated 226 bytes in 307 msecs (HTTP/1.1 200) 5 headers in 177 bytes (1 switches on core 0)
Jun 16 11:37:35.715904 dv-cinder-846146-2-iscsi devstack@keystone.service[87092]: DEBUG keystone.server.flask.request_processing.middleware.auth_context [None req-b3fa136b-5565-41da-9476-262ca66759d2 None admin] Authenticating user token {{(pid=87092) process_request /usr/local/lib/python3.8/dist-packages/keystonemiddleware/auth_token/__init__.py:407}}
Jun 16 11:37:35.753055 dv-cinder-846146-2-iscsi devstack@keystone.service[87091]: DEBUG dbcounter [-] [87091] Writing DB stats keystone:SELECT=100 {{(pid=87091) stat_writer /usr/local/lib/python3.8/dist-packages/dbcounter.py:114}}
Jun 16 11:37:35.816057 dv-cinder-846146-2-iscsi devstack@keystone.service[87091]: DEBUG keystone.server.flask.request_processing.middleware.auth_context [None req-a9591fbd-1051-467b-914e-21a93e1f27d0 None admin] Validating token access rules against request {{(pid=87091) validate_allowed_request /usr/local/lib/python3.8/dist-packages/keystonemiddleware/auth_token/__init__.py:545}}
Jun 16 11:37:35.821420 dv-cinder-846146-2-iscsi devstack@keystone.service[87092]: DEBUG dbcounter [-] [87092] Writing DB stats keystone:SELECT=100 {{(pid=87092) stat_writer /usr/local/lib/python3.8/dist-packages/dbcounter.py:114}}
Jun 16 11:37:35.841222 dv-cinder-846146-2-iscsi devstack@keystone.service[87092]: DEBUG keystone.server.flask.request_processing.middleware.auth_context [None req-b3fa136b-5565-41da-9476-262ca66759d2 None admin] Validating token access rules against request {{(pid=87092) validate_allowed_request /usr/local/lib/python3.8/dist-packages/keystonemiddleware/auth_token/__init__.py:545}}
