Jun 16 11:37:01.588134 dv-cinder-846146-2-iscsi devstack@keystone.service[87092]: DEBUG keystone.server.flask.request_processing.req_logging [None req-efb45237-0369-4bf5-a9a7-561085638cec None admin] SCRIPT_NAME: `/identity` {{(pid=87092) log_request_info /opt/stack/keystone/keystone/server/flask/request_processing/req_logging.py:28}}
Jun 16 11:37:01.588474 dv-cinder-846146-2-iscsi devstack@keystone.service[87092]: DEBUG keystone.server.flask.request_processing.req_logging [None req-efb45237-0369-4bf5-a9a7-561085638cec None admin] PATH_INFO: `/v3/users/1361568ee63a477ea9c9be31d039c80d` {{(pid=87092) log_request_info /opt/stack/keystone/keystone/server/flask/request_processing/req_logging.py:29}}
Jun 16 11:37:01.589661 dv-cinder-846146-2-iscsi devstack@keystone.service[87092]: DEBUG keystone.common.rbac_enforcer.enforcer [None req-efb45237-0369-4bf5-a9a7-561085638cec None admin] RBAC: Authorizing `identity:get_user(user_id=1361568ee63a477ea9c9be31d039c80d)` {{(pid=87092) enforce_call /opt/stack/keystone/keystone/common/rbac_enforcer/enforcer.py:449}}
Jun 16 11:37:01.591102 dv-cinder-846146-2-iscsi devstack@keystone.service[87092]: DEBUG keystone.common.rbac_enforcer.enforcer [None req-efb45237-0369-4bf5-a9a7-561085638cec None admin] RBAC: Authorization granted {{(pid=87092) enforce_call /opt/stack/keystone/keystone/common/rbac_enforcer/enforcer.py:457}}
Jun 16 11:37:01.592751 dv-cinder-846146-2-iscsi devstack@keystone.service[87092]: [pid: 87092|app: 0|req: 58/115] 10.222.0.40 () {56 vars in 1177 bytes} [Thu Jun 16 11:37:01 2022] GET /identity/v3/users/1361568ee63a477ea9c9be31d039c80d => generated 247 bytes in 171 msecs (HTTP/1.1 200) 5 headers in 177 bytes (1 switches on core 0)
Jun 16 11:37:01.593490 dv-cinder-846146-2-iscsi devstack@keystone.service[87092]: DEBUG keystone.server.flask.request_processing.middleware.auth_context [None req-efb45237-0369-4bf5-a9a7-561085638cec None admin] Authenticating user token {{(pid=87092) process_request /usr/local/lib/python3.8/dist-packages/keystonemiddleware/auth_token/__init__.py:407}}
Jun 16 11:37:01.679599 dv-cinder-846146-2-iscsi devstack@keystone.service[87091]: [pid: 87091|app: 0|req: 58/116] 10.222.0.40 () {58 vars in 1282 bytes} [Thu Jun 16 11:37:01 2022] GET /identity/v3/auth/tokens => generated 799 bytes in 347 msecs (HTTP/1.1 200) 6 headers in 358 bytes (1 switches on core 0)
Jun 16 11:37:01.680479 dv-cinder-846146-2-iscsi devstack@keystone.service[87091]: DEBUG keystone.server.flask.request_processing.middleware.auth_context [None req-c08cb64b-9a62-4fa6-93f9-d9a3df334d70 None admin] Authenticating user token {{(pid=87091) process_request /usr/local/lib/python3.8/dist-packages/keystonemiddleware/auth_token/__init__.py:407}}
Jun 16 11:37:01.694531 dv-cinder-846146-2-iscsi devstack@keystone.service[87092]: DEBUG keystone.server.flask.request_processing.middleware.auth_context [None req-efb45237-0369-4bf5-a9a7-561085638cec None admin] Validating token access rules against request {{(pid=87092) validate_allowed_request /usr/local/lib/python3.8/dist-packages/keystonemiddleware/auth_token/__init__.py:545}}
Jun 16 11:37:01.729412 dv-cinder-846146-2-iscsi devstack@keystone.service[87092]: DEBUG keystone.server.flask.request_processing.middleware.auth_context [None req-9976d176-f16d-4f37-8ab4-d7ebe7ae44d6 None admin] RBAC: auth_context: {'token': , 'domain_id': None, 'trust_id': None, 'trustor_id': None, 'trustee_id': None, 'domain_name': None, 'group_ids': [], 'user_id': '1361568ee63a477ea9c9be31d039c80d', 'user_domain_id': 'default', 'system_scope': 'all', 'project_id': None, 'project_domain_id': None, 'roles': ['admin', 'member', 'reader'], 'is_admin_project': True, 'service_user_id': None, 'service_user_domain_id': None, 'service_project_id': None, 'service_project_domain_id': None, 'service_roles': []} {{(pid=87092) fill_context /opt/stack/keystone/keystone/server/flask/request_processing/middleware/auth_context.py:478}}
Jun 16 11:37:01.730072 dv-cinder-846146-2-iscsi devstack@keystone.service[87092]: DEBUG keystone.server.flask.request_processing.req_logging [None req-9976d176-f16d-4f37-8ab4-d7ebe7ae44d6 None admin] REQUEST_METHOD: `POST` {{(pid=87092) log_request_info /opt/stack/keystone/keystone/server/flask/request_processing/req_logging.py:27}}
Jun 16 11:37:01.730361 dv-cinder-846146-2-iscsi devstack@keystone.service[87092]: DEBUG keystone.server.flask.request_processing.req_logging [None req-9976d176-f16d-4f37-8ab4-d7ebe7ae44d6 None admin] SCRIPT_NAME: `/identity` {{(pid=87092) log_request_info /opt/stack/keystone/keystone/server/flask/request_processing/req_logging.py:28}}
Jun 16 11:37:01.730644 dv-cinder-846146-2-iscsi devstack@keystone.service[87092]: DEBUG keystone.server.flask.request_processing.req_logging [None req-9976d176-f16d-4f37-8ab4-d7ebe7ae44d6 None admin] PATH_INFO: `/v3/projects` {{(pid=87092) log_request_info /opt/stack/keystone/keystone/server/flask/request_processing/req_logging.py:29}}
Jun 16 11:37:01.731348 dv-cinder-846146-2-iscsi devstack@keystone.service[87092]: DEBUG keystone.common.rbac_enforcer.enforcer [None req-9976d176-f16d-4f37-8ab4-d7ebe7ae44d6 None admin] RBAC: Authorizing `identity:create_project()` {{(pid=87092) enforce_call /opt/stack/keystone/keystone/common/rbac_enforcer/enforcer.py:449}}
Jun 16 11:37:01.732830 dv-cinder-846146-2-iscsi devstack@keystone.service[87092]: DEBUG keystone.common.rbac_enforcer.enforcer [None req-9976d176-f16d-4f37-8ab4-d7ebe7ae44d6 None admin] RBAC: Authorization granted {{(pid=87092) enforce_call /opt/stack/keystone/keystone/common/rbac_enforcer/enforcer.py:457}}
Jun 16 11:37:01.771073 dv-cinder-846146-2-iscsi devstack@keystone.service[87091]: DEBUG dbcounter [-] [87091] Writing DB stats keystone:SELECT=100 {{(pid=87091) stat_writer /usr/local/lib/python3.8/dist-packages/dbcounter.py:114}}
Jun 16 11:37:01.780814 dv-cinder-846146-2-iscsi devstack@keystone.service[87091]: DEBUG keystone.server.flask.request_processing.middleware.auth_context [None req-c08cb64b-9a62-4fa6-93f9-d9a3df334d70 None admin] Validating token access rules against request {{(pid=87091) validate_allowed_request /usr/local/lib/python3.8/dist-packages/keystonemiddleware/auth_token/__init__.py:545}}
Jun 16 11:37:01.812475 dv-cinder-846146-2-iscsi devstack@keystone.service[87091]: DEBUG keystone.server.flask.request_processing.middleware.auth_context [None req-3a8cdb69-8040-477a-9d77-280d36a078c6 None admin] RBAC: auth_context: {'token': , 'domain_id': None, 'trust_id': None, 'trustor_id': None, 'trustee_id': None, 'domain_name': None, 'group_ids': [], 'user_id': '1361568ee63a477ea9c9be31d039c80d', 'user_domain_id': 'default', 'system_scope': 'all', 'project_id': None, 'project_domain_id': None, 'roles': ['admin', 'member', 'reader'], 'is_admin_project': True, 'service_user_id': None, 'service_user_domain_id': None, 'service_project_id': None, 'service_project_domain_id': None, 'service_roles': []} {{(pid=87091) fill_context /opt/stack/keystone/keystone/server/flask/request_processing/middleware/auth_context.py:478}}
Jun 16 11:37:01.813344 dv-cinder-846146-2-iscsi devstack@keystone.service[87091]: DEBUG keystone.server.flask.request_processing.req_logging [None req-3a8cdb69-8040-477a-9d77-280d36a078c6 None admin] REQUEST_METHOD: `GET` {{(pid=87091) log_request_info /opt/stack/keystone/keystone/server/flask/request_processing/req_logging.py:27}}
Jun 16 11:37:01.813819 dv-cinder-846146-2-iscsi devstack@keystone.service[87091]: DEBUG keystone.server.flask.request_processing.req_logging [None req-3a8cdb69-8040-477a-9d77-280d36a078c6 None admin] SCRIPT_NAME: `/identity` {{(pid=87091) log_request_info /opt/stack/keystone/keystone/server/flask/request_processing/req_logging.py:28}}
Jun 16 11:37:01.814104 dv-cinder-846146-2-iscsi devstack@keystone.service[87091]: DEBUG keystone.server.flask.request_processing.req_logging [None req-3a8cdb69-8040-477a-9d77-280d36a078c6 None admin] PATH_INFO: `/v3/projects/85416ef9b7144e4889bdac4457d53735` {{(pid=87091) log_request_info /opt/stack/keystone/keystone/server/flask/request_processing/req_logging.py:29}}
Jun 16 11:37:01.815218 dv-cinder-846146-2-iscsi devstack@keystone.service[87092]: [pid: 87092|app: 0|req: 59/117] 10.222.0.40 () {60 vars in 1141 bytes} [Thu Jun 16 11:37:01 2022] POST /identity/v3/projects => generated 302 bytes in 222 msecs (HTTP/1.1 201) 5 headers in 182 bytes (1 switches on core 0)
Jun 16 11:37:01.815326 dv-cinder-846146-2-iscsi devstack@keystone.service[87091]: DEBUG keystone.common.rbac_enforcer.enforcer [None req-3a8cdb69-8040-477a-9d77-280d36a078c6 None admin] RBAC: Authorizing `identity:get_project(project_id=85416ef9b7144e4889bdac4457d53735)` {{(pid=87091) enforce_call /opt/stack/keystone/keystone/common/rbac_enforcer/enforcer.py:449}}
Jun 16 11:37:01.816552 dv-cinder-846146-2-iscsi devstack@keystone.service[87092]: DEBUG keystone.server.flask.request_processing.req_logging [None req-0924851e-d7cd-46e4-844f-c5eb9e939cce None None] REQUEST_METHOD: `GET` {{(pid=87092) log_request_info /opt/stack/keystone/keystone/server/flask/request_processing/req_logging.py:27}}
Jun 16 11:37:01.816823 dv-cinder-846146-2-iscsi devstack@keystone.service[87091]: DEBUG keystone.common.rbac_enforcer.enforcer [None req-3a8cdb69-8040-477a-9d77-280d36a078c6 None admin] RBAC: Authorization granted {{(pid=87091) enforce_call /opt/stack/keystone/keystone/common/rbac_enforcer/enforcer.py:457}}
Jun 16 11:37:01.816916 dv-cinder-846146-2-iscsi devstack@keystone.service[87092]: DEBUG keystone.server.flask.request_processing.req_logging [None req-0924851e-d7cd-46e4-844f-c5eb9e939cce None None] SCRIPT_NAME: `/identity` {{(pid=87092) log_request_info /opt/stack/keystone/keystone/server/flask/request_processing/req_logging.py:28}}
Jun 16 11:37:01.817115 dv-cinder-846146-2-iscsi devstack@keystone.service[87092]: DEBUG keystone.server.flask.request_processing.req_logging [None req-0924851e-d7cd-46e4-844f-c5eb9e939cce None None] PATH_INFO: `/` {{(pid=87092) log_request_info /opt/stack/keystone/keystone/server/flask/request_processing/req_logging.py:29}}
Jun 16 11:37:01.818523 dv-cinder-846146-2-iscsi devstack@keystone.service[87092]: [pid: 87092|app: 0|req: 60/118] 10.222.0.40 () {54 vars in 926 bytes} [Thu Jun 16 11:37:01 2022] GET /identity => generated 270 bytes in 3 msecs (HTTP/1.1 300) 6 headers in 234 bytes (1 switches on core 0)
Jun 16 11:37:01.818626 dv-cinder-846146-2-iscsi devstack@keystone.service[87091]: [pid: 87091|app: 0|req: 59/119] 10.222.0.40 () {56 vars in 1186 bytes} [Thu Jun 16 11:37:01 2022] GET /identity/v3/projects/85416ef9b7144e4889bdac4457d53735 => generated 298 bytes in 138 msecs (HTTP/1.1 200) 5 headers in 177 bytes (1 switches on core 0)
Jun 16 11:37:01.819668 dv-cinder-846146-2-iscsi devstack@keystone.service[87091]: DEBUG keystone.server.flask.request_processing.middleware.auth_context [None req-3a8cdb69-8040-477a-9d77-280d36a078c6 None admin] Authenticating user token {{(pid=87091) process_request /usr/local/lib/python3.8/dist-packages/keystonemiddleware/auth_token/__init__.py:407}}
Jun 16 11:37:01.824579 dv-cinder-846146-2-iscsi devstack@keystone.service[87092]: DEBUG keystone.server.flask.request_processing.req_logging [None req-9943f3a0-9cc6-4559-8790-1e8d890623fb None None] REQUEST_METHOD: `GET` {{(pid=87092) log_request_info /opt/stack/keystone/keystone/server/flask/request_processing/req_logging.py:27}}
Jun 16 11:37:01.824869 dv-cinder-846146-2-iscsi devstack@keystone.service[87092]: DEBUG keystone.server.flask.request_processing.req_logging [None req-9943f3a0-9cc6-4559-8790-1e8d890623fb None None] SCRIPT_NAME: `/identity` {{(pid=87092) log_request_info /opt/stack/keystone/keystone/server/flask/request_processing/req_logging.py:28}}
Jun 16 11:37:01.825150 dv-cinder-846146-2-iscsi devstack@keystone.service[87092]: DEBUG keystone.server.flask.request_processing.req_logging [None req-9943f3a0-9cc6-4559-8790-1e8d890623fb None None] PATH_INFO: `/` {{(pid=87092) log_request_info /opt/stack/keystone/keystone/server/flask/request_processing/req_logging.py:29}}
Jun 16 11:37:01.826788 dv-cinder-846146-2-iscsi devstack@keystone.service[87092]: [pid: 87092|app: 0|req: 61/120] 10.222.0.40 () {54 vars in 926 bytes} [Thu Jun 16 11:37:01 2022] GET /identity => generated 270 bytes in 8 msecs (HTTP/1.1 300) 6 headers in 234 bytes (1 switches on core 0)
Jun 16 11:37:01.827359 dv-cinder-846146-2-iscsi devstack@keystone.service[87092]: DEBUG keystone.server.flask.request_processing.middleware.auth_context [None req-9943f3a0-9cc6-4559-8790-1e8d890623fb None None] Authenticating user token {{(pid=87092) process_request /usr/local/lib/python3.8/dist-packages/keystonemiddleware/auth_token/__init__.py:407}}
Jun 16 11:37:01.879316 dv-cinder-846146-2-iscsi devstack@keystone.service[87092]: DEBUG dbcounter [-] [87092] Writing DB stats keystone:SELECT=99,keystone:INSERT=1 {{(pid=87092) stat_writer /usr/local/lib/python3.8/dist-packages/dbcounter.py:114}}
Jun 16 11:37:01.940572 dv-cinder-846146-2-iscsi devstack@keystone.service[87091]: DEBUG keystone.server.flask.request_processing.middleware.auth_context [None req-3a8cdb69-8040-477a-9d77-280d36a078c6 None admin] Validating token access rules against request {{(pid=87091) validate_allowed_request /usr/local/lib/python3.8/dist-packages/keystonemiddleware/auth_token/__init__.py:545}}
Jun 16 11:37:01.946837 dv-cinder-846146-2-iscsi devstack@keystone.service[87092]: DEBUG keystone.server.flask.request_processing.middleware.auth_context [None req-9943f3a0-9cc6-4559-8790-1e8d890623fb None None] Validating token access rules against request {{(pid=87092) validate_allowed_request /usr/local/lib/python3.8/dist-packages/keystonemiddleware/auth_token/__init__.py:545}}
Jun 16 11:37:01.982082 dv-cinder-846146-2-iscsi devstack@keystone.service[87091]: DEBUG keystone.server.flask.request_processing.middleware.auth_context [None req-07afccf8-269b-4291-8361-ef9397d4b001 None admin] RBAC: auth_context: {'token': , 'domain_id': None, 'trust_id': None, 'trustor_id': None, 'trustee_id': None, 'domain_name': None, 'group_ids': [], 'user_id': '1361568ee63a477ea9c9be31d039c80d', 'user_domain_id': 'default', 'system_scope': 'all', 'project_id': None, 'project_domain_id': None, 'roles': ['admin', 'member', 'reader'], 'is_admin_project': True, 'service_user_id': None, 'service_user_domain_id': None, 'service_project_id': None, 'service_project_domain_id': None, 'service_roles': []} {{(pid=87091) fill_context /opt/stack/keystone/keystone/server/flask/request_processing/middleware/auth_context.py:478}}
Jun 16 11:37:01.983449 dv-cinder-846146-2-iscsi devstack@keystone.service[87091]: DEBUG keystone.server.flask.request_processing.req_logging [None req-07afccf8-269b-4291-8361-ef9397d4b001 None admin] REQUEST_METHOD: `GET` {{(pid=87091) log_request_info /opt/stack/keystone/keystone/server/flask/request_processing/req_logging.py:27}}
Jun 16 11:37:01.983449 dv-cinder-846146-2-iscsi devstack@keystone.service[87091]: DEBUG keystone.server.flask.request_processing.req_logging [None req-07afccf8-269b-4291-8361-ef9397d4b001 None admin] SCRIPT_NAME: `/identity` {{(pid=87091) log_request_info /opt/stack/keystone/keystone/server/flask/request_processing/req_logging.py:28}}
Jun 16 11:37:01.983689 dv-cinder-846146-2-iscsi devstack@keystone.service[87091]: DEBUG keystone.server.flask.request_processing.req_logging [None req-07afccf8-269b-4291-8361-ef9397d4b001 None admin] PATH_INFO: `/v3/projects/85416ef9b7144e4889bdac4457d53735` {{(pid=87091) log_request_info /opt/stack/keystone/keystone/server/flask/request_processing/req_logging.py:29}}
Jun 16 11:37:01.985147 dv-cinder-846146-2-iscsi devstack@keystone.service[87091]: DEBUG keystone.common.rbac_enforcer.enforcer [None req-07afccf8-269b-4291-8361-ef9397d4b001 None admin] RBAC: Authorizing `identity:get_project(project_id=85416ef9b7144e4889bdac4457d53735)` {{(pid=87091) enforce_call /opt/stack/keystone/keystone/common/rbac_enforcer/enforcer.py:449}}
Jun 16 11:37:01.986347 dv-cinder-846146-2-iscsi devstack@keystone.service[87091]: DEBUG keystone.common.rbac_enforcer.enforcer [None req-07afccf8-269b-4291-8361-ef9397d4b001 None admin] RBAC: Authorization granted {{(pid=87091) enforce_call /opt/stack/keystone/keystone/common/rbac_enforcer/enforcer.py:457}}
Jun 16 11:37:01.988104 dv-cinder-846146-2-iscsi devstack@keystone.service[87091]: [pid: 87091|app: 0|req: 60/121] 10.222.0.40 () {56 vars in 1186 bytes} [Thu Jun 16 11:37:01 2022] GET /identity/v3/projects/85416ef9b7144e4889bdac4457d53735 => generated 298 bytes in 169 msecs (HTTP/1.1 200) 5 headers in 177 bytes (1 switches on core 0)
Jun 16 11:37:01.989277 dv-cinder-846146-2-iscsi devstack@keystone.service[87091]: DEBUG keystone.server.flask.request_processing.req_logging [None req-1584c7bf-7f1b-4edd-b79a-a3f4e96668ed None None] REQUEST_METHOD: `POST` {{(pid=87091) log_request_info /opt/stack/keystone/keystone/server/flask/request_processing/req_logging.py:27}}
Jun 16 11:37:01.989571 dv-cinder-846146-2-iscsi devstack@keystone.service[87091]: DEBUG keystone.server.flask.request_processing.req_logging [None req-1584c7bf-7f1b-4edd-b79a-a3f4e96668ed None None] SCRIPT_NAME: `/identity` {{(pid=87091) log_request_info /opt/stack/keystone/keystone/server/flask/request_processing/req_logging.py:28}}
Jun 16 11:37:01.989851 dv-cinder-846146-2-iscsi devstack@keystone.service[87091]: DEBUG keystone.server.flask.request_processing.req_logging [None req-1584c7bf-7f1b-4edd-b79a-a3f4e96668ed None None] PATH_INFO: `/v3/auth/tokens` {{(pid=87091) log_request_info /opt/stack/keystone/keystone/server/flask/request_processing/req_logging.py:29}}
Jun 16 11:37:01.992474 dv-cinder-846146-2-iscsi devstack@keystone.service[87092]: DEBUG keystone.server.flask.request_processing.middleware.auth_context [None req-68b5cff4-61e4-442d-b30b-bd5a16281c16 None admin] RBAC: auth_context: {'token': , 'domain_id': None, 'trust_id': None, 'trustor_id': None, 'trustee_id': None, 'domain_name': None, 'group_ids': [], 'user_id': '1361568ee63a477ea9c9be31d039c80d', 'user_domain_id': 'default', 'system_scope': 'all', 'project_id': None, 'project_domain_id': None, 'roles': ['admin', 'member', 'reader'], 'is_admin_project': True, 'service_user_id': None, 'service_user_domain_id': None, 'service_project_id': None, 'service_project_domain_id': None, 'service_roles': []} {{(pid=87092) fill_context /opt/stack/keystone/keystone/server/flask/request_processing/middleware/auth_context.py:478}}
Jun 16 11:37:01.993715 dv-cinder-846146-2-iscsi devstack@keystone.service[87092]: DEBUG keystone.server.flask.request_processing.req_logging [None req-68b5cff4-61e4-442d-b30b-bd5a16281c16 None admin] REQUEST_METHOD: `GET` {{(pid=87092) log_request_info /opt/stack/keystone/keystone/server/flask/request_processing/req_logging.py:27}}
Jun 16 11:37:01.994165 dv-cinder-846146-2-iscsi devstack@keystone.service[87092]: DEBUG keystone.server.flask.request_processing.req_logging [None req-68b5cff4-61e4-442d-b30b-bd5a16281c16 None admin] SCRIPT_NAME: `/identity` {{(pid=87092) log_request_info /opt/stack/keystone/keystone/server/flask/request_processing/req_logging.py:28}}
Jun 16 11:37:01.994449 dv-cinder-846146-2-iscsi devstack@keystone.service[87092]: DEBUG keystone.server.flask.request_processing.req_logging [None req-68b5cff4-61e4-442d-b30b-bd5a16281c16 None admin] PATH_INFO: `/v3/projects/85416ef9b7144e4889bdac4457d53735` {{(pid=87092) log_request_info /opt/stack/keystone/keystone/server/flask/request_processing/req_logging.py:29}}
Jun 16 11:37:01.995753 dv-cinder-846146-2-iscsi devstack@keystone.service[87092]: DEBUG keystone.common.rbac_enforcer.enforcer [None req-68b5cff4-61e4-442d-b30b-bd5a16281c16 None admin] RBAC: Authorizing `identity:get_project(project_id=85416ef9b7144e4889bdac4457d53735)` {{(pid=87092) enforce_call /opt/stack/keystone/keystone/common/rbac_enforcer/enforcer.py:449}}
Jun 16 11:37:01.997708 dv-cinder-846146-2-iscsi devstack@keystone.service[87092]: DEBUG keystone.common.rbac_enforcer.enforcer [None req-68b5cff4-61e4-442d-b30b-bd5a16281c16 None admin] RBAC: Authorization granted {{(pid=87092) enforce_call /opt/stack/keystone/keystone/common/rbac_enforcer/enforcer.py:457}}
Jun 16 11:37:01.999110 dv-cinder-846146-2-iscsi devstack@keystone.service[87092]: [pid: 87092|app: 0|req: 62/122] 10.222.0.40 () {56 vars in 1186 bytes} [Thu Jun 16 11:37:01 2022] GET /identity/v3/projects/85416ef9b7144e4889bdac4457d53735 => generated 298 bytes in 172 msecs (HTTP/1.1 200) 5 headers in 177 bytes (1 switches on core 0)
Jun 16 11:37:01.999960 dv-cinder-846146-2-iscsi devstack@keystone.service[87092]: DEBUG keystone.server.flask.request_processing.middleware.auth_context [None req-68b5cff4-61e4-442d-b30b-bd5a16281c16 None admin] Authenticating user token {{(pid=87092) process_request /usr/local/lib/python3.8/dist-packages/keystonemiddleware/auth_token/__init__.py:407}}
Jun 16 11:37:02.011012 dv-cinder-846146-2-iscsi devstack@keystone.service[87091]: DEBUG keystone.auth.core [None req-1584c7bf-7f1b-4edd-b79a-a3f4e96668ed None None] MFA Rules not processed for user `1361568ee63a477ea9c9be31d039c80d`. Rule list: `[]` (Enabled: `True`). {{(pid=87091) check_auth_methods_against_rules /opt/stack/keystone/keystone/auth/core.py:438}}
Jun 16 11:37:02.011411 dv-cinder-846146-2-iscsi devstack@keystone.service[87091]: DEBUG keystone.common.fernet_utils [None req-1584c7bf-7f1b-4edd-b79a-a3f4e96668ed None None] Loaded 2 Fernet keys from /etc/keystone/fernet-keys/, but `[fernet_tokens] max_active_keys = 3`; perhaps there have not been enough key rotations to reach `max_active_keys` yet? {{(pid=87091) load_keys /opt/stack/keystone/keystone/common/fernet_utils.py:286}}
Jun 16 11:37:02.037259 dv-cinder-846146-2-iscsi devstack@keystone.service[87091]: DEBUG dbcounter [-] [87091] Writing DB stats keystone:SELECT=100 {{(pid=87091) stat_writer /usr/local/lib/python3.8/dist-packages/dbcounter.py:114}}
Jun 16 11:37:02.087724 dv-cinder-846146-2-iscsi devstack@keystone.service[87091]: [pid: 87091|app: 0|req: 61/123] 10.222.0.40 () {58 vars in 1023 bytes} [Thu Jun 16 11:37:01 2022] POST /identity/v3/auth/tokens => generated 799 bytes in 99 msecs (HTTP/1.1 201) 6 headers in 363 bytes (1 switches on core 0)
Jun 16 11:37:02.089061 dv-cinder-846146-2-iscsi devstack@keystone.service[87091]: DEBUG keystone.server.flask.request_processing.req_logging [None req-7046c7d5-17d8-4ed7-b292-68d4d1e01847 None None] REQUEST_METHOD: `POST` {{(pid=87091) log_request_info /opt/stack/keystone/keystone/server/flask/request_processing/req_logging.py:27}}
Jun 16 11:37:02.089351 dv-cinder-846146-2-iscsi devstack@keystone.service[87091]: DEBUG keystone.server.flask.request_processing.req_logging [None req-7046c7d5-17d8-4ed7-b292-68d4d1e01847 None None] SCRIPT_NAME: `/identity` {{(pid=87091) log_request_info /opt/stack/keystone/keystone/server/flask/request_processing/req_logging.py:28}}
Jun 16 11:37:02.089636 dv-cinder-846146-2-iscsi devstack@keystone.service[87091]: DEBUG keystone.server.flask.request_processing.req_logging [None req-7046c7d5-17d8-4ed7-b292-68d4d1e01847 None None] PATH_INFO: `/v3/auth/tokens` {{(pid=87091) log_request_info /opt/stack/keystone/keystone/server/flask/request_processing/req_logging.py:29}}
Jun 16 11:37:02.118631 dv-cinder-846146-2-iscsi devstack@keystone.service[87091]: DEBUG keystone.auth.core [None req-7046c7d5-17d8-4ed7-b292-68d4d1e01847 None None] MFA Rules not processed for user `1361568ee63a477ea9c9be31d039c80d`. Rule list: `[]` (Enabled: `True`). {{(pid=87091) check_auth_methods_against_rules /opt/stack/keystone/keystone/auth/core.py:438}}
Jun 16 11:37:02.119839 dv-cinder-846146-2-iscsi devstack@keystone.service[87091]: DEBUG keystone.common.fernet_utils [None req-7046c7d5-17d8-4ed7-b292-68d4d1e01847 None None] Loaded 2 Fernet keys from /etc/keystone/fernet-keys/, but `[fernet_tokens] max_active_keys = 3`; perhaps there have not been enough key rotations to reach `max_active_keys` yet? {{(pid=87091) load_keys /opt/stack/keystone/keystone/common/fernet_utils.py:286}}
Jun 16 11:37:02.121437 dv-cinder-846146-2-iscsi devstack@keystone.service[87092]: DEBUG keystone.server.flask.request_processing.middleware.auth_context [None req-68b5cff4-61e4-442d-b30b-bd5a16281c16 None admin] Validating token access rules against request {{(pid=87092) validate_allowed_request /usr/local/lib/python3.8/dist-packages/keystonemiddleware/auth_token/__init__.py:545}}
Jun 16 11:37:02.132185 dv-cinder-846146-2-iscsi devstack@keystone.service[87092]: DEBUG dbcounter [-] [87092] Writing DB stats keystone:SELECT=100 {{(pid=87092) stat_writer /usr/local/lib/python3.8/dist-packages/dbcounter.py:114}}
Jun 16 11:37:02.159940 dv-cinder-846146-2-iscsi devstack@keystone.service[87092]: DEBUG keystone.server.flask.request_processing.middleware.auth_context [None req-7fcfa435-f833-4f9f-8141-7ff14136ab8e None admin] RBAC: auth_context: {'token': , 'domain_id': None, 'trust_id': None, 'trustor_id': None, 'trustee_id': None, 'domain_name': None, 'group_ids': [], 'user_id': '1361568ee63a477ea9c9be31d039c80d', 'user_domain_id': 'default', 'system_scope': 'all', 'project_id': None, 'project_domain_id': None, 'roles': ['admin', 'member', 'reader'], 'is_admin_project': True, 'service_user_id': None, 'service_user_domain_id': None, 'service_project_id': None, 'service_project_domain_id': None, 'service_roles': []} {{(pid=87092) fill_context /opt/stack/keystone/keystone/server/flask/request_processing/middleware/auth_context.py:478}}
Jun 16 11:37:02.162120 dv-cinder-846146-2-iscsi devstack@keystone.service[87092]: DEBUG keystone.server.flask.request_processing.req_logging [None req-7fcfa435-f833-4f9f-8141-7ff14136ab8e None admin] REQUEST_METHOD: `PUT` {{(pid=87092) log_request_info /opt/stack/keystone/keystone/server/flask/request_processing/req_logging.py:27}}
Jun 16 11:37:02.162120 dv-cinder-846146-2-iscsi devstack@keystone.service[87092]: DEBUG keystone.server.flask.request_processing.req_logging [None req-7fcfa435-f833-4f9f-8141-7ff14136ab8e None admin] SCRIPT_NAME: `/identity` {{(pid=87092) log_request_info /opt/stack/keystone/keystone/server/flask/request_processing/req_logging.py:28}}
Jun 16 11:37:02.162120 dv-cinder-846146-2-iscsi devstack@keystone.service[87092]: DEBUG keystone.server.flask.request_processing.req_logging [None req-7fcfa435-f833-4f9f-8141-7ff14136ab8e None admin] PATH_INFO: `/v3/projects/85416ef9b7144e4889bdac4457d53735/users/05e24c3335b843adafa09ce1a2c81793/roles/c2d46bdeda48498b8c04ea76027be796` {{(pid=87092) log_request_info /opt/stack/keystone/keystone/server/flask/request_processing/req_logging.py:29}}
Jun 16 11:37:02.163757 dv-cinder-846146-2-iscsi devstack@keystone.service[87092]: DEBUG keystone.common.rbac_enforcer.enforcer [None req-7fcfa435-f833-4f9f-8141-7ff14136ab8e None admin] RBAC: Authorizing `identity:create_grant(project_id=85416ef9b7144e4889bdac4457d53735, user_id=05e24c3335b843adafa09ce1a2c81793, role_id=c2d46bdeda48498b8c04ea76027be796)` {{(pid=87092) enforce_call /opt/stack/keystone/keystone/common/rbac_enforcer/enforcer.py:449}}
Jun 16 11:37:02.165607 dv-cinder-846146-2-iscsi devstack@keystone.service[87092]: DEBUG keystone.common.rbac_enforcer.enforcer [None req-7fcfa435-f833-4f9f-8141-7ff14136ab8e None admin] RBAC: Authorization granted {{(pid=87092) enforce_call /opt/stack/keystone/keystone/common/rbac_enforcer/enforcer.py:457}}
Jun 16 11:37:02.189484 dv-cinder-846146-2-iscsi devstack@keystone.service[87091]: [pid: 87091|app: 0|req: 62/124] 10.222.0.40 () {58 vars in 1023 bytes} [Thu Jun 16 11:37:02 2022] POST /identity/v3/auth/tokens => generated 799 bytes in 101 msecs (HTTP/1.1 201) 6 headers in 363 bytes (1 switches on core 0)
Jun 16 11:37:02.190321 dv-cinder-846146-2-iscsi devstack@keystone.service[87091]: DEBUG keystone.server.flask.request_processing.middleware.auth_context [None req-7046c7d5-17d8-4ed7-b292-68d4d1e01847 None None] Authenticating user token {{(pid=87091) process_request /usr/local/lib/python3.8/dist-packages/keystonemiddleware/auth_token/__init__.py:407}}
Jun 16 11:37:02.267466 dv-cinder-846146-2-iscsi devstack@keystone.service[87092]: [pid: 87092|app: 0|req: 63/125] 10.222.0.40 () {58 vars in 1439 bytes} [Thu Jun 16 11:37:01 2022] PUT /identity/v3/projects/85416ef9b7144e4889bdac4457d53735/users/05e24c3335b843adafa09ce1a2c81793/roles/c2d46bdeda48498b8c04ea76027be796 => generated 0 bytes in 268 msecs (HTTP/1.1 204) 3 headers in 132 bytes (0 switches on core 0)
Jun 16 11:37:02.269210 dv-cinder-846146-2-iscsi devstack@keystone.service[87092]: DEBUG keystone.server.flask.request_processing.middleware.auth_context [None req-7fcfa435-f833-4f9f-8141-7ff14136ab8e None admin] Authenticating user token {{(pid=87092) process_request /usr/local/lib/python3.8/dist-packages/keystonemiddleware/auth_token/__init__.py:407}}
Jun 16 11:37:02.291625 dv-cinder-846146-2-iscsi devstack@keystone.service[87091]: DEBUG dbcounter [-] [87091] Writing DB stats keystone:SELECT=100 {{(pid=87091) stat_writer /usr/local/lib/python3.8/dist-packages/dbcounter.py:114}}
Jun 16 11:37:02.309356 dv-cinder-846146-2-iscsi devstack@keystone.service[87091]: DEBUG keystone.server.flask.request_processing.middleware.auth_context [None req-7046c7d5-17d8-4ed7-b292-68d4d1e01847 None None] Validating token access rules against request {{(pid=87091) validate_allowed_request /usr/local/lib/python3.8/dist-packages/keystonemiddleware/auth_token/__init__.py:545}}
Jun 16 11:37:02.352067 dv-cinder-846146-2-iscsi devstack@keystone.service[87091]: DEBUG keystone.server.flask.request_processing.middleware.auth_context [None req-7cd5f851-35b6-43cc-8d9c-854b31c9a94a None admin] RBAC: auth_context: {'token': , 'domain_id': None, 'trust_id': None, 'trustor_id': None, 'trustee_id': None, 'domain_name': None, 'group_ids': [], 'user_id': '1361568ee63a477ea9c9be31d039c80d', 'user_domain_id': 'default', 'system_scope': 'all', 'project_id': None, 'project_domain_id': None, 'roles': ['admin', 'member', 'reader'], 'is_admin_project': True, 'service_user_id': None, 'service_user_domain_id': None, 'service_project_id': None, 'service_project_domain_id': None, 'service_roles': []} {{(pid=87091) fill_context /opt/stack/keystone/keystone/server/flask/request_processing/middleware/auth_context.py:478}}
Jun 16 11:37:02.353180 dv-cinder-846146-2-iscsi devstack@keystone.service[87091]: DEBUG keystone.server.flask.request_processing.req_logging [None req-7cd5f851-35b6-43cc-8d9c-854b31c9a94a None admin] REQUEST_METHOD: `PUT` {{(pid=87091) log_request_info /opt/stack/keystone/keystone/server/flask/request_processing/req_logging.py:27}}
Jun 16 11:37:02.353566 dv-cinder-846146-2-iscsi devstack@keystone.service[87091]: DEBUG keystone.server.flask.request_processing.req_logging [None req-7cd5f851-35b6-43cc-8d9c-854b31c9a94a None admin] SCRIPT_NAME: `/identity` {{(pid=87091) log_request_info /opt/stack/keystone/keystone/server/flask/request_processing/req_logging.py:28}}
Jun 16 11:37:02.353965 dv-cinder-846146-2-iscsi devstack@keystone.service[87091]: DEBUG keystone.server.flask.request_processing.req_logging [None req-7cd5f851-35b6-43cc-8d9c-854b31c9a94a None admin] PATH_INFO: `/v3/projects/85416ef9b7144e4889bdac4457d53735/users/1361568ee63a477ea9c9be31d039c80d/roles/fda22db004a64c87b35510b321190ad4` {{(pid=87091) log_request_info /opt/stack/keystone/keystone/server/flask/request_processing/req_logging.py:29}}
Jun 16 11:37:02.359099 dv-cinder-846146-2-iscsi devstack@keystone.service[87091]: DEBUG keystone.common.rbac_enforcer.enforcer [None req-7cd5f851-35b6-43cc-8d9c-854b31c9a94a None admin] RBAC: Authorizing `identity:create_grant(project_id=85416ef9b7144e4889bdac4457d53735, user_id=1361568ee63a477ea9c9be31d039c80d, role_id=fda22db004a64c87b35510b321190ad4)` {{(pid=87091) enforce_call /opt/stack/keystone/keystone/common/rbac_enforcer/enforcer.py:449}}
Jun 16 11:37:02.359099 dv-cinder-846146-2-iscsi devstack@keystone.service[87091]: DEBUG keystone.common.rbac_enforcer.enforcer [None req-7cd5f851-35b6-43cc-8d9c-854b31c9a94a None admin] RBAC: Authorization granted {{(pid=87091) enforce_call /opt/stack/keystone/keystone/common/rbac_enforcer/enforcer.py:457}}
Jun 16 11:37:02.408746 dv-cinder-846146-2-iscsi devstack@keystone.service[87092]: DEBUG keystone.server.flask.request_processing.middleware.auth_context [None req-7fcfa435-f833-4f9f-8141-7ff14136ab8e None admin] Validating token access rules against request {{(pid=87092) validate_allowed_request /usr/local/lib/python3.8/dist-packages/keystonemiddleware/auth_token/__init__.py:545}}
Jun 16 11:37:02.437485 dv-cinder-846146-2-iscsi devstack@keystone.service[87091]: [pid: 87091|app: 0|req: 63/126] 10.222.0.40 () {58 vars in 1439 bytes} [Thu Jun 16 11:37:02 2022] PUT /identity/v3/projects/85416ef9b7144e4889bdac4457d53735/users/1361568ee63a477ea9c9be31d039c80d/roles/fda22db004a64c87b35510b321190ad4 => generated 0 bytes in 247 msecs (HTTP/1.1 204) 3 headers in 132 bytes (0 switches on core 0)
Jun 16 11:37:02.440448 dv-cinder-846146-2-iscsi devstack@keystone.service[87091]: DEBUG keystone.server.flask.request_processing.middleware.auth_context [None req-7cd5f851-35b6-43cc-8d9c-854b31c9a94a None admin] Authenticating user token {{(pid=87091) process_request /usr/local/lib/python3.8/dist-packages/keystonemiddleware/auth_token/__init__.py:407}}
Jun 16 11:37:02.464604 dv-cinder-846146-2-iscsi devstack@keystone.service[87092]: DEBUG keystone.server.flask.request_processing.middleware.auth_context [None req-05829b68-2c6d-493b-a8b1-f2602e173c35 None admin] RBAC: auth_context: {'token': , 'domain_id': None, 'trust_id': None, 'trustor_id': None, 'trustee_id': None, 'domain_name': None, 'group_ids': [], 'user_id': '1361568ee63a477ea9c9be31d039c80d', 'user_domain_id': 'default', 'system_scope': 'all', 'project_id': None, 'project_domain_id': None, 'roles': ['admin', 'member', 'reader'], 'is_admin_project': True, 'service_user_id': None, 'service_user_domain_id': None, 'service_project_id': None, 'service_project_domain_id': None, 'service_roles': []} {{(pid=87092) fill_context /opt/stack/keystone/keystone/server/flask/request_processing/middleware/auth_context.py:478}}
Jun 16 11:37:02.465865 dv-cinder-846146-2-iscsi devstack@keystone.service[87092]: DEBUG keystone.server.flask.request_processing.req_logging [None req-05829b68-2c6d-493b-a8b1-f2602e173c35 None admin] REQUEST_METHOD: `GET` {{(pid=87092) log_request_info /opt/stack/keystone/keystone/server/flask/request_processing/req_logging.py:27}}
Jun 16 11:37:02.466363 dv-cinder-846146-2-iscsi devstack@keystone.service[87092]: DEBUG keystone.server.flask.request_processing.req_logging [None req-05829b68-2c6d-493b-a8b1-f2602e173c35 None admin] SCRIPT_NAME: `/identity` {{(pid=87092) log_request_info /opt/stack/keystone/keystone/server/flask/request_processing/req_logging.py:28}}
Jun 16 11:37:02.466838 dv-cinder-846146-2-iscsi devstack@keystone.service[87092]: DEBUG keystone.server.flask.request_processing.req_logging [None req-05829b68-2c6d-493b-a8b1-f2602e173c35 None admin] PATH_INFO: `/v3/role_assignments` {{(pid=87092) log_request_info /opt/stack/keystone/keystone/server/flask/request_processing/req_logging.py:29}}
Jun 16 11:37:02.468176 dv-cinder-846146-2-iscsi devstack@keystone.service[87092]: DEBUG keystone.common.rbac_enforcer.enforcer [None req-05829b68-2c6d-493b-a8b1-f2602e173c35 None admin] RBAC: Adding query filter params (role.id=30c1267a61504942b5b1382cc1d47901, scope.project.id=85416ef9b7144e4889bdac4457d53735, user.id=07b2dc53ce78426590f517a8a1e98ffd) {{(pid=87092) _extract_filter_values /opt/stack/keystone/keystone/common/rbac_enforcer/enforcer.py:167}}
Jun 16 11:37:02.468705 dv-cinder-846146-2-iscsi devstack@keystone.service[87092]: DEBUG keystone.common.rbac_enforcer.enforcer [None req-05829b68-2c6d-493b-a8b1-f2602e173c35 None admin] RBAC: Authorizing `identity:list_role_assignments()` {{(pid=87092) enforce_call /opt/stack/keystone/keystone/common/rbac_enforcer/enforcer.py:449}}
Jun 16 11:37:02.470715 dv-cinder-846146-2-iscsi devstack@keystone.service[87092]: DEBUG keystone.common.rbac_enforcer.enforcer [None req-05829b68-2c6d-493b-a8b1-f2602e173c35 None admin] RBAC: Authorization granted {{(pid=87092) enforce_call /opt/stack/keystone/keystone/common/rbac_enforcer/enforcer.py:457}}
Jun 16 11:37:02.479410 dv-cinder-846146-2-iscsi devstack@keystone.service[87092]: [pid: 87092|app: 0|req: 64/127] 10.222.0.40 () {56 vars in 1374 bytes} [Thu Jun 16 11:37:02 2022] GET /identity/v3/role_assignments?user.id=07b2dc53ce78426590f517a8a1e98ffd&scope.project.id=85416ef9b7144e4889bdac4457d53735&role.id=30c1267a61504942b5b1382cc1d47901 => generated 259 bytes in 211 msecs (HTTP/1.1 200) 5 headers in 177 bytes (1 switches on core 0)
Jun 16 11:37:02.480918 dv-cinder-846146-2-iscsi devstack@keystone.service[87092]: DEBUG keystone.server.flask.request_processing.middleware.auth_context [None req-05829b68-2c6d-493b-a8b1-f2602e173c35 None admin] Authenticating user token {{(pid=87092) process_request /usr/local/lib/python3.8/dist-packages/keystonemiddleware/auth_token/__init__.py:407}}
Jun 16 11:37:02.549228 dv-cinder-846146-2-iscsi devstack@keystone.service[87092]: DEBUG dbcounter [-] [87092] Writing DB stats keystone:SELECT=99,keystone:INSERT=1 {{(pid=87092) stat_writer /usr/local/lib/python3.8/dist-packages/dbcounter.py:114}}
Jun 16 11:37:02.643599 dv-cinder-846146-2-iscsi devstack@keystone.service[87091]: DEBUG keystone.server.flask.request_processing.middleware.auth_context [None req-7cd5f851-35b6-43cc-8d9c-854b31c9a94a None admin] Validating token access rules against request {{(pid=87091) validate_allowed_request /usr/local/lib/python3.8/dist-packages/keystonemiddleware/auth_token/__init__.py:545}}
Jun 16 11:37:02.705467 dv-cinder-846146-2-iscsi devstack@keystone.service[87092]: DEBUG keystone.server.flask.request_processing.middleware.auth_context [None req-05829b68-2c6d-493b-a8b1-f2602e173c35 None admin] Validating token access rules against request {{(pid=87092) validate_allowed_request /usr/local/lib/python3.8/dist-packages/keystonemiddleware/auth_token/__init__.py:545}}
Jun 16 11:37:02.726890 dv-cinder-846146-2-iscsi devstack@keystone.service[87091]: DEBUG keystone.server.flask.request_processing.middleware.auth_context [None req-a34b724a-a51d-4d0a-97a1-717af05f4338 None admin] RBAC: auth_context: {'token': , 'domain_id': None, 'trust_id': None, 'trustor_id': None, 'trustee_id': None, 'domain_name': None, 'group_ids': [], 'user_id': '1361568ee63a477ea9c9be31d039c80d', 'user_domain_id': 'default', 'system_scope': 'all', 'project_id': None, 'project_domain_id': None, 'roles': ['admin', 'member', 'reader'], 'is_admin_project': True, 'service_user_id': None, 'service_user_domain_id': None, 'service_project_id': None, 'service_project_domain_id': None, 'service_roles': []} {{(pid=87091) fill_context /opt/stack/keystone/keystone/server/flask/request_processing/middleware/auth_context.py:478}}
Jun 16 11:37:02.728123 dv-cinder-846146-2-iscsi devstack@keystone.service[87091]: DEBUG keystone.server.flask.request_processing.req_logging [None req-a34b724a-a51d-4d0a-97a1-717af05f4338 None admin] REQUEST_METHOD: `GET` {{(pid=87091) log_request_info /opt/stack/keystone/keystone/server/flask/request_processing/req_logging.py:27}}
Jun 16 11:37:02.728590 dv-cinder-846146-2-iscsi devstack@keystone.service[87091]: DEBUG keystone.server.flask.request_processing.req_logging [None req-a34b724a-a51d-4d0a-97a1-717af05f4338 None admin] SCRIPT_NAME: `/identity` {{(pid=87091) log_request_info /opt/stack/keystone/keystone/server/flask/request_processing/req_logging.py:28}}
Jun 16 11:37:02.729058 dv-cinder-846146-2-iscsi devstack@keystone.service[87091]: DEBUG keystone.server.flask.request_processing.req_logging [None req-a34b724a-a51d-4d0a-97a1-717af05f4338 None admin] PATH_INFO: `/v3/roles/anotherrole` {{(pid=87091) log_request_info /opt/stack/keystone/keystone/server/flask/request_processing/req_logging.py:29}}
Jun 16 11:37:02.752175 dv-cinder-846146-2-iscsi devstack@keystone.service[87091]: DEBUG keystone.common.rbac_enforcer.enforcer [None req-a34b724a-a51d-4d0a-97a1-717af05f4338 None admin] Extracting inferred target data resulted in "NOT FOUND (404)". {{(pid=87091) enforce_call /opt/stack/keystone/keystone/common/rbac_enforcer/enforcer.py:409}}
Jun 16 11:37:02.762190 dv-cinder-846146-2-iscsi devstack@keystone.service[87091]: ERROR keystone.server.flask.application [None req-a34b724a-a51d-4d0a-97a1-717af05f4338 None admin] Could not find role: anotherrole.: keystone.exception.RoleNotFound: Could not find role: anotherrole.
Jun 16 11:37:02.762190 dv-cinder-846146-2-iscsi devstack@keystone.service[87091]: ERROR keystone.server.flask.application
Traceback (most recent call last):
Jun 16 11:37:02.762190 dv-cinder-846146-2-iscsi devstack@keystone.service[87091]: ERROR keystone.server.flask.application
File "/usr/local/lib/python3.8/dist-packages/flask/app.py", line 1523, in full_dispatch_request
Jun 16 11:37:02.762190 dv-cinder-846146-2-iscsi devstack@keystone.service[87091]: ERROR keystone.server.flask.application rv = self.dispatch_request()
Jun 16 11:37:02.762190 dv-cinder-846146-2-iscsi devstack@keystone.service[87091]: ERROR keystone.server.flask.application
File "/usr/local/lib/python3.8/dist-packages/flask/app.py", line 1509, in dispatch_request
Jun 16 11:37:02.762190 dv-cinder-846146-2-iscsi devstack@keystone.service[87091]: ERROR keystone.server.flask.application return self.ensure_sync(self.view_functions[rule.endpoint])(**req.view_args)
Jun 16 11:37:02.762190 dv-cinder-846146-2-iscsi devstack@keystone.service[87091]: ERROR keystone.server.flask.application
File "/usr/local/lib/python3.8/dist-packages/flask_restful/__init__.py", line 467, in wrapper
Jun 16 11:37:02.762190 dv-cinder-846146-2-iscsi devstack@keystone.service[87091]: ERROR keystone.server.flask.application resp = resource(*args, **kwargs)
Jun 16 11:37:02.762190 dv-cinder-846146-2-iscsi devstack@keystone.service[87091]: ERROR keystone.server.flask.application
File "/usr/local/lib/python3.8/dist-packages/flask/views.py", line 84, in view
Jun 16 11:37:02.762190 dv-cinder-846146-2-iscsi devstack@keystone.service[87091]: ERROR keystone.server.flask.application return current_app.ensure_sync(self.dispatch_request)(*args, **kwargs)
Jun 16 11:37:02.762190 dv-cinder-846146-2-iscsi devstack@keystone.service[87091]: ERROR keystone.server.flask.application
File "/usr/local/lib/python3.8/dist-packages/flask_restful/__init__.py", line 582, in dispatch_request
Jun 16 11:37:02.762190 dv-cinder-846146-2-iscsi devstack@keystone.service[87091]: ERROR keystone.server.flask.application resp = meth(*args, **kwargs)
Jun 16 11:37:02.762190 dv-cinder-846146-2-iscsi devstack@keystone.service[87091]: ERROR keystone.server.flask.application
File "/opt/stack/keystone/keystone/api/roles.py", line 50, in get
Jun 16 11:37:02.762190 dv-cinder-846146-2-iscsi devstack@keystone.service[87091]: ERROR keystone.server.flask.application return self._get_role(role_id)
Jun 16 11:37:02.762190 dv-cinder-846146-2-iscsi devstack@keystone.service[87091]: ERROR keystone.server.flask.application
File "/opt/stack/keystone/keystone/api/roles.py", line 70, in _get_role
Jun 16 11:37:02.762190 dv-cinder-846146-2-iscsi devstack@keystone.service[87091]: ERROR keystone.server.flask.application ENFORCER.enforce_call(action='identity:get_role')
Jun 16 11:37:02.763078 dv-cinder-846146-2-iscsi devstack@keystone.service[87091]: ERROR keystone.server.flask.application
File "/opt/stack/keystone/keystone/common/rbac_enforcer/enforcer.py", line 402, in enforce_call
Jun 16 11:37:02.763078 dv-cinder-846146-2-iscsi devstack@keystone.service[87091]: ERROR keystone.server.flask.application policy_dict.update(cls._extract_member_target_data(
Jun 16 11:37:02.763078 dv-cinder-846146-2-iscsi devstack@keystone.service[87091]: ERROR keystone.server.flask.application
File "/opt/stack/keystone/keystone/common/rbac_enforcer/enforcer.py", line 234, in _extract_member_target_data
Jun 16 11:37:02.763078 dv-cinder-846146-2-iscsi devstack@keystone.service[87091]: ERROR keystone.server.flask.application member_name: func(flask.request.view_args[key])
Jun 16 11:37:02.763078 dv-cinder-846146-2-iscsi devstack@keystone.service[87091]: ERROR keystone.server.flask.application
File "/opt/stack/keystone/keystone/common/manager.py", line 115, in wrapped
Jun 16 11:37:02.763078 dv-cinder-846146-2-iscsi devstack@keystone.service[87091]: ERROR keystone.server.flask.application __ret_val = __f(*args, **kwargs)
Jun 16 11:37:02.763078 dv-cinder-846146-2-iscsi devstack@keystone.service[87091]: ERROR keystone.server.flask.application
File "/usr/local/lib/python3.8/dist-packages/decorator.py", line 232, in fun
Jun 16 11:37:02.763078 dv-cinder-846146-2-iscsi devstack@keystone.service[87091]: ERROR keystone.server.flask.application return caller(func, *(extras + args), **kw)
Jun 16 11:37:02.763078 dv-cinder-846146-2-iscsi devstack@keystone.service[87091]: ERROR keystone.server.flask.application
File "/usr/local/lib/python3.8/dist-packages/dogpile/cache/region.py", line 1577, in get_or_create_for_user_func
Jun 16 11:37:02.763078 dv-cinder-846146-2-iscsi devstack@keystone.service[87091]: ERROR keystone.server.flask.application return self.get_or_create(
Jun 16 11:37:02.763078 dv-cinder-846146-2-iscsi devstack@keystone.service[87091]: ERROR keystone.server.flask.application
File "/usr/local/lib/python3.8/dist-packages/dogpile/cache/region.py", line 1042, in get_or_create
Jun 16 11:37:02.763078 dv-cinder-846146-2-iscsi devstack@keystone.service[87091]: ERROR keystone.server.flask.application with Lock(
Jun 16 11:37:02.763078 dv-cinder-846146-2-iscsi devstack@keystone.service[87091]: ERROR keystone.server.flask.application
File "/usr/local/lib/python3.8/dist-packages/dogpile/lock.py", line 185, in __enter__
Jun 16 11:37:02.763078 dv-cinder-846146-2-iscsi devstack@keystone.service[87091]: ERROR keystone.server.flask.application return self._enter()
Jun 16 11:37:02.763078 dv-cinder-846146-2-iscsi devstack@keystone.service[87091]: ERROR keystone.server.flask.application
File "/usr/local/lib/python3.8/dist-packages/dogpile/lock.py", line 94, in _enter
Jun 16 11:37:02.763078 dv-cinder-846146-2-iscsi devstack@keystone.service[87091]: ERROR keystone.server.flask.application generated = self._enter_create(value, createdtime)
Jun 16 11:37:02.763852 dv-cinder-846146-2-iscsi devstack@keystone.service[87091]: ERROR keystone.server.flask.application
File "/usr/local/lib/python3.8/dist-packages/dogpile/lock.py", line 178, in _enter_create
Jun 16 11:37:02.763852 dv-cinder-846146-2-iscsi devstack@keystone.service[87091]: ERROR keystone.server.flask.application return self.creator()
Jun 16 11:37:02.763852 dv-cinder-846146-2-iscsi devstack@keystone.service[87091]: ERROR keystone.server.flask.application
File "/usr/local/lib/python3.8/dist-packages/dogpile/cache/region.py", line 995, in gen_value
Jun 16 11:37:02.763852 dv-cinder-846146-2-iscsi devstack@keystone.service[87091]: ERROR keystone.server.flask.application created_value = creator(
Jun 16 11:37:02.763852 dv-cinder-846146-2-iscsi devstack@keystone.service[87091]: ERROR keystone.server.flask.application
File "/opt/stack/keystone/keystone/assignment/core.py", line 1276, in get_role
Jun 16 11:37:02.763852 dv-cinder-846146-2-iscsi devstack@keystone.service[87091]: ERROR keystone.server.flask.application return self.driver.get_role(role_id)
Jun 16 11:37:02.763852 dv-cinder-846146-2-iscsi devstack@keystone.service[87091]: ERROR keystone.server.flask.application
File "/opt/stack/keystone/keystone/assignment/role_backends/sql.py", line 70, in get_role
Jun 16 11:37:02.763852 dv-cinder-846146-2-iscsi devstack@keystone.service[87091]: ERROR keystone.server.flask.application return self._get_role(session, role_id).to_dict()
Jun 16 11:37:02.763852 dv-cinder-846146-2-iscsi devstack@keystone.service[87091]: ERROR keystone.server.flask.application
File "/opt/stack/keystone/keystone/assignment/role_backends/sql.py", line 65, in _get_role
Jun 16 11:37:02.763852 dv-cinder-846146-2-iscsi devstack@keystone.service[87091]: ERROR keystone.server.flask.application raise exception.RoleNotFound(role_id=role_id)
Jun 16 11:37:02.763852 dv-cinder-846146-2-iscsi devstack@keystone.service[87091]: ERROR keystone.server.flask.application keystone.exception.RoleNotFound: Could not find role: anotherrole.
Jun 16 11:37:02.763852 dv-cinder-846146-2-iscsi devstack@keystone.service[87091]: ERROR keystone.server.flask.application
Jun 16 11:37:02.770015 dv-cinder-846146-2-iscsi devstack@keystone.service[87091]: [pid: 87091|app: 0|req: 64/128] 10.222.0.40 () {56 vars in 1114 bytes} [Thu Jun 16 11:37:02 2022] GET /identity/v3/roles/anotherrole => generated 89 bytes in 332 msecs (HTTP/1.1 404) 5 headers in 183 bytes (1 switches on core 0)
Jun 16 11:37:02.777463 dv-cinder-846146-2-iscsi devstack@keystone.service[87091]: DEBUG keystone.server.flask.request_processing.middleware.auth_context [None req-a34b724a-a51d-4d0a-97a1-717af05f4338 None admin] Authenticating user token {{(pid=87091) process_request /usr/local/lib/python3.8/dist-packages/keystonemiddleware/auth_token/__init__.py:407}}
Jun 16 11:37:02.778644 dv-cinder-846146-2-iscsi devstack@keystone.service[87092]: DEBUG keystone.server.flask.request_processing.middleware.auth_context [None req-a5f78484-f29c-419f-80f2-930177d741bf None admin] RBAC: auth_context: {'token': , 'domain_id': None, 'trust_id': None, 'trustor_id': None, 'trustee_id': None, 'domain_name': None, 'group_ids': [], 'user_id': '1361568ee63a477ea9c9be31d039c80d', 'user_domain_id': 'default', 'system_scope': 'all', 'project_id': None, 'project_domain_id': None, 'roles': ['admin', 'member', 'reader'], 'is_admin_project': True, 'service_user_id': None, 'service_user_domain_id': None, 'service_project_id': None, 'service_project_domain_id': None, 'service_roles': []} {{(pid=87092) fill_context /opt/stack/keystone/keystone/server/flask/request_processing/middleware/auth_context.py:478}}
