Aug 24 12:33:19.955024 dv-cinder-846054-1-iscsi devstack@c-api.service[113686]: DEBUG cinder.volume.api [None req-bcac7299-1342-43b5-a77c-e83ffecaa6e8 tempest-GroupsTest-1343587730 tempest-GroupsTest-1343587730-project] Task 'cinder.volume.flows.api.create_volume.EntryCreateTask;volume:create' (cf721115-2727-4f22-ad43-98037c6472d5) transitioned into state 'RUNNING' from state 'PENDING' {{(pid=113686) _task_receiver /usr/local/lib/python3.8/dist-packages/taskflow/listeners/logging.py:190}}
Aug 24 12:33:19.955199 dv-cinder-846054-1-iscsi devstack@c-api.service[113687]: DEBUG cinder.api.openstack.wsgi [None req-723d02fa-a2b8-4380-9ff8-71c7047525b0 tempest-VolumesListAdminTestJSON-552676024 tempest-VolumesListAdminTestJSON-552676024-project-admin] Empty body provided in request {{(pid=113687) get_body /opt/stack/cinder/cinder/api/openstack/wsgi.py:715}}
Aug 24 12:33:19.955613 dv-cinder-846054-1-iscsi devstack@c-api.service[113687]: DEBUG cinder.api.openstack.wsgi [None req-723d02fa-a2b8-4380-9ff8-71c7047525b0 tempest-VolumesListAdminTestJSON-552676024 tempest-VolumesListAdminTestJSON-552676024-project-admin] Calling method 'show' {{(pid=113687) _process_stack /opt/stack/cinder/cinder/api/openstack/wsgi.py:868}}
Aug 24 12:33:19.986128 dv-cinder-846054-1-iscsi devstack@c-api.service[113687]: /usr/local/lib/python3.8/dist-packages/oslo_context/context.py:100: DeprecationWarning: Policy enforcement is depending on the value of is_admin. This key is deprecated. Please update your policy file to use the standard policy values.
Aug 24 12:33:19.986128 dv-cinder-846054-1-iscsi devstack@c-api.service[113687]: warnings.warn('Policy enforcement is depending on the value of '
Aug 24 12:33:20.003071 dv-cinder-846054-1-iscsi devstack@c-api.service[113687]: INFO cinder.volume.api [None req-723d02fa-a2b8-4380-9ff8-71c7047525b0 tempest-VolumesListAdminTestJSON-552676024 tempest-VolumesListAdminTestJSON-552676024-project-admin] Volume info retrieved successfully.
Aug 24 12:33:20.004232 dv-cinder-846054-1-iscsi devstack@c-api.service[113686]: DEBUG cinder.volume.api [None req-bcac7299-1342-43b5-a77c-e83ffecaa6e8 tempest-GroupsTest-1343587730 tempest-GroupsTest-1343587730-project] Task 'cinder.volume.flows.api.create_volume.EntryCreateTask;volume:create' (cf721115-2727-4f22-ad43-98037c6472d5) transitioned into state 'SUCCESS' from state 'RUNNING' with result '{'volume_id': '43f4ba4f-cf93-4580-96ab-275e1ee7e999', 'volume_properties': VolumeProperties(attach_status='detached',availability_zone='nova',cgsnapshot_id=None,consistencygroup_id=None,display_description=None,display_name='tempest-GroupsTest-Volume-226833588',encryption_key_id=None,group_id=87e98507-9956-463b-bca7-423f3ddc5c88,group_type_id=,metadata={},multiattach=False,project_id='15c5ccea4f69476d8b147b8eef356470',qos_specs=None,replication_status=,reservations=['b1be8adc-bf89-4afe-a01e-9933d84d8be7','f724cdb6-10de-4155-94d3-e702480d85b4','a0fff3b3-db77-4d28-89d7-79c0152c7afd','b5d78464-1371-441c-ae9e-9983a6390151'],size=1,snapshot_id=None,source_replicaid=,source_volid=None,status='creating',user_id='c6cac6d8b2b9453a879145131ccfc7b6',volume_type_id=4e4c6de5-fa04-4181-b70d-7e951f8c7ea3), 'volume': Volume(_name_id=None,admin_metadata=,attach_status='detached',availability_zone='nova',bootable=False,cluster=,cluster_name=None,consistencygroup=,consistencygroup_id=None,created_at=2022-08-24T12:33:19Z,deleted=False,deleted_at=None,display_description=None,display_name='tempest-GroupsTest-Volume-226833588',ec2_id=None,encryption_key_id=None,glance_metadata=,group=,group_id=87e98507-9956-463b-bca7-423f3ddc5c88,host=None,id=43f4ba4f-cf93-4580-96ab-275e1ee7e999,launched_at=None,metadata={},migration_status=None,multiattach=False,previous_status=None,project_id='15c5ccea4f69476d8b147b8eef356470',provider_auth=None,provider_geometry=None,provider_id=None,provider_location=None,replication_driver_data=None,replication_extended_status=None,replication_status=None,scheduled_at=None,service_uuid=None,shared_targets=True,size=1,snapshot_id=None,snapshots=,source_volid=None,status='creating',terminated_at=None,updated_at=None,use_quota=True,user_id='c6cac6d8b2b9453a879145131ccfc7b6',volume_attachment=VolumeAttachmentList,volume_type=VolumeType(4e4c6de5-fa04-4181-b70d-7e951f8c7ea3),volume_type_id=4e4c6de5-fa04-4181-b70d-7e951f8c7ea3)}' {{(pid=113686) _task_receiver /usr/local/lib/python3.8/dist-packages/taskflow/listeners/logging.py:178}}
Aug 24 12:33:20.011522 dv-cinder-846054-1-iscsi devstack@c-api.service[113686]: DEBUG cinder.volume.api [None req-bcac7299-1342-43b5-a77c-e83ffecaa6e8 tempest-GroupsTest-1343587730 tempest-GroupsTest-1343587730-project] Task 'cinder.volume.flows.api.create_volume.QuotaCommitTask;volume:create' (50f96a28-47a5-45b6-80e8-4438f152857f) transitioned into state 'RUNNING' from state 'PENDING' {{(pid=113686) _task_receiver /usr/local/lib/python3.8/dist-packages/taskflow/listeners/logging.py:190}}
Aug 24 12:33:20.021977 dv-cinder-846054-1-iscsi devstack@c-api.service[113687]: INFO cinder.api.openstack.wsgi [None req-723d02fa-a2b8-4380-9ff8-71c7047525b0 tempest-VolumesListAdminTestJSON-552676024 tempest-VolumesListAdminTestJSON-552676024-project-admin] http://10.222.0.27/volume/v3/aa5615029a42483d88e9298947d37c41/volumes/b59b86a9-ae6a-4a0f-aef2-f0dcd74f4136 returned with HTTP 200
Aug 24 12:33:20.025297 dv-cinder-846054-1-iscsi devstack@c-api.service[113687]: [pid: 113687|app: 0|req: 74/166] 10.222.0.27 () {58 vars in 1325 bytes} [Wed Aug 24 12:33:19 2022] GET /volume/v3/aa5615029a42483d88e9298947d37c41/volumes/b59b86a9-ae6a-4a0f-aef2-f0dcd74f4136 => generated 1045 bytes in 76 msecs (HTTP/1.1 200) 7 headers in 286 bytes (1 switches on core 0)
Aug 24 12:33:20.053574 dv-cinder-846054-1-iscsi devstack@c-api.service[113687]: DEBUG cinder.api.middleware.request_id [None req-b2d73e06-4aab-42c5-98ef-51d3001e94e3 None None] RequestId filter calling following filter/app {{(pid=113687) _context_setter /opt/stack/cinder/cinder/api/middleware/request_id.py:62}}
Aug 24 12:33:20.053835 dv-cinder-846054-1-iscsi devstack@c-api.service[113686]: DEBUG cinder.volume.api [None req-bcac7299-1342-43b5-a77c-e83ffecaa6e8 tempest-GroupsTest-1343587730 tempest-GroupsTest-1343587730-project] Task 'cinder.volume.flows.api.create_volume.QuotaCommitTask;volume:create' (50f96a28-47a5-45b6-80e8-4438f152857f) transitioned into state 'SUCCESS' from state 'RUNNING' with result '{'volume_properties': VolumeProperties(attach_status='detached',availability_zone='nova',cgsnapshot_id=None,consistencygroup_id=None,display_description=None,display_name='tempest-GroupsTest-Volume-226833588',encryption_key_id=None,group_id=87e98507-9956-463b-bca7-423f3ddc5c88,group_type_id=,metadata={},multiattach=False,project_id='15c5ccea4f69476d8b147b8eef356470',qos_specs=None,replication_status=,reservations=['b1be8adc-bf89-4afe-a01e-9933d84d8be7','f724cdb6-10de-4155-94d3-e702480d85b4','a0fff3b3-db77-4d28-89d7-79c0152c7afd','b5d78464-1371-441c-ae9e-9983a6390151'],size=1,snapshot_id=None,source_replicaid=,source_volid=None,status='creating',user_id='c6cac6d8b2b9453a879145131ccfc7b6',volume_type_id=4e4c6de5-fa04-4181-b70d-7e951f8c7ea3)}' {{(pid=113686) _task_receiver /usr/local/lib/python3.8/dist-packages/taskflow/listeners/logging.py:178}}
Aug 24 12:33:20.054888 dv-cinder-846054-1-iscsi devstack@c-api.service[113686]: DEBUG cinder.volume.api [None req-bcac7299-1342-43b5-a77c-e83ffecaa6e8 tempest-GroupsTest-1343587730 tempest-GroupsTest-1343587730-project] Task 'cinder.volume.flows.api.create_volume.VolumeCastTask;volume:create' (f535c0b6-bb9a-4b1c-bbe8-7051c7990ae4) transitioned into state 'RUNNING' from state 'PENDING' {{(pid=113686) _task_receiver /usr/local/lib/python3.8/dist-packages/taskflow/listeners/logging.py:190}}
Aug 24 12:33:20.057174 dv-cinder-846054-1-iscsi devstack@c-api.service[113687]: INFO cinder.api.openstack.wsgi [None req-b2d73e06-4aab-42c5-98ef-51d3001e94e3 tempest-VolumesListAdminTestJSON-552676024 tempest-VolumesListAdminTestJSON-552676024-project-admin] GET http://10.222.0.27/volume/v3/aa5615029a42483d88e9298947d37c41/volumes/detail?all_tenants=1&project_id=d53fb79a0070496e92fe23e1c0da1f7d
Aug 24 12:33:20.057784 dv-cinder-846054-1-iscsi devstack@c-api.service[113687]: DEBUG cinder.api.openstack.wsgi [None req-b2d73e06-4aab-42c5-98ef-51d3001e94e3 tempest-VolumesListAdminTestJSON-552676024 tempest-VolumesListAdminTestJSON-552676024-project-admin] Empty body provided in request {{(pid=113687) get_body /opt/stack/cinder/cinder/api/openstack/wsgi.py:715}}
Aug 24 12:33:20.058329 dv-cinder-846054-1-iscsi devstack@c-api.service[113687]: DEBUG cinder.api.openstack.wsgi [None req-b2d73e06-4aab-42c5-98ef-51d3001e94e3 tempest-VolumesListAdminTestJSON-552676024 tempest-VolumesListAdminTestJSON-552676024-project-admin] Calling method 'detail' {{(pid=113687) _process_stack /opt/stack/cinder/cinder/api/openstack/wsgi.py:868}}
Aug 24 12:33:20.060088 dv-cinder-846054-1-iscsi devstack@c-api.service[113687]: DEBUG cinder.volume.api [None req-b2d73e06-4aab-42c5-98ef-51d3001e94e3 tempest-VolumesListAdminTestJSON-552676024 tempest-VolumesListAdminTestJSON-552676024-project-admin] Could not evaluate value d53fb79a0070496e92fe23e1c0da1f7d, assuming string {{(pid=113687) check_volume_filters /opt/stack/cinder/cinder/volume/api.py:2305}}
Aug 24 12:33:20.062366 dv-cinder-846054-1-iscsi devstack@c-api.service[113687]: DEBUG cinder.volume.api [None req-b2d73e06-4aab-42c5-98ef-51d3001e94e3 tempest-VolumesListAdminTestJSON-552676024 tempest-VolumesListAdminTestJSON-552676024-project-admin] Searching by: MultiDict([('project_id', 'd53fb79a0070496e92fe23e1c0da1f7d'), ('all_tenants', 1)]). {{(pid=113687) get_all /opt/stack/cinder/cinder/volume/api.py:664}}
Aug 24 12:33:20.084833 dv-cinder-846054-1-iscsi devstack@c-api.service[113686]: DEBUG cinder.volume.api [None req-bcac7299-1342-43b5-a77c-e83ffecaa6e8 tempest-GroupsTest-1343587730 tempest-GroupsTest-1343587730-project] Task 'cinder.volume.flows.api.create_volume.VolumeCastTask;volume:create' (f535c0b6-bb9a-4b1c-bbe8-7051c7990ae4) transitioned into state 'SUCCESS' from state 'RUNNING' with result 'None' {{(pid=113686) _task_receiver /usr/local/lib/python3.8/dist-packages/taskflow/listeners/logging.py:178}}
Aug 24 12:33:20.091350 dv-cinder-846054-1-iscsi devstack@c-api.service[113686]: DEBUG cinder.volume.api [None req-bcac7299-1342-43b5-a77c-e83ffecaa6e8 tempest-GroupsTest-1343587730 tempest-GroupsTest-1343587730-project] Flow 'volume_create_api' (2e53d446-d319-4f7b-abf7-875964b58bd1) transitioned into state 'SUCCESS' from state 'RUNNING' {{(pid=113686) _flow_receiver /usr/local/lib/python3.8/dist-packages/taskflow/listeners/logging.py:141}}
Aug 24 12:33:20.092452 dv-cinder-846054-1-iscsi devstack@c-api.service[113686]: INFO cinder.volume.api [None req-bcac7299-1342-43b5-a77c-e83ffecaa6e8 tempest-GroupsTest-1343587730 tempest-GroupsTest-1343587730-project] Create volume request issued successfully.
Aug 24 12:33:20.094103 dv-cinder-846054-1-iscsi devstack@c-api.service[113686]: WARNING stevedore.named [None req-bcac7299-1342-43b5-a77c-e83ffecaa6e8 tempest-GroupsTest-1343587730 tempest-GroupsTest-1343587730-project] Could not load cinder.keymgr.conf_key_mgr.ConfKeyManager
Aug 24 12:33:20.094491 dv-cinder-846054-1-iscsi devstack@c-api.service[113686]: WARNING castellan.key_manager [None req-bcac7299-1342-43b5-a77c-e83ffecaa6e8 tempest-GroupsTest-1343587730 tempest-GroupsTest-1343587730-project] Deprecation Warning : cinder.keymgr.conf_key_mgr.ConfKeyManager is not a stevedore based driver, trying to load it as a class: stevedore.exception.NoMatches: No 'castellan.drivers' driver found, looking for 'cinder.keymgr.conf_key_mgr.ConfKeyManager'
Aug 24 12:33:20.105112 dv-cinder-846054-1-iscsi devstack@c-api.service[113686]: DEBUG oslo_db.sqlalchemy.engines [None req-bcac7299-1342-43b5-a77c-e83ffecaa6e8 tempest-GroupsTest-1343587730 tempest-GroupsTest-1343587730-project] MySQL server mode set to STRICT_TRANS_TABLES,STRICT_ALL_TABLES,NO_ZERO_IN_DATE,NO_ZERO_DATE,ERROR_FOR_DIVISION_BY_ZERO,TRADITIONAL,NO_ENGINE_SUBSTITUTION {{(pid=113686) _check_effective_sql_mode /usr/local/lib/python3.8/dist-packages/oslo_db/sqlalchemy/engines.py:314}}
Aug 24 12:33:20.116400 dv-cinder-846054-1-iscsi devstack@c-api.service[113686]: /usr/local/lib/python3.8/dist-packages/oslo_context/context.py:100: DeprecationWarning: Policy enforcement is depending on the value of is_admin. This key is deprecated. Please update your policy file to use the standard policy values.
Aug 24 12:33:20.116400 dv-cinder-846054-1-iscsi devstack@c-api.service[113686]: warnings.warn('Policy enforcement is depending on the value of '
Aug 24 12:33:20.129021 dv-cinder-846054-1-iscsi devstack@c-api.service[113686]: INFO cinder.api.openstack.wsgi [None req-bcac7299-1342-43b5-a77c-e83ffecaa6e8 tempest-GroupsTest-1343587730 tempest-GroupsTest-1343587730-project] http://10.222.0.27/volume/v3/15c5ccea4f69476d8b147b8eef356470/volumes returned with HTTP 202
Aug 24 12:33:20.136317 dv-cinder-846054-1-iscsi devstack@c-api.service[113687]: INFO cinder.volume.api [None req-b2d73e06-4aab-42c5-98ef-51d3001e94e3 tempest-VolumesListAdminTestJSON-552676024 tempest-VolumesListAdminTestJSON-552676024-project-admin] Get all volumes completed successfully.
Aug 24 12:33:20.139387 dv-cinder-846054-1-iscsi devstack@c-api.service[113687]: /usr/local/lib/python3.8/dist-packages/oslo_context/context.py:100: DeprecationWarning: Policy enforcement is depending on the value of is_admin. This key is deprecated. Please update your policy file to use the standard policy values.
Aug 24 12:33:20.139387 dv-cinder-846054-1-iscsi devstack@c-api.service[113687]: warnings.warn('Policy enforcement is depending on the value of '
Aug 24 12:33:20.141405 dv-cinder-846054-1-iscsi devstack@c-api.service[113686]: [pid: 113686|app: 0|req: 93/167] 10.222.0.27 () {62 vars in 1277 bytes} [Wed Aug 24 12:33:19 2022] POST /volume/v3/15c5ccea4f69476d8b147b8eef356470/volumes => generated 890 bytes in 357 msecs (HTTP/1.1 202) 7 headers in 292 bytes (1 switches on core 0)
Aug 24 12:33:20.151523 dv-cinder-846054-1-iscsi devstack@c-api.service[113686]: DEBUG cinder.api.middleware.request_id [None req-9218c15f-7aaf-4e5e-9621-33ca061a3127 None None] RequestId filter calling following filter/app {{(pid=113686) _context_setter /opt/stack/cinder/cinder/api/middleware/request_id.py:62}}
Aug 24 12:33:20.153032 dv-cinder-846054-1-iscsi devstack@c-api.service[113687]: INFO cinder.api.openstack.wsgi [None req-b2d73e06-4aab-42c5-98ef-51d3001e94e3 tempest-VolumesListAdminTestJSON-552676024 tempest-VolumesListAdminTestJSON-552676024-project-admin] http://10.222.0.27/volume/v3/aa5615029a42483d88e9298947d37c41/volumes/detail?all_tenants=1&project_id=d53fb79a0070496e92fe23e1c0da1f7d returned with HTTP 200
Aug 24 12:33:20.156863 dv-cinder-846054-1-iscsi devstack@c-api.service[113687]: [pid: 113687|app: 0|req: 75/168] 10.222.0.27 () {58 vars in 1350 bytes} [Wed Aug 24 12:33:20 2022] GET /volume/v3/aa5615029a42483d88e9298947d37c41/volumes/detail?all_tenants=1&project_id=d53fb79a0070496e92fe23e1c0da1f7d => generated 3260 bytes in 104 msecs (HTTP/1.1 200) 7 headers in 286 bytes (2 switches on core 0)
Aug 24 12:33:20.157300 dv-cinder-846054-1-iscsi devstack@c-api.service[113686]: INFO cinder.api.openstack.wsgi [None req-9218c15f-7aaf-4e5e-9621-33ca061a3127 tempest-GroupsTest-1343587730 tempest-GroupsTest-1343587730-project] GET http://10.222.0.27/volume/v3/15c5ccea4f69476d8b147b8eef356470/volumes/43f4ba4f-cf93-4580-96ab-275e1ee7e999
Aug 24 12:33:20.157300 dv-cinder-846054-1-iscsi devstack@c-api.service[113686]: DEBUG cinder.api.openstack.wsgi [None req-9218c15f-7aaf-4e5e-9621-33ca061a3127 tempest-GroupsTest-1343587730 tempest-GroupsTest-1343587730-project] Empty body provided in request {{(pid=113686) get_body /opt/stack/cinder/cinder/api/openstack/wsgi.py:715}}
Aug 24 12:33:20.157300 dv-cinder-846054-1-iscsi devstack@c-api.service[113686]: DEBUG cinder.api.openstack.wsgi [None req-9218c15f-7aaf-4e5e-9621-33ca061a3127 tempest-GroupsTest-1343587730 tempest-GroupsTest-1343587730-project] Calling method 'show' {{(pid=113686) _process_stack /opt/stack/cinder/cinder/api/openstack/wsgi.py:868}}
Aug 24 12:33:20.178280 dv-cinder-846054-1-iscsi devstack@c-api.service[113687]: DEBUG cinder.api.middleware.request_id [None req-5b12311a-7454-478e-aa75-2ea5d8ee9b73 None None] RequestId filter calling following filter/app {{(pid=113687) _context_setter /opt/stack/cinder/cinder/api/middleware/request_id.py:62}}
Aug 24 12:33:20.182662 dv-cinder-846054-1-iscsi devstack@c-api.service[113687]: INFO cinder.api.openstack.wsgi [None req-5b12311a-7454-478e-aa75-2ea5d8ee9b73 tempest-VolumesListAdminTestJSON-552676024 tempest-VolumesListAdminTestJSON-552676024-project-admin] DELETE http://10.222.0.27/volume/v3/aa5615029a42483d88e9298947d37c41/volumes/b59b86a9-ae6a-4a0f-aef2-f0dcd74f4136
Aug 24 12:33:20.182837 dv-cinder-846054-1-iscsi devstack@c-api.service[113687]: DEBUG cinder.api.openstack.wsgi [None req-5b12311a-7454-478e-aa75-2ea5d8ee9b73 tempest-VolumesListAdminTestJSON-552676024 tempest-VolumesListAdminTestJSON-552676024-project-admin] Empty body provided in request {{(pid=113687) get_body /opt/stack/cinder/cinder/api/openstack/wsgi.py:715}}
Aug 24 12:33:20.183182 dv-cinder-846054-1-iscsi devstack@c-api.service[113687]: DEBUG cinder.api.openstack.wsgi [None req-5b12311a-7454-478e-aa75-2ea5d8ee9b73 tempest-VolumesListAdminTestJSON-552676024 tempest-VolumesListAdminTestJSON-552676024-project-admin] Calling method 'delete' {{(pid=113687) _process_stack /opt/stack/cinder/cinder/api/openstack/wsgi.py:868}}
Aug 24 12:33:20.183588 dv-cinder-846054-1-iscsi devstack@c-api.service[113687]: INFO cinder.api.v3.volumes [None req-5b12311a-7454-478e-aa75-2ea5d8ee9b73 tempest-VolumesListAdminTestJSON-552676024 tempest-VolumesListAdminTestJSON-552676024-project-admin] Delete volume with id: b59b86a9-ae6a-4a0f-aef2-f0dcd74f4136
Aug 24 12:33:20.202589 dv-cinder-846054-1-iscsi devstack@c-api.service[113686]: /usr/local/lib/python3.8/dist-packages/oslo_context/context.py:100: DeprecationWarning: Policy enforcement is depending on the value of is_admin. This key is deprecated. Please update your policy file to use the standard policy values.
Aug 24 12:33:20.202589 dv-cinder-846054-1-iscsi devstack@c-api.service[113686]: warnings.warn('Policy enforcement is depending on the value of '
Aug 24 12:33:20.203751 dv-cinder-846054-1-iscsi devstack@c-api.service[113687]: /usr/local/lib/python3.8/dist-packages/oslo_context/context.py:100: DeprecationWarning: Policy enforcement is depending on the value of is_admin. This key is deprecated. Please update your policy file to use the standard policy values.
Aug 24 12:33:20.203751 dv-cinder-846054-1-iscsi devstack@c-api.service[113687]: warnings.warn('Policy enforcement is depending on the value of '
Aug 24 12:33:20.204700 dv-cinder-846054-1-iscsi devstack@c-api.service[113687]: INFO cinder.volume.api [None req-5b12311a-7454-478e-aa75-2ea5d8ee9b73 tempest-VolumesListAdminTestJSON-552676024 tempest-VolumesListAdminTestJSON-552676024-project-admin] Volume info retrieved successfully.
Aug 24 12:33:20.240304 dv-cinder-846054-1-iscsi devstack@c-api.service[113686]: INFO cinder.volume.api [None req-9218c15f-7aaf-4e5e-9621-33ca061a3127 tempest-GroupsTest-1343587730 tempest-GroupsTest-1343587730-project] Volume info retrieved successfully.
Aug 24 12:33:20.242323 dv-cinder-846054-1-iscsi devstack@c-api.service[113686]: WARNING stevedore.named [None req-9218c15f-7aaf-4e5e-9621-33ca061a3127 tempest-GroupsTest-1343587730 tempest-GroupsTest-1343587730-project] Could not load cinder.keymgr.conf_key_mgr.ConfKeyManager
Aug 24 12:33:20.242877 dv-cinder-846054-1-iscsi devstack@c-api.service[113686]: WARNING castellan.key_manager [None req-9218c15f-7aaf-4e5e-9621-33ca061a3127 tempest-GroupsTest-1343587730 tempest-GroupsTest-1343587730-project] Deprecation Warning : cinder.keymgr.conf_key_mgr.ConfKeyManager is not a stevedore based driver, trying to load it as a class: stevedore.exception.NoMatches: No 'castellan.drivers' driver found, looking for 'cinder.keymgr.conf_key_mgr.ConfKeyManager'
Aug 24 12:33:20.259990 dv-cinder-846054-1-iscsi devstack@c-api.service[113686]: DEBUG oslo_db.sqlalchemy.engines [None req-9218c15f-7aaf-4e5e-9621-33ca061a3127 tempest-GroupsTest-1343587730 tempest-GroupsTest-1343587730-project] MySQL server mode set to STRICT_TRANS_TABLES,STRICT_ALL_TABLES,NO_ZERO_IN_DATE,NO_ZERO_DATE,ERROR_FOR_DIVISION_BY_ZERO,TRADITIONAL,NO_ENGINE_SUBSTITUTION {{(pid=113686) _check_effective_sql_mode /usr/local/lib/python3.8/dist-packages/oslo_db/sqlalchemy/engines.py:314}}
Aug 24 12:33:20.268699 dv-cinder-846054-1-iscsi devstack@c-api.service[113686]: /usr/local/lib/python3.8/dist-packages/oslo_context/context.py:100: DeprecationWarning: Policy enforcement is depending on the value of is_admin. This key is deprecated. Please update your policy file to use the standard policy values.
Aug 24 12:33:20.268699 dv-cinder-846054-1-iscsi devstack@c-api.service[113686]: warnings.warn('Policy enforcement is depending on the value of '
Aug 24 12:33:20.278699 dv-cinder-846054-1-iscsi devstack@c-api.service[113687]: INFO cinder.volume.api [None req-5b12311a-7454-478e-aa75-2ea5d8ee9b73 tempest-VolumesListAdminTestJSON-552676024 tempest-VolumesListAdminTestJSON-552676024-project-admin] Delete volume request issued successfully.
Aug 24 12:33:20.280064 dv-cinder-846054-1-iscsi devstack@c-api.service[113687]: INFO cinder.api.openstack.wsgi [None req-5b12311a-7454-478e-aa75-2ea5d8ee9b73 tempest-VolumesListAdminTestJSON-552676024 tempest-VolumesListAdminTestJSON-552676024-project-admin] http://10.222.0.27/volume/v3/aa5615029a42483d88e9298947d37c41/volumes/b59b86a9-ae6a-4a0f-aef2-f0dcd74f4136 returned with HTTP 202
Aug 24 12:33:20.286112 dv-cinder-846054-1-iscsi devstack@c-api.service[113687]: [pid: 113687|app: 0|req: 76/169] 10.222.0.27 () {58 vars in 1328 bytes} [Wed Aug 24 12:33:20 2022] DELETE /volume/v3/aa5615029a42483d88e9298947d37c41/volumes/b59b86a9-ae6a-4a0f-aef2-f0dcd74f4136 => generated 0 bytes in 104 msecs (HTTP/1.1 202) 6 headers in 233 bytes (2 switches on core 0)
Aug 24 12:33:20.302569 dv-cinder-846054-1-iscsi devstack@c-api.service[113687]: DEBUG cinder.api.middleware.request_id [None req-2aaff52c-671c-439f-bf73-f408075af2b4 None None] RequestId filter calling following filter/app {{(pid=113687) _context_setter /opt/stack/cinder/cinder/api/middleware/request_id.py:62}}
Aug 24 12:33:20.307838 dv-cinder-846054-1-iscsi devstack@c-api.service[113687]: INFO cinder.api.openstack.wsgi [None req-2aaff52c-671c-439f-bf73-f408075af2b4 tempest-VolumesListAdminTestJSON-587353596 tempest-VolumesListAdminTestJSON-587353596-project] DELETE http://10.222.0.27/volume/v3/d53fb79a0070496e92fe23e1c0da1f7d/volumes/0beebd71-bff4-4ec8-9c0e-1e029d610339
Aug 24 12:33:20.308586 dv-cinder-846054-1-iscsi devstack@c-api.service[113687]: DEBUG cinder.api.openstack.wsgi [None req-2aaff52c-671c-439f-bf73-f408075af2b4 tempest-VolumesListAdminTestJSON-587353596 tempest-VolumesListAdminTestJSON-587353596-project] Empty body provided in request {{(pid=113687) get_body /opt/stack/cinder/cinder/api/openstack/wsgi.py:715}}
Aug 24 12:33:20.309403 dv-cinder-846054-1-iscsi devstack@c-api.service[113687]: DEBUG cinder.api.openstack.wsgi [None req-2aaff52c-671c-439f-bf73-f408075af2b4 tempest-VolumesListAdminTestJSON-587353596 tempest-VolumesListAdminTestJSON-587353596-project] Calling method 'delete' {{(pid=113687) _process_stack /opt/stack/cinder/cinder/api/openstack/wsgi.py:868}}
Aug 24 12:33:20.310239 dv-cinder-846054-1-iscsi devstack@c-api.service[113687]: INFO cinder.api.v3.volumes [None req-2aaff52c-671c-439f-bf73-f408075af2b4 tempest-VolumesListAdminTestJSON-587353596 tempest-VolumesListAdminTestJSON-587353596-project] Delete volume with id: 0beebd71-bff4-4ec8-9c0e-1e029d610339
Aug 24 12:33:20.310949 dv-cinder-846054-1-iscsi devstack@c-api.service[113686]: INFO cinder.api.openstack.wsgi [None req-9218c15f-7aaf-4e5e-9621-33ca061a3127 tempest-GroupsTest-1343587730 tempest-GroupsTest-1343587730-project] http://10.222.0.27/volume/v3/15c5ccea4f69476d8b147b8eef356470/volumes/43f4ba4f-cf93-4580-96ab-275e1ee7e999 returned with HTTP 200
Aug 24 12:33:20.311825 dv-cinder-846054-1-iscsi devstack@c-api.service[113686]: [pid: 113686|app: 0|req: 94/170] 10.222.0.27 () {60 vars in 1366 bytes} [Wed Aug 24 12:33:20 2022] GET /volume/v3/15c5ccea4f69476d8b147b8eef356470/volumes/43f4ba4f-cf93-4580-96ab-275e1ee7e999 => generated 958 bytes in 161 msecs (HTTP/1.1 200) 7 headers in 286 bytes (2 switches on core 0)
Aug 24 12:33:20.334842 dv-cinder-846054-1-iscsi devstack@c-api.service[113687]: /usr/local/lib/python3.8/dist-packages/oslo_context/context.py:100: DeprecationWarning: Policy enforcement is depending on the value of is_admin. This key is deprecated. Please update your policy file to use the standard policy values.
Aug 24 12:33:20.334842 dv-cinder-846054-1-iscsi devstack@c-api.service[113687]: warnings.warn('Policy enforcement is depending on the value of '
Aug 24 12:33:20.336232 dv-cinder-846054-1-iscsi devstack@c-api.service[113687]: INFO cinder.volume.api [None req-2aaff52c-671c-439f-bf73-f408075af2b4 tempest-VolumesListAdminTestJSON-587353596 tempest-VolumesListAdminTestJSON-587353596-project] Volume info retrieved successfully.
Aug 24 12:33:20.382155 dv-cinder-846054-1-iscsi devstack@c-api.service[113687]: INFO cinder.volume.api [None req-2aaff52c-671c-439f-bf73-f408075af2b4 tempest-VolumesListAdminTestJSON-587353596 tempest-VolumesListAdminTestJSON-587353596-project] Delete volume request issued successfully.
Aug 24 12:33:20.382859 dv-cinder-846054-1-iscsi devstack@c-api.service[113687]: INFO cinder.api.openstack.wsgi [None req-2aaff52c-671c-439f-bf73-f408075af2b4 tempest-VolumesListAdminTestJSON-587353596 tempest-VolumesListAdminTestJSON-587353596-project] http://10.222.0.27/volume/v3/d53fb79a0070496e92fe23e1c0da1f7d/volumes/0beebd71-bff4-4ec8-9c0e-1e029d610339 returned with HTTP 202
Aug 24 12:33:20.385871 dv-cinder-846054-1-iscsi devstack@c-api.service[113687]: [pid: 113687|app: 0|req: 77/171] 10.222.0.27 () {58 vars in 1328 bytes} [Wed Aug 24 12:33:20 2022] DELETE /volume/v3/d53fb79a0070496e92fe23e1c0da1f7d/volumes/0beebd71-bff4-4ec8-9c0e-1e029d610339 => generated 0 bytes in 98 msecs (HTTP/1.1 202) 6 headers in 233 bytes (1 switches on core 0)
Aug 24 12:33:20.390609 dv-cinder-846054-1-iscsi devstack@c-api.service[113686]: DEBUG cinder.api.middleware.request_id [None req-31538697-2bc3-4a61-815d-75c9eda9a9e6 None None] RequestId filter calling following filter/app {{(pid=113686) _context_setter /opt/stack/cinder/cinder/api/middleware/request_id.py:62}}
Aug 24 12:33:20.395265 dv-cinder-846054-1-iscsi devstack@c-api.service[113686]: INFO cinder.api.openstack.wsgi [None req-31538697-2bc3-4a61-815d-75c9eda9a9e6 tempest-VolumesListAdminTestJSON-587353596 tempest-VolumesListAdminTestJSON-587353596-project] GET http://10.222.0.27/volume/v3/d53fb79a0070496e92fe23e1c0da1f7d/volumes/0beebd71-bff4-4ec8-9c0e-1e029d610339
Aug 24 12:33:20.395712 dv-cinder-846054-1-iscsi devstack@c-api.service[113686]: DEBUG cinder.api.openstack.wsgi [None req-31538697-2bc3-4a61-815d-75c9eda9a9e6 tempest-VolumesListAdminTestJSON-587353596 tempest-VolumesListAdminTestJSON-587353596-project] Empty body provided in request {{(pid=113686) get_body /opt/stack/cinder/cinder/api/openstack/wsgi.py:715}}
Aug 24 12:33:20.396181 dv-cinder-846054-1-iscsi devstack@c-api.service[113686]: DEBUG cinder.api.openstack.wsgi [None req-31538697-2bc3-4a61-815d-75c9eda9a9e6 tempest-VolumesListAdminTestJSON-587353596 tempest-VolumesListAdminTestJSON-587353596-project] Calling method 'show' {{(pid=113686) _process_stack /opt/stack/cinder/cinder/api/openstack/wsgi.py:868}}
Aug 24 12:33:20.426138 dv-cinder-846054-1-iscsi devstack@c-api.service[113686]: /usr/local/lib/python3.8/dist-packages/oslo_context/context.py:100: DeprecationWarning: Policy enforcement is depending on the value of is_admin. This key is deprecated. Please update your policy file to use the standard policy values.
Aug 24 12:33:20.426138 dv-cinder-846054-1-iscsi devstack@c-api.service[113686]: warnings.warn('Policy enforcement is depending on the value of '
Aug 24 12:33:20.452617 dv-cinder-846054-1-iscsi devstack@c-api.service[113686]: INFO cinder.volume.api [None req-31538697-2bc3-4a61-815d-75c9eda9a9e6 tempest-VolumesListAdminTestJSON-587353596 tempest-VolumesListAdminTestJSON-587353596-project] Volume info retrieved successfully.
Aug 24 12:33:20.483385 dv-cinder-846054-1-iscsi devstack@c-api.service[113686]: INFO cinder.api.openstack.wsgi [None req-31538697-2bc3-4a61-815d-75c9eda9a9e6 tempest-VolumesListAdminTestJSON-587353596 tempest-VolumesListAdminTestJSON-587353596-project] http://10.222.0.27/volume/v3/d53fb79a0070496e92fe23e1c0da1f7d/volumes/0beebd71-bff4-4ec8-9c0e-1e029d610339 returned with HTTP 200
Aug 24 12:33:20.501548 dv-cinder-846054-1-iscsi devstack@c-api.service[113686]: [pid: 113686|app: 0|req: 95/172] 10.222.0.27 () {58 vars in 1325 bytes} [Wed Aug 24 12:33:20 2022] GET /volume/v3/d53fb79a0070496e92fe23e1c0da1f7d/volumes/0beebd71-bff4-4ec8-9c0e-1e029d610339 => generated 916 bytes in 112 msecs (HTTP/1.1 200) 7 headers in 285 bytes (1 switches on core 0)
Aug 24 12:33:20.826956 dv-cinder-846054-1-iscsi devstack@c-api.service[113687]: DEBUG cinder.api.middleware.request_id [None req-2a0cbb21-87a5-4f91-84cf-ef423983dd13 None None] RequestId filter calling following filter/app {{(pid=113687) _context_setter /opt/stack/cinder/cinder/api/middleware/request_id.py:62}}
Aug 24 12:33:20.832292 dv-cinder-846054-1-iscsi devstack@c-api.service[113687]: INFO cinder.api.openstack.wsgi [None req-2a0cbb21-87a5-4f91-84cf-ef423983dd13 tempest-VolumesServicesTestJSON-1413755260 tempest-VolumesServicesTestJSON-1413755260-project] GET http://10.222.0.27/volume/v3/487246a64bfb4799823bf433b772fd5a/volumes/5a4578ad-aeb8-4342-95e5-0e6ff596d8db
Aug 24 12:33:20.833269 dv-cinder-846054-1-iscsi devstack@c-api.service[113687]: DEBUG cinder.api.openstack.wsgi [None req-2a0cbb21-87a5-4f91-84cf-ef423983dd13 tempest-VolumesServicesTestJSON-1413755260 tempest-VolumesServicesTestJSON-1413755260-project] Empty body provided in request {{(pid=113687) get_body /opt/stack/cinder/cinder/api/openstack/wsgi.py:715}}
Aug 24 12:33:20.834437 dv-cinder-846054-1-iscsi devstack@c-api.service[113687]: DEBUG cinder.api.openstack.wsgi [None req-2a0cbb21-87a5-4f91-84cf-ef423983dd13 tempest-VolumesServicesTestJSON-1413755260 tempest-VolumesServicesTestJSON-1413755260-project] Calling method 'show' {{(pid=113687) _process_stack /opt/stack/cinder/cinder/api/openstack/wsgi.py:868}}
Aug 24 12:33:20.872441 dv-cinder-846054-1-iscsi devstack@c-api.service[113687]: /usr/local/lib/python3.8/dist-packages/oslo_context/context.py:100: DeprecationWarning: Policy enforcement is depending on the value of is_admin. This key is deprecated. Please update your policy file to use the standard policy values.
Aug 24 12:33:20.872441 dv-cinder-846054-1-iscsi devstack@c-api.service[113687]: warnings.warn('Policy enforcement is depending on the value of '
Aug 24 12:33:20.884203 dv-cinder-846054-1-iscsi devstack@c-api.service[113687]: INFO cinder.volume.api [None req-2a0cbb21-87a5-4f91-84cf-ef423983dd13 tempest-VolumesServicesTestJSON-1413755260 tempest-VolumesServicesTestJSON-1413755260-project] Volume info retrieved successfully.
Aug 24 12:33:20.911682 dv-cinder-846054-1-iscsi devstack@c-api.service[113687]: DEBUG dbcounter [-] [113687] Writing DB stats cinder:SELECT=74,cinder:INSERT=12,cinder:UPDATE=14 {{(pid=113687) stat_writer /usr/local/lib/python3.8/dist-packages/dbcounter.py:114}}
Aug 24 12:33:20.919030 dv-cinder-846054-1-iscsi devstack@c-api.service[113687]: INFO cinder.api.openstack.wsgi [None req-2a0cbb21-87a5-4f91-84cf-ef423983dd13 tempest-VolumesServicesTestJSON-1413755260 tempest-VolumesServicesTestJSON-1413755260-project] http://10.222.0.27/volume/v3/487246a64bfb4799823bf433b772fd5a/volumes/5a4578ad-aeb8-4342-95e5-0e6ff596d8db returned with HTTP 200
Aug 24 12:33:20.925279 dv-cinder-846054-1-iscsi devstack@c-api.service[113687]: [pid: 113687|app: 0|req: 78/173] 10.222.0.27 () {58 vars in 1325 bytes} [Wed Aug 24 12:33:20 2022] GET /volume/v3/487246a64bfb4799823bf433b772fd5a/volumes/5a4578ad-aeb8-4342-95e5-0e6ff596d8db => generated 916 bytes in 94 msecs (HTTP/1.1 200) 7 headers in 285 bytes (1 switches on core 0)
Aug 24 12:33:20.939996 dv-cinder-846054-1-iscsi devstack@c-api.service[113686]: DEBUG cinder.api.middleware.request_id [None req-219223b4-51ef-43a1-bc7c-9c891ca3b850 None None] RequestId filter calling following filter/app {{(pid=113686) _context_setter /opt/stack/cinder/cinder/api/middleware/request_id.py:62}}
Aug 24 12:33:20.945084 dv-cinder-846054-1-iscsi devstack@c-api.service[113686]: INFO cinder.api.openstack.wsgi [None req-219223b4-51ef-43a1-bc7c-9c891ca3b850 tempest-VolumesServicesTestJSON-805991273 tempest-VolumesServicesTestJSON-805991273-project-admin] GET http://10.222.0.27/volume/v3/740ce760f8d94a8caec7ab19c0d12a4c/volumes/5a4578ad-aeb8-4342-95e5-0e6ff596d8db
Aug 24 12:33:20.945645 dv-cinder-846054-1-iscsi devstack@c-api.service[113686]: DEBUG cinder.api.openstack.wsgi [None req-219223b4-51ef-43a1-bc7c-9c891ca3b850 tempest-VolumesServicesTestJSON-805991273 tempest-VolumesServicesTestJSON-805991273-project-admin] Empty body provided in request {{(pid=113686) get_body /opt/stack/cinder/cinder/api/openstack/wsgi.py:715}}
Aug 24 12:33:20.946423 dv-cinder-846054-1-iscsi devstack@c-api.service[113686]: DEBUG cinder.api.openstack.wsgi [None req-219223b4-51ef-43a1-bc7c-9c891ca3b850 tempest-VolumesServicesTestJSON-805991273 tempest-VolumesServicesTestJSON-805991273-project-admin] Calling method 'show' {{(pid=113686) _process_stack /opt/stack/cinder/cinder/api/openstack/wsgi.py:868}}
Aug 24 12:33:20.984199 dv-cinder-846054-1-iscsi devstack@c-api.service[113686]: /usr/local/lib/python3.8/dist-packages/oslo_context/context.py:100: DeprecationWarning: Policy enforcement is depending on the value of is_admin. This key is deprecated. Please update your policy file to use the standard policy values.
Aug 24 12:33:20.984199 dv-cinder-846054-1-iscsi devstack@c-api.service[113686]: warnings.warn('Policy enforcement is depending on the value of '
Aug 24 12:33:20.997105 dv-cinder-846054-1-iscsi devstack@c-api.service[113686]: INFO cinder.volume.api [None req-219223b4-51ef-43a1-bc7c-9c891ca3b850 tempest-VolumesServicesTestJSON-805991273 tempest-VolumesServicesTestJSON-805991273-project-admin] Volume info retrieved successfully.
Aug 24 12:33:21.017056 dv-cinder-846054-1-iscsi devstack@c-api.service[113686]: DEBUG dbcounter [-] [113686] Writing DB stats cinder:SELECT=80,cinder:INSERT=8,cinder:UPDATE=12 {{(pid=113686) stat_writer /usr/local/lib/python3.8/dist-packages/dbcounter.py:114}}
Aug 24 12:33:21.030494 dv-cinder-846054-1-iscsi devstack@c-api.service[113686]: INFO cinder.api.openstack.wsgi [None req-219223b4-51ef-43a1-bc7c-9c891ca3b850 tempest-VolumesServicesTestJSON-805991273 tempest-VolumesServicesTestJSON-805991273-project-admin] http://10.222.0.27/volume/v3/740ce760f8d94a8caec7ab19c0d12a4c/volumes/5a4578ad-aeb8-4342-95e5-0e6ff596d8db returned with HTTP 200
Aug 24 12:33:21.032233 dv-cinder-846054-1-iscsi devstack@c-api.service[113686]: [pid: 113686|app: 0|req: 96/174] 10.222.0.27 () {58 vars in 1325 bytes} [Wed Aug 24 12:33:20 2022] GET /volume/v3/740ce760f8d94a8caec7ab19c0d12a4c/volumes/5a4578ad-aeb8-4342-95e5-0e6ff596d8db => generated 1092 bytes in 94 msecs (HTTP/1.1 200) 7 headers in 286 bytes (1 switches on core 0)
Aug 24 12:33:21.050369 dv-cinder-846054-1-iscsi devstack@c-api.service[113687]: DEBUG cinder.api.middleware.request_id [None req-6805b2cc-e090-408f-a91a-6f8b614263ef None None] RequestId filter calling following filter/app {{(pid=113687) _context_setter /opt/stack/cinder/cinder/api/middleware/request_id.py:62}}
Aug 24 12:33:21.058183 dv-cinder-846054-1-iscsi devstack@c-api.service[113687]: INFO cinder.api.openstack.wsgi [None req-6805b2cc-e090-408f-a91a-6f8b614263ef tempest-VolumesServicesTestJSON-805991273 tempest-VolumesServicesTestJSON-805991273-project-admin] GET http://10.222.0.27/volume/v3/740ce760f8d94a8caec7ab19c0d12a4c/os-services?host=hv-cinder-84605&binary=cinder-volume
Aug 24 12:33:21.058673 dv-cinder-846054-1-iscsi devstack@c-api.service[113687]: DEBUG cinder.api.openstack.wsgi [None req-6805b2cc-e090-408f-a91a-6f8b614263ef tempest-VolumesServicesTestJSON-805991273 tempest-VolumesServicesTestJSON-805991273-project-admin] Empty body provided in request {{(pid=113687) get_body /opt/stack/cinder/cinder/api/openstack/wsgi.py:715}}
Aug 24 12:33:21.059215 dv-cinder-846054-1-iscsi devstack@c-api.service[113687]: DEBUG cinder.api.openstack.wsgi [None req-6805b2cc-e090-408f-a91a-6f8b614263ef tempest-VolumesServicesTestJSON-805991273 tempest-VolumesServicesTestJSON-805991273-project-admin] Calling method 'index' {{(pid=113687) _process_stack /opt/stack/cinder/cinder/api/openstack/wsgi.py:868}}
Aug 24 12:33:21.076034 dv-cinder-846054-1-iscsi devstack@c-api.service[113687]: INFO cinder.api.openstack.wsgi [None req-6805b2cc-e090-408f-a91a-6f8b614263ef tempest-VolumesServicesTestJSON-805991273 tempest-VolumesServicesTestJSON-805991273-project-admin] http://10.222.0.27/volume/v3/740ce760f8d94a8caec7ab19c0d12a4c/os-services?host=hv-cinder-84605&binary=cinder-volume returned with HTTP 200
Aug 24 12:33:21.086754 dv-cinder-846054-1-iscsi devstack@c-api.service[113687]: [pid: 113687|app: 0|req: 79/175] 10.222.0.27 () {58 vars in 1309 bytes} [Wed Aug 24 12:33:21 2022] GET /volume/v3/740ce760f8d94a8caec7ab19c0d12a4c/os-services?host=hv-cinder-84605&binary=cinder-volume => generated 276 bytes in 37 msecs (HTTP/1.1 200) 7 headers in 285 bytes (1 switches on core 0)
Aug 24 12:33:21.087835 dv-cinder-846054-1-iscsi devstack@c-api.service[113686]: DEBUG cinder.api.middleware.request_id [None req-8bded0f8-9079-4e77-9ebf-a0a2583ca119 None None] RequestId filter calling following filter/app {{(pid=113686) _context_setter /opt/stack/cinder/cinder/api/middleware/request_id.py:62}}
Aug 24 12:33:21.101000 dv-cinder-846054-1-iscsi devstack@c-api.service[113686]: INFO cinder.api.openstack.wsgi [None req-8bded0f8-9079-4e77-9ebf-a0a2583ca119 tempest-VolumesServicesTestJSON-805991273 tempest-VolumesServicesTestJSON-805991273-project-admin] GET http://10.222.0.27/volume/v3/740ce760f8d94a8caec7ab19c0d12a4c/os-services
Aug 24 12:33:21.101936 dv-cinder-846054-1-iscsi devstack@c-api.service[113686]: DEBUG cinder.api.openstack.wsgi [None req-8bded0f8-9079-4e77-9ebf-a0a2583ca119 tempest-VolumesServicesTestJSON-805991273 tempest-VolumesServicesTestJSON-805991273-project-admin] Empty body provided in request {{(pid=113686) get_body /opt/stack/cinder/cinder/api/openstack/wsgi.py:715}}
Aug 24 12:33:21.106163 dv-cinder-846054-1-iscsi devstack@c-api.service[113686]: DEBUG cinder.api.openstack.wsgi [None req-8bded0f8-9079-4e77-9ebf-a0a2583ca119 tempest-VolumesServicesTestJSON-805991273 tempest-VolumesServicesTestJSON-805991273-project-admin] Calling method 'index' {{(pid=113686) _process_stack /opt/stack/cinder/cinder/api/openstack/wsgi.py:868}}
Aug 24 12:33:21.121277 dv-cinder-846054-1-iscsi devstack@c-api.service[113686]: INFO cinder.api.openstack.wsgi [None req-8bded0f8-9079-4e77-9ebf-a0a2583ca119 tempest-VolumesServicesTestJSON-805991273 tempest-VolumesServicesTestJSON-805991273-project-admin] http://10.222.0.27/volume/v3/740ce760f8d94a8caec7ab19c0d12a4c/os-services returned with HTTP 200
Aug 24 12:33:21.122047 dv-cinder-846054-1-iscsi devstack@c-api.service[113686]: [pid: 113686|app: 0|req: 97/176] 10.222.0.27 () {58 vars in 1226 bytes} [Wed Aug 24 12:33:21 2022] GET /volume/v3/740ce760f8d94a8caec7ab19c0d12a4c/os-services => generated 642 bytes in 36 msecs (HTTP/1.1 200) 7 headers in 285 bytes (1 switches on core 0)
Aug 24 12:33:21.132597 dv-cinder-846054-1-iscsi devstack@c-api.service[113687]: DEBUG cinder.api.middleware.request_id [None req-54c88c1c-2c23-4e77-8f99-5fa23656129a None None] RequestId filter calling following filter/app {{(pid=113687) _context_setter /opt/stack/cinder/cinder/api/middleware/request_id.py:62}}
Aug 24 12:33:21.136984 dv-cinder-846054-1-iscsi devstack@c-api.service[113687]: INFO cinder.api.openstack.wsgi [None req-54c88c1c-2c23-4e77-8f99-5fa23656129a tempest-VolumesServicesTestJSON-1413755260 tempest-VolumesServicesTestJSON-1413755260-project] DELETE http://10.222.0.27/volume/v3/487246a64bfb4799823bf433b772fd5a/volumes/5a4578ad-aeb8-4342-95e5-0e6ff596d8db
Aug 24 12:33:21.137756 dv-cinder-846054-1-iscsi devstack@c-api.service[113687]: DEBUG cinder.api.openstack.wsgi [None req-54c88c1c-2c23-4e77-8f99-5fa23656129a tempest-VolumesServicesTestJSON-1413755260 tempest-VolumesServicesTestJSON-1413755260-project] Empty body provided in request {{(pid=113687) get_body /opt/stack/cinder/cinder/api/openstack/wsgi.py:715}}
Aug 24 12:33:21.139619 dv-cinder-846054-1-iscsi devstack@c-api.service[113687]: DEBUG cinder.api.openstack.wsgi [None req-54c88c1c-2c23-4e77-8f99-5fa23656129a tempest-VolumesServicesTestJSON-1413755260 tempest-VolumesServicesTestJSON-1413755260-project] Calling method 'delete' {{(pid=113687) _process_stack /opt/stack/cinder/cinder/api/openstack/wsgi.py:868}}
Aug 24 12:33:21.140406 dv-cinder-846054-1-iscsi devstack@c-api.service[113687]: INFO cinder.api.v3.volumes [None req-54c88c1c-2c23-4e77-8f99-5fa23656129a tempest-VolumesServicesTestJSON-1413755260 tempest-VolumesServicesTestJSON-1413755260-project] Delete volume with id: 5a4578ad-aeb8-4342-95e5-0e6ff596d8db
Aug 24 12:33:21.159137 dv-cinder-846054-1-iscsi devstack@c-api.service[113687]: /usr/local/lib/python3.8/dist-packages/oslo_context/context.py:100: DeprecationWarning: Policy enforcement is depending on the value of is_admin. This key is deprecated. Please update your policy file to use the standard policy values.
Aug 24 12:33:21.159137 dv-cinder-846054-1-iscsi devstack@c-api.service[113687]: warnings.warn('Policy enforcement is depending on the value of '
Aug 24 12:33:21.160749 dv-cinder-846054-1-iscsi devstack@c-api.service[113687]: INFO cinder.volume.api [None req-54c88c1c-2c23-4e77-8f99-5fa23656129a tempest-VolumesServicesTestJSON-1413755260 tempest-VolumesServicesTestJSON-1413755260-project] Volume info retrieved successfully.
Aug 24 12:33:21.205146 dv-cinder-846054-1-iscsi devstack@c-api.service[113687]: INFO cinder.volume.api [None req-54c88c1c-2c23-4e77-8f99-5fa23656129a tempest-VolumesServicesTestJSON-1413755260 tempest-VolumesServicesTestJSON-1413755260-project] Delete volume request issued successfully.
Aug 24 12:33:21.205906 dv-cinder-846054-1-iscsi devstack@c-api.service[113687]: INFO cinder.api.openstack.wsgi [None req-54c88c1c-2c23-4e77-8f99-5fa23656129a tempest-VolumesServicesTestJSON-1413755260 tempest-VolumesServicesTestJSON-1413755260-project] http://10.222.0.27/volume/v3/487246a64bfb4799823bf433b772fd5a/volumes/5a4578ad-aeb8-4342-95e5-0e6ff596d8db returned with HTTP 202
Aug 24 12:33:21.207190 dv-cinder-846054-1-iscsi devstack@c-api.service[113687]: [pid: 113687|app: 0|req: 80/177] 10.222.0.27 () {58 vars in 1328 bytes} [Wed Aug 24 12:33:21 2022] DELETE /volume/v3/487246a64bfb4799823bf433b772fd5a/volumes/5a4578ad-aeb8-4342-95e5-0e6ff596d8db => generated 0 bytes in 75 msecs (HTTP/1.1 202) 6 headers in 233 bytes (1 switches on core 0)
Aug 24 12:33:21.212164 dv-cinder-846054-1-iscsi devstack@c-api.service[113686]: DEBUG cinder.api.middleware.request_id [None req-8afc679c-bd1c-4111-9574-2b814f7beba0 None None] RequestId filter calling following filter/app {{(pid=113686) _context_setter /opt/stack/cinder/cinder/api/middleware/request_id.py:62}}
Aug 24 12:33:21.216789 dv-cinder-846054-1-iscsi devstack@c-api.service[113686]: INFO cinder.api.openstack.wsgi [None req-8afc679c-bd1c-4111-9574-2b814f7beba0 tempest-VolumesServicesTestJSON-1413755260 tempest-VolumesServicesTestJSON-1413755260-project] GET http://10.222.0.27/volume/v3/487246a64bfb4799823bf433b772fd5a/volumes/5a4578ad-aeb8-4342-95e5-0e6ff596d8db
Aug 24 12:33:21.217304 dv-cinder-846054-1-iscsi devstack@c-api.service[113686]: DEBUG cinder.api.openstack.wsgi [None req-8afc679c-bd1c-4111-9574-2b814f7beba0 tempest-VolumesServicesTestJSON-1413755260 tempest-VolumesServicesTestJSON-1413755260-project] Empty body provided in request {{(pid=113686) get_body /opt/stack/cinder/cinder/api/openstack/wsgi.py:715}}
Aug 24 12:33:21.217827 dv-cinder-846054-1-iscsi devstack@c-api.service[113686]: DEBUG cinder.api.openstack.wsgi [None req-8afc679c-bd1c-4111-9574-2b814f7beba0 tempest-VolumesServicesTestJSON-1413755260 tempest-VolumesServicesTestJSON-1413755260-project] Calling method 'show' {{(pid=113686) _process_stack /opt/stack/cinder/cinder/api/openstack/wsgi.py:868}}
Aug 24 12:33:21.236621 dv-cinder-846054-1-iscsi devstack@c-api.service[113686]: /usr/local/lib/python3.8/dist-packages/oslo_context/context.py:100: DeprecationWarning: Policy enforcement is depending on the value of is_admin. This key is deprecated. Please update your policy file to use the standard policy values.
Aug 24 12:33:21.236621 dv-cinder-846054-1-iscsi devstack@c-api.service[113686]: warnings.warn('Policy enforcement is depending on the value of '
Aug 24 12:33:21.243649 dv-cinder-846054-1-iscsi devstack@c-api.service[113686]: INFO cinder.volume.api [None req-8afc679c-bd1c-4111-9574-2b814f7beba0 tempest-VolumesServicesTestJSON-1413755260 tempest-VolumesServicesTestJSON-1413755260-project] Volume info retrieved successfully.
Aug 24 12:33:21.254252 dv-cinder-846054-1-iscsi devstack@c-api.service[113686]: INFO cinder.api.openstack.wsgi [None req-8afc679c-bd1c-4111-9574-2b814f7beba0 tempest-VolumesServicesTestJSON-1413755260 tempest-VolumesServicesTestJSON-1413755260-project] http://10.222.0.27/volume/v3/487246a64bfb4799823bf433b772fd5a/volumes/5a4578ad-aeb8-4342-95e5-0e6ff596d8db returned with HTTP 200
Aug 24 12:33:21.254994 dv-cinder-846054-1-iscsi devstack@c-api.service[113686]: [pid: 113686|app: 0|req: 98/178] 10.222.0.27 () {58 vars in 1325 bytes} [Wed Aug 24 12:33:21 2022] GET /volume/v3/487246a64bfb4799823bf433b772fd5a/volumes/5a4578ad-aeb8-4342-95e5-0e6ff596d8db => generated 915 bytes in 44 msecs (HTTP/1.1 200) 7 headers in 285 bytes (1 switches on core 0)
Aug 24 12:33:21.331997 dv-cinder-846054-1-iscsi devstack@c-api.service[113687]: DEBUG cinder.api.middleware.request_id [None req-fc4857a9-20c5-45fe-bc65-bd23dc65f1bf None None] RequestId filter calling following filter/app {{(pid=113687) _context_setter /opt/stack/cinder/cinder/api/middleware/request_id.py:62}}
Aug 24 12:33:21.335936 dv-cinder-846054-1-iscsi devstack@c-api.service[113687]: INFO cinder.api.openstack.wsgi [None req-fc4857a9-20c5-45fe-bc65-bd23dc65f1bf tempest-GroupsTest-1343587730 tempest-GroupsTest-1343587730-project] GET http://10.222.0.27/volume/v3/15c5ccea4f69476d8b147b8eef356470/volumes/43f4ba4f-cf93-4580-96ab-275e1ee7e999
Aug 24 12:33:21.336434 dv-cinder-846054-1-iscsi devstack@c-api.service[113687]: DEBUG cinder.api.openstack.wsgi [None req-fc4857a9-20c5-45fe-bc65-bd23dc65f1bf tempest-GroupsTest-1343587730 tempest-GroupsTest-1343587730-project] Empty body provided in request {{(pid=113687) get_body /opt/stack/cinder/cinder/api/openstack/wsgi.py:715}}
Aug 24 12:33:21.336914 dv-cinder-846054-1-iscsi devstack@c-api.service[113687]: DEBUG cinder.api.openstack.wsgi [None req-fc4857a9-20c5-45fe-bc65-bd23dc65f1bf tempest-GroupsTest-1343587730 tempest-GroupsTest-1343587730-project] Calling method 'show' {{(pid=113687) _process_stack /opt/stack/cinder/cinder/api/openstack/wsgi.py:868}}
Aug 24 12:33:21.351848 dv-cinder-846054-1-iscsi devstack@c-api.service[113687]: /usr/local/lib/python3.8/dist-packages/oslo_context/context.py:100: DeprecationWarning: Policy enforcement is depending on the value of is_admin. This key is deprecated. Please update your policy file to use the standard policy values.
Aug 24 12:33:21.351848 dv-cinder-846054-1-iscsi devstack@c-api.service[113687]: warnings.warn('Policy enforcement is depending on the value of '
Aug 24 12:33:21.358363 dv-cinder-846054-1-iscsi devstack@c-api.service[113687]: INFO cinder.volume.api [None req-fc4857a9-20c5-45fe-bc65-bd23dc65f1bf tempest-GroupsTest-1343587730 tempest-GroupsTest-1343587730-project] Volume info retrieved successfully.
Aug 24 12:33:21.359739 dv-cinder-846054-1-iscsi devstack@c-api.service[113687]: WARNING stevedore.named [None req-fc4857a9-20c5-45fe-bc65-bd23dc65f1bf tempest-GroupsTest-1343587730 tempest-GroupsTest-1343587730-project] Could not load cinder.keymgr.conf_key_mgr.ConfKeyManager
Aug 24 12:33:21.360115 dv-cinder-846054-1-iscsi devstack@c-api.service[113687]: WARNING castellan.key_manager [None req-fc4857a9-20c5-45fe-bc65-bd23dc65f1bf tempest-GroupsTest-1343587730 tempest-GroupsTest-1343587730-project] Deprecation Warning : cinder.keymgr.conf_key_mgr.ConfKeyManager is not a stevedore based driver, trying to load it as a class: stevedore.exception.NoMatches: No 'castellan.drivers' driver found, looking for 'cinder.keymgr.conf_key_mgr.ConfKeyManager'
Aug 24 12:33:21.368551 dv-cinder-846054-1-iscsi devstack@c-api.service[113687]: DEBUG oslo_db.sqlalchemy.engines [None req-fc4857a9-20c5-45fe-bc65-bd23dc65f1bf tempest-GroupsTest-1343587730 tempest-GroupsTest-1343587730-project] MySQL server mode set to STRICT_TRANS_TABLES,STRICT_ALL_TABLES,NO_ZERO_IN_DATE,NO_ZERO_DATE,ERROR_FOR_DIVISION_BY_ZERO,TRADITIONAL,NO_ENGINE_SUBSTITUTION {{(pid=113687) _check_effective_sql_mode /usr/local/lib/python3.8/dist-packages/oslo_db/sqlalchemy/engines.py:314}}
Aug 24 12:33:21.374698 dv-cinder-846054-1-iscsi devstack@c-api.service[113687]: /usr/local/lib/python3.8/dist-packages/oslo_context/context.py:100: DeprecationWarning: Policy enforcement is depending on the value of is_admin. This key is deprecated. Please update your policy file to use the standard policy values.
Aug 24 12:33:21.374698 dv-cinder-846054-1-iscsi devstack@c-api.service[113687]: warnings.warn('Policy enforcement is depending on the value of '
