Aug 01 14:20:50.327900 dv-cinder-845990-5-iscsi devstack@c-api.service[111205]: DEBUG cinder.volume.flows.api.create_volume [None req-b387497c-f06e-427f-bf82-833b643d246b tempest-VolumeQuotasNegativeTestJSON-1179236605 tempest-VolumeQuotasNegativeTestJSON-1179236605-project] Validating volume size '1' using validate_int {{(pid=111205) _extract_size /opt/stack/cinder/cinder/volume/flows/api/create_volume.py:228}}
Aug 01 14:20:50.333893 dv-cinder-845990-5-iscsi devstack@c-api.service[111203]: DEBUG cinder.api.middleware.request_id [None req-c87b4f0c-1a3e-4624-88a4-36941309095e None None] RequestId filter calling following filter/app {{(pid=111203) _context_setter /opt/stack/cinder/cinder/api/middleware/request_id.py:62}}
Aug 01 14:20:50.339769 dv-cinder-845990-5-iscsi devstack@c-api.service[111203]: INFO cinder.api.openstack.wsgi [None req-c87b4f0c-1a3e-4624-88a4-36941309095e tempest-VolumesServicesTestJSON-1168221157 tempest-VolumesServicesTestJSON-1168221157-project-admin] GET http://10.222.0.17/volume/v3/0ac91dad79f04f4fa061c395bbd18fb8/os-services?host=hv-cinder-84599&binary=cinder-volume
Aug 01 14:20:50.340373 dv-cinder-845990-5-iscsi devstack@c-api.service[111203]: DEBUG cinder.api.openstack.wsgi [None req-c87b4f0c-1a3e-4624-88a4-36941309095e tempest-VolumesServicesTestJSON-1168221157 tempest-VolumesServicesTestJSON-1168221157-project-admin] Empty body provided in request {{(pid=111203) get_body /opt/stack/cinder/cinder/api/openstack/wsgi.py:715}}
Aug 01 14:20:50.341006 dv-cinder-845990-5-iscsi devstack@c-api.service[111203]: DEBUG cinder.api.openstack.wsgi [None req-c87b4f0c-1a3e-4624-88a4-36941309095e tempest-VolumesServicesTestJSON-1168221157 tempest-VolumesServicesTestJSON-1168221157-project-admin] Calling method 'index' {{(pid=111203) _process_stack /opt/stack/cinder/cinder/api/openstack/wsgi.py:868}}
Aug 01 14:20:50.353733 dv-cinder-845990-5-iscsi devstack@c-api.service[111203]: INFO cinder.api.openstack.wsgi [None req-c87b4f0c-1a3e-4624-88a4-36941309095e tempest-VolumesServicesTestJSON-1168221157 tempest-VolumesServicesTestJSON-1168221157-project-admin] http://10.222.0.17/volume/v3/0ac91dad79f04f4fa061c395bbd18fb8/os-services?host=hv-cinder-84599&binary=cinder-volume returned with HTTP 200
Aug 01 14:20:50.354509 dv-cinder-845990-5-iscsi devstack@c-api.service[111203]: [pid: 111203|app: 0|req: 107/234] 10.222.0.17 () {58 vars in 1309 bytes} [Mon Aug 1 14:20:50 2022] GET /volume/v3/0ac91dad79f04f4fa061c395bbd18fb8/os-services?host=hv-cinder-84599&binary=cinder-volume => generated 276 bytes in 22 msecs (HTTP/1.1 200) 7 headers in 285 bytes (1 switches on core 0)
Aug 01 14:20:50.355981 dv-cinder-845990-5-iscsi devstack@c-api.service[111203]: DEBUG cinder.api.middleware.request_id [None req-9e1da46b-7612-4e79-931e-e98d156c4470 None None] RequestId filter calling following filter/app {{(pid=111203) _context_setter /opt/stack/cinder/cinder/api/middleware/request_id.py:62}}
Aug 01 14:20:50.366892 dv-cinder-845990-5-iscsi devstack@c-api.service[111203]: INFO cinder.api.openstack.wsgi [None req-9e1da46b-7612-4e79-931e-e98d156c4470 tempest-VolumeServicesNegativeTest-934630427 tempest-VolumeServicesNegativeTest-934630427-project-admin] PUT http://10.222.0.17/volume/v3/880ea15d8df049158de0311aa891545b/os-services/disable
Aug 01 14:20:50.367753 dv-cinder-845990-5-iscsi devstack@c-api.service[111203]: DEBUG cinder.api.openstack.wsgi [None req-9e1da46b-7612-4e79-931e-e98d156c4470 tempest-VolumeServicesNegativeTest-934630427 tempest-VolumeServicesNegativeTest-934630427-project-admin] Action: 'update', calling method: update, body: {"host": "dv-cinder-845990-5-iscsi", "binary": "invalid_binary"} {{(pid=111203) _process_stack /opt/stack/cinder/cinder/api/openstack/wsgi.py:866}}
Aug 01 14:20:50.383982 dv-cinder-845990-5-iscsi devstack@c-api.service[111203]: INFO cinder.api.openstack.wsgi [None req-9e1da46b-7612-4e79-931e-e98d156c4470 tempest-VolumeServicesNegativeTest-934630427 tempest-VolumeServicesNegativeTest-934630427-project-admin] http://10.222.0.17/volume/v3/880ea15d8df049158de0311aa891545b/os-services/disable returned with HTTP 404
Aug 01 14:20:50.392069 dv-cinder-845990-5-iscsi devstack@c-api.service[111203]: [pid: 111203|app: 0|req: 108/235] 10.222.0.17 () {60 vars in 1270 bytes} [Mon Aug 1 14:20:50 2022] PUT /volume/v3/880ea15d8df049158de0311aa891545b/os-services/disable => generated 121 bytes in 30 msecs (HTTP/1.1 404) 7 headers in 292 bytes (1 switches on core 0)
Aug 01 14:20:50.392069 dv-cinder-845990-5-iscsi devstack@c-api.service[111203]: DEBUG cinder.api.middleware.request_id [None req-5ea63972-35a7-4a68-ab16-a7c64d25bba9 None None] RequestId filter calling following filter/app {{(pid=111203) _context_setter /opt/stack/cinder/cinder/api/middleware/request_id.py:62}}
Aug 01 14:20:50.392069 dv-cinder-845990-5-iscsi devstack@c-api.service[111203]: INFO cinder.api.openstack.wsgi [None req-5ea63972-35a7-4a68-ab16-a7c64d25bba9 tempest-VolumesServicesTestJSON-1168221157 tempest-VolumesServicesTestJSON-1168221157-project-admin] GET http://10.222.0.17/volume/v3/0ac91dad79f04f4fa061c395bbd18fb8/os-services
Aug 01 14:20:50.392817 dv-cinder-845990-5-iscsi devstack@c-api.service[111205]: DEBUG cinder.volume.api [None req-b387497c-f06e-427f-bf82-833b643d246b tempest-VolumeQuotasNegativeTestJSON-1179236605 tempest-VolumeQuotasNegativeTestJSON-1179236605-project] Task 'cinder.volume.flows.api.create_volume.ExtractVolumeRequestTask;volume:create' (4afcc781-a979-4f7f-be43-969628dcd279) transitioned into state 'SUCCESS' from state 'RUNNING' with result '{'size': 1, 'snapshot_id': None, 'source_volid': None, 'volume_type': VolumeType(created_at=2022-08-01T14:09:24Z,deleted=False,deleted_at=None,description='Default Volume Type',extra_specs={},id=679aa6b5-06e2-4626-bc58-3b7f5895c2ab,is_public=True,name='__DEFAULT__',projects=[],qos_specs=,qos_specs_id=None,updated_at=2022-08-01T14:09:24Z), 'volume_type_id': '679aa6b5-06e2-4626-bc58-3b7f5895c2ab', 'encryption_key_id': None, 'qos_specs': None, 'consistencygroup_id': None, 'cgsnapshot_id': None, 'group_id': None, 'replication_status': 'disabled', 'refresh_az': False, 'backup_id': None, 'multiattach': False, 'availability_zones': ['nova']}' {{(pid=111205) _task_receiver /usr/local/lib/python3.8/dist-packages/taskflow/listeners/logging.py:178}}
Aug 01 14:20:50.392997 dv-cinder-845990-5-iscsi devstack@c-api.service[111203]: DEBUG cinder.api.openstack.wsgi [None req-5ea63972-35a7-4a68-ab16-a7c64d25bba9 tempest-VolumesServicesTestJSON-1168221157 tempest-VolumesServicesTestJSON-1168221157-project-admin] Empty body provided in request {{(pid=111203) get_body /opt/stack/cinder/cinder/api/openstack/wsgi.py:715}}
Aug 01 14:20:50.393298 dv-cinder-845990-5-iscsi devstack@c-api.service[111203]: DEBUG cinder.api.openstack.wsgi [None req-5ea63972-35a7-4a68-ab16-a7c64d25bba9 tempest-VolumesServicesTestJSON-1168221157 tempest-VolumesServicesTestJSON-1168221157-project-admin] Calling method 'index' {{(pid=111203) _process_stack /opt/stack/cinder/cinder/api/openstack/wsgi.py:868}}
Aug 01 14:20:50.395136 dv-cinder-845990-5-iscsi devstack@c-api.service[111205]: DEBUG cinder.volume.api [None req-b387497c-f06e-427f-bf82-833b643d246b tempest-VolumeQuotasNegativeTestJSON-1179236605 tempest-VolumeQuotasNegativeTestJSON-1179236605-project] Task 'cinder.volume.flows.api.create_volume.QuotaReserveTask;volume:create' (c30530f1-b085-4cb8-b0ac-e363e19e644a) transitioned into state 'RUNNING' from state 'PENDING' {{(pid=111205) _task_receiver /usr/local/lib/python3.8/dist-packages/taskflow/listeners/logging.py:190}}
Aug 01 14:20:50.401988 dv-cinder-845990-5-iscsi devstack@c-api.service[111203]: INFO cinder.api.openstack.wsgi [None req-5ea63972-35a7-4a68-ab16-a7c64d25bba9 tempest-VolumesServicesTestJSON-1168221157 tempest-VolumesServicesTestJSON-1168221157-project-admin] http://10.222.0.17/volume/v3/0ac91dad79f04f4fa061c395bbd18fb8/os-services returned with HTTP 200
Aug 01 14:20:50.411500 dv-cinder-845990-5-iscsi devstack@c-api.service[111203]: [pid: 111203|app: 0|req: 109/236] 10.222.0.17 () {58 vars in 1226 bytes} [Mon Aug 1 14:20:50 2022] GET /volume/v3/0ac91dad79f04f4fa061c395bbd18fb8/os-services => generated 642 bytes in 17 msecs (HTTP/1.1 200) 7 headers in 285 bytes (1 switches on core 0)
Aug 01 14:20:50.411500 dv-cinder-845990-5-iscsi devstack@c-api.service[111203]: DEBUG cinder.api.middleware.request_id [None req-f06f663a-d8c0-479e-bbfa-b3ccadaee53f None None] RequestId filter calling following filter/app {{(pid=111203) _context_setter /opt/stack/cinder/cinder/api/middleware/request_id.py:62}}
Aug 01 14:20:50.411500 dv-cinder-845990-5-iscsi devstack@c-api.service[111203]: INFO cinder.api.openstack.wsgi [None req-f06f663a-d8c0-479e-bbfa-b3ccadaee53f tempest-VolumeServicesNegativeTest-934630427 tempest-VolumeServicesNegativeTest-934630427-project-admin] PUT http://10.222.0.17/volume/v3/880ea15d8df049158de0311aa891545b/os-services/enable
Aug 01 14:20:50.412487 dv-cinder-845990-5-iscsi devstack@c-api.service[111203]: DEBUG cinder.api.openstack.wsgi [None req-f06f663a-d8c0-479e-bbfa-b3ccadaee53f tempest-VolumeServicesNegativeTest-934630427 tempest-VolumeServicesNegativeTest-934630427-project-admin] Action: 'update', calling method: update, body: {"host": "invalid_host", "binary": "cinder-scheduler"} {{(pid=111203) _process_stack /opt/stack/cinder/cinder/api/openstack/wsgi.py:866}}
Aug 01 14:20:50.425514 dv-cinder-845990-5-iscsi devstack@c-api.service[111203]: INFO cinder.api.openstack.wsgi [None req-f06f663a-d8c0-479e-bbfa-b3ccadaee53f tempest-VolumeServicesNegativeTest-934630427 tempest-VolumeServicesNegativeTest-934630427-project-admin] http://10.222.0.17/volume/v3/880ea15d8df049158de0311aa891545b/os-services/enable returned with HTTP 404
Aug 01 14:20:50.433773 dv-cinder-845990-5-iscsi devstack@c-api.service[111203]: [pid: 111203|app: 0|req: 110/237] 10.222.0.17 () {60 vars in 1267 bytes} [Mon Aug 1 14:20:50 2022] PUT /volume/v3/880ea15d8df049158de0311aa891545b/os-services/enable => generated 111 bytes in 23 msecs (HTTP/1.1 404) 7 headers in 292 bytes (1 switches on core 0)
Aug 01 14:20:50.433773 dv-cinder-845990-5-iscsi devstack@c-api.service[111203]: DEBUG cinder.api.middleware.request_id [None req-18d86897-1b3c-41df-bd7a-1ddd557a31c1 None None] RequestId filter calling following filter/app {{(pid=111203) _context_setter /opt/stack/cinder/cinder/api/middleware/request_id.py:62}}
Aug 01 14:20:50.433773 dv-cinder-845990-5-iscsi devstack@c-api.service[111203]: INFO cinder.api.openstack.wsgi [None req-18d86897-1b3c-41df-bd7a-1ddd557a31c1 tempest-VolumesServicesTestJSON-1667553709 tempest-VolumesServicesTestJSON-1667553709-project] DELETE http://10.222.0.17/volume/v3/af6a2cf1cc0e44f0a7a1d8ea0974053c/volumes/9a7b057e-5f55-47d5-b91b-c03499b2972b
Aug 01 14:20:50.433773 dv-cinder-845990-5-iscsi devstack@c-api.service[111203]: DEBUG cinder.api.openstack.wsgi [None req-18d86897-1b3c-41df-bd7a-1ddd557a31c1 tempest-VolumesServicesTestJSON-1667553709 tempest-VolumesServicesTestJSON-1667553709-project] Empty body provided in request {{(pid=111203) get_body /opt/stack/cinder/cinder/api/openstack/wsgi.py:715}}
Aug 01 14:20:50.434986 dv-cinder-845990-5-iscsi devstack@c-api.service[111203]: DEBUG cinder.api.openstack.wsgi [None req-18d86897-1b3c-41df-bd7a-1ddd557a31c1 tempest-VolumesServicesTestJSON-1667553709 tempest-VolumesServicesTestJSON-1667553709-project] Calling method 'delete' {{(pid=111203) _process_stack /opt/stack/cinder/cinder/api/openstack/wsgi.py:868}}
Aug 01 14:20:50.434986 dv-cinder-845990-5-iscsi devstack@c-api.service[111203]: INFO cinder.api.v3.volumes [None req-18d86897-1b3c-41df-bd7a-1ddd557a31c1 tempest-VolumesServicesTestJSON-1667553709 tempest-VolumesServicesTestJSON-1667553709-project] Delete volume with id: 9a7b057e-5f55-47d5-b91b-c03499b2972b
Aug 01 14:20:50.453535 dv-cinder-845990-5-iscsi devstack@c-api.service[111203]: /usr/local/lib/python3.8/dist-packages/oslo_context/context.py:100: DeprecationWarning: Policy enforcement is depending on the value of is_admin. This key is deprecated. Please update your policy file to use the standard policy values.
Aug 01 14:20:50.453535 dv-cinder-845990-5-iscsi devstack@c-api.service[111203]: warnings.warn('Policy enforcement is depending on the value of '
Aug 01 14:20:50.454947 dv-cinder-845990-5-iscsi devstack@c-api.service[111203]: INFO cinder.volume.api [None req-18d86897-1b3c-41df-bd7a-1ddd557a31c1 tempest-VolumesServicesTestJSON-1667553709 tempest-VolumesServicesTestJSON-1667553709-project] Volume info retrieved successfully.
Aug 01 14:20:50.461192 dv-cinder-845990-5-iscsi devstack@c-api.service[111205]: DEBUG dbcounter [-] [111205] Writing DB stats cinder:SELECT=81,cinder:INSERT=7,cinder:UPDATE=12 {{(pid=111205) stat_writer /usr/local/lib/python3.8/dist-packages/dbcounter.py:114}}
Aug 01 14:20:50.494445 dv-cinder-845990-5-iscsi devstack@c-api.service[111203]: INFO cinder.volume.api [None req-18d86897-1b3c-41df-bd7a-1ddd557a31c1 tempest-VolumesServicesTestJSON-1667553709 tempest-VolumesServicesTestJSON-1667553709-project] Delete volume request issued successfully.
Aug 01 14:20:50.495423 dv-cinder-845990-5-iscsi devstack@c-api.service[111203]: INFO cinder.api.openstack.wsgi [None req-18d86897-1b3c-41df-bd7a-1ddd557a31c1 tempest-VolumesServicesTestJSON-1667553709 tempest-VolumesServicesTestJSON-1667553709-project] http://10.222.0.17/volume/v3/af6a2cf1cc0e44f0a7a1d8ea0974053c/volumes/9a7b057e-5f55-47d5-b91b-c03499b2972b returned with HTTP 202
Aug 01 14:20:50.496636 dv-cinder-845990-5-iscsi devstack@c-api.service[111203]: [pid: 111203|app: 0|req: 111/238] 10.222.0.17 () {58 vars in 1328 bytes} [Mon Aug 1 14:20:50 2022] DELETE /volume/v3/af6a2cf1cc0e44f0a7a1d8ea0974053c/volumes/9a7b057e-5f55-47d5-b91b-c03499b2972b => generated 0 bytes in 68 msecs (HTTP/1.1 202) 6 headers in 233 bytes (1 switches on core 0)
Aug 01 14:20:50.498943 dv-cinder-845990-5-iscsi devstack@c-api.service[111203]: DEBUG cinder.api.middleware.request_id [None req-52a2d642-161a-45ff-9be5-5fcf64882402 None None] RequestId filter calling following filter/app {{(pid=111203) _context_setter /opt/stack/cinder/cinder/api/middleware/request_id.py:62}}
Aug 01 14:20:50.503613 dv-cinder-845990-5-iscsi devstack@c-api.service[111203]: INFO cinder.api.openstack.wsgi [None req-52a2d642-161a-45ff-9be5-5fcf64882402 tempest-VolumeServicesNegativeTest-934630427 tempest-VolumeServicesNegativeTest-934630427-project-admin] PUT http://10.222.0.17/volume/v3/880ea15d8df049158de0311aa891545b/os-services/freeze
Aug 01 14:20:50.504432 dv-cinder-845990-5-iscsi devstack@c-api.service[111203]: DEBUG cinder.api.openstack.wsgi [None req-52a2d642-161a-45ff-9be5-5fcf64882402 tempest-VolumeServicesNegativeTest-934630427 tempest-VolumeServicesNegativeTest-934630427-project-admin] Action: 'update', calling method: update, body: {"host": "invalid_host"} {{(pid=111203) _process_stack /opt/stack/cinder/cinder/api/openstack/wsgi.py:866}}
Aug 01 14:20:50.520382 dv-cinder-845990-5-iscsi devstack@c-api.service[111203]: INFO cinder.api.openstack.wsgi [None req-52a2d642-161a-45ff-9be5-5fcf64882402 tempest-VolumeServicesNegativeTest-934630427 tempest-VolumeServicesNegativeTest-934630427-project-admin] http://10.222.0.17/volume/v3/880ea15d8df049158de0311aa891545b/os-services/freeze returned with HTTP 400
Aug 01 14:20:50.521722 dv-cinder-845990-5-iscsi devstack@c-api.service[111203]: [pid: 111203|app: 0|req: 112/239] 10.222.0.17 () {60 vars in 1267 bytes} [Mon Aug 1 14:20:50 2022] PUT /volume/v3/880ea15d8df049158de0311aa891545b/os-services/freeze => generated 83 bytes in 25 msecs (HTTP/1.1 400) 7 headers in 293 bytes (1 switches on core 0)
Aug 01 14:20:50.523144 dv-cinder-845990-5-iscsi devstack@c-api.service[111203]: DEBUG cinder.api.middleware.request_id [None req-a6c69af6-e415-4c25-9786-49db393c403f None None] RequestId filter calling following filter/app {{(pid=111203) _context_setter /opt/stack/cinder/cinder/api/middleware/request_id.py:62}}
Aug 01 14:20:50.526895 dv-cinder-845990-5-iscsi devstack@c-api.service[111203]: INFO cinder.api.openstack.wsgi [None req-a6c69af6-e415-4c25-9786-49db393c403f tempest-VolumesServicesTestJSON-1667553709 tempest-VolumesServicesTestJSON-1667553709-project] GET http://10.222.0.17/volume/v3/af6a2cf1cc0e44f0a7a1d8ea0974053c/volumes/9a7b057e-5f55-47d5-b91b-c03499b2972b
Aug 01 14:20:50.527332 dv-cinder-845990-5-iscsi devstack@c-api.service[111203]: DEBUG cinder.api.openstack.wsgi [None req-a6c69af6-e415-4c25-9786-49db393c403f tempest-VolumesServicesTestJSON-1667553709 tempest-VolumesServicesTestJSON-1667553709-project] Empty body provided in request {{(pid=111203) get_body /opt/stack/cinder/cinder/api/openstack/wsgi.py:715}}
Aug 01 14:20:50.528017 dv-cinder-845990-5-iscsi devstack@c-api.service[111203]: DEBUG cinder.api.openstack.wsgi [None req-a6c69af6-e415-4c25-9786-49db393c403f tempest-VolumesServicesTestJSON-1667553709 tempest-VolumesServicesTestJSON-1667553709-project] Calling method 'show' {{(pid=111203) _process_stack /opt/stack/cinder/cinder/api/openstack/wsgi.py:868}}
Aug 01 14:20:50.545894 dv-cinder-845990-5-iscsi devstack@c-api.service[111203]: /usr/local/lib/python3.8/dist-packages/oslo_context/context.py:100: DeprecationWarning: Policy enforcement is depending on the value of is_admin. This key is deprecated. Please update your policy file to use the standard policy values.
Aug 01 14:20:50.545894 dv-cinder-845990-5-iscsi devstack@c-api.service[111203]: warnings.warn('Policy enforcement is depending on the value of '
Aug 01 14:20:50.556806 dv-cinder-845990-5-iscsi devstack@c-api.service[111203]: INFO cinder.volume.api [None req-a6c69af6-e415-4c25-9786-49db393c403f tempest-VolumesServicesTestJSON-1667553709 tempest-VolumesServicesTestJSON-1667553709-project] Volume info retrieved successfully.
Aug 01 14:20:50.571710 dv-cinder-845990-5-iscsi devstack@c-api.service[111203]: INFO cinder.api.openstack.wsgi [None req-a6c69af6-e415-4c25-9786-49db393c403f tempest-VolumesServicesTestJSON-1667553709 tempest-VolumesServicesTestJSON-1667553709-project] http://10.222.0.17/volume/v3/af6a2cf1cc0e44f0a7a1d8ea0974053c/volumes/9a7b057e-5f55-47d5-b91b-c03499b2972b returned with HTTP 200
Aug 01 14:20:50.572770 dv-cinder-845990-5-iscsi devstack@c-api.service[111203]: [pid: 111203|app: 0|req: 113/240] 10.222.0.17 () {58 vars in 1325 bytes} [Mon Aug 1 14:20:50 2022] GET /volume/v3/af6a2cf1cc0e44f0a7a1d8ea0974053c/volumes/9a7b057e-5f55-47d5-b91b-c03499b2972b => generated 915 bytes in 50 msecs (HTTP/1.1 200) 7 headers in 285 bytes (1 switches on core 0)
Aug 01 14:20:50.574542 dv-cinder-845990-5-iscsi devstack@c-api.service[111203]: DEBUG cinder.api.middleware.request_id [None req-eeccde85-4b21-4f5d-af65-9aaa4de67c55 None None] RequestId filter calling following filter/app {{(pid=111203) _context_setter /opt/stack/cinder/cinder/api/middleware/request_id.py:62}}
Aug 01 14:20:50.584226 dv-cinder-845990-5-iscsi devstack@c-api.service[111203]: INFO cinder.api.openstack.wsgi [None req-eeccde85-4b21-4f5d-af65-9aaa4de67c55 tempest-VolumeServicesNegativeTest-934630427 tempest-VolumeServicesNegativeTest-934630427-project-admin] PUT http://10.222.0.17/volume/v3/880ea15d8df049158de0311aa891545b/os-services/thaw
Aug 01 14:20:50.584226 dv-cinder-845990-5-iscsi devstack@c-api.service[111203]: DEBUG cinder.api.openstack.wsgi [None req-eeccde85-4b21-4f5d-af65-9aaa4de67c55 tempest-VolumeServicesNegativeTest-934630427 tempest-VolumeServicesNegativeTest-934630427-project-admin] Action: 'update', calling method: update, body: {"host": "invalid_host"} {{(pid=111203) _process_stack /opt/stack/cinder/cinder/api/openstack/wsgi.py:866}}
Aug 01 14:20:50.587982 dv-cinder-845990-5-iscsi devstack@c-api.service[111205]: DEBUG cinder.quota [None req-b387497c-f06e-427f-bf82-833b643d246b tempest-VolumeQuotasNegativeTestJSON-1179236605 tempest-VolumeQuotasNegativeTestJSON-1179236605-project] Created reservations ['d967f0fd-80f8-4281-9edd-6615b5a0e239', 'f7f140a4-a55a-4387-868f-e40013c78aa6', '700e3234-9d81-49ce-b08f-693deddb3252', '8c53e03d-5cb1-4d6a-a037-2600f669e3b2'] {{(pid=111205) reserve /opt/stack/cinder/cinder/quota.py:755}}
Aug 01 14:20:50.590164 dv-cinder-845990-5-iscsi devstack@c-api.service[111205]: DEBUG cinder.volume.api [None req-b387497c-f06e-427f-bf82-833b643d246b tempest-VolumeQuotasNegativeTestJSON-1179236605 tempest-VolumeQuotasNegativeTestJSON-1179236605-project] Task 'cinder.volume.flows.api.create_volume.QuotaReserveTask;volume:create' (c30530f1-b085-4cb8-b0ac-e363e19e644a) transitioned into state 'SUCCESS' from state 'RUNNING' with result '{'reservations': ['d967f0fd-80f8-4281-9edd-6615b5a0e239', 'f7f140a4-a55a-4387-868f-e40013c78aa6', '700e3234-9d81-49ce-b08f-693deddb3252', '8c53e03d-5cb1-4d6a-a037-2600f669e3b2']}' {{(pid=111205) _task_receiver /usr/local/lib/python3.8/dist-packages/taskflow/listeners/logging.py:178}}
Aug 01 14:20:50.592301 dv-cinder-845990-5-iscsi devstack@c-api.service[111205]: DEBUG cinder.volume.api [None req-b387497c-f06e-427f-bf82-833b643d246b tempest-VolumeQuotasNegativeTestJSON-1179236605 tempest-VolumeQuotasNegativeTestJSON-1179236605-project] Task 'cinder.volume.flows.api.create_volume.EntryCreateTask;volume:create' (e3b706ed-3219-4159-8292-354624877602) transitioned into state 'RUNNING' from state 'PENDING' {{(pid=111205) _task_receiver /usr/local/lib/python3.8/dist-packages/taskflow/listeners/logging.py:190}}
Aug 01 14:20:50.595232 dv-cinder-845990-5-iscsi devstack@c-api.service[111203]: INFO cinder.api.openstack.wsgi [None req-eeccde85-4b21-4f5d-af65-9aaa4de67c55 tempest-VolumeServicesNegativeTest-934630427 tempest-VolumeServicesNegativeTest-934630427-project-admin] http://10.222.0.17/volume/v3/880ea15d8df049158de0311aa891545b/os-services/thaw returned with HTTP 400
Aug 01 14:20:50.596319 dv-cinder-845990-5-iscsi devstack@c-api.service[111203]: [pid: 111203|app: 0|req: 114/241] 10.222.0.17 () {60 vars in 1261 bytes} [Mon Aug 1 14:20:50 2022] PUT /volume/v3/880ea15d8df049158de0311aa891545b/os-services/thaw => generated 83 bytes in 23 msecs (HTTP/1.1 400) 7 headers in 293 bytes (1 switches on core 0)
Aug 01 14:20:50.633352 dv-cinder-845990-5-iscsi devstack@c-api.service[111205]: DEBUG cinder.volume.api [None req-b387497c-f06e-427f-bf82-833b643d246b tempest-VolumeQuotasNegativeTestJSON-1179236605 tempest-VolumeQuotasNegativeTestJSON-1179236605-project] Task 'cinder.volume.flows.api.create_volume.EntryCreateTask;volume:create' (e3b706ed-3219-4159-8292-354624877602) transitioned into state 'SUCCESS' from state 'RUNNING' with result '{'volume_id': '454a428e-079a-4337-b3ae-62a6e707fa96', 'volume_properties': VolumeProperties(attach_status='detached',availability_zone='nova',cgsnapshot_id=None,consistencygroup_id=None,display_description=None,display_name='tempest-VolumeQuotasNegativeTestJSON-Volume-1854071984',encryption_key_id=None,group_id=None,group_type_id=,metadata={},multiattach=False,project_id='0ce97ef5bc694b3c82d8b34a4a71f9c8',qos_specs=None,replication_status=,reservations=['d967f0fd-80f8-4281-9edd-6615b5a0e239','f7f140a4-a55a-4387-868f-e40013c78aa6','700e3234-9d81-49ce-b08f-693deddb3252','8c53e03d-5cb1-4d6a-a037-2600f669e3b2'],size=1,snapshot_id=None,source_replicaid=,source_volid=None,status='creating',user_id='06cbd013e399454abe81ddc87e3427c7',volume_type_id=679aa6b5-06e2-4626-bc58-3b7f5895c2ab), 'volume': Volume(_name_id=None,admin_metadata=,attach_status='detached',availability_zone='nova',bootable=False,cluster=,cluster_name=None,consistencygroup=,consistencygroup_id=None,created_at=2022-08-01T14:20:50Z,deleted=False,deleted_at=None,display_description=None,display_name='tempest-VolumeQuotasNegativeTestJSON-Volume-1854071984',ec2_id=None,encryption_key_id=None,glance_metadata=,group=,group_id=None,host=None,id=454a428e-079a-4337-b3ae-62a6e707fa96,launched_at=None,metadata={},migration_status=None,multiattach=False,previous_status=None,project_id='0ce97ef5bc694b3c82d8b34a4a71f9c8',provider_auth=None,provider_geometry=None,provider_id=None,provider_location=None,replication_driver_data=None,replication_extended_status=None,replication_status=None,scheduled_at=None,service_uuid=None,shared_targets=True,size=1,snapshot_id=None,snapshots=,source_volid=None,status='creating',terminated_at=None,updated_at=None,use_quota=True,user_id='06cbd013e399454abe81ddc87e3427c7',volume_attachment=VolumeAttachmentList,volume_type=VolumeType(679aa6b5-06e2-4626-bc58-3b7f5895c2ab),volume_type_id=679aa6b5-06e2-4626-bc58-3b7f5895c2ab)}' {{(pid=111205) _task_receiver /usr/local/lib/python3.8/dist-packages/taskflow/listeners/logging.py:178}}
Aug 01 14:20:50.637964 dv-cinder-845990-5-iscsi devstack@c-api.service[111205]: DEBUG cinder.volume.api [None req-b387497c-f06e-427f-bf82-833b643d246b tempest-VolumeQuotasNegativeTestJSON-1179236605 tempest-VolumeQuotasNegativeTestJSON-1179236605-project] Task 'cinder.volume.flows.api.create_volume.QuotaCommitTask;volume:create' (5ac0ea3a-e77b-45e7-937c-0244f71f4b97) transitioned into state 'RUNNING' from state 'PENDING' {{(pid=111205) _task_receiver /usr/local/lib/python3.8/dist-packages/taskflow/listeners/logging.py:190}}
Aug 01 14:20:50.681260 dv-cinder-845990-5-iscsi devstack@c-api.service[111205]: DEBUG cinder.volume.api [None req-b387497c-f06e-427f-bf82-833b643d246b tempest-VolumeQuotasNegativeTestJSON-1179236605 tempest-VolumeQuotasNegativeTestJSON-1179236605-project] Task 'cinder.volume.flows.api.create_volume.QuotaCommitTask;volume:create' (5ac0ea3a-e77b-45e7-937c-0244f71f4b97) transitioned into state 'SUCCESS' from state 'RUNNING' with result '{'volume_properties': VolumeProperties(attach_status='detached',availability_zone='nova',cgsnapshot_id=None,consistencygroup_id=None,display_description=None,display_name='tempest-VolumeQuotasNegativeTestJSON-Volume-1854071984',encryption_key_id=None,group_id=None,group_type_id=,metadata={},multiattach=False,project_id='0ce97ef5bc694b3c82d8b34a4a71f9c8',qos_specs=None,replication_status=,reservations=['d967f0fd-80f8-4281-9edd-6615b5a0e239','f7f140a4-a55a-4387-868f-e40013c78aa6','700e3234-9d81-49ce-b08f-693deddb3252','8c53e03d-5cb1-4d6a-a037-2600f669e3b2'],size=1,snapshot_id=None,source_replicaid=,source_volid=None,status='creating',user_id='06cbd013e399454abe81ddc87e3427c7',volume_type_id=679aa6b5-06e2-4626-bc58-3b7f5895c2ab)}' {{(pid=111205) _task_receiver /usr/local/lib/python3.8/dist-packages/taskflow/listeners/logging.py:178}}
Aug 01 14:20:50.684431 dv-cinder-845990-5-iscsi devstack@c-api.service[111205]: DEBUG cinder.volume.api [None req-b387497c-f06e-427f-bf82-833b643d246b tempest-VolumeQuotasNegativeTestJSON-1179236605 tempest-VolumeQuotasNegativeTestJSON-1179236605-project] Task 'cinder.volume.flows.api.create_volume.VolumeCastTask;volume:create' (1f52dbf1-e701-4034-b441-4d498b1a985f) transitioned into state 'RUNNING' from state 'PENDING' {{(pid=111205) _task_receiver /usr/local/lib/python3.8/dist-packages/taskflow/listeners/logging.py:190}}
Aug 01 14:20:50.726763 dv-cinder-845990-5-iscsi devstack@c-api.service[111205]: DEBUG cinder.volume.api [None req-b387497c-f06e-427f-bf82-833b643d246b tempest-VolumeQuotasNegativeTestJSON-1179236605 tempest-VolumeQuotasNegativeTestJSON-1179236605-project] Task 'cinder.volume.flows.api.create_volume.VolumeCastTask;volume:create' (1f52dbf1-e701-4034-b441-4d498b1a985f) transitioned into state 'SUCCESS' from state 'RUNNING' with result 'None' {{(pid=111205) _task_receiver /usr/local/lib/python3.8/dist-packages/taskflow/listeners/logging.py:178}}
Aug 01 14:20:50.733504 dv-cinder-845990-5-iscsi devstack@c-api.service[111205]: DEBUG cinder.volume.api [None req-b387497c-f06e-427f-bf82-833b643d246b tempest-VolumeQuotasNegativeTestJSON-1179236605 tempest-VolumeQuotasNegativeTestJSON-1179236605-project] Flow 'volume_create_api' (551b0256-f9df-4554-bfd5-3d2e71a65cbb) transitioned into state 'SUCCESS' from state 'RUNNING' {{(pid=111205) _flow_receiver /usr/local/lib/python3.8/dist-packages/taskflow/listeners/logging.py:141}}
Aug 01 14:20:50.734791 dv-cinder-845990-5-iscsi devstack@c-api.service[111205]: INFO cinder.volume.api [None req-b387497c-f06e-427f-bf82-833b643d246b tempest-VolumeQuotasNegativeTestJSON-1179236605 tempest-VolumeQuotasNegativeTestJSON-1179236605-project] Create volume request issued successfully.
Aug 01 14:20:50.737924 dv-cinder-845990-5-iscsi devstack@c-api.service[111205]: INFO cinder.api.openstack.wsgi [None req-b387497c-f06e-427f-bf82-833b643d246b tempest-VolumeQuotasNegativeTestJSON-1179236605 tempest-VolumeQuotasNegativeTestJSON-1179236605-project] http://10.222.0.17/volume/v3/0ce97ef5bc694b3c82d8b34a4a71f9c8/volumes returned with HTTP 202
Aug 01 14:20:50.752504 dv-cinder-845990-5-iscsi devstack@c-api.service[111205]: [pid: 111205|app: 0|req: 128/242] 10.222.0.17 () {60 vars in 1235 bytes} [Mon Aug 1 14:20:49 2022] POST /volume/v3/0ce97ef5bc694b3c82d8b34a4a71f9c8/volumes => generated 828 bytes in 783 msecs (HTTP/1.1 202) 7 headers in 291 bytes (1 switches on core 0)
Aug 01 14:20:50.760293 dv-cinder-845990-5-iscsi devstack@c-api.service[111203]: DEBUG cinder.api.middleware.request_id [None req-8311b9ce-b80e-4c81-a112-670fac547e3b None None] RequestId filter calling following filter/app {{(pid=111203) _context_setter /opt/stack/cinder/cinder/api/middleware/request_id.py:62}}
Aug 01 14:20:50.765811 dv-cinder-845990-5-iscsi devstack@c-api.service[111203]: INFO cinder.api.openstack.wsgi [None req-8311b9ce-b80e-4c81-a112-670fac547e3b tempest-VolumeQuotasNegativeTestJSON-1179236605 tempest-VolumeQuotasNegativeTestJSON-1179236605-project] GET http://10.222.0.17/volume/v3/0ce97ef5bc694b3c82d8b34a4a71f9c8/volumes/454a428e-079a-4337-b3ae-62a6e707fa96
Aug 01 14:20:50.767254 dv-cinder-845990-5-iscsi devstack@c-api.service[111203]: DEBUG cinder.api.openstack.wsgi [None req-8311b9ce-b80e-4c81-a112-670fac547e3b tempest-VolumeQuotasNegativeTestJSON-1179236605 tempest-VolumeQuotasNegativeTestJSON-1179236605-project] Empty body provided in request {{(pid=111203) get_body /opt/stack/cinder/cinder/api/openstack/wsgi.py:715}}
Aug 01 14:20:50.767903 dv-cinder-845990-5-iscsi devstack@c-api.service[111203]: DEBUG cinder.api.openstack.wsgi [None req-8311b9ce-b80e-4c81-a112-670fac547e3b tempest-VolumeQuotasNegativeTestJSON-1179236605 tempest-VolumeQuotasNegativeTestJSON-1179236605-project] Calling method 'show' {{(pid=111203) _process_stack /opt/stack/cinder/cinder/api/openstack/wsgi.py:868}}
Aug 01 14:20:50.786707 dv-cinder-845990-5-iscsi devstack@c-api.service[111203]: /usr/local/lib/python3.8/dist-packages/oslo_context/context.py:100: DeprecationWarning: Policy enforcement is depending on the value of is_admin. This key is deprecated. Please update your policy file to use the standard policy values.
Aug 01 14:20:50.786707 dv-cinder-845990-5-iscsi devstack@c-api.service[111203]: warnings.warn('Policy enforcement is depending on the value of '
Aug 01 14:20:50.793875 dv-cinder-845990-5-iscsi devstack@c-api.service[111205]: DEBUG cinder.api.middleware.request_id [None req-2e35332f-ae2d-4c79-8bb5-f9c5ef669815 None None] RequestId filter calling following filter/app {{(pid=111205) _context_setter /opt/stack/cinder/cinder/api/middleware/request_id.py:62}}
Aug 01 14:20:50.798555 dv-cinder-845990-5-iscsi devstack@c-api.service[111205]: INFO cinder.api.openstack.wsgi [None req-2e35332f-ae2d-4c79-8bb5-f9c5ef669815 tempest-GroupSnapshotsTest-1265878031 tempest-GroupSnapshotsTest-1265878031-project] GET http://10.222.0.17/volume/v3/657664c470214f10bbada00c008ec87d/group_snapshots/b0e00f7f-8f4c-4527-be78-60d84d2f3535
Aug 01 14:20:50.799055 dv-cinder-845990-5-iscsi devstack@c-api.service[111205]: DEBUG cinder.api.openstack.wsgi [None req-2e35332f-ae2d-4c79-8bb5-f9c5ef669815 tempest-GroupSnapshotsTest-1265878031 tempest-GroupSnapshotsTest-1265878031-project] Empty body provided in request {{(pid=111205) get_body /opt/stack/cinder/cinder/api/openstack/wsgi.py:715}}
Aug 01 14:20:50.799801 dv-cinder-845990-5-iscsi devstack@c-api.service[111205]: DEBUG cinder.api.openstack.wsgi [None req-2e35332f-ae2d-4c79-8bb5-f9c5ef669815 tempest-GroupSnapshotsTest-1265878031 tempest-GroupSnapshotsTest-1265878031-project] Calling method 'version_select' {{(pid=111205) _process_stack /opt/stack/cinder/cinder/api/openstack/wsgi.py:868}}
Aug 01 14:20:50.800333 dv-cinder-845990-5-iscsi devstack@c-api.service[111205]: DEBUG cinder.api.v3.group_snapshots [None req-2e35332f-ae2d-4c79-8bb5-f9c5ef669815 tempest-GroupSnapshotsTest-1265878031 tempest-GroupSnapshotsTest-1265878031-project] show called for member b0e00f7f-8f4c-4527-be78-60d84d2f3535 {{(pid=111205) show /opt/stack/cinder/cinder/api/v3/group_snapshots.py:58}}
Aug 01 14:20:50.811021 dv-cinder-845990-5-iscsi devstack@c-api.service[111203]: INFO cinder.volume.api [None req-8311b9ce-b80e-4c81-a112-670fac547e3b tempest-VolumeQuotasNegativeTestJSON-1179236605 tempest-VolumeQuotasNegativeTestJSON-1179236605-project] Volume info retrieved successfully.
Aug 01 14:20:50.812682 dv-cinder-845990-5-iscsi devstack@c-api.service[111205]: /usr/local/lib/python3.8/dist-packages/oslo_context/context.py:100: DeprecationWarning: Policy enforcement is depending on the value of is_admin. This key is deprecated. Please update your policy file to use the standard policy values.
Aug 01 14:20:50.812682 dv-cinder-845990-5-iscsi devstack@c-api.service[111205]: warnings.warn('Policy enforcement is depending on the value of '
Aug 01 14:20:50.832590 dv-cinder-845990-5-iscsi devstack@c-api.service[111205]: INFO cinder.api.openstack.wsgi [None req-2e35332f-ae2d-4c79-8bb5-f9c5ef669815 tempest-GroupSnapshotsTest-1265878031 tempest-GroupSnapshotsTest-1265878031-project] http://10.222.0.17/volume/v3/657664c470214f10bbada00c008ec87d/group_snapshots/b0e00f7f-8f4c-4527-be78-60d84d2f3535 returned with HTTP 200
Aug 01 14:20:50.833387 dv-cinder-845990-5-iscsi devstack@c-api.service[111203]: INFO cinder.api.openstack.wsgi [None req-8311b9ce-b80e-4c81-a112-670fac547e3b tempest-VolumeQuotasNegativeTestJSON-1179236605 tempest-VolumeQuotasNegativeTestJSON-1179236605-project] http://10.222.0.17/volume/v3/0ce97ef5bc694b3c82d8b34a4a71f9c8/volumes/454a428e-079a-4337-b3ae-62a6e707fa96 returned with HTTP 200
Aug 01 14:20:50.834214 dv-cinder-845990-5-iscsi devstack@c-api.service[111205]: [pid: 111205|app: 0|req: 129/243] 10.222.0.17 () {60 vars in 1390 bytes} [Mon Aug 1 14:20:50 2022] GET /volume/v3/657664c470214f10bbada00c008ec87d/group_snapshots/b0e00f7f-8f4c-4527-be78-60d84d2f3535 => generated 325 bytes in 42 msecs (HTTP/1.1 200) 7 headers in 286 bytes (1 switches on core 0)
Aug 01 14:20:50.847750 dv-cinder-845990-5-iscsi devstack@c-api.service[111203]: [pid: 111203|app: 0|req: 115/244] 10.222.0.17 () {58 vars in 1325 bytes} [Mon Aug 1 14:20:50 2022] GET /volume/v3/0ce97ef5bc694b3c82d8b34a4a71f9c8/volumes/454a428e-079a-4337-b3ae-62a6e707fa96 => generated 896 bytes in 81 msecs (HTTP/1.1 200) 7 headers in 285 bytes (1 switches on core 0)
Aug 01 14:20:51.580935 dv-cinder-845990-5-iscsi devstack@c-api.service[111205]: DEBUG cinder.api.middleware.request_id [None req-39cb0cd9-1fa0-455f-b90f-eea05ff09cfb None None] RequestId filter calling following filter/app {{(pid=111205) _context_setter /opt/stack/cinder/cinder/api/middleware/request_id.py:62}}
Aug 01 14:20:51.594886 dv-cinder-845990-5-iscsi devstack@c-api.service[111203]: DEBUG cinder.api.middleware.request_id [None req-30bf060f-2ed4-4198-8b48-5852c2d1a419 None None] RequestId filter calling following filter/app {{(pid=111203) _context_setter /opt/stack/cinder/cinder/api/middleware/request_id.py:62}}
Aug 01 14:20:51.601381 dv-cinder-845990-5-iscsi devstack@c-api.service[111203]: INFO cinder.api.openstack.wsgi [None req-30bf060f-2ed4-4198-8b48-5852c2d1a419 tempest-VolumesServicesTestJSON-1667553709 tempest-VolumesServicesTestJSON-1667553709-project] GET http://10.222.0.17/volume/v3/af6a2cf1cc0e44f0a7a1d8ea0974053c/volumes/9a7b057e-5f55-47d5-b91b-c03499b2972b
Aug 01 14:20:51.602493 dv-cinder-845990-5-iscsi devstack@c-api.service[111203]: DEBUG cinder.api.openstack.wsgi [None req-30bf060f-2ed4-4198-8b48-5852c2d1a419 tempest-VolumesServicesTestJSON-1667553709 tempest-VolumesServicesTestJSON-1667553709-project] Empty body provided in request {{(pid=111203) get_body /opt/stack/cinder/cinder/api/openstack/wsgi.py:715}}
Aug 01 14:20:51.603614 dv-cinder-845990-5-iscsi devstack@c-api.service[111203]: DEBUG cinder.api.openstack.wsgi [None req-30bf060f-2ed4-4198-8b48-5852c2d1a419 tempest-VolumesServicesTestJSON-1667553709 tempest-VolumesServicesTestJSON-1667553709-project] Calling method 'show' {{(pid=111203) _process_stack /opt/stack/cinder/cinder/api/openstack/wsgi.py:868}}
Aug 01 14:20:51.633646 dv-cinder-845990-5-iscsi devstack@c-api.service[111203]: /usr/local/lib/python3.8/dist-packages/oslo_context/context.py:100: DeprecationWarning: Policy enforcement is depending on the value of is_admin. This key is deprecated. Please update your policy file to use the standard policy values.
Aug 01 14:20:51.633646 dv-cinder-845990-5-iscsi devstack@c-api.service[111203]: warnings.warn('Policy enforcement is depending on the value of '
Aug 01 14:20:51.654837 dv-cinder-845990-5-iscsi devstack@c-api.service[111203]: INFO cinder.volume.api [None req-30bf060f-2ed4-4198-8b48-5852c2d1a419 tempest-VolumesServicesTestJSON-1667553709 tempest-VolumesServicesTestJSON-1667553709-project] Volume info retrieved successfully.
Aug 01 14:20:51.673416 dv-cinder-845990-5-iscsi devstack@c-api.service[111203]: INFO cinder.api.openstack.wsgi [None req-30bf060f-2ed4-4198-8b48-5852c2d1a419 tempest-VolumesServicesTestJSON-1667553709 tempest-VolumesServicesTestJSON-1667553709-project] http://10.222.0.17/volume/v3/af6a2cf1cc0e44f0a7a1d8ea0974053c/volumes/9a7b057e-5f55-47d5-b91b-c03499b2972b returned with HTTP 200
Aug 01 14:20:51.674830 dv-cinder-845990-5-iscsi devstack@c-api.service[111203]: [pid: 111203|app: 0|req: 116/245] 10.222.0.17 () {58 vars in 1325 bytes} [Mon Aug 1 14:20:51 2022] GET /volume/v3/af6a2cf1cc0e44f0a7a1d8ea0974053c/volumes/9a7b057e-5f55-47d5-b91b-c03499b2972b => generated 915 bytes in 82 msecs (HTTP/1.1 200) 7 headers in 285 bytes (2 switches on core 0)
Aug 01 14:20:51.764447 dv-cinder-845990-5-iscsi devstack@c-api.service[111205]: INFO cinder.api.openstack.wsgi [None req-39cb0cd9-1fa0-455f-b90f-eea05ff09cfb tempest-SnapshotMetadataTestJSON-1025660562 tempest-SnapshotMetadataTestJSON-1025660562-project] POST http://10.222.0.17/volume/v3/1498253edc5c4b488e07a0a1555ce05d/volumes
Aug 01 14:20:51.765313 dv-cinder-845990-5-iscsi devstack@c-api.service[111205]: DEBUG cinder.api.openstack.wsgi [None req-39cb0cd9-1fa0-455f-b90f-eea05ff09cfb tempest-SnapshotMetadataTestJSON-1025660562 tempest-SnapshotMetadataTestJSON-1025660562-project] Action: 'create', calling method: create, body: {"volume": {"size": 1, "name": "tempest-SnapshotMetadataTestJSON-Volume-113754419"}} {{(pid=111205) _process_stack /opt/stack/cinder/cinder/api/openstack/wsgi.py:866}}
Aug 01 14:20:51.767827 dv-cinder-845990-5-iscsi devstack@c-api.service[111205]: DEBUG cinder.api.v3.volumes [None req-39cb0cd9-1fa0-455f-b90f-eea05ff09cfb tempest-SnapshotMetadataTestJSON-1025660562 tempest-SnapshotMetadataTestJSON-1025660562-project] Create volume request body: {'volume': {'size': 1, 'name': 'tempest-SnapshotMetadataTestJSON-Volume-113754419'}} {{(pid=111205) create /opt/stack/cinder/cinder/api/v3/volumes.py:298}}
Aug 01 14:20:51.768741 dv-cinder-845990-5-iscsi devstack@c-api.service[111205]: INFO cinder.api.v3.volumes [None req-39cb0cd9-1fa0-455f-b90f-eea05ff09cfb tempest-SnapshotMetadataTestJSON-1025660562 tempest-SnapshotMetadataTestJSON-1025660562-project] Create volume of 1 GB
Aug 01 14:20:51.777959 dv-cinder-845990-5-iscsi devstack@c-api.service[111205]: INFO cinder.volume.api [None req-39cb0cd9-1fa0-455f-b90f-eea05ff09cfb tempest-SnapshotMetadataTestJSON-1025660562 tempest-SnapshotMetadataTestJSON-1025660562-project] Availability Zones retrieved successfully.
Aug 01 14:20:51.793574 dv-cinder-845990-5-iscsi devstack@c-api.service[111205]: DEBUG cinder.volume.api [None req-39cb0cd9-1fa0-455f-b90f-eea05ff09cfb tempest-SnapshotMetadataTestJSON-1025660562 tempest-SnapshotMetadataTestJSON-1025660562-project] Flow 'volume_create_api' (053bde78-6f79-47ae-bb3b-94b7740f4f62) transitioned into state 'RUNNING' from state 'PENDING' {{(pid=111205) _flow_receiver /usr/local/lib/python3.8/dist-packages/taskflow/listeners/logging.py:141}}
Aug 01 14:20:51.796203 dv-cinder-845990-5-iscsi devstack@c-api.service[111205]: DEBUG cinder.volume.api [None req-39cb0cd9-1fa0-455f-b90f-eea05ff09cfb tempest-SnapshotMetadataTestJSON-1025660562 tempest-SnapshotMetadataTestJSON-1025660562-project] Task 'cinder.volume.flows.api.create_volume.ExtractVolumeRequestTask;volume:create' (42e8c989-5820-4bd9-9558-d0b375e85877) transitioned into state 'RUNNING' from state 'PENDING' {{(pid=111205) _task_receiver /usr/local/lib/python3.8/dist-packages/taskflow/listeners/logging.py:190}}
Aug 01 14:20:51.798720 dv-cinder-845990-5-iscsi devstack@c-api.service[111205]: DEBUG cinder.volume.flows.api.create_volume [None req-39cb0cd9-1fa0-455f-b90f-eea05ff09cfb tempest-SnapshotMetadataTestJSON-1025660562 tempest-SnapshotMetadataTestJSON-1025660562-project] Validating volume size '1' using validate_int {{(pid=111205) _extract_size /opt/stack/cinder/cinder/volume/flows/api/create_volume.py:228}}
Aug 01 14:20:51.844305 dv-cinder-845990-5-iscsi devstack@c-api.service[111205]: DEBUG cinder.volume.api [None req-39cb0cd9-1fa0-455f-b90f-eea05ff09cfb tempest-SnapshotMetadataTestJSON-1025660562 tempest-SnapshotMetadataTestJSON-1025660562-project] Task 'cinder.volume.flows.api.create_volume.ExtractVolumeRequestTask;volume:create' (42e8c989-5820-4bd9-9558-d0b375e85877) transitioned into state 'SUCCESS' from state 'RUNNING' with result '{'size': 1, 'snapshot_id': None, 'source_volid': None, 'volume_type': VolumeType(created_at=2022-08-01T14:09:24Z,deleted=False,deleted_at=None,description='Default Volume Type',extra_specs={},id=679aa6b5-06e2-4626-bc58-3b7f5895c2ab,is_public=True,name='__DEFAULT__',projects=[],qos_specs=,qos_specs_id=None,updated_at=2022-08-01T14:09:24Z), 'volume_type_id': '679aa6b5-06e2-4626-bc58-3b7f5895c2ab', 'encryption_key_id': None, 'qos_specs': None, 'consistencygroup_id': None, 'cgsnapshot_id': None, 'group_id': None, 'replication_status': 'disabled', 'refresh_az': False, 'backup_id': None, 'multiattach': False, 'availability_zones': ['nova']}' {{(pid=111205) _task_receiver /usr/local/lib/python3.8/dist-packages/taskflow/listeners/logging.py:178}}
Aug 01 14:20:51.849043 dv-cinder-845990-5-iscsi devstack@c-api.service[111203]: DEBUG cinder.api.middleware.request_id [None req-7ce229c9-ef9d-4b14-82cb-a714feacc51f None None] RequestId filter calling following filter/app {{(pid=111203) _context_setter /opt/stack/cinder/cinder/api/middleware/request_id.py:62}}
Aug 01 14:20:51.850139 dv-cinder-845990-5-iscsi devstack@c-api.service[111205]: DEBUG cinder.volume.api [None req-39cb0cd9-1fa0-455f-b90f-eea05ff09cfb tempest-SnapshotMetadataTestJSON-1025660562 tempest-SnapshotMetadataTestJSON-1025660562-project] Task 'cinder.volume.flows.api.create_volume.QuotaReserveTask;volume:create' (52f26ca9-ea63-4916-bebf-1d53cd7c04e1) transitioned into state 'RUNNING' from state 'PENDING' {{(pid=111205) _task_receiver /usr/local/lib/python3.8/dist-packages/taskflow/listeners/logging.py:190}}
Aug 01 14:20:51.857121 dv-cinder-845990-5-iscsi devstack@c-api.service[111203]: INFO cinder.api.openstack.wsgi [None req-7ce229c9-ef9d-4b14-82cb-a714feacc51f tempest-GroupSnapshotsTest-1265878031 tempest-GroupSnapshotsTest-1265878031-project] GET http://10.222.0.17/volume/v3/657664c470214f10bbada00c008ec87d/group_snapshots/b0e00f7f-8f4c-4527-be78-60d84d2f3535
Aug 01 14:20:51.858023 dv-cinder-845990-5-iscsi devstack@c-api.service[111203]: DEBUG cinder.api.openstack.wsgi [None req-7ce229c9-ef9d-4b14-82cb-a714feacc51f tempest-GroupSnapshotsTest-1265878031 tempest-GroupSnapshotsTest-1265878031-project] Empty body provided in request {{(pid=111203) get_body /opt/stack/cinder/cinder/api/openstack/wsgi.py:715}}
Aug 01 14:20:51.859094 dv-cinder-845990-5-iscsi devstack@c-api.service[111203]: DEBUG cinder.api.openstack.wsgi [None req-7ce229c9-ef9d-4b14-82cb-a714feacc51f tempest-GroupSnapshotsTest-1265878031 tempest-GroupSnapshotsTest-1265878031-project] Calling method 'version_select' {{(pid=111203) _process_stack /opt/stack/cinder/cinder/api/openstack/wsgi.py:868}}
Aug 01 14:20:51.859746 dv-cinder-845990-5-iscsi devstack@c-api.service[111203]: DEBUG cinder.api.v3.group_snapshots [None req-7ce229c9-ef9d-4b14-82cb-a714feacc51f tempest-GroupSnapshotsTest-1265878031 tempest-GroupSnapshotsTest-1265878031-project] show called for member b0e00f7f-8f4c-4527-be78-60d84d2f3535 {{(pid=111203) show /opt/stack/cinder/cinder/api/v3/group_snapshots.py:58}}
Aug 01 14:20:51.872164 dv-cinder-845990-5-iscsi devstack@c-api.service[111203]: /usr/local/lib/python3.8/dist-packages/oslo_context/context.py:100: DeprecationWarning: Policy enforcement is depending on the value of is_admin. This key is deprecated. Please update your policy file to use the standard policy values.
Aug 01 14:20:51.872164 dv-cinder-845990-5-iscsi devstack@c-api.service[111203]: warnings.warn('Policy enforcement is depending on the value of '
Aug 01 14:20:51.887620 dv-cinder-845990-5-iscsi devstack@c-api.service[111203]: INFO cinder.api.openstack.wsgi [None req-7ce229c9-ef9d-4b14-82cb-a714feacc51f tempest-GroupSnapshotsTest-1265878031 tempest-GroupSnapshotsTest-1265878031-project] http://10.222.0.17/volume/v3/657664c470214f10bbada00c008ec87d/group_snapshots/b0e00f7f-8f4c-4527-be78-60d84d2f3535 returned with HTTP 200
Aug 01 14:20:51.894791 dv-cinder-845990-5-iscsi devstack@c-api.service[111203]: [pid: 111203|app: 0|req: 117/246] 10.222.0.17 () {60 vars in 1390 bytes} [Mon Aug 1 14:20:51 2022] GET /volume/v3/657664c470214f10bbada00c008ec87d/group_snapshots/b0e00f7f-8f4c-4527-be78-60d84d2f3535 => generated 325 bytes in 52 msecs (HTTP/1.1 200) 7 headers in 286 bytes (1 switches on core 0)
Aug 01 14:20:51.897345 dv-cinder-845990-5-iscsi devstack@c-api.service[111203]: DEBUG cinder.api.middleware.request_id [None req-57fa0115-001f-47fd-aebb-5d7338f59e9a None None] RequestId filter calling following filter/app {{(pid=111203) _context_setter /opt/stack/cinder/cinder/api/middleware/request_id.py:62}}
Aug 01 14:20:51.902511 dv-cinder-845990-5-iscsi devstack@c-api.service[111203]: INFO cinder.api.openstack.wsgi [None req-57fa0115-001f-47fd-aebb-5d7338f59e9a tempest-VolumeQuotasNegativeTestJSON-1179236605 tempest-VolumeQuotasNegativeTestJSON-1179236605-project] GET http://10.222.0.17/volume/v3/0ce97ef5bc694b3c82d8b34a4a71f9c8/volumes/454a428e-079a-4337-b3ae-62a6e707fa96
Aug 01 14:20:51.903052 dv-cinder-845990-5-iscsi devstack@c-api.service[111203]: DEBUG cinder.api.openstack.wsgi [None req-57fa0115-001f-47fd-aebb-5d7338f59e9a tempest-VolumeQuotasNegativeTestJSON-1179236605 tempest-VolumeQuotasNegativeTestJSON-1179236605-project] Empty body provided in request {{(pid=111203) get_body /opt/stack/cinder/cinder/api/openstack/wsgi.py:715}}
Aug 01 14:20:51.903543 dv-cinder-845990-5-iscsi devstack@c-api.service[111203]: DEBUG cinder.api.openstack.wsgi [None req-57fa0115-001f-47fd-aebb-5d7338f59e9a tempest-VolumeQuotasNegativeTestJSON-1179236605 tempest-VolumeQuotasNegativeTestJSON-1179236605-project] Calling method 'show' {{(pid=111203) _process_stack /opt/stack/cinder/cinder/api/openstack/wsgi.py:868}}
Aug 01 14:20:51.919747 dv-cinder-845990-5-iscsi devstack@c-api.service[111203]: /usr/local/lib/python3.8/dist-packages/oslo_context/context.py:100: DeprecationWarning: Policy enforcement is depending on the value of is_admin. This key is deprecated. Please update your policy file to use the standard policy values.
Aug 01 14:20:51.919747 dv-cinder-845990-5-iscsi devstack@c-api.service[111203]: warnings.warn('Policy enforcement is depending on the value of '
Aug 01 14:20:51.927334 dv-cinder-845990-5-iscsi devstack@c-api.service[111203]: INFO cinder.volume.api [None req-57fa0115-001f-47fd-aebb-5d7338f59e9a tempest-VolumeQuotasNegativeTestJSON-1179236605 tempest-VolumeQuotasNegativeTestJSON-1179236605-project] Volume info retrieved successfully.
Aug 01 14:20:51.937474 dv-cinder-845990-5-iscsi devstack@c-api.service[111203]: INFO cinder.api.openstack.wsgi [None req-57fa0115-001f-47fd-aebb-5d7338f59e9a tempest-VolumeQuotasNegativeTestJSON-1179236605 tempest-VolumeQuotasNegativeTestJSON-1179236605-project] http://10.222.0.17/volume/v3/0ce97ef5bc694b3c82d8b34a4a71f9c8/volumes/454a428e-079a-4337-b3ae-62a6e707fa96 returned with HTTP 200
Aug 01 14:20:51.938228 dv-cinder-845990-5-iscsi devstack@c-api.service[111203]: [pid: 111203|app: 0|req: 118/247] 10.222.0.17 () {58 vars in 1325 bytes} [Mon Aug 1 14:20:51 2022] GET /volume/v3/0ce97ef5bc694b3c82d8b34a4a71f9c8/volumes/454a428e-079a-4337-b3ae-62a6e707fa96 => generated 920 bytes in 42 msecs (HTTP/1.1 200) 7 headers in 285 bytes (1 switches on core 0)
Aug 01 14:20:52.003237 dv-cinder-845990-5-iscsi devstack@c-api.service[111205]: DEBUG cinder.quota [None req-39cb0cd9-1fa0-455f-b90f-eea05ff09cfb tempest-SnapshotMetadataTestJSON-1025660562 tempest-SnapshotMetadataTestJSON-1025660562-project] Created reservations ['31c01c78-03ae-4879-a4ef-3ff8329bab72', '8bb0b424-624d-4842-b99a-785fff3647c2', 'c34bae7d-7293-4193-b8b2-bfbcfddbf4ae', 'c92de5ee-1f5b-47e0-b4fe-5f678f5bba3c'] {{(pid=111205) reserve /opt/stack/cinder/cinder/quota.py:755}}
