Jun 15 15:56:47.439754 dv-cinder-845990-1-smb devstack@n-api.service[125138]: [pid: 125138|app: 0|req: 6/13] 10.222.0.69 () {58 vars in 1244 bytes} [Wed Jun 15 15:56:47 2022] GET /compute/v2.1/os-volumes/af19708a-4550-4cf2-8f9b-a54e2e2e4e5b => generated 109 bytes in 187 msecs (HTTP/1.1 404) 9 headers in 379 bytes (1 switches on core 0)
Jun 15 15:56:47.662707 dv-cinder-845990-1-smb devstack@n-api.service[125139]: DEBUG nova.api.openstack.wsgi [None req-314d2317-6bf0-45ae-9475-628aaeb1013e tempest-DeleteServersTestJSON-258056560 tempest-DeleteServersTestJSON-258056560-project] Calling method '>' {{(pid=125139) _process_stack /opt/stack/nova/nova/api/openstack/wsgi.py:513}}
Jun 15 15:56:47.664822 dv-cinder-845990-1-smb devstack@n-api.service[125139]: DEBUG nova.compute.api [None req-314d2317-6bf0-45ae-9475-628aaeb1013e tempest-DeleteServersTestJSON-258056560 tempest-DeleteServersTestJSON-258056560-project] [instance: 4d382c4c-0d73-4f8b-8ea7-1172c43ee387] Fetching instance by UUID {{(pid=125139) get /opt/stack/nova/nova/compute/api.py:2920}}
Jun 15 15:56:47.688679 dv-cinder-845990-1-smb devstack@n-api.service[125139]: DEBUG oslo_concurrency.lockutils [None req-314d2317-6bf0-45ae-9475-628aaeb1013e tempest-DeleteServersTestJSON-258056560 tempest-DeleteServersTestJSON-258056560-project] Lock "c5d24ec9-e455-4272-9f36-824746525611" acquired by "nova.context.set_target_cell..get_or_set_cached_cell_and_set_connections" :: waited 0.000s {{(pid=125139) inner /usr/local/lib/python3.8/dist-packages/oslo_concurrency/lockutils.py:386}}
Jun 15 15:56:47.689846 dv-cinder-845990-1-smb devstack@n-api.service[125139]: DEBUG oslo_concurrency.lockutils [None req-314d2317-6bf0-45ae-9475-628aaeb1013e tempest-DeleteServersTestJSON-258056560 tempest-DeleteServersTestJSON-258056560-project] Lock "c5d24ec9-e455-4272-9f36-824746525611" "released" by "nova.context.set_target_cell..get_or_set_cached_cell_and_set_connections" :: held 0.004s {{(pid=125139) inner /usr/local/lib/python3.8/dist-packages/oslo_concurrency/lockutils.py:400}}
Jun 15 15:56:47.692238 dv-cinder-845990-1-smb devstack@n-api.service[125139]: DEBUG oslo_concurrency.lockutils [None req-314d2317-6bf0-45ae-9475-628aaeb1013e tempest-DeleteServersTestJSON-258056560 tempest-DeleteServersTestJSON-258056560-project] Lock "c5d24ec9-e455-4272-9f36-824746525611" acquired by "nova.context.set_target_cell..get_or_set_cached_cell_and_set_connections" :: waited 0.000s {{(pid=125139) inner /usr/local/lib/python3.8/dist-packages/oslo_concurrency/lockutils.py:386}}
Jun 15 15:56:47.693608 dv-cinder-845990-1-smb devstack@n-api.service[125139]: DEBUG oslo_concurrency.lockutils [None req-314d2317-6bf0-45ae-9475-628aaeb1013e tempest-DeleteServersTestJSON-258056560 tempest-DeleteServersTestJSON-258056560-project] Lock "c5d24ec9-e455-4272-9f36-824746525611" "released" by "nova.context.set_target_cell..get_or_set_cached_cell_and_set_connections" :: held 0.003s {{(pid=125139) inner /usr/local/lib/python3.8/dist-packages/oslo_concurrency/lockutils.py:400}}
Jun 15 15:56:48.038508 dv-cinder-845990-1-smb devstack@n-api.service[125139]: DEBUG nova.policy [None req-314d2317-6bf0-45ae-9475-628aaeb1013e tempest-DeleteServersTestJSON-258056560 tempest-DeleteServersTestJSON-258056560-project] Policy check for os_compute_api:os-extended-server-attributes failed with credentials {'is_admin': False, 'user_id': '7fc21e238b7b432b9eb1b5f9daedb6b8', 'user_domain_id': 'default', 'system_scope': None, 'domain_id': None, 'project_id': '4623139b729b4cb5a76be0ed9f05eddb', 'project_domain_id': 'default', 'roles': ['member', 'reader'], 'is_admin_project': True, 'service_user_id': None, 'service_user_domain_id': None, 'service_project_id': None, 'service_project_domain_id': None, 'service_roles': []} {{(pid=125139) authorize /opt/stack/nova/nova/policy.py:199}}
Jun 15 15:56:48.063984 dv-cinder-845990-1-smb devstack@n-api.service[125139]: INFO nova.api.openstack.requestlog [None req-314d2317-6bf0-45ae-9475-628aaeb1013e tempest-DeleteServersTestJSON-258056560 tempest-DeleteServersTestJSON-258056560-project] 10.222.0.69 "GET /compute/v2.1/servers/4d382c4c-0d73-4f8b-8ea7-1172c43ee387" status: 200 len: 1219 microversion: 2.1 time: 0.412279
Jun 15 15:56:48.081992 dv-cinder-845990-1-smb devstack@n-api.service[125139]: [pid: 125139|app: 0|req: 8/14] 10.222.0.69 () {58 vars in 1235 bytes} [Wed Jun 15 15:56:47 2022] GET /compute/v2.1/servers/4d382c4c-0d73-4f8b-8ea7-1172c43ee387 => generated 1219 bytes in 431 msecs (HTTP/1.1 200) 9 headers in 358 bytes (1 switches on core 0)
Jun 15 15:56:48.766617 dv-cinder-845990-1-smb devstack@n-api.service[125138]: DEBUG nova.api.openstack.wsgi [None req-6d5230e4-f0df-4f04-b3b6-2ed7b0140c78 tempest-VolumesTestJSON-742055675 tempest-VolumesTestJSON-742055675-project] Calling method '.version_select at 0x7f64c7a05a60>' {{(pid=125138) _process_stack /opt/stack/nova/nova/api/openstack/wsgi.py:513}}
Jun 15 15:56:48.889099 dv-cinder-845990-1-smb devstack@n-api.service[125138]: INFO nova.api.openstack.requestlog [None req-6d5230e4-f0df-4f04-b3b6-2ed7b0140c78 tempest-VolumesTestJSON-742055675 tempest-VolumesTestJSON-742055675-project] 10.222.0.69 "GET /compute/v2.1/os-volumes/b328c174-0edf-4168-8fc5-5bff1c2f4bf5" status: 200 len: 350 microversion: 2.1 time: 0.116875
Jun 15 15:56:48.889099 dv-cinder-845990-1-smb devstack@n-api.service[125138]: [pid: 125138|app: 0|req: 7/15] 10.222.0.69 () {58 vars in 1244 bytes} [Wed Jun 15 15:56:48 2022] GET /compute/v2.1/os-volumes/b328c174-0edf-4168-8fc5-5bff1c2f4bf5 => generated 350 bytes in 119 msecs (HTTP/1.1 200) 9 headers in 357 bytes (1 switches on core 0)
Jun 15 15:56:48.894814 dv-cinder-845990-1-smb devstack@n-api.service[125139]: DEBUG nova.api.openstack.wsgi [None req-c572d8e6-1675-4103-8a4b-ea7ca4283593 tempest-VolumesTestJSON-742055675 tempest-VolumesTestJSON-742055675-project] Calling method '.version_select at 0x7f64c6f75af0>' {{(pid=125139) _process_stack /opt/stack/nova/nova/api/openstack/wsgi.py:513}}
Jun 15 15:56:49.081169 dv-cinder-845990-1-smb devstack@n-api.service[125139]: INFO nova.api.openstack.requestlog [None req-c572d8e6-1675-4103-8a4b-ea7ca4283593 tempest-VolumesTestJSON-742055675 tempest-VolumesTestJSON-742055675-project] 10.222.0.69 "GET /compute/v2.1/os-volumes" status: 200 len: 1034 microversion: 2.1 time: 0.192422
Jun 15 15:56:49.082625 dv-cinder-845990-1-smb devstack@n-api.service[125139]: [pid: 125139|app: 0|req: 9/16] 10.222.0.69 () {58 vars in 1133 bytes} [Wed Jun 15 15:56:48 2022] GET /compute/v2.1/os-volumes => generated 1034 bytes in 196 msecs (HTTP/1.1 200) 9 headers in 358 bytes (1 switches on core 0)
Jun 15 15:56:49.092792 dv-cinder-845990-1-smb devstack@n-api.service[125138]: DEBUG nova.api.openstack.wsgi [None req-221a2f02-a7d6-4de4-a74e-df6beb793ece tempest-DeleteServersTestJSON-258056560 tempest-DeleteServersTestJSON-258056560-project] Calling method '>' {{(pid=125138) _process_stack /opt/stack/nova/nova/api/openstack/wsgi.py:513}}
Jun 15 15:56:49.094754 dv-cinder-845990-1-smb devstack@n-api.service[125138]: DEBUG nova.compute.api [None req-221a2f02-a7d6-4de4-a74e-df6beb793ece tempest-DeleteServersTestJSON-258056560 tempest-DeleteServersTestJSON-258056560-project] [instance: 4d382c4c-0d73-4f8b-8ea7-1172c43ee387] Fetching instance by UUID {{(pid=125138) get /opt/stack/nova/nova/compute/api.py:2920}}
Jun 15 15:56:49.104884 dv-cinder-845990-1-smb devstack@n-api.service[125139]: DEBUG nova.api.openstack.wsgi [None req-b4506f6c-a14e-40b3-8764-1e316e166426 tempest-VolumesTestJSON-742055675 tempest-VolumesTestJSON-742055675-project] Calling method '.version_select at 0x7f64c6f80790>' {{(pid=125139) _process_stack /opt/stack/nova/nova/api/openstack/wsgi.py:513}}
Jun 15 15:56:49.114106 dv-cinder-845990-1-smb devstack@n-api.service[125138]: DEBUG oslo_concurrency.lockutils [None req-221a2f02-a7d6-4de4-a74e-df6beb793ece tempest-DeleteServersTestJSON-258056560 tempest-DeleteServersTestJSON-258056560-project] Lock "c5d24ec9-e455-4272-9f36-824746525611" acquired by "nova.context.set_target_cell..get_or_set_cached_cell_and_set_connections" :: waited 0.000s {{(pid=125138) inner /usr/local/lib/python3.8/dist-packages/oslo_concurrency/lockutils.py:386}}
Jun 15 15:56:49.118064 dv-cinder-845990-1-smb devstack@n-api.service[125138]: DEBUG oslo_concurrency.lockutils [None req-221a2f02-a7d6-4de4-a74e-df6beb793ece tempest-DeleteServersTestJSON-258056560 tempest-DeleteServersTestJSON-258056560-project] Lock "c5d24ec9-e455-4272-9f36-824746525611" "released" by "nova.context.set_target_cell..get_or_set_cached_cell_and_set_connections" :: held 0.001s {{(pid=125138) inner /usr/local/lib/python3.8/dist-packages/oslo_concurrency/lockutils.py:400}}
Jun 15 15:56:49.120093 dv-cinder-845990-1-smb devstack@n-api.service[125138]: DEBUG oslo_concurrency.lockutils [None req-221a2f02-a7d6-4de4-a74e-df6beb793ece tempest-DeleteServersTestJSON-258056560 tempest-DeleteServersTestJSON-258056560-project] Lock "c5d24ec9-e455-4272-9f36-824746525611" acquired by "nova.context.set_target_cell..get_or_set_cached_cell_and_set_connections" :: waited 0.001s {{(pid=125138) inner /usr/local/lib/python3.8/dist-packages/oslo_concurrency/lockutils.py:386}}
Jun 15 15:56:49.120767 dv-cinder-845990-1-smb devstack@n-api.service[125138]: DEBUG oslo_concurrency.lockutils [None req-221a2f02-a7d6-4de4-a74e-df6beb793ece tempest-DeleteServersTestJSON-258056560 tempest-DeleteServersTestJSON-258056560-project] Lock "c5d24ec9-e455-4272-9f36-824746525611" "released" by "nova.context.set_target_cell..get_or_set_cached_cell_and_set_connections" :: held 0.001s {{(pid=125138) inner /usr/local/lib/python3.8/dist-packages/oslo_concurrency/lockutils.py:400}}
Jun 15 15:56:49.277472 dv-cinder-845990-1-smb devstack@n-api.service[125139]: INFO nova.api.openstack.requestlog [None req-b4506f6c-a14e-40b3-8764-1e316e166426 tempest-VolumesTestJSON-742055675 tempest-VolumesTestJSON-742055675-project] 10.222.0.69 "GET /compute/v2.1/os-volumes?limit=2" status: 200 len: 693 microversion: 2.1 time: 0.177918
Jun 15 15:56:49.278433 dv-cinder-845990-1-smb devstack@n-api.service[125139]: [pid: 125139|app: 0|req: 10/17] 10.222.0.69 () {58 vars in 1148 bytes} [Wed Jun 15 15:56:49 2022] GET /compute/v2.1/os-volumes?limit=2 => generated 693 bytes in 180 msecs (HTTP/1.1 200) 9 headers in 357 bytes (2 switches on core 0)
Jun 15 15:56:49.291267 dv-cinder-845990-1-smb devstack@n-api.service[125139]: DEBUG nova.api.openstack.wsgi [None req-15ec4eb3-5792-44ae-8bd7-9d5df65f38f4 tempest-VolumesTestJSON-742055675 tempest-VolumesTestJSON-742055675-project] Calling method '.version_select at 0x7f64c6f75790>' {{(pid=125139) _process_stack /opt/stack/nova/nova/api/openstack/wsgi.py:513}}
Jun 15 15:56:49.650226 dv-cinder-845990-1-smb devstack@n-api.service[125139]: INFO nova.api.openstack.requestlog [None req-15ec4eb3-5792-44ae-8bd7-9d5df65f38f4 tempest-VolumesTestJSON-742055675 tempest-VolumesTestJSON-742055675-project] 10.222.0.69 "GET /compute/v2.1/os-volumes" status: 200 len: 1034 microversion: 2.1 time: 0.363471
Jun 15 15:56:49.651555 dv-cinder-845990-1-smb devstack@n-api.service[125139]: [pid: 125139|app: 0|req: 11/18] 10.222.0.69 () {58 vars in 1133 bytes} [Wed Jun 15 15:56:49 2022] GET /compute/v2.1/os-volumes => generated 1034 bytes in 365 msecs (HTTP/1.1 200) 9 headers in 358 bytes (1 switches on core 0)
Jun 15 15:56:49.674939 dv-cinder-845990-1-smb devstack@n-api.service[125139]: DEBUG nova.api.openstack.wsgi [None req-c7631fc8-2412-47f4-b5ed-0e41eb63fc52 tempest-VolumesTestJSON-742055675 tempest-VolumesTestJSON-742055675-project] Calling method '.version_select at 0x7f64c6f80280>' {{(pid=125139) _process_stack /opt/stack/nova/nova/api/openstack/wsgi.py:513}}
Jun 15 15:56:49.855667 dv-cinder-845990-1-smb devstack@n-api.service[125138]: DEBUG nova.policy [None req-221a2f02-a7d6-4de4-a74e-df6beb793ece tempest-DeleteServersTestJSON-258056560 tempest-DeleteServersTestJSON-258056560-project] Policy check for os_compute_api:os-extended-server-attributes failed with credentials {'is_admin': False, 'user_id': '7fc21e238b7b432b9eb1b5f9daedb6b8', 'user_domain_id': 'default', 'system_scope': None, 'domain_id': None, 'project_id': '4623139b729b4cb5a76be0ed9f05eddb', 'project_domain_id': 'default', 'roles': ['member', 'reader'], 'is_admin_project': True, 'service_user_id': None, 'service_user_domain_id': None, 'service_project_id': None, 'service_project_domain_id': None, 'service_roles': []} {{(pid=125138) authorize /opt/stack/nova/nova/policy.py:199}}
Jun 15 15:56:49.926606 dv-cinder-845990-1-smb devstack@n-api.service[125138]: INFO nova.api.openstack.requestlog [None req-221a2f02-a7d6-4de4-a74e-df6beb793ece tempest-DeleteServersTestJSON-258056560 tempest-DeleteServersTestJSON-258056560-project] 10.222.0.69 "GET /compute/v2.1/servers/4d382c4c-0d73-4f8b-8ea7-1172c43ee387" status: 200 len: 1267 microversion: 2.1 time: 0.837564
Jun 15 15:56:49.935446 dv-cinder-845990-1-smb devstack@n-api.service[125138]: [pid: 125138|app: 0|req: 8/19] 10.222.0.69 () {58 vars in 1235 bytes} [Wed Jun 15 15:56:49 2022] GET /compute/v2.1/servers/4d382c4c-0d73-4f8b-8ea7-1172c43ee387 => generated 1267 bytes in 847 msecs (HTTP/1.1 200) 9 headers in 358 bytes (2 switches on core 0)
Jun 15 15:56:50.107422 dv-cinder-845990-1-smb devstack@n-api.service[125139]: INFO nova.api.openstack.requestlog [None req-c7631fc8-2412-47f4-b5ed-0e41eb63fc52 tempest-VolumesTestJSON-742055675 tempest-VolumesTestJSON-742055675-project] 10.222.0.69 "GET /compute/v2.1/os-volumes?offset=1&limit=1" status: 200 len: 353 microversion: 2.1 time: 0.434534
Jun 15 15:56:50.107422 dv-cinder-845990-1-smb devstack@n-api.service[125139]: [pid: 125139|app: 0|req: 12/20] 10.222.0.69 () {58 vars in 1166 bytes} [Wed Jun 15 15:56:49 2022] GET /compute/v2.1/os-volumes?offset=1&limit=1 => generated 353 bytes in 436 msecs (HTTP/1.1 200) 9 headers in 357 bytes (1 switches on core 0)
Jun 15 15:56:50.129189 dv-cinder-845990-1-smb devstack@n-api.service[125138]: DEBUG nova.api.openstack.wsgi [None req-1e7a8123-76a7-4960-b774-038f144c99eb tempest-VolumesTestJSON-742055675 tempest-VolumesTestJSON-742055675-project] Calling method '.version_select at 0x7f64c5dc9dc0>' {{(pid=125138) _process_stack /opt/stack/nova/nova/api/openstack/wsgi.py:513}}
Jun 15 15:56:50.398104 dv-cinder-845990-1-smb devstack@n-api.service[125138]: INFO nova.api.openstack.requestlog [None req-1e7a8123-76a7-4960-b774-038f144c99eb tempest-VolumesTestJSON-742055675 tempest-VolumesTestJSON-742055675-project] 10.222.0.69 "GET /compute/v2.1/os-volumes/detail?limit=2" status: 200 len: 693 microversion: 2.1 time: 0.287208
Jun 15 15:56:50.398104 dv-cinder-845990-1-smb devstack@n-api.service[125138]: [pid: 125138|app: 0|req: 9/21] 10.222.0.69 () {58 vars in 1169 bytes} [Wed Jun 15 15:56:50 2022] GET /compute/v2.1/os-volumes/detail?limit=2 => generated 693 bytes in 289 msecs (HTTP/1.1 200) 9 headers in 357 bytes (1 switches on core 0)
Jun 15 15:56:50.430227 dv-cinder-845990-1-smb devstack@n-api.service[125139]: DEBUG nova.api.openstack.wsgi [None req-75728768-94e0-4158-9c46-5564dcfe5f76 tempest-VolumesTestJSON-742055675 tempest-VolumesTestJSON-742055675-project] Calling method '.version_select at 0x7f64c6f0a9d0>' {{(pid=125139) _process_stack /opt/stack/nova/nova/api/openstack/wsgi.py:513}}
Jun 15 15:56:50.667051 dv-cinder-845990-1-smb devstack@n-api.service[125139]: INFO nova.api.openstack.requestlog [None req-75728768-94e0-4158-9c46-5564dcfe5f76 tempest-VolumesTestJSON-742055675 tempest-VolumesTestJSON-742055675-project] 10.222.0.69 "GET /compute/v2.1/os-volumes/detail" status: 200 len: 1034 microversion: 2.1 time: 0.255901
Jun 15 15:56:50.681871 dv-cinder-845990-1-smb devstack@n-api.service[125139]: [pid: 125139|app: 0|req: 13/22] 10.222.0.69 () {58 vars in 1154 bytes} [Wed Jun 15 15:56:50 2022] GET /compute/v2.1/os-volumes/detail => generated 1034 bytes in 258 msecs (HTTP/1.1 200) 9 headers in 358 bytes (1 switches on core 0)
Jun 15 15:56:50.691013 dv-cinder-845990-1-smb devstack@n-api.service[125138]: DEBUG nova.api.openstack.wsgi [None req-d0b96cf5-d36f-4323-9a19-2d8c26a7edb0 tempest-VolumesTestJSON-742055675 tempest-VolumesTestJSON-742055675-project] Calling method '.version_select at 0x7f64c5dd5c10>' {{(pid=125138) _process_stack /opt/stack/nova/nova/api/openstack/wsgi.py:513}}
Jun 15 15:56:50.930114 dv-cinder-845990-1-smb devstack@n-api.service[125138]: INFO nova.api.openstack.requestlog [None req-d0b96cf5-d36f-4323-9a19-2d8c26a7edb0 tempest-VolumesTestJSON-742055675 tempest-VolumesTestJSON-742055675-project] 10.222.0.69 "GET /compute/v2.1/os-volumes/detail?offset=1&limit=1" status: 200 len: 353 microversion: 2.1 time: 0.247046
Jun 15 15:56:50.935135 dv-cinder-845990-1-smb devstack@n-api.service[125138]: [pid: 125138|app: 0|req: 10/23] 10.222.0.69 () {58 vars in 1187 bytes} [Wed Jun 15 15:56:50 2022] GET /compute/v2.1/os-volumes/detail?offset=1&limit=1 => generated 353 bytes in 251 msecs (HTTP/1.1 200) 9 headers in 357 bytes (1 switches on core 0)
Jun 15 15:56:50.953450 dv-cinder-845990-1-smb devstack@n-api.service[125139]: DEBUG nova.api.openstack.wsgi [None req-93c95a16-8152-4f95-836e-f9ebe8e2ee10 tempest-DeleteServersTestJSON-258056560 tempest-DeleteServersTestJSON-258056560-project] Calling method '>' {{(pid=125139) _process_stack /opt/stack/nova/nova/api/openstack/wsgi.py:513}}
Jun 15 15:56:50.954174 dv-cinder-845990-1-smb devstack@n-api.service[125139]: DEBUG nova.compute.api [None req-93c95a16-8152-4f95-836e-f9ebe8e2ee10 tempest-DeleteServersTestJSON-258056560 tempest-DeleteServersTestJSON-258056560-project] [instance: 4d382c4c-0d73-4f8b-8ea7-1172c43ee387] Fetching instance by UUID {{(pid=125139) get /opt/stack/nova/nova/compute/api.py:2920}}
Jun 15 15:56:50.959161 dv-cinder-845990-1-smb devstack@n-api.service[125138]: DEBUG nova.api.openstack.wsgi [None req-a12fc7e8-2d27-4a14-a1dd-0dd53fae1f2c tempest-VolumesTestJSON-742055675 tempest-VolumesTestJSON-742055675-project] Calling method '.version_select at 0x7f64c5de7f70>' {{(pid=125138) _process_stack /opt/stack/nova/nova/api/openstack/wsgi.py:513}}
Jun 15 15:56:51.006066 dv-cinder-845990-1-smb devstack@n-api.service[125139]: DEBUG oslo_concurrency.lockutils [None req-93c95a16-8152-4f95-836e-f9ebe8e2ee10 tempest-DeleteServersTestJSON-258056560 tempest-DeleteServersTestJSON-258056560-project] Lock "c5d24ec9-e455-4272-9f36-824746525611" acquired by "nova.context.set_target_cell..get_or_set_cached_cell_and_set_connections" :: waited 0.000s {{(pid=125139) inner /usr/local/lib/python3.8/dist-packages/oslo_concurrency/lockutils.py:386}}
Jun 15 15:56:51.008826 dv-cinder-845990-1-smb devstack@n-api.service[125139]: DEBUG oslo_concurrency.lockutils [None req-93c95a16-8152-4f95-836e-f9ebe8e2ee10 tempest-DeleteServersTestJSON-258056560 tempest-DeleteServersTestJSON-258056560-project] Lock "c5d24ec9-e455-4272-9f36-824746525611" "released" by "nova.context.set_target_cell..get_or_set_cached_cell_and_set_connections" :: held 0.013s {{(pid=125139) inner /usr/local/lib/python3.8/dist-packages/oslo_concurrency/lockutils.py:400}}
Jun 15 15:56:51.019793 dv-cinder-845990-1-smb devstack@n-api.service[125139]: DEBUG oslo_concurrency.lockutils [None req-93c95a16-8152-4f95-836e-f9ebe8e2ee10 tempest-DeleteServersTestJSON-258056560 tempest-DeleteServersTestJSON-258056560-project] Lock "c5d24ec9-e455-4272-9f36-824746525611" acquired by "nova.context.set_target_cell..get_or_set_cached_cell_and_set_connections" :: waited 0.000s {{(pid=125139) inner /usr/local/lib/python3.8/dist-packages/oslo_concurrency/lockutils.py:386}}
Jun 15 15:56:51.022917 dv-cinder-845990-1-smb devstack@n-api.service[125139]: DEBUG oslo_concurrency.lockutils [None req-93c95a16-8152-4f95-836e-f9ebe8e2ee10 tempest-DeleteServersTestJSON-258056560 tempest-DeleteServersTestJSON-258056560-project] Lock "c5d24ec9-e455-4272-9f36-824746525611" "released" by "nova.context.set_target_cell..get_or_set_cached_cell_and_set_connections" :: held 0.005s {{(pid=125139) inner /usr/local/lib/python3.8/dist-packages/oslo_concurrency/lockutils.py:400}}
Jun 15 15:56:51.137349 dv-cinder-845990-1-smb devstack@n-api.service[125138]: INFO nova.api.openstack.requestlog [None req-a12fc7e8-2d27-4a14-a1dd-0dd53fae1f2c tempest-VolumesTestJSON-742055675 tempest-VolumesTestJSON-742055675-project] 10.222.0.69 "GET /compute/v2.1/os-volumes/detail" status: 200 len: 1034 microversion: 2.1 time: 0.181835
Jun 15 15:56:51.141921 dv-cinder-845990-1-smb devstack@n-api.service[125138]: [pid: 125138|app: 0|req: 11/24] 10.222.0.69 () {58 vars in 1154 bytes} [Wed Jun 15 15:56:50 2022] GET /compute/v2.1/os-volumes/detail => generated 1034 bytes in 188 msecs (HTTP/1.1 200) 9 headers in 358 bytes (1 switches on core 0)
Jun 15 15:56:51.652972 dv-cinder-845990-1-smb devstack@n-api.service[125139]: DEBUG nova.policy [None req-93c95a16-8152-4f95-836e-f9ebe8e2ee10 tempest-DeleteServersTestJSON-258056560 tempest-DeleteServersTestJSON-258056560-project] Policy check for os_compute_api:os-extended-server-attributes failed with credentials {'is_admin': False, 'user_id': '7fc21e238b7b432b9eb1b5f9daedb6b8', 'user_domain_id': 'default', 'system_scope': None, 'domain_id': None, 'project_id': '4623139b729b4cb5a76be0ed9f05eddb', 'project_domain_id': 'default', 'roles': ['member', 'reader'], 'is_admin_project': True, 'service_user_id': None, 'service_user_domain_id': None, 'service_project_id': None, 'service_project_domain_id': None, 'service_roles': []} {{(pid=125139) authorize /opt/stack/nova/nova/policy.py:199}}
Jun 15 15:56:51.675775 dv-cinder-845990-1-smb devstack@n-api.service[125139]: INFO nova.api.openstack.requestlog [None req-93c95a16-8152-4f95-836e-f9ebe8e2ee10 tempest-DeleteServersTestJSON-258056560 tempest-DeleteServersTestJSON-258056560-project] 10.222.0.69 "GET /compute/v2.1/servers/4d382c4c-0d73-4f8b-8ea7-1172c43ee387" status: 200 len: 1273 microversion: 2.1 time: 0.735245
Jun 15 15:56:51.681008 dv-cinder-845990-1-smb devstack@n-api.service[125139]: [pid: 125139|app: 0|req: 14/25] 10.222.0.69 () {58 vars in 1235 bytes} [Wed Jun 15 15:56:50 2022] GET /compute/v2.1/servers/4d382c4c-0d73-4f8b-8ea7-1172c43ee387 => generated 1273 bytes in 741 msecs (HTTP/1.1 200) 9 headers in 358 bytes (1 switches on core 0)
Jun 15 15:56:52.708899 dv-cinder-845990-1-smb devstack@n-api.service[125138]: DEBUG nova.api.openstack.wsgi [None req-939ef1b4-6286-43ea-9853-85490099aa3d tempest-DeleteServersTestJSON-258056560 tempest-DeleteServersTestJSON-258056560-project] Calling method '>' {{(pid=125138) _process_stack /opt/stack/nova/nova/api/openstack/wsgi.py:513}}
Jun 15 15:56:52.710514 dv-cinder-845990-1-smb devstack@n-api.service[125138]: DEBUG nova.compute.api [None req-939ef1b4-6286-43ea-9853-85490099aa3d tempest-DeleteServersTestJSON-258056560 tempest-DeleteServersTestJSON-258056560-project] [instance: 4d382c4c-0d73-4f8b-8ea7-1172c43ee387] Fetching instance by UUID {{(pid=125138) get /opt/stack/nova/nova/compute/api.py:2920}}
Jun 15 15:56:52.750278 dv-cinder-845990-1-smb devstack@n-api.service[125138]: DEBUG oslo_concurrency.lockutils [None req-939ef1b4-6286-43ea-9853-85490099aa3d tempest-DeleteServersTestJSON-258056560 tempest-DeleteServersTestJSON-258056560-project] Lock "c5d24ec9-e455-4272-9f36-824746525611" acquired by "nova.context.set_target_cell..get_or_set_cached_cell_and_set_connections" :: waited 0.000s {{(pid=125138) inner /usr/local/lib/python3.8/dist-packages/oslo_concurrency/lockutils.py:386}}
Jun 15 15:56:52.751886 dv-cinder-845990-1-smb devstack@n-api.service[125138]: DEBUG oslo_concurrency.lockutils [None req-939ef1b4-6286-43ea-9853-85490099aa3d tempest-DeleteServersTestJSON-258056560 tempest-DeleteServersTestJSON-258056560-project] Lock "c5d24ec9-e455-4272-9f36-824746525611" "released" by "nova.context.set_target_cell..get_or_set_cached_cell_and_set_connections" :: held 0.004s {{(pid=125138) inner /usr/local/lib/python3.8/dist-packages/oslo_concurrency/lockutils.py:400}}
Jun 15 15:56:52.753354 dv-cinder-845990-1-smb devstack@n-api.service[125138]: DEBUG oslo_concurrency.lockutils [None req-939ef1b4-6286-43ea-9853-85490099aa3d tempest-DeleteServersTestJSON-258056560 tempest-DeleteServersTestJSON-258056560-project] Lock "c5d24ec9-e455-4272-9f36-824746525611" acquired by "nova.context.set_target_cell..get_or_set_cached_cell_and_set_connections" :: waited 0.000s {{(pid=125138) inner /usr/local/lib/python3.8/dist-packages/oslo_concurrency/lockutils.py:386}}
Jun 15 15:56:52.754066 dv-cinder-845990-1-smb devstack@n-api.service[125138]: DEBUG oslo_concurrency.lockutils [None req-939ef1b4-6286-43ea-9853-85490099aa3d tempest-DeleteServersTestJSON-258056560 tempest-DeleteServersTestJSON-258056560-project] Lock "c5d24ec9-e455-4272-9f36-824746525611" "released" by "nova.context.set_target_cell..get_or_set_cached_cell_and_set_connections" :: held 0.001s {{(pid=125138) inner /usr/local/lib/python3.8/dist-packages/oslo_concurrency/lockutils.py:400}}
Jun 15 15:56:53.432409 dv-cinder-845990-1-smb devstack@n-api.service[125138]: DEBUG nova.policy [None req-939ef1b4-6286-43ea-9853-85490099aa3d tempest-DeleteServersTestJSON-258056560 tempest-DeleteServersTestJSON-258056560-project] Policy check for os_compute_api:os-extended-server-attributes failed with credentials {'is_admin': False, 'user_id': '7fc21e238b7b432b9eb1b5f9daedb6b8', 'user_domain_id': 'default', 'system_scope': None, 'domain_id': None, 'project_id': '4623139b729b4cb5a76be0ed9f05eddb', 'project_domain_id': 'default', 'roles': ['member', 'reader'], 'is_admin_project': True, 'service_user_id': None, 'service_user_domain_id': None, 'service_project_id': None, 'service_project_domain_id': None, 'service_roles': []} {{(pid=125138) authorize /opt/stack/nova/nova/policy.py:199}}
Jun 15 15:56:53.474321 dv-cinder-845990-1-smb devstack@n-api.service[125138]: INFO nova.api.openstack.requestlog [None req-939ef1b4-6286-43ea-9853-85490099aa3d tempest-DeleteServersTestJSON-258056560 tempest-DeleteServersTestJSON-258056560-project] 10.222.0.69 "GET /compute/v2.1/servers/4d382c4c-0d73-4f8b-8ea7-1172c43ee387" status: 200 len: 1273 microversion: 2.1 time: 0.774833
Jun 15 15:56:53.481704 dv-cinder-845990-1-smb devstack@n-api.service[125138]: [pid: 125138|app: 0|req: 12/26] 10.222.0.69 () {58 vars in 1235 bytes} [Wed Jun 15 15:56:52 2022] GET /compute/v2.1/servers/4d382c4c-0d73-4f8b-8ea7-1172c43ee387 => generated 1273 bytes in 784 msecs (HTTP/1.1 200) 9 headers in 358 bytes (2 switches on core 0)
Jun 15 15:56:54.344011 dv-cinder-845990-1-smb devstack@n-api.service[125139]: DEBUG nova.api.openstack.wsgi [None req-8282fa6f-4f85-41e7-a0fd-3195a4e1f8fc tempest-AttachVolumeShelveTestJSON-1181313852 tempest-AttachVolumeShelveTestJSON-1181313852-project] Action: 'create', calling method: .version_select at 0x7f64c6f0ac10>, body: {"keypair": {"name": "tempest-keypair-768050807", "public_key": "ecdsa-sha2-nistp384 AAAAE2VjZHNhLXNoYTItbmlzdHAzODQAAAAIbmlzdHAzODQAAABhBFaVj7CcL9DKpR+SzDch9F23Iz37/bI0QPvyJ6aKJcpKOslQZPlGMXpFwtE2gD/MStZSaDUAByoa8f9qhwop6mXjBVuVa5dFXzkWRv7/SUN8Il/e5DDeh7s+GY6yv1cj0Q=="}} {{(pid=125139) _process_stack /opt/stack/nova/nova/api/openstack/wsgi.py:511}}
Jun 15 15:56:54.445711 dv-cinder-845990-1-smb devstack@n-api.service[125139]: DEBUG nova.quota [None req-8282fa6f-4f85-41e7-a0fd-3195a4e1f8fc tempest-AttachVolumeShelveTestJSON-1181313852 tempest-AttachVolumeShelveTestJSON-1181313852-project] Getting quotas for project 2e26a013c35e4c298effe0c88278866e. Resources: {'key_pairs'} {{(pid=125139) _get_quotas /opt/stack/nova/nova/quota.py:393}}
Jun 15 15:56:54.466559 dv-cinder-845990-1-smb devstack@n-api.service[125139]: DEBUG nova.quota [None req-8282fa6f-4f85-41e7-a0fd-3195a4e1f8fc tempest-AttachVolumeShelveTestJSON-1181313852 tempest-AttachVolumeShelveTestJSON-1181313852-project] Getting quotas for user 4117aa6134a54e0585238b171a52e931 and project 2e26a013c35e4c298effe0c88278866e. Resources: {'key_pairs'} {{(pid=125139) _get_quotas /opt/stack/nova/nova/quota.py:383}}
Jun 15 15:56:54.505419 dv-cinder-845990-1-smb devstack@n-api.service[125138]: DEBUG nova.api.openstack.wsgi [None req-f5e93231-bec8-4933-8911-8e53365e4ac7 tempest-DeleteServersTestJSON-258056560 tempest-DeleteServersTestJSON-258056560-project] Calling method '>' {{(pid=125138) _process_stack /opt/stack/nova/nova/api/openstack/wsgi.py:513}}
Jun 15 15:56:54.509186 dv-cinder-845990-1-smb devstack@n-api.service[125138]: DEBUG nova.compute.api [None req-f5e93231-bec8-4933-8911-8e53365e4ac7 tempest-DeleteServersTestJSON-258056560 tempest-DeleteServersTestJSON-258056560-project] [instance: 4d382c4c-0d73-4f8b-8ea7-1172c43ee387] Fetching instance by UUID {{(pid=125138) get /opt/stack/nova/nova/compute/api.py:2920}}
Jun 15 15:56:54.527150 dv-cinder-845990-1-smb devstack@n-api.service[125138]: DEBUG dbcounter [-] [125138] Writing DB stats nova_cell0:SELECT=2 {{(pid=125138) stat_writer /usr/local/lib/python3.8/dist-packages/dbcounter.py:114}}
Jun 15 15:56:54.531932 dv-cinder-845990-1-smb devstack@n-api.service[125138]: DEBUG oslo_concurrency.lockutils [None req-f5e93231-bec8-4933-8911-8e53365e4ac7 tempest-DeleteServersTestJSON-258056560 tempest-DeleteServersTestJSON-258056560-project] Lock "c5d24ec9-e455-4272-9f36-824746525611" acquired by "nova.context.set_target_cell..get_or_set_cached_cell_and_set_connections" :: waited 0.000s {{(pid=125138) inner /usr/local/lib/python3.8/dist-packages/oslo_concurrency/lockutils.py:386}}
Jun 15 15:56:54.534279 dv-cinder-845990-1-smb devstack@n-api.service[125138]: DEBUG oslo_concurrency.lockutils [None req-f5e93231-bec8-4933-8911-8e53365e4ac7 tempest-DeleteServersTestJSON-258056560 tempest-DeleteServersTestJSON-258056560-project] Lock "c5d24ec9-e455-4272-9f36-824746525611" "released" by "nova.context.set_target_cell..get_or_set_cached_cell_and_set_connections" :: held 0.003s {{(pid=125138) inner /usr/local/lib/python3.8/dist-packages/oslo_concurrency/lockutils.py:400}}
Jun 15 15:56:54.538116 dv-cinder-845990-1-smb devstack@n-api.service[125138]: DEBUG oslo_concurrency.lockutils [None req-f5e93231-bec8-4933-8911-8e53365e4ac7 tempest-DeleteServersTestJSON-258056560 tempest-DeleteServersTestJSON-258056560-project] Lock "c5d24ec9-e455-4272-9f36-824746525611" acquired by "nova.context.set_target_cell..get_or_set_cached_cell_and_set_connections" :: waited 0.001s {{(pid=125138) inner /usr/local/lib/python3.8/dist-packages/oslo_concurrency/lockutils.py:386}}
Jun 15 15:56:54.540642 dv-cinder-845990-1-smb devstack@n-api.service[125138]: DEBUG oslo_concurrency.lockutils [None req-f5e93231-bec8-4933-8911-8e53365e4ac7 tempest-DeleteServersTestJSON-258056560 tempest-DeleteServersTestJSON-258056560-project] Lock "c5d24ec9-e455-4272-9f36-824746525611" "released" by "nova.context.set_target_cell..get_or_set_cached_cell_and_set_connections" :: held 0.001s {{(pid=125138) inner /usr/local/lib/python3.8/dist-packages/oslo_concurrency/lockutils.py:400}}
Jun 15 15:56:54.745874 dv-cinder-845990-1-smb devstack@n-api.service[125139]: INFO nova.api.openstack.requestlog [None req-8282fa6f-4f85-41e7-a0fd-3195a4e1f8fc tempest-AttachVolumeShelveTestJSON-1181313852 tempest-AttachVolumeShelveTestJSON-1181313852-project] 10.222.0.69 "POST /compute/v2.1/os-keypairs" status: 201 len: 400 microversion: 2.20 time: 0.763761
Jun 15 15:56:54.745874 dv-cinder-845990-1-smb devstack@n-api.service[125139]: [pid: 125139|app: 0|req: 15/27] 10.222.0.69 () {62 vars in 1199 bytes} [Wed Jun 15 15:56:53 2022] POST /compute/v2.1/os-keypairs => generated 400 bytes in 767 msecs (HTTP/1.1 201) 9 headers in 364 bytes (1 switches on core 0)
Jun 15 15:56:55.299250 dv-cinder-845990-1-smb devstack@n-api.service[125138]: DEBUG nova.policy [None req-f5e93231-bec8-4933-8911-8e53365e4ac7 tempest-DeleteServersTestJSON-258056560 tempest-DeleteServersTestJSON-258056560-project] Policy check for os_compute_api:os-extended-server-attributes failed with credentials {'is_admin': False, 'user_id': '7fc21e238b7b432b9eb1b5f9daedb6b8', 'user_domain_id': 'default', 'system_scope': None, 'domain_id': None, 'project_id': '4623139b729b4cb5a76be0ed9f05eddb', 'project_domain_id': 'default', 'roles': ['member', 'reader'], 'is_admin_project': True, 'service_user_id': None, 'service_user_domain_id': None, 'service_project_id': None, 'service_project_domain_id': None, 'service_roles': []} {{(pid=125138) authorize /opt/stack/nova/nova/policy.py:199}}
Jun 15 15:56:55.372438 dv-cinder-845990-1-smb devstack@n-api.service[125138]: INFO nova.api.openstack.requestlog [None req-f5e93231-bec8-4933-8911-8e53365e4ac7 tempest-DeleteServersTestJSON-258056560 tempest-DeleteServersTestJSON-258056560-project] 10.222.0.69 "GET /compute/v2.1/servers/4d382c4c-0d73-4f8b-8ea7-1172c43ee387" status: 200 len: 1273 microversion: 2.1 time: 0.874285
Jun 15 15:56:55.391503 dv-cinder-845990-1-smb devstack@n-api.service[125138]: [pid: 125138|app: 0|req: 13/28] 10.222.0.69 () {58 vars in 1235 bytes} [Wed Jun 15 15:56:54 2022] GET /compute/v2.1/servers/4d382c4c-0d73-4f8b-8ea7-1172c43ee387 => generated 1273 bytes in 895 msecs (HTTP/1.1 200) 9 headers in 358 bytes (1 switches on core 0)
Jun 15 15:56:56.404365 dv-cinder-845990-1-smb devstack@n-api.service[125139]: DEBUG nova.api.openstack.wsgi [None req-1f152c5f-0fb9-4e11-9515-eb81fdc98fc2 tempest-DeleteServersTestJSON-258056560 tempest-DeleteServersTestJSON-258056560-project] Calling method '>' {{(pid=125139) _process_stack /opt/stack/nova/nova/api/openstack/wsgi.py:513}}
Jun 15 15:56:56.405952 dv-cinder-845990-1-smb devstack@n-api.service[125139]: DEBUG nova.compute.api [None req-1f152c5f-0fb9-4e11-9515-eb81fdc98fc2 tempest-DeleteServersTestJSON-258056560 tempest-DeleteServersTestJSON-258056560-project] [instance: 4d382c4c-0d73-4f8b-8ea7-1172c43ee387] Fetching instance by UUID {{(pid=125139) get /opt/stack/nova/nova/compute/api.py:2920}}
Jun 15 15:56:56.443621 dv-cinder-845990-1-smb devstack@n-api.service[125139]: DEBUG oslo_concurrency.lockutils [None req-1f152c5f-0fb9-4e11-9515-eb81fdc98fc2 tempest-DeleteServersTestJSON-258056560 tempest-DeleteServersTestJSON-258056560-project] Lock "c5d24ec9-e455-4272-9f36-824746525611" acquired by "nova.context.set_target_cell..get_or_set_cached_cell_and_set_connections" :: waited 0.000s {{(pid=125139) inner /usr/local/lib/python3.8/dist-packages/oslo_concurrency/lockutils.py:386}}
Jun 15 15:56:56.444477 dv-cinder-845990-1-smb devstack@n-api.service[125139]: DEBUG oslo_concurrency.lockutils [None req-1f152c5f-0fb9-4e11-9515-eb81fdc98fc2 tempest-DeleteServersTestJSON-258056560 tempest-DeleteServersTestJSON-258056560-project] Lock "c5d24ec9-e455-4272-9f36-824746525611" "released" by "nova.context.set_target_cell..get_or_set_cached_cell_and_set_connections" :: held 0.007s {{(pid=125139) inner /usr/local/lib/python3.8/dist-packages/oslo_concurrency/lockutils.py:400}}
Jun 15 15:56:56.445552 dv-cinder-845990-1-smb devstack@n-api.service[125139]: DEBUG oslo_concurrency.lockutils [None req-1f152c5f-0fb9-4e11-9515-eb81fdc98fc2 tempest-DeleteServersTestJSON-258056560 tempest-DeleteServersTestJSON-258056560-project] Lock "c5d24ec9-e455-4272-9f36-824746525611" acquired by "nova.context.set_target_cell..get_or_set_cached_cell_and_set_connections" :: waited 0.000s {{(pid=125139) inner /usr/local/lib/python3.8/dist-packages/oslo_concurrency/lockutils.py:386}}
Jun 15 15:56:56.446896 dv-cinder-845990-1-smb devstack@n-api.service[125139]: DEBUG oslo_concurrency.lockutils [None req-1f152c5f-0fb9-4e11-9515-eb81fdc98fc2 tempest-DeleteServersTestJSON-258056560 tempest-DeleteServersTestJSON-258056560-project] Lock "c5d24ec9-e455-4272-9f36-824746525611" "released" by "nova.context.set_target_cell..get_or_set_cached_cell_and_set_connections" :: held 0.001s {{(pid=125139) inner /usr/local/lib/python3.8/dist-packages/oslo_concurrency/lockutils.py:400}}
Jun 15 15:56:56.887419 dv-cinder-845990-1-smb devstack@n-api.service[125139]: DEBUG nova.policy [None req-1f152c5f-0fb9-4e11-9515-eb81fdc98fc2 tempest-DeleteServersTestJSON-258056560 tempest-DeleteServersTestJSON-258056560-project] Policy check for os_compute_api:os-extended-server-attributes failed with credentials {'is_admin': False, 'user_id': '7fc21e238b7b432b9eb1b5f9daedb6b8', 'user_domain_id': 'default', 'system_scope': None, 'domain_id': None, 'project_id': '4623139b729b4cb5a76be0ed9f05eddb', 'project_domain_id': 'default', 'roles': ['member', 'reader'], 'is_admin_project': True, 'service_user_id': None, 'service_user_domain_id': None, 'service_project_id': None, 'service_project_domain_id': None, 'service_roles': []} {{(pid=125139) authorize /opt/stack/nova/nova/policy.py:199}}
Jun 15 15:56:56.899335 dv-cinder-845990-1-smb devstack@n-api.service[125139]: INFO nova.api.openstack.requestlog [None req-1f152c5f-0fb9-4e11-9515-eb81fdc98fc2 tempest-DeleteServersTestJSON-258056560 tempest-DeleteServersTestJSON-258056560-project] 10.222.0.69 "GET /compute/v2.1/servers/4d382c4c-0d73-4f8b-8ea7-1172c43ee387" status: 200 len: 1315 microversion: 2.1 time: 0.499981
Jun 15 15:56:56.934326 dv-cinder-845990-1-smb devstack@n-api.service[125139]: [pid: 125139|app: 0|req: 16/29] 10.222.0.69 () {58 vars in 1235 bytes} [Wed Jun 15 15:56:56 2022] GET /compute/v2.1/servers/4d382c4c-0d73-4f8b-8ea7-1172c43ee387 => generated 1315 bytes in 536 msecs (HTTP/1.1 200) 9 headers in 358 bytes (1 switches on core 0)
Jun 15 15:56:57.930351 dv-cinder-845990-1-smb devstack@n-api.service[125138]: DEBUG nova.api.openstack.wsgi [None req-f856e644-9468-4f2d-bf73-6c76aaa2ab57 tempest-DeleteServersTestJSON-258056560 tempest-DeleteServersTestJSON-258056560-project] Calling method '>' {{(pid=125138) _process_stack /opt/stack/nova/nova/api/openstack/wsgi.py:513}}
Jun 15 15:56:57.934306 dv-cinder-845990-1-smb devstack@n-api.service[125138]: DEBUG nova.compute.api [None req-f856e644-9468-4f2d-bf73-6c76aaa2ab57 tempest-DeleteServersTestJSON-258056560 tempest-DeleteServersTestJSON-258056560-project] [instance: 4d382c4c-0d73-4f8b-8ea7-1172c43ee387] Fetching instance by UUID {{(pid=125138) get /opt/stack/nova/nova/compute/api.py:2920}}
Jun 15 15:56:57.943941 dv-cinder-845990-1-smb devstack@n-api.service[125138]: DEBUG dbcounter [-] [125138] Writing DB stats nova_cell0:SELECT=8 {{(pid=125138) stat_writer /usr/local/lib/python3.8/dist-packages/dbcounter.py:114}}
Jun 15 15:56:57.947308 dv-cinder-845990-1-smb devstack@n-api.service[125138]: DEBUG oslo_concurrency.lockutils [None req-f856e644-9468-4f2d-bf73-6c76aaa2ab57 tempest-DeleteServersTestJSON-258056560 tempest-DeleteServersTestJSON-258056560-project] Lock "c5d24ec9-e455-4272-9f36-824746525611" acquired by "nova.context.set_target_cell..get_or_set_cached_cell_and_set_connections" :: waited 0.000s {{(pid=125138) inner /usr/local/lib/python3.8/dist-packages/oslo_concurrency/lockutils.py:386}}
Jun 15 15:56:57.948615 dv-cinder-845990-1-smb devstack@n-api.service[125138]: DEBUG oslo_concurrency.lockutils [None req-f856e644-9468-4f2d-bf73-6c76aaa2ab57 tempest-DeleteServersTestJSON-258056560 tempest-DeleteServersTestJSON-258056560-project] Lock "c5d24ec9-e455-4272-9f36-824746525611" "released" by "nova.context.set_target_cell..get_or_set_cached_cell_and_set_connections" :: held 0.001s {{(pid=125138) inner /usr/local/lib/python3.8/dist-packages/oslo_concurrency/lockutils.py:400}}
Jun 15 15:56:57.949610 dv-cinder-845990-1-smb devstack@n-api.service[125138]: DEBUG oslo_concurrency.lockutils [None req-f856e644-9468-4f2d-bf73-6c76aaa2ab57 tempest-DeleteServersTestJSON-258056560 tempest-DeleteServersTestJSON-258056560-project] Lock "c5d24ec9-e455-4272-9f36-824746525611" acquired by "nova.context.set_target_cell..get_or_set_cached_cell_and_set_connections" :: waited 0.000s {{(pid=125138) inner /usr/local/lib/python3.8/dist-packages/oslo_concurrency/lockutils.py:386}}
Jun 15 15:56:57.950264 dv-cinder-845990-1-smb devstack@n-api.service[125138]: DEBUG oslo_concurrency.lockutils [None req-f856e644-9468-4f2d-bf73-6c76aaa2ab57 tempest-DeleteServersTestJSON-258056560 tempest-DeleteServersTestJSON-258056560-project] Lock "c5d24ec9-e455-4272-9f36-824746525611" "released" by "nova.context.set_target_cell..get_or_set_cached_cell_and_set_connections" :: held 0.001s {{(pid=125138) inner /usr/local/lib/python3.8/dist-packages/oslo_concurrency/lockutils.py:400}}
Jun 15 15:56:58.387211 dv-cinder-845990-1-smb devstack@n-api.service[125138]: DEBUG nova.policy [None req-f856e644-9468-4f2d-bf73-6c76aaa2ab57 tempest-DeleteServersTestJSON-258056560 tempest-DeleteServersTestJSON-258056560-project] Policy check for os_compute_api:os-extended-server-attributes failed with credentials {'is_admin': False, 'user_id': '7fc21e238b7b432b9eb1b5f9daedb6b8', 'user_domain_id': 'default', 'system_scope': None, 'domain_id': None, 'project_id': '4623139b729b4cb5a76be0ed9f05eddb', 'project_domain_id': 'default', 'roles': ['member', 'reader'], 'is_admin_project': True, 'service_user_id': None, 'service_user_domain_id': None, 'service_project_id': None, 'service_project_domain_id': None, 'service_roles': []} {{(pid=125138) authorize /opt/stack/nova/nova/policy.py:199}}
Jun 15 15:56:58.396240 dv-cinder-845990-1-smb devstack@n-api.service[125138]: INFO nova.api.openstack.requestlog [None req-f856e644-9468-4f2d-bf73-6c76aaa2ab57 tempest-DeleteServersTestJSON-258056560 tempest-DeleteServersTestJSON-258056560-project] 10.222.0.69 "GET /compute/v2.1/servers/4d382c4c-0d73-4f8b-8ea7-1172c43ee387" status: 200 len: 1315 microversion: 2.1 time: 0.474891
Jun 15 15:56:58.402515 dv-cinder-845990-1-smb devstack@n-api.service[125138]: [pid: 125138|app: 0|req: 14/30] 10.222.0.69 () {58 vars in 1235 bytes} [Wed Jun 15 15:56:57 2022] GET /compute/v2.1/servers/4d382c4c-0d73-4f8b-8ea7-1172c43ee387 => generated 1315 bytes in 482 msecs (HTTP/1.1 200) 9 headers in 358 bytes (2 switches on core 0)
Jun 15 15:56:59.424205 dv-cinder-845990-1-smb devstack@n-api.service[125138]: DEBUG nova.api.openstack.wsgi [None req-77b4217a-21ef-430c-bcdc-5dddcff36698 tempest-DeleteServersTestJSON-258056560 tempest-DeleteServersTestJSON-258056560-project] Calling method '>' {{(pid=125138) _process_stack /opt/stack/nova/nova/api/openstack/wsgi.py:513}}
Jun 15 15:56:59.424930 dv-cinder-845990-1-smb devstack@n-api.service[125138]: DEBUG nova.compute.api [None req-77b4217a-21ef-430c-bcdc-5dddcff36698 tempest-DeleteServersTestJSON-258056560 tempest-DeleteServersTestJSON-258056560-project] [instance: 4d382c4c-0d73-4f8b-8ea7-1172c43ee387] Fetching instance by UUID {{(pid=125138) get /opt/stack/nova/nova/compute/api.py:2920}}
Jun 15 15:56:59.455889 dv-cinder-845990-1-smb devstack@n-api.service[125138]: DEBUG oslo_concurrency.lockutils [None req-77b4217a-21ef-430c-bcdc-5dddcff36698 tempest-DeleteServersTestJSON-258056560 tempest-DeleteServersTestJSON-258056560-project] Lock "c5d24ec9-e455-4272-9f36-824746525611" acquired by "nova.context.set_target_cell..get_or_set_cached_cell_and_set_connections" :: waited 0.000s {{(pid=125138) inner /usr/local/lib/python3.8/dist-packages/oslo_concurrency/lockutils.py:386}}
Jun 15 15:56:59.456580 dv-cinder-845990-1-smb devstack@n-api.service[125138]: DEBUG oslo_concurrency.lockutils [None req-77b4217a-21ef-430c-bcdc-5dddcff36698 tempest-DeleteServersTestJSON-258056560 tempest-DeleteServersTestJSON-258056560-project] Lock "c5d24ec9-e455-4272-9f36-824746525611" "released" by "nova.context.set_target_cell..get_or_set_cached_cell_and_set_connections" :: held 0.001s {{(pid=125138) inner /usr/local/lib/python3.8/dist-packages/oslo_concurrency/lockutils.py:400}}
Jun 15 15:56:59.457557 dv-cinder-845990-1-smb devstack@n-api.service[125138]: DEBUG oslo_concurrency.lockutils [None req-77b4217a-21ef-430c-bcdc-5dddcff36698 tempest-DeleteServersTestJSON-258056560 tempest-DeleteServersTestJSON-258056560-project] Lock "c5d24ec9-e455-4272-9f36-824746525611" acquired by "nova.context.set_target_cell..get_or_set_cached_cell_and_set_connections" :: waited 0.000s {{(pid=125138) inner /usr/local/lib/python3.8/dist-packages/oslo_concurrency/lockutils.py:386}}
Jun 15 15:56:59.458154 dv-cinder-845990-1-smb devstack@n-api.service[125138]: DEBUG oslo_concurrency.lockutils [None req-77b4217a-21ef-430c-bcdc-5dddcff36698 tempest-DeleteServersTestJSON-258056560 tempest-DeleteServersTestJSON-258056560-project] Lock "c5d24ec9-e455-4272-9f36-824746525611" "released" by "nova.context.set_target_cell..get_or_set_cached_cell_and_set_connections" :: held 0.001s {{(pid=125138) inner /usr/local/lib/python3.8/dist-packages/oslo_concurrency/lockutils.py:400}}
Jun 15 15:56:59.558114 dv-cinder-845990-1-smb devstack@n-api.service[125139]: DEBUG nova.api.openstack.wsgi [None req-51e163e8-5991-4908-922f-10a2a4328a38 tempest-AttachVolumeTestJSON-1391327145 tempest-AttachVolumeTestJSON-1391327145-project] Action: 'create', calling method: .version_select at 0x7f64c6ed7c10>, body: {"keypair": {"name": "tempest-keypair-1411328590", "public_key": "ecdsa-sha2-nistp384 AAAAE2VjZHNhLXNoYTItbmlzdHAzODQAAAAIbmlzdHAzODQAAABhBMuFP0aGzAaGksvWyMyZNO7k1ILePzq6Em1QiS0V7Vbqih2LLHu6tdMBjbif2yOyFK6uK/cfdZkz9MiOjq/nDOVw0mf1PmbFvS/3BDeUuRRZKmYj4O0pn1oRPUSX21+HRA=="}} {{(pid=125139) _process_stack /opt/stack/nova/nova/api/openstack/wsgi.py:511}}
Jun 15 15:56:59.641119 dv-cinder-845990-1-smb devstack@n-api.service[125139]: DEBUG nova.quota [None req-51e163e8-5991-4908-922f-10a2a4328a38 tempest-AttachVolumeTestJSON-1391327145 tempest-AttachVolumeTestJSON-1391327145-project] Getting quotas for project 2cf1d3447c9d40e78d51c8ab7d381f62. Resources: {'key_pairs'} {{(pid=125139) _get_quotas /opt/stack/nova/nova/quota.py:393}}
Jun 15 15:56:59.701059 dv-cinder-845990-1-smb devstack@n-api.service[125139]: DEBUG nova.quota [None req-51e163e8-5991-4908-922f-10a2a4328a38 tempest-AttachVolumeTestJSON-1391327145 tempest-AttachVolumeTestJSON-1391327145-project] Getting quotas for user a0344819feb94f2182aa73b753a74e24 and project 2cf1d3447c9d40e78d51c8ab7d381f62. Resources: {'key_pairs'} {{(pid=125139) _get_quotas /opt/stack/nova/nova/quota.py:383}}
Jun 15 15:56:59.916064 dv-cinder-845990-1-smb devstack@n-api.service[125139]: INFO nova.api.openstack.requestlog [None req-51e163e8-5991-4908-922f-10a2a4328a38 tempest-AttachVolumeTestJSON-1391327145 tempest-AttachVolumeTestJSON-1391327145-project] 10.222.0.69 "POST /compute/v2.1/os-keypairs" status: 200 len: 386 microversion: 2.1 time: 1.528043
Jun 15 15:56:59.918223 dv-cinder-845990-1-smb devstack@n-api.service[125139]: [pid: 125139|app: 0|req: 17/31] 10.222.0.69 () {60 vars in 1158 bytes} [Wed Jun 15 15:56:58 2022] POST /compute/v2.1/os-keypairs => generated 386 bytes in 1531 msecs (HTTP/1.1 200) 9 headers in 357 bytes (1 switches on core 0)
Jun 15 15:57:00.493398 dv-cinder-845990-1-smb devstack@n-api.service[125138]: DEBUG nova.policy [None req-77b4217a-21ef-430c-bcdc-5dddcff36698 tempest-DeleteServersTestJSON-258056560 tempest-DeleteServersTestJSON-258056560-project] Policy check for os_compute_api:os-extended-server-attributes failed with credentials {'is_admin': False, 'user_id': '7fc21e238b7b432b9eb1b5f9daedb6b8', 'user_domain_id': 'default', 'system_scope': None, 'domain_id': None, 'project_id': '4623139b729b4cb5a76be0ed9f05eddb', 'project_domain_id': 'default', 'roles': ['member', 'reader'], 'is_admin_project': True, 'service_user_id': None, 'service_user_domain_id': None, 'service_project_id': None, 'service_project_domain_id': None, 'service_roles': []} {{(pid=125138) authorize /opt/stack/nova/nova/policy.py:199}}
Jun 15 15:57:00.518424 dv-cinder-845990-1-smb devstack@n-api.service[125138]: INFO nova.api.openstack.requestlog [None req-77b4217a-21ef-430c-bcdc-5dddcff36698 tempest-DeleteServersTestJSON-258056560 tempest-DeleteServersTestJSON-258056560-project] 10.222.0.69 "GET /compute/v2.1/servers/4d382c4c-0d73-4f8b-8ea7-1172c43ee387" status: 200 len: 1315 microversion: 2.1 time: 1.095998
Jun 15 15:57:00.518424 dv-cinder-845990-1-smb devstack@n-api.service[125138]: [pid: 125138|app: 0|req: 15/32] 10.222.0.69 () {58 vars in 1235 bytes} [Wed Jun 15 15:56:59 2022] GET /compute/v2.1/servers/4d382c4c-0d73-4f8b-8ea7-1172c43ee387 => generated 1315 bytes in 1101 msecs (HTTP/1.1 200) 9 headers in 358 bytes (2 switches on core 0)
Jun 15 15:57:01.535409 dv-cinder-845990-1-smb devstack@n-api.service[125139]: DEBUG nova.api.openstack.wsgi [None req-74e7f5ab-755b-47db-a5ab-418dfa387c8c tempest-DeleteServersTestJSON-258056560 tempest-DeleteServersTestJSON-258056560-project] Calling method '>' {{(pid=125139) _process_stack /opt/stack/nova/nova/api/openstack/wsgi.py:513}}
Jun 15 15:57:01.536343 dv-cinder-845990-1-smb devstack@n-api.service[125139]: DEBUG nova.compute.api [None req-74e7f5ab-755b-47db-a5ab-418dfa387c8c tempest-DeleteServersTestJSON-258056560 tempest-DeleteServersTestJSON-258056560-project] [instance: 4d382c4c-0d73-4f8b-8ea7-1172c43ee387] Fetching instance by UUID {{(pid=125139) get /opt/stack/nova/nova/compute/api.py:2920}}
Jun 15 15:57:01.547279 dv-cinder-845990-1-smb devstack@n-api.service[125139]: DEBUG oslo_concurrency.lockutils [None req-74e7f5ab-755b-47db-a5ab-418dfa387c8c tempest-DeleteServersTestJSON-258056560 tempest-DeleteServersTestJSON-258056560-project] Lock "c5d24ec9-e455-4272-9f36-824746525611" acquired by "nova.context.set_target_cell..get_or_set_cached_cell_and_set_connections" :: waited 0.000s {{(pid=125139) inner /usr/local/lib/python3.8/dist-packages/oslo_concurrency/lockutils.py:386}}
Jun 15 15:57:01.551604 dv-cinder-845990-1-smb devstack@n-api.service[125139]: DEBUG oslo_concurrency.lockutils [None req-74e7f5ab-755b-47db-a5ab-418dfa387c8c tempest-DeleteServersTestJSON-258056560 tempest-DeleteServersTestJSON-258056560-project] Lock "c5d24ec9-e455-4272-9f36-824746525611" "released" by "nova.context.set_target_cell..get_or_set_cached_cell_and_set_connections" :: held 0.001s {{(pid=125139) inner /usr/local/lib/python3.8/dist-packages/oslo_concurrency/lockutils.py:400}}
