Jun 15 15:36:13.246584 dv-cinder-845990-1-iscsi devstack@keystone.service[86639]: DEBUG dbcounter [-] [86639] Writing DB stats keystone:SELECT=97,keystone:INSERT=3 {{(pid=86639) stat_writer /usr/local/lib/python3.8/dist-packages/dbcounter.py:114}}
Jun 15 15:36:13.265666 dv-cinder-845990-1-iscsi devstack@keystone.service[86639]: DEBUG keystone.common.rbac_enforcer.enforcer [None req-890b83b9-d142-4621-9d82-fe6305b09117 None admin] RBAC: Authorizing `identity:validate_token()` {{(pid=86639) enforce_call /opt/stack/keystone/keystone/common/rbac_enforcer/enforcer.py:449}}
Jun 15 15:36:13.266615 dv-cinder-845990-1-iscsi devstack@keystone.service[86640]: DEBUG dbcounter [-] [86640] Writing DB stats keystone:SELECT=100 {{(pid=86640) stat_writer /usr/local/lib/python3.8/dist-packages/dbcounter.py:114}}
Jun 15 15:36:13.267505 dv-cinder-845990-1-iscsi devstack@keystone.service[86639]: DEBUG keystone.common.rbac_enforcer.enforcer [None req-890b83b9-d142-4621-9d82-fe6305b09117 None admin] RBAC: Authorization granted {{(pid=86639) enforce_call /opt/stack/keystone/keystone/common/rbac_enforcer/enforcer.py:457}}
Jun 15 15:36:13.356684 dv-cinder-845990-1-iscsi devstack@keystone.service[86640]: DEBUG keystone.server.flask.request_processing.middleware.auth_context [None req-1979211e-49fe-46c9-bc2d-470b6af5e201 None admin] Validating token access rules against request {{(pid=86640) validate_allowed_request /usr/local/lib/python3.8/dist-packages/keystonemiddleware/auth_token/__init__.py:545}}
Jun 15 15:36:13.396863 dv-cinder-845990-1-iscsi devstack@keystone.service[86639]: [pid: 86639|app: 0|req: 43/92] 10.222.0.62 () {58 vars in 1282 bytes} [Wed Jun 15 15:36:13 2022] GET /identity/v3/auth/tokens => generated 799 bytes in 381 msecs (HTTP/1.1 200) 6 headers in 358 bytes (1 switches on core 0)
Jun 15 15:36:13.398561 dv-cinder-845990-1-iscsi devstack@keystone.service[86639]: DEBUG keystone.server.flask.request_processing.middleware.auth_context [None req-890b83b9-d142-4621-9d82-fe6305b09117 None admin] Authenticating user token {{(pid=86639) process_request /usr/local/lib/python3.8/dist-packages/keystonemiddleware/auth_token/__init__.py:407}}
Jun 15 15:36:13.410377 dv-cinder-845990-1-iscsi devstack@keystone.service[86640]: DEBUG keystone.server.flask.request_processing.middleware.auth_context [None req-aa37c9c2-7be4-4dd6-830e-a224b1ea2cbb None admin] RBAC: auth_context: {'token': , 'domain_id': None, 'trust_id': None, 'trustor_id': None, 'trustee_id': None, 'domain_name': None, 'group_ids': [], 'user_id': '38729f2fb8864984b35336009a142811', 'user_domain_id': 'default', 'system_scope': 'all', 'project_id': None, 'project_domain_id': None, 'roles': ['admin', 'member', 'reader'], 'is_admin_project': True, 'service_user_id': None, 'service_user_domain_id': None, 'service_project_id': None, 'service_project_domain_id': None, 'service_roles': []} {{(pid=86640) fill_context /opt/stack/keystone/keystone/server/flask/request_processing/middleware/auth_context.py:478}}
Jun 15 15:36:13.411160 dv-cinder-845990-1-iscsi devstack@keystone.service[86640]: DEBUG keystone.server.flask.request_processing.req_logging [None req-aa37c9c2-7be4-4dd6-830e-a224b1ea2cbb None admin] REQUEST_METHOD: `GET` {{(pid=86640) log_request_info /opt/stack/keystone/keystone/server/flask/request_processing/req_logging.py:27}}
Jun 15 15:36:13.411445 dv-cinder-845990-1-iscsi devstack@keystone.service[86640]: DEBUG keystone.server.flask.request_processing.req_logging [None req-aa37c9c2-7be4-4dd6-830e-a224b1ea2cbb None admin] SCRIPT_NAME: `/identity` {{(pid=86640) log_request_info /opt/stack/keystone/keystone/server/flask/request_processing/req_logging.py:28}}
Jun 15 15:36:13.411722 dv-cinder-845990-1-iscsi devstack@keystone.service[86640]: DEBUG keystone.server.flask.request_processing.req_logging [None req-aa37c9c2-7be4-4dd6-830e-a224b1ea2cbb None admin] PATH_INFO: `/v3/role_assignments` {{(pid=86640) log_request_info /opt/stack/keystone/keystone/server/flask/request_processing/req_logging.py:29}}
Jun 15 15:36:13.412898 dv-cinder-845990-1-iscsi devstack@keystone.service[86640]: DEBUG keystone.common.rbac_enforcer.enforcer [None req-aa37c9c2-7be4-4dd6-830e-a224b1ea2cbb None admin] RBAC: Adding query filter params (role.id=4d4438a26f504e9f84ba62dc395f926e, scope.project.id=54d37e7eb5474cf387beec6e56303b4f, user.id=4042a3d4d3d8483b9f9a6f1c750f1360) {{(pid=86640) _extract_filter_values /opt/stack/keystone/keystone/common/rbac_enforcer/enforcer.py:167}}
Jun 15 15:36:13.413501 dv-cinder-845990-1-iscsi devstack@keystone.service[86640]: DEBUG keystone.common.rbac_enforcer.enforcer [None req-aa37c9c2-7be4-4dd6-830e-a224b1ea2cbb None admin] RBAC: Authorizing `identity:list_role_assignments()` {{(pid=86640) enforce_call /opt/stack/keystone/keystone/common/rbac_enforcer/enforcer.py:449}}
Jun 15 15:36:13.415260 dv-cinder-845990-1-iscsi devstack@keystone.service[86640]: DEBUG keystone.common.rbac_enforcer.enforcer [None req-aa37c9c2-7be4-4dd6-830e-a224b1ea2cbb None admin] RBAC: Authorization granted {{(pid=86640) enforce_call /opt/stack/keystone/keystone/common/rbac_enforcer/enforcer.py:457}}
Jun 15 15:36:13.423605 dv-cinder-845990-1-iscsi devstack@keystone.service[86640]: [pid: 86640|app: 0|req: 50/93] 10.222.0.62 () {56 vars in 1374 bytes} [Wed Jun 15 15:36:13 2022] GET /identity/v3/role_assignments?user.id=4042a3d4d3d8483b9f9a6f1c750f1360&scope.project.id=54d37e7eb5474cf387beec6e56303b4f&role.id=4d4438a26f504e9f84ba62dc395f926e => generated 259 bytes in 188 msecs (HTTP/1.1 200) 5 headers in 177 bytes (1 switches on core 0)
Jun 15 15:36:13.424235 dv-cinder-845990-1-iscsi devstack@keystone.service[86640]: DEBUG keystone.server.flask.request_processing.middleware.auth_context [None req-aa37c9c2-7be4-4dd6-830e-a224b1ea2cbb None admin] Authenticating user token {{(pid=86640) process_request /usr/local/lib/python3.8/dist-packages/keystonemiddleware/auth_token/__init__.py:407}}
Jun 15 15:36:13.532986 dv-cinder-845990-1-iscsi devstack@keystone.service[86639]: DEBUG dbcounter [-] [86639] Writing DB stats keystone:SELECT=100 {{(pid=86639) stat_writer /usr/local/lib/python3.8/dist-packages/dbcounter.py:114}}
Jun 15 15:36:13.562274 dv-cinder-845990-1-iscsi devstack@keystone.service[86639]: DEBUG keystone.server.flask.request_processing.middleware.auth_context [None req-890b83b9-d142-4621-9d82-fe6305b09117 None admin] Validating token access rules against request {{(pid=86639) validate_allowed_request /usr/local/lib/python3.8/dist-packages/keystonemiddleware/auth_token/__init__.py:545}}
Jun 15 15:36:13.594232 dv-cinder-845990-1-iscsi devstack@keystone.service[86640]: DEBUG dbcounter [-] [86640] Writing DB stats keystone:SELECT=100 {{(pid=86640) stat_writer /usr/local/lib/python3.8/dist-packages/dbcounter.py:114}}
Jun 15 15:36:13.617881 dv-cinder-845990-1-iscsi devstack@keystone.service[86640]: DEBUG keystone.server.flask.request_processing.middleware.auth_context [None req-aa37c9c2-7be4-4dd6-830e-a224b1ea2cbb None admin] Validating token access rules against request {{(pid=86640) validate_allowed_request /usr/local/lib/python3.8/dist-packages/keystonemiddleware/auth_token/__init__.py:545}}
Jun 15 15:36:13.623344 dv-cinder-845990-1-iscsi devstack@keystone.service[86639]: DEBUG keystone.server.flask.request_processing.middleware.auth_context [None req-cf8b0021-24b9-4de4-8bcf-3b3b5ef824ce None admin] RBAC: auth_context: {'token': , 'domain_id': None, 'trust_id': None, 'trustor_id': None, 'trustee_id': None, 'domain_name': None, 'group_ids': [], 'user_id': '38729f2fb8864984b35336009a142811', 'user_domain_id': 'default', 'system_scope': 'all', 'project_id': None, 'project_domain_id': None, 'roles': ['admin', 'member', 'reader'], 'is_admin_project': True, 'service_user_id': None, 'service_user_domain_id': None, 'service_project_id': None, 'service_project_domain_id': None, 'service_roles': []} {{(pid=86639) fill_context /opt/stack/keystone/keystone/server/flask/request_processing/middleware/auth_context.py:478}}
Jun 15 15:36:13.624231 dv-cinder-845990-1-iscsi devstack@keystone.service[86639]: DEBUG keystone.server.flask.request_processing.req_logging [None req-cf8b0021-24b9-4de4-8bcf-3b3b5ef824ce None admin] REQUEST_METHOD: `GET` {{(pid=86639) log_request_info /opt/stack/keystone/keystone/server/flask/request_processing/req_logging.py:27}}
Jun 15 15:36:13.624720 dv-cinder-845990-1-iscsi devstack@keystone.service[86639]: DEBUG keystone.server.flask.request_processing.req_logging [None req-cf8b0021-24b9-4de4-8bcf-3b3b5ef824ce None admin] SCRIPT_NAME: `/identity` {{(pid=86639) log_request_info /opt/stack/keystone/keystone/server/flask/request_processing/req_logging.py:28}}
Jun 15 15:36:13.626021 dv-cinder-845990-1-iscsi devstack@keystone.service[86639]: DEBUG keystone.server.flask.request_processing.req_logging [None req-cf8b0021-24b9-4de4-8bcf-3b3b5ef824ce None admin] PATH_INFO: `/v3/role_assignments` {{(pid=86639) log_request_info /opt/stack/keystone/keystone/server/flask/request_processing/req_logging.py:29}}
Jun 15 15:36:13.627095 dv-cinder-845990-1-iscsi devstack@keystone.service[86639]: DEBUG keystone.common.rbac_enforcer.enforcer [None req-cf8b0021-24b9-4de4-8bcf-3b3b5ef824ce None admin] RBAC: Adding query filter params (role.id=433478cc318a467c931f13a757f161fa, scope.project.id=54d37e7eb5474cf387beec6e56303b4f, user.id=38729f2fb8864984b35336009a142811) {{(pid=86639) _extract_filter_values /opt/stack/keystone/keystone/common/rbac_enforcer/enforcer.py:167}}
Jun 15 15:36:13.628039 dv-cinder-845990-1-iscsi devstack@keystone.service[86639]: DEBUG keystone.common.rbac_enforcer.enforcer [None req-cf8b0021-24b9-4de4-8bcf-3b3b5ef824ce None admin] RBAC: Authorizing `identity:list_role_assignments()` {{(pid=86639) enforce_call /opt/stack/keystone/keystone/common/rbac_enforcer/enforcer.py:449}}
Jun 15 15:36:13.630047 dv-cinder-845990-1-iscsi devstack@keystone.service[86639]: DEBUG keystone.common.rbac_enforcer.enforcer [None req-cf8b0021-24b9-4de4-8bcf-3b3b5ef824ce None admin] RBAC: Authorization granted {{(pid=86639) enforce_call /opt/stack/keystone/keystone/common/rbac_enforcer/enforcer.py:457}}
Jun 15 15:36:13.643542 dv-cinder-845990-1-iscsi devstack@keystone.service[86639]: [pid: 86639|app: 0|req: 44/94] 10.222.0.62 () {56 vars in 1374 bytes} [Wed Jun 15 15:36:13 2022] GET /identity/v3/role_assignments?user.id=38729f2fb8864984b35336009a142811&scope.project.id=54d37e7eb5474cf387beec6e56303b4f&role.id=433478cc318a467c931f13a757f161fa => generated 259 bytes in 241 msecs (HTTP/1.1 200) 5 headers in 177 bytes (1 switches on core 0)
Jun 15 15:36:13.645046 dv-cinder-845990-1-iscsi devstack@keystone.service[86639]: DEBUG keystone.server.flask.request_processing.middleware.auth_context [None req-cf8b0021-24b9-4de4-8bcf-3b3b5ef824ce None admin] Authenticating user token {{(pid=86639) process_request /usr/local/lib/python3.8/dist-packages/keystonemiddleware/auth_token/__init__.py:407}}
Jun 15 15:36:13.711613 dv-cinder-845990-1-iscsi devstack@keystone.service[86640]: DEBUG keystone.server.flask.request_processing.middleware.auth_context [None req-933dec0c-62eb-474c-a0a0-26a08109c260 None admin] RBAC: auth_context: {'token': , 'domain_id': None, 'trust_id': None, 'trustor_id': None, 'trustee_id': None, 'domain_name': None, 'group_ids': [], 'user_id': '38729f2fb8864984b35336009a142811', 'user_domain_id': 'default', 'system_scope': 'all', 'project_id': None, 'project_domain_id': None, 'roles': ['admin', 'member', 'reader'], 'is_admin_project': True, 'service_user_id': None, 'service_user_domain_id': None, 'service_project_id': None, 'service_project_domain_id': None, 'service_roles': []} {{(pid=86640) fill_context /opt/stack/keystone/keystone/server/flask/request_processing/middleware/auth_context.py:478}}
Jun 15 15:36:13.712366 dv-cinder-845990-1-iscsi devstack@keystone.service[86640]: DEBUG keystone.server.flask.request_processing.req_logging [None req-933dec0c-62eb-474c-a0a0-26a08109c260 None admin] REQUEST_METHOD: `GET` {{(pid=86640) log_request_info /opt/stack/keystone/keystone/server/flask/request_processing/req_logging.py:27}}
Jun 15 15:36:13.712725 dv-cinder-845990-1-iscsi devstack@keystone.service[86640]: DEBUG keystone.server.flask.request_processing.req_logging [None req-933dec0c-62eb-474c-a0a0-26a08109c260 None admin] SCRIPT_NAME: `/identity` {{(pid=86640) log_request_info /opt/stack/keystone/keystone/server/flask/request_processing/req_logging.py:28}}
Jun 15 15:36:13.713099 dv-cinder-845990-1-iscsi devstack@keystone.service[86640]: DEBUG keystone.server.flask.request_processing.req_logging [None req-933dec0c-62eb-474c-a0a0-26a08109c260 None admin] PATH_INFO: `/v3/role_assignments` {{(pid=86640) log_request_info /opt/stack/keystone/keystone/server/flask/request_processing/req_logging.py:29}}
Jun 15 15:36:13.714013 dv-cinder-845990-1-iscsi devstack@keystone.service[86640]: DEBUG keystone.common.rbac_enforcer.enforcer [None req-933dec0c-62eb-474c-a0a0-26a08109c260 None admin] RBAC: Adding query filter params (role.id=7fb980f85eb04293a0d1dba515bf0a2c, scope.project.id=54d37e7eb5474cf387beec6e56303b4f, user.id=4042a3d4d3d8483b9f9a6f1c750f1360) {{(pid=86640) _extract_filter_values /opt/stack/keystone/keystone/common/rbac_enforcer/enforcer.py:167}}
Jun 15 15:36:13.714407 dv-cinder-845990-1-iscsi devstack@keystone.service[86640]: DEBUG keystone.common.rbac_enforcer.enforcer [None req-933dec0c-62eb-474c-a0a0-26a08109c260 None admin] RBAC: Authorizing `identity:list_role_assignments()` {{(pid=86640) enforce_call /opt/stack/keystone/keystone/common/rbac_enforcer/enforcer.py:449}}
Jun 15 15:36:13.716591 dv-cinder-845990-1-iscsi devstack@keystone.service[86640]: DEBUG keystone.common.rbac_enforcer.enforcer [None req-933dec0c-62eb-474c-a0a0-26a08109c260 None admin] RBAC: Authorization granted {{(pid=86640) enforce_call /opt/stack/keystone/keystone/common/rbac_enforcer/enforcer.py:457}}
Jun 15 15:36:13.729761 dv-cinder-845990-1-iscsi devstack@keystone.service[86640]: [pid: 86640|app: 0|req: 51/95] 10.222.0.62 () {56 vars in 1374 bytes} [Wed Jun 15 15:36:13 2022] GET /identity/v3/role_assignments?user.id=4042a3d4d3d8483b9f9a6f1c750f1360&scope.project.id=54d37e7eb5474cf387beec6e56303b4f&role.id=7fb980f85eb04293a0d1dba515bf0a2c => generated 259 bytes in 306 msecs (HTTP/1.1 200) 5 headers in 177 bytes (1 switches on core 0)
Jun 15 15:36:13.798986 dv-cinder-845990-1-iscsi devstack@keystone.service[86639]: DEBUG keystone.server.flask.request_processing.middleware.auth_context [None req-cf8b0021-24b9-4de4-8bcf-3b3b5ef824ce None admin] Validating token access rules against request {{(pid=86639) validate_allowed_request /usr/local/lib/python3.8/dist-packages/keystonemiddleware/auth_token/__init__.py:545}}
Jun 15 15:36:13.858021 dv-cinder-845990-1-iscsi devstack@keystone.service[86639]: DEBUG keystone.server.flask.request_processing.middleware.auth_context [None req-6947ac6a-3e4f-4f4b-a4e3-3c89fb68fb0b None admin] RBAC: auth_context: {'token': , 'domain_id': None, 'trust_id': None, 'trustor_id': None, 'trustee_id': None, 'domain_name': None, 'group_ids': [], 'user_id': '38729f2fb8864984b35336009a142811', 'user_domain_id': 'default', 'system_scope': 'all', 'project_id': None, 'project_domain_id': None, 'roles': ['admin', 'member', 'reader'], 'is_admin_project': True, 'service_user_id': None, 'service_user_domain_id': None, 'service_project_id': None, 'service_project_domain_id': None, 'service_roles': []} {{(pid=86639) fill_context /opt/stack/keystone/keystone/server/flask/request_processing/middleware/auth_context.py:478}}
Jun 15 15:36:13.858953 dv-cinder-845990-1-iscsi devstack@keystone.service[86639]: DEBUG keystone.server.flask.request_processing.req_logging [None req-6947ac6a-3e4f-4f4b-a4e3-3c89fb68fb0b None admin] REQUEST_METHOD: `GET` {{(pid=86639) log_request_info /opt/stack/keystone/keystone/server/flask/request_processing/req_logging.py:27}}
Jun 15 15:36:13.859243 dv-cinder-845990-1-iscsi devstack@keystone.service[86639]: DEBUG keystone.server.flask.request_processing.req_logging [None req-6947ac6a-3e4f-4f4b-a4e3-3c89fb68fb0b None admin] SCRIPT_NAME: `/identity` {{(pid=86639) log_request_info /opt/stack/keystone/keystone/server/flask/request_processing/req_logging.py:28}}
Jun 15 15:36:13.859528 dv-cinder-845990-1-iscsi devstack@keystone.service[86639]: DEBUG keystone.server.flask.request_processing.req_logging [None req-6947ac6a-3e4f-4f4b-a4e3-3c89fb68fb0b None admin] PATH_INFO: `/v3/projects/0e9d0a88b7cf41aa8d2ad10351114364` {{(pid=86639) log_request_info /opt/stack/keystone/keystone/server/flask/request_processing/req_logging.py:29}}
Jun 15 15:36:13.860848 dv-cinder-845990-1-iscsi devstack@keystone.service[86639]: DEBUG keystone.common.rbac_enforcer.enforcer [None req-6947ac6a-3e4f-4f4b-a4e3-3c89fb68fb0b None admin] RBAC: Authorizing `identity:get_project(project_id=0e9d0a88b7cf41aa8d2ad10351114364)` {{(pid=86639) enforce_call /opt/stack/keystone/keystone/common/rbac_enforcer/enforcer.py:449}}
Jun 15 15:36:13.862331 dv-cinder-845990-1-iscsi devstack@keystone.service[86639]: DEBUG keystone.common.rbac_enforcer.enforcer [None req-6947ac6a-3e4f-4f4b-a4e3-3c89fb68fb0b None admin] RBAC: Authorization granted {{(pid=86639) enforce_call /opt/stack/keystone/keystone/common/rbac_enforcer/enforcer.py:457}}
Jun 15 15:36:13.864145 dv-cinder-845990-1-iscsi devstack@keystone.service[86639]: [pid: 86639|app: 0|req: 45/96] 10.222.0.62 () {56 vars in 1186 bytes} [Wed Jun 15 15:36:13 2022] GET /identity/v3/projects/0e9d0a88b7cf41aa8d2ad10351114364 => generated 312 bytes in 220 msecs (HTTP/1.1 200) 5 headers in 177 bytes (1 switches on core 0)
Jun 15 15:36:13.870446 dv-cinder-845990-1-iscsi devstack@keystone.service[86640]: DEBUG keystone.server.flask.request_processing.middleware.auth_context [None req-933dec0c-62eb-474c-a0a0-26a08109c260 None admin] Authenticating user token {{(pid=86640) process_request /usr/local/lib/python3.8/dist-packages/keystonemiddleware/auth_token/__init__.py:407}}
Jun 15 15:36:14.026146 dv-cinder-845990-1-iscsi devstack@keystone.service[86640]: DEBUG keystone.server.flask.request_processing.middleware.auth_context [None req-933dec0c-62eb-474c-a0a0-26a08109c260 None admin] Validating token access rules against request {{(pid=86640) validate_allowed_request /usr/local/lib/python3.8/dist-packages/keystonemiddleware/auth_token/__init__.py:545}}
Jun 15 15:36:14.077927 dv-cinder-845990-1-iscsi devstack@keystone.service[86640]: DEBUG keystone.server.flask.request_processing.middleware.auth_context [None req-ec5f9967-d11a-4fdc-88fb-d56832f87cee None admin] RBAC: auth_context: {'token': , 'domain_id': None, 'trust_id': None, 'trustor_id': None, 'trustee_id': None, 'domain_name': None, 'group_ids': [], 'user_id': '38729f2fb8864984b35336009a142811', 'user_domain_id': 'default', 'system_scope': 'all', 'project_id': None, 'project_domain_id': None, 'roles': ['admin', 'member', 'reader'], 'is_admin_project': True, 'service_user_id': None, 'service_user_domain_id': None, 'service_project_id': None, 'service_project_domain_id': None, 'service_roles': []} {{(pid=86640) fill_context /opt/stack/keystone/keystone/server/flask/request_processing/middleware/auth_context.py:478}}
Jun 15 15:36:14.078970 dv-cinder-845990-1-iscsi devstack@keystone.service[86640]: DEBUG keystone.server.flask.request_processing.req_logging [None req-ec5f9967-d11a-4fdc-88fb-d56832f87cee None admin] REQUEST_METHOD: `GET` {{(pid=86640) log_request_info /opt/stack/keystone/keystone/server/flask/request_processing/req_logging.py:27}}
Jun 15 15:36:14.079460 dv-cinder-845990-1-iscsi devstack@keystone.service[86640]: DEBUG keystone.server.flask.request_processing.req_logging [None req-ec5f9967-d11a-4fdc-88fb-d56832f87cee None admin] SCRIPT_NAME: `/identity` {{(pid=86640) log_request_info /opt/stack/keystone/keystone/server/flask/request_processing/req_logging.py:28}}
Jun 15 15:36:14.079938 dv-cinder-845990-1-iscsi devstack@keystone.service[86640]: DEBUG keystone.server.flask.request_processing.req_logging [None req-ec5f9967-d11a-4fdc-88fb-d56832f87cee None admin] PATH_INFO: `/v3/role_assignments` {{(pid=86640) log_request_info /opt/stack/keystone/keystone/server/flask/request_processing/req_logging.py:29}}
Jun 15 15:36:14.080976 dv-cinder-845990-1-iscsi devstack@keystone.service[86640]: DEBUG keystone.common.rbac_enforcer.enforcer [None req-ec5f9967-d11a-4fdc-88fb-d56832f87cee None admin] RBAC: Adding query filter params (role.id=4d4438a26f504e9f84ba62dc395f926e, scope.project.id=0e9d0a88b7cf41aa8d2ad10351114364, user.id=4042a3d4d3d8483b9f9a6f1c750f1360) {{(pid=86640) _extract_filter_values /opt/stack/keystone/keystone/common/rbac_enforcer/enforcer.py:167}}
Jun 15 15:36:14.081519 dv-cinder-845990-1-iscsi devstack@keystone.service[86640]: DEBUG keystone.common.rbac_enforcer.enforcer [None req-ec5f9967-d11a-4fdc-88fb-d56832f87cee None admin] RBAC: Authorizing `identity:list_role_assignments()` {{(pid=86640) enforce_call /opt/stack/keystone/keystone/common/rbac_enforcer/enforcer.py:449}}
Jun 15 15:36:14.083236 dv-cinder-845990-1-iscsi devstack@keystone.service[86640]: DEBUG keystone.common.rbac_enforcer.enforcer [None req-ec5f9967-d11a-4fdc-88fb-d56832f87cee None admin] RBAC: Authorization granted {{(pid=86640) enforce_call /opt/stack/keystone/keystone/common/rbac_enforcer/enforcer.py:457}}
Jun 15 15:36:14.095344 dv-cinder-845990-1-iscsi devstack@keystone.service[86640]: [pid: 86640|app: 0|req: 52/97] 10.222.0.62 () {56 vars in 1374 bytes} [Wed Jun 15 15:36:13 2022] GET /identity/v3/role_assignments?user.id=4042a3d4d3d8483b9f9a6f1c750f1360&scope.project.id=0e9d0a88b7cf41aa8d2ad10351114364&role.id=4d4438a26f504e9f84ba62dc395f926e => generated 259 bytes in 225 msecs (HTTP/1.1 200) 5 headers in 177 bytes (1 switches on core 0)
Jun 15 15:36:16.064286 dv-cinder-845990-1-iscsi devstack@keystone.service[86639]: DEBUG keystone.server.flask.request_processing.req_logging [None req-1cfab7fd-e2e5-4ef6-90c3-cae704cd98eb None None] REQUEST_METHOD: `GET` {{(pid=86639) log_request_info /opt/stack/keystone/keystone/server/flask/request_processing/req_logging.py:27}}
Jun 15 15:36:16.065129 dv-cinder-845990-1-iscsi devstack@keystone.service[86639]: DEBUG keystone.server.flask.request_processing.req_logging [None req-1cfab7fd-e2e5-4ef6-90c3-cae704cd98eb None None] SCRIPT_NAME: `/identity` {{(pid=86639) log_request_info /opt/stack/keystone/keystone/server/flask/request_processing/req_logging.py:28}}
Jun 15 15:36:16.065556 dv-cinder-845990-1-iscsi devstack@keystone.service[86639]: DEBUG keystone.server.flask.request_processing.req_logging [None req-1cfab7fd-e2e5-4ef6-90c3-cae704cd98eb None None] PATH_INFO: `/` {{(pid=86639) log_request_info /opt/stack/keystone/keystone/server/flask/request_processing/req_logging.py:29}}
Jun 15 15:36:16.067097 dv-cinder-845990-1-iscsi devstack@keystone.service[86639]: [pid: 86639|app: 0|req: 46/98] 10.222.0.62 () {54 vars in 926 bytes} [Wed Jun 15 15:36:16 2022] GET /identity => generated 270 bytes in 4 msecs (HTTP/1.1 300) 6 headers in 234 bytes (1 switches on core 0)
Jun 15 15:36:16.080166 dv-cinder-845990-1-iscsi devstack@keystone.service[86640]: DEBUG keystone.server.flask.request_processing.req_logging [None req-da6e813b-63a7-49a4-ad29-9183f6f9d054 None None] REQUEST_METHOD: `POST` {{(pid=86640) log_request_info /opt/stack/keystone/keystone/server/flask/request_processing/req_logging.py:27}}
Jun 15 15:36:16.080621 dv-cinder-845990-1-iscsi devstack@keystone.service[86640]: DEBUG keystone.server.flask.request_processing.req_logging [None req-da6e813b-63a7-49a4-ad29-9183f6f9d054 None None] SCRIPT_NAME: `/identity` {{(pid=86640) log_request_info /opt/stack/keystone/keystone/server/flask/request_processing/req_logging.py:28}}
Jun 15 15:36:16.080722 dv-cinder-845990-1-iscsi devstack@keystone.service[86640]: DEBUG keystone.server.flask.request_processing.req_logging [None req-da6e813b-63a7-49a4-ad29-9183f6f9d054 None None] PATH_INFO: `/v3/auth/tokens` {{(pid=86640) log_request_info /opt/stack/keystone/keystone/server/flask/request_processing/req_logging.py:29}}
Jun 15 15:36:16.083406 dv-cinder-845990-1-iscsi devstack@keystone.service[86639]: DEBUG keystone.server.flask.request_processing.req_logging [None req-5165ecea-ac1f-4272-bc5f-b9cb1a06e466 None None] REQUEST_METHOD: `GET` {{(pid=86639) log_request_info /opt/stack/keystone/keystone/server/flask/request_processing/req_logging.py:27}}
Jun 15 15:36:16.083885 dv-cinder-845990-1-iscsi devstack@keystone.service[86639]: DEBUG keystone.server.flask.request_processing.req_logging [None req-5165ecea-ac1f-4272-bc5f-b9cb1a06e466 None None] SCRIPT_NAME: `/identity` {{(pid=86639) log_request_info /opt/stack/keystone/keystone/server/flask/request_processing/req_logging.py:28}}
Jun 15 15:36:16.084342 dv-cinder-845990-1-iscsi devstack@keystone.service[86639]: DEBUG keystone.server.flask.request_processing.req_logging [None req-5165ecea-ac1f-4272-bc5f-b9cb1a06e466 None None] PATH_INFO: `/` {{(pid=86639) log_request_info /opt/stack/keystone/keystone/server/flask/request_processing/req_logging.py:29}}
Jun 15 15:36:16.085960 dv-cinder-845990-1-iscsi devstack@keystone.service[86639]: [pid: 86639|app: 0|req: 47/99] 10.222.0.62 () {54 vars in 926 bytes} [Wed Jun 15 15:36:16 2022] GET /identity => generated 270 bytes in 4 msecs (HTTP/1.1 300) 6 headers in 234 bytes (2 switches on core 0)
Jun 15 15:36:16.091061 dv-cinder-845990-1-iscsi devstack@keystone.service[86639]: DEBUG keystone.server.flask.request_processing.req_logging [None req-13c8950e-6c73-4787-9de1-e7395c7ce594 None None] REQUEST_METHOD: `POST` {{(pid=86639) log_request_info /opt/stack/keystone/keystone/server/flask/request_processing/req_logging.py:27}}
Jun 15 15:36:16.091562 dv-cinder-845990-1-iscsi devstack@keystone.service[86639]: DEBUG keystone.server.flask.request_processing.req_logging [None req-13c8950e-6c73-4787-9de1-e7395c7ce594 None None] SCRIPT_NAME: `/identity` {{(pid=86639) log_request_info /opt/stack/keystone/keystone/server/flask/request_processing/req_logging.py:28}}
Jun 15 15:36:16.092017 dv-cinder-845990-1-iscsi devstack@keystone.service[86639]: DEBUG keystone.server.flask.request_processing.req_logging [None req-13c8950e-6c73-4787-9de1-e7395c7ce594 None None] PATH_INFO: `/v3/auth/tokens` {{(pid=86639) log_request_info /opt/stack/keystone/keystone/server/flask/request_processing/req_logging.py:29}}
Jun 15 15:36:16.107735 dv-cinder-845990-1-iscsi devstack@keystone.service[86640]: DEBUG keystone.auth.core [None req-da6e813b-63a7-49a4-ad29-9183f6f9d054 None None] MFA Rules not processed for user `38729f2fb8864984b35336009a142811`. Rule list: `[]` (Enabled: `True`). {{(pid=86640) check_auth_methods_against_rules /opt/stack/keystone/keystone/auth/core.py:438}}
Jun 15 15:36:16.109293 dv-cinder-845990-1-iscsi devstack@keystone.service[86640]: DEBUG keystone.common.fernet_utils [None req-da6e813b-63a7-49a4-ad29-9183f6f9d054 None None] Loaded 2 Fernet keys from /etc/keystone/fernet-keys/, but `[fernet_tokens] max_active_keys = 3`; perhaps there have not been enough key rotations to reach `max_active_keys` yet? {{(pid=86640) load_keys /opt/stack/keystone/keystone/common/fernet_utils.py:286}}
Jun 15 15:36:16.116025 dv-cinder-845990-1-iscsi devstack@keystone.service[86639]: DEBUG keystone.auth.core [None req-13c8950e-6c73-4787-9de1-e7395c7ce594 None None] MFA Rules not processed for user `38729f2fb8864984b35336009a142811`. Rule list: `[]` (Enabled: `True`). {{(pid=86639) check_auth_methods_against_rules /opt/stack/keystone/keystone/auth/core.py:438}}
Jun 15 15:36:16.117226 dv-cinder-845990-1-iscsi devstack@keystone.service[86639]: DEBUG keystone.common.fernet_utils [None req-13c8950e-6c73-4787-9de1-e7395c7ce594 None None] Loaded 2 Fernet keys from /etc/keystone/fernet-keys/, but `[fernet_tokens] max_active_keys = 3`; perhaps there have not been enough key rotations to reach `max_active_keys` yet? {{(pid=86639) load_keys /opt/stack/keystone/keystone/common/fernet_utils.py:286}}
Jun 15 15:36:16.118545 dv-cinder-845990-1-iscsi devstack@keystone.service[86640]: DEBUG dbcounter [-] [86640] Writing DB stats keystone:SELECT=100 {{(pid=86640) stat_writer /usr/local/lib/python3.8/dist-packages/dbcounter.py:114}}
Jun 15 15:36:16.145270 dv-cinder-845990-1-iscsi devstack@keystone.service[86639]: DEBUG dbcounter [-] [86639] Writing DB stats keystone:SELECT=100 {{(pid=86639) stat_writer /usr/local/lib/python3.8/dist-packages/dbcounter.py:114}}
Jun 15 15:36:16.255076 dv-cinder-845990-1-iscsi devstack@keystone.service[86639]: [pid: 86639|app: 0|req: 48/100] 10.222.0.62 () {58 vars in 1023 bytes} [Wed Jun 15 15:36:16 2022] POST /identity/v3/auth/tokens => generated 799 bytes in 155 msecs (HTTP/1.1 201) 6 headers in 363 bytes (2 switches on core 0)
Jun 15 15:36:16.256711 dv-cinder-845990-1-iscsi devstack@keystone.service[86639]: DEBUG keystone.server.flask.request_processing.req_logging [None req-e21715cd-7d4e-4484-9293-37d12a8a8743 None None] REQUEST_METHOD: `GET` {{(pid=86639) log_request_info /opt/stack/keystone/keystone/server/flask/request_processing/req_logging.py:27}}
Jun 15 15:36:16.257005 dv-cinder-845990-1-iscsi devstack@keystone.service[86639]: DEBUG keystone.server.flask.request_processing.req_logging [None req-e21715cd-7d4e-4484-9293-37d12a8a8743 None None] SCRIPT_NAME: `/identity` {{(pid=86639) log_request_info /opt/stack/keystone/keystone/server/flask/request_processing/req_logging.py:28}}
Jun 15 15:36:16.257288 dv-cinder-845990-1-iscsi devstack@keystone.service[86639]: DEBUG keystone.server.flask.request_processing.req_logging [None req-e21715cd-7d4e-4484-9293-37d12a8a8743 None None] PATH_INFO: `/` {{(pid=86639) log_request_info /opt/stack/keystone/keystone/server/flask/request_processing/req_logging.py:29}}
Jun 15 15:36:16.259195 dv-cinder-845990-1-iscsi devstack@keystone.service[86639]: [pid: 86639|app: 0|req: 49/101] 10.222.0.62 () {54 vars in 926 bytes} [Wed Jun 15 15:36:16 2022] GET /identity => generated 270 bytes in 3 msecs (HTTP/1.1 300) 6 headers in 234 bytes (1 switches on core 0)
Jun 15 15:36:16.273486 dv-cinder-845990-1-iscsi devstack@keystone.service[86640]: [pid: 86640|app: 0|req: 53/102] 10.222.0.62 () {58 vars in 1023 bytes} [Wed Jun 15 15:36:16 2022] POST /identity/v3/auth/tokens => generated 799 bytes in 194 msecs (HTTP/1.1 201) 6 headers in 363 bytes (1 switches on core 0)
Jun 15 15:36:16.292253 dv-cinder-845990-1-iscsi devstack@keystone.service[86639]: DEBUG keystone.server.flask.request_processing.req_logging [None req-95bc4c1f-b3e2-45ea-9b82-acd833454e86 None None] REQUEST_METHOD: `POST` {{(pid=86639) log_request_info /opt/stack/keystone/keystone/server/flask/request_processing/req_logging.py:27}}
Jun 15 15:36:16.292542 dv-cinder-845990-1-iscsi devstack@keystone.service[86639]: DEBUG keystone.server.flask.request_processing.req_logging [None req-95bc4c1f-b3e2-45ea-9b82-acd833454e86 None None] SCRIPT_NAME: `/identity` {{(pid=86639) log_request_info /opt/stack/keystone/keystone/server/flask/request_processing/req_logging.py:28}}
Jun 15 15:36:16.293417 dv-cinder-845990-1-iscsi devstack@keystone.service[86639]: DEBUG keystone.server.flask.request_processing.req_logging [None req-95bc4c1f-b3e2-45ea-9b82-acd833454e86 None None] PATH_INFO: `/v3/auth/tokens` {{(pid=86639) log_request_info /opt/stack/keystone/keystone/server/flask/request_processing/req_logging.py:29}}
Jun 15 15:36:16.321545 dv-cinder-845990-1-iscsi devstack@keystone.service[86640]: DEBUG keystone.server.flask.request_processing.middleware.auth_context [None req-da6e813b-63a7-49a4-ad29-9183f6f9d054 None None] Authenticating user token {{(pid=86640) process_request /usr/local/lib/python3.8/dist-packages/keystonemiddleware/auth_token/__init__.py:407}}
Jun 15 15:36:16.332626 dv-cinder-845990-1-iscsi devstack@keystone.service[86639]: DEBUG keystone.auth.core [None req-95bc4c1f-b3e2-45ea-9b82-acd833454e86 None None] MFA Rules not processed for user `38729f2fb8864984b35336009a142811`. Rule list: `[]` (Enabled: `True`). {{(pid=86639) check_auth_methods_against_rules /opt/stack/keystone/keystone/auth/core.py:438}}
Jun 15 15:36:16.333886 dv-cinder-845990-1-iscsi devstack@keystone.service[86639]: DEBUG keystone.common.fernet_utils [None req-95bc4c1f-b3e2-45ea-9b82-acd833454e86 None None] Loaded 2 Fernet keys from /etc/keystone/fernet-keys/, but `[fernet_tokens] max_active_keys = 3`; perhaps there have not been enough key rotations to reach `max_active_keys` yet? {{(pid=86639) load_keys /opt/stack/keystone/keystone/common/fernet_utils.py:286}}
Jun 15 15:36:16.463915 dv-cinder-845990-1-iscsi devstack@keystone.service[86639]: [pid: 86639|app: 0|req: 50/103] 10.222.0.62 () {58 vars in 1023 bytes} [Wed Jun 15 15:36:16 2022] POST /identity/v3/auth/tokens => generated 799 bytes in 173 msecs (HTTP/1.1 201) 6 headers in 363 bytes (2 switches on core 0)
Jun 15 15:36:16.465362 dv-cinder-845990-1-iscsi devstack@keystone.service[86639]: DEBUG keystone.server.flask.request_processing.middleware.auth_context [None req-95bc4c1f-b3e2-45ea-9b82-acd833454e86 None None] Authenticating user token {{(pid=86639) process_request /usr/local/lib/python3.8/dist-packages/keystonemiddleware/auth_token/__init__.py:407}}
Jun 15 15:36:16.522382 dv-cinder-845990-1-iscsi devstack@keystone.service[86640]: DEBUG keystone.server.flask.request_processing.middleware.auth_context [None req-da6e813b-63a7-49a4-ad29-9183f6f9d054 None None] Validating token access rules against request {{(pid=86640) validate_allowed_request /usr/local/lib/python3.8/dist-packages/keystonemiddleware/auth_token/__init__.py:545}}
Jun 15 15:36:16.593244 dv-cinder-845990-1-iscsi devstack@keystone.service[86640]: DEBUG keystone.server.flask.request_processing.middleware.auth_context [None req-05f8609a-42f2-4af0-86cd-28a242945e67 None admin] RBAC: auth_context: {'token': , 'domain_id': None, 'trust_id': None, 'trustor_id': None, 'trustee_id': None, 'domain_name': None, 'group_ids': [], 'user_id': '38729f2fb8864984b35336009a142811', 'user_domain_id': 'default', 'system_scope': 'all', 'project_id': None, 'project_domain_id': None, 'roles': ['admin', 'member', 'reader'], 'is_admin_project': True, 'service_user_id': None, 'service_user_domain_id': None, 'service_project_id': None, 'service_project_domain_id': None, 'service_roles': []} {{(pid=86640) fill_context /opt/stack/keystone/keystone/server/flask/request_processing/middleware/auth_context.py:478}}
Jun 15 15:36:16.593980 dv-cinder-845990-1-iscsi devstack@keystone.service[86640]: DEBUG keystone.server.flask.request_processing.req_logging [None req-05f8609a-42f2-4af0-86cd-28a242945e67 None admin] REQUEST_METHOD: `GET` {{(pid=86640) log_request_info /opt/stack/keystone/keystone/server/flask/request_processing/req_logging.py:27}}
Jun 15 15:36:16.594268 dv-cinder-845990-1-iscsi devstack@keystone.service[86640]: DEBUG keystone.server.flask.request_processing.req_logging [None req-05f8609a-42f2-4af0-86cd-28a242945e67 None admin] SCRIPT_NAME: `/identity` {{(pid=86640) log_request_info /opt/stack/keystone/keystone/server/flask/request_processing/req_logging.py:28}}
Jun 15 15:36:16.594548 dv-cinder-845990-1-iscsi devstack@keystone.service[86640]: DEBUG keystone.server.flask.request_processing.req_logging [None req-05f8609a-42f2-4af0-86cd-28a242945e67 None admin] PATH_INFO: `/v3/roles/reader` {{(pid=86640) log_request_info /opt/stack/keystone/keystone/server/flask/request_processing/req_logging.py:29}}
Jun 15 15:36:16.618077 dv-cinder-845990-1-iscsi devstack@keystone.service[86639]: DEBUG dbcounter [-] [86639] Writing DB stats keystone:SELECT=100 {{(pid=86639) stat_writer /usr/local/lib/python3.8/dist-packages/dbcounter.py:114}}
Jun 15 15:36:16.626159 dv-cinder-845990-1-iscsi devstack@keystone.service[86640]: DEBUG keystone.common.rbac_enforcer.enforcer [None req-05f8609a-42f2-4af0-86cd-28a242945e67 None admin] Extracting inferred target data resulted in "NOT FOUND (404)". {{(pid=86640) enforce_call /opt/stack/keystone/keystone/common/rbac_enforcer/enforcer.py:409}}
Jun 15 15:36:16.634211 dv-cinder-845990-1-iscsi devstack@keystone.service[86640]: ERROR keystone.server.flask.application [None req-05f8609a-42f2-4af0-86cd-28a242945e67 None admin] Could not find role: reader.: keystone.exception.RoleNotFound: Could not find role: reader.
Jun 15 15:36:16.634211 dv-cinder-845990-1-iscsi devstack@keystone.service[86640]: ERROR keystone.server.flask.application
Traceback (most recent call last):
Jun 15 15:36:16.634211 dv-cinder-845990-1-iscsi devstack@keystone.service[86640]: ERROR keystone.server.flask.application
File "/usr/local/lib/python3.8/dist-packages/flask/app.py", line 1523, in full_dispatch_request
Jun 15 15:36:16.634211 dv-cinder-845990-1-iscsi devstack@keystone.service[86640]: ERROR keystone.server.flask.application rv = self.dispatch_request()
Jun 15 15:36:16.634211 dv-cinder-845990-1-iscsi devstack@keystone.service[86640]: ERROR keystone.server.flask.application
File "/usr/local/lib/python3.8/dist-packages/flask/app.py", line 1509, in dispatch_request
Jun 15 15:36:16.634211 dv-cinder-845990-1-iscsi devstack@keystone.service[86640]: ERROR keystone.server.flask.application return self.ensure_sync(self.view_functions[rule.endpoint])(**req.view_args)
Jun 15 15:36:16.634211 dv-cinder-845990-1-iscsi devstack@keystone.service[86640]: ERROR keystone.server.flask.application
File "/usr/local/lib/python3.8/dist-packages/flask_restful/__init__.py", line 467, in wrapper
Jun 15 15:36:16.634211 dv-cinder-845990-1-iscsi devstack@keystone.service[86640]: ERROR keystone.server.flask.application resp = resource(*args, **kwargs)
Jun 15 15:36:16.634211 dv-cinder-845990-1-iscsi devstack@keystone.service[86640]: ERROR keystone.server.flask.application
File "/usr/local/lib/python3.8/dist-packages/flask/views.py", line 84, in view
Jun 15 15:36:16.634211 dv-cinder-845990-1-iscsi devstack@keystone.service[86640]: ERROR keystone.server.flask.application return current_app.ensure_sync(self.dispatch_request)(*args, **kwargs)
Jun 15 15:36:16.634211 dv-cinder-845990-1-iscsi devstack@keystone.service[86640]: ERROR keystone.server.flask.application
File "/usr/local/lib/python3.8/dist-packages/flask_restful/__init__.py", line 582, in dispatch_request
Jun 15 15:36:16.634211 dv-cinder-845990-1-iscsi devstack@keystone.service[86640]: ERROR keystone.server.flask.application resp = meth(*args, **kwargs)
Jun 15 15:36:16.634211 dv-cinder-845990-1-iscsi devstack@keystone.service[86640]: ERROR keystone.server.flask.application
File "/opt/stack/keystone/keystone/api/roles.py", line 50, in get
Jun 15 15:36:16.634211 dv-cinder-845990-1-iscsi devstack@keystone.service[86640]: ERROR keystone.server.flask.application return self._get_role(role_id)
Jun 15 15:36:16.634211 dv-cinder-845990-1-iscsi devstack@keystone.service[86640]: ERROR keystone.server.flask.application
File "/opt/stack/keystone/keystone/api/roles.py", line 70, in _get_role
Jun 15 15:36:16.634211 dv-cinder-845990-1-iscsi devstack@keystone.service[86640]: ERROR keystone.server.flask.application ENFORCER.enforce_call(action='identity:get_role')
Jun 15 15:36:16.635206 dv-cinder-845990-1-iscsi devstack@keystone.service[86640]: ERROR keystone.server.flask.application
File "/opt/stack/keystone/keystone/common/rbac_enforcer/enforcer.py", line 402, in enforce_call
Jun 15 15:36:16.635206 dv-cinder-845990-1-iscsi devstack@keystone.service[86640]: ERROR keystone.server.flask.application policy_dict.update(cls._extract_member_target_data(
Jun 15 15:36:16.635206 dv-cinder-845990-1-iscsi devstack@keystone.service[86640]: ERROR keystone.server.flask.application
File "/opt/stack/keystone/keystone/common/rbac_enforcer/enforcer.py", line 234, in _extract_member_target_data
Jun 15 15:36:16.635206 dv-cinder-845990-1-iscsi devstack@keystone.service[86640]: ERROR keystone.server.flask.application member_name: func(flask.request.view_args[key])
Jun 15 15:36:16.635206 dv-cinder-845990-1-iscsi devstack@keystone.service[86640]: ERROR keystone.server.flask.application
File "/opt/stack/keystone/keystone/common/manager.py", line 115, in wrapped
Jun 15 15:36:16.635206 dv-cinder-845990-1-iscsi devstack@keystone.service[86640]: ERROR keystone.server.flask.application __ret_val = __f(*args, **kwargs)
Jun 15 15:36:16.635206 dv-cinder-845990-1-iscsi devstack@keystone.service[86640]: ERROR keystone.server.flask.application
File "/usr/local/lib/python3.8/dist-packages/decorator.py", line 232, in fun
Jun 15 15:36:16.635206 dv-cinder-845990-1-iscsi devstack@keystone.service[86640]: ERROR keystone.server.flask.application return caller(func, *(extras + args), **kw)
Jun 15 15:36:16.635206 dv-cinder-845990-1-iscsi devstack@keystone.service[86640]: ERROR keystone.server.flask.application
File "/usr/local/lib/python3.8/dist-packages/dogpile/cache/region.py", line 1577, in get_or_create_for_user_func
Jun 15 15:36:16.635206 dv-cinder-845990-1-iscsi devstack@keystone.service[86640]: ERROR keystone.server.flask.application return self.get_or_create(
Jun 15 15:36:16.635206 dv-cinder-845990-1-iscsi devstack@keystone.service[86640]: ERROR keystone.server.flask.application
File "/usr/local/lib/python3.8/dist-packages/dogpile/cache/region.py", line 1042, in get_or_create
Jun 15 15:36:16.635206 dv-cinder-845990-1-iscsi devstack@keystone.service[86640]: ERROR keystone.server.flask.application with Lock(
Jun 15 15:36:16.635206 dv-cinder-845990-1-iscsi devstack@keystone.service[86640]: ERROR keystone.server.flask.application
File "/usr/local/lib/python3.8/dist-packages/dogpile/lock.py", line 185, in __enter__
Jun 15 15:36:16.635206 dv-cinder-845990-1-iscsi devstack@keystone.service[86640]: ERROR keystone.server.flask.application return self._enter()
Jun 15 15:36:16.635206 dv-cinder-845990-1-iscsi devstack@keystone.service[86640]: ERROR keystone.server.flask.application
File "/usr/local/lib/python3.8/dist-packages/dogpile/lock.py", line 94, in _enter
Jun 15 15:36:16.635206 dv-cinder-845990-1-iscsi devstack@keystone.service[86640]: ERROR keystone.server.flask.application generated = self._enter_create(value, createdtime)
Jun 15 15:36:16.635962 dv-cinder-845990-1-iscsi devstack@keystone.service[86640]: ERROR keystone.server.flask.application
File "/usr/local/lib/python3.8/dist-packages/dogpile/lock.py", line 178, in _enter_create
Jun 15 15:36:16.635962 dv-cinder-845990-1-iscsi devstack@keystone.service[86640]: ERROR keystone.server.flask.application return self.creator()
Jun 15 15:36:16.635962 dv-cinder-845990-1-iscsi devstack@keystone.service[86640]: ERROR keystone.server.flask.application
File "/usr/local/lib/python3.8/dist-packages/dogpile/cache/region.py", line 995, in gen_value
Jun 15 15:36:16.635962 dv-cinder-845990-1-iscsi devstack@keystone.service[86640]: ERROR keystone.server.flask.application created_value = creator(
Jun 15 15:36:16.635962 dv-cinder-845990-1-iscsi devstack@keystone.service[86640]: ERROR keystone.server.flask.application
File "/opt/stack/keystone/keystone/assignment/core.py", line 1276, in get_role
Jun 15 15:36:16.635962 dv-cinder-845990-1-iscsi devstack@keystone.service[86640]: ERROR keystone.server.flask.application return self.driver.get_role(role_id)
Jun 15 15:36:16.635962 dv-cinder-845990-1-iscsi devstack@keystone.service[86640]: ERROR keystone.server.flask.application
File "/opt/stack/keystone/keystone/assignment/role_backends/sql.py", line 70, in get_role
Jun 15 15:36:16.635962 dv-cinder-845990-1-iscsi devstack@keystone.service[86640]: ERROR keystone.server.flask.application return self._get_role(session, role_id).to_dict()
Jun 15 15:36:16.635962 dv-cinder-845990-1-iscsi devstack@keystone.service[86640]: ERROR keystone.server.flask.application
File "/opt/stack/keystone/keystone/assignment/role_backends/sql.py", line 65, in _get_role
Jun 15 15:36:16.635962 dv-cinder-845990-1-iscsi devstack@keystone.service[86640]: ERROR keystone.server.flask.application raise exception.RoleNotFound(role_id=role_id)
Jun 15 15:36:16.635962 dv-cinder-845990-1-iscsi devstack@keystone.service[86640]: ERROR keystone.server.flask.application keystone.exception.RoleNotFound: Could not find role: reader.
Jun 15 15:36:16.635962 dv-cinder-845990-1-iscsi devstack@keystone.service[86640]: ERROR keystone.server.flask.application
Jun 15 15:36:16.647354 dv-cinder-845990-1-iscsi devstack@keystone.service[86640]: [pid: 86640|app: 0|req: 54/104] 10.222.0.62 () {56 vars in 1099 bytes} [Wed Jun 15 15:36:16 2022] GET /identity/v3/roles/reader => generated 84 bytes in 326 msecs (HTTP/1.1 404) 5 headers in 183 bytes (1 switches on core 0)
Jun 15 15:36:16.648550 dv-cinder-845990-1-iscsi devstack@keystone.service[86640]: DEBUG keystone.server.flask.request_processing.middleware.auth_context [None req-05f8609a-42f2-4af0-86cd-28a242945e67 None admin] Authenticating user token {{(pid=86640) process_request /usr/local/lib/python3.8/dist-packages/keystonemiddleware/auth_token/__init__.py:407}}
Jun 15 15:36:16.656170 dv-cinder-845990-1-iscsi devstack@keystone.service[86640]: DEBUG dbcounter [-] [86640] Writing DB stats keystone:SELECT=100 {{(pid=86640) stat_writer /usr/local/lib/python3.8/dist-packages/dbcounter.py:114}}
Jun 15 15:36:16.667859 dv-cinder-845990-1-iscsi devstack@keystone.service[86639]: DEBUG keystone.server.flask.request_processing.middleware.auth_context [None req-95bc4c1f-b3e2-45ea-9b82-acd833454e86 None None] Validating token access rules against request {{(pid=86639) validate_allowed_request /usr/local/lib/python3.8/dist-packages/keystonemiddleware/auth_token/__init__.py:545}}
Jun 15 15:36:16.712007 dv-cinder-845990-1-iscsi devstack@keystone.service[86639]: DEBUG keystone.server.flask.request_processing.middleware.auth_context [None req-272f76ba-3bb5-4557-a2d4-e17236a1ec29 None admin] RBAC: auth_context: {'token': , 'domain_id': None, 'trust_id': None, 'trustor_id': None, 'trustee_id': None, 'domain_name': None, 'group_ids': [], 'user_id': '38729f2fb8864984b35336009a142811', 'user_domain_id': 'default', 'system_scope': 'all', 'project_id': None, 'project_domain_id': None, 'roles': ['admin', 'member', 'reader'], 'is_admin_project': True, 'service_user_id': None, 'service_user_domain_id': None, 'service_project_id': None, 'service_project_domain_id': None, 'service_roles': []} {{(pid=86639) fill_context /opt/stack/keystone/keystone/server/flask/request_processing/middleware/auth_context.py:478}}
Jun 15 15:36:16.712809 dv-cinder-845990-1-iscsi devstack@keystone.service[86639]: DEBUG keystone.server.flask.request_processing.req_logging [None req-272f76ba-3bb5-4557-a2d4-e17236a1ec29 None admin] REQUEST_METHOD: `GET` {{(pid=86639) log_request_info /opt/stack/keystone/keystone/server/flask/request_processing/req_logging.py:27}}
Jun 15 15:36:16.713299 dv-cinder-845990-1-iscsi devstack@keystone.service[86639]: DEBUG keystone.server.flask.request_processing.req_logging [None req-272f76ba-3bb5-4557-a2d4-e17236a1ec29 None admin] SCRIPT_NAME: `/identity` {{(pid=86639) log_request_info /opt/stack/keystone/keystone/server/flask/request_processing/req_logging.py:28}}
Jun 15 15:36:16.713784 dv-cinder-845990-1-iscsi devstack@keystone.service[86639]: DEBUG keystone.server.flask.request_processing.req_logging [None req-272f76ba-3bb5-4557-a2d4-e17236a1ec29 None admin] PATH_INFO: `/v3/domains/default` {{(pid=86639) log_request_info /opt/stack/keystone/keystone/server/flask/request_processing/req_logging.py:29}}
Jun 15 15:36:16.715774 dv-cinder-845990-1-iscsi devstack@keystone.service[86639]: DEBUG keystone.common.rbac_enforcer.enforcer [None req-272f76ba-3bb5-4557-a2d4-e17236a1ec29 None admin] RBAC: Authorizing `identity:get_domain(domain_id=default)` {{(pid=86639) enforce_call /opt/stack/keystone/keystone/common/rbac_enforcer/enforcer.py:449}}
Jun 15 15:36:16.717410 dv-cinder-845990-1-iscsi devstack@keystone.service[86639]: DEBUG keystone.common.rbac_enforcer.enforcer [None req-272f76ba-3bb5-4557-a2d4-e17236a1ec29 None admin] RBAC: Authorization granted {{(pid=86639) enforce_call /opt/stack/keystone/keystone/common/rbac_enforcer/enforcer.py:457}}
Jun 15 15:36:16.719264 dv-cinder-845990-1-iscsi devstack@keystone.service[86639]: [pid: 86639|app: 0|req: 51/105] 10.222.0.62 () {56 vars in 1108 bytes} [Wed Jun 15 15:36:16 2022] GET /identity/v3/domains/default => generated 199 bytes in 255 msecs (HTTP/1.1 200) 5 headers in 177 bytes (1 switches on core 0)
Jun 15 15:36:16.720212 dv-cinder-845990-1-iscsi devstack@keystone.service[86639]: DEBUG keystone.server.flask.request_processing.middleware.auth_context [None req-272f76ba-3bb5-4557-a2d4-e17236a1ec29 None admin] Authenticating user token {{(pid=86639) process_request /usr/local/lib/python3.8/dist-packages/keystonemiddleware/auth_token/__init__.py:407}}
Jun 15 15:36:16.778623 dv-cinder-845990-1-iscsi devstack@keystone.service[86640]: DEBUG keystone.server.flask.request_processing.middleware.auth_context [None req-05f8609a-42f2-4af0-86cd-28a242945e67 None admin] Validating token access rules against request {{(pid=86640) validate_allowed_request /usr/local/lib/python3.8/dist-packages/keystonemiddleware/auth_token/__init__.py:545}}
Jun 15 15:36:16.814789 dv-cinder-845990-1-iscsi devstack@keystone.service[86640]: DEBUG keystone.server.flask.request_processing.middleware.auth_context [None req-057d6694-8d92-4ec5-9de7-8b9ad3535eed None admin] RBAC: auth_context: {'token': , 'domain_id': None, 'trust_id': None, 'trustor_id': None, 'trustee_id': None, 'domain_name': None, 'group_ids': [], 'user_id': '38729f2fb8864984b35336009a142811', 'user_domain_id': 'default', 'system_scope': 'all', 'project_id': None, 'project_domain_id': None, 'roles': ['admin', 'member', 'reader'], 'is_admin_project': True, 'service_user_id': None, 'service_user_domain_id': None, 'service_project_id': None, 'service_project_domain_id': None, 'service_roles': []} {{(pid=86640) fill_context /opt/stack/keystone/keystone/server/flask/request_processing/middleware/auth_context.py:478}}
