Jun 15 15:50:45.610662 dv-cinder-845990-1-iscsi devstack@c-api.service[117068]: [pid: 117068|app: 0|req: 179/359] 10.222.0.62 () {58 vars in 1324 bytes} [Wed Jun 15 15:50:45 2022] GET /volume/v3/b3e7025f89b941c18111abaedd708554/volumes/505e0f8b-7534-4ea4-bef1-f1f3fea4b5b2 => generated 911 bytes in 48 msecs (HTTP/1.1 200) 7 headers in 285 bytes (1 switches on core 0)
Jun 15 15:50:45.816334 dv-cinder-845990-1-iscsi devstack@c-api.service[117067]: DEBUG cinder.api.middleware.request_id [None req-821ea942-27f5-4d16-af80-7eb56b87a520 None None] RequestId filter calling following filter/app {{(pid=117067) _context_setter /opt/stack/cinder/cinder/api/middleware/request_id.py:62}}
Jun 15 15:50:45.940167 dv-cinder-845990-1-iscsi devstack@c-api.service[117068]: DEBUG cinder.api.middleware.request_id [None req-d546dc6e-b5ef-4027-b478-b9c9357722ca None None] RequestId filter calling following filter/app {{(pid=117068) _context_setter /opt/stack/cinder/cinder/api/middleware/request_id.py:62}}
Jun 15 15:50:45.944129 dv-cinder-845990-1-iscsi devstack@c-api.service[117068]: INFO cinder.api.openstack.wsgi [None req-d546dc6e-b5ef-4027-b478-b9c9357722ca tempest-GroupSnapshotsTest-1272666133 tempest-GroupSnapshotsTest-1272666133-project] GET http://10.222.0.62/volume/v3/73977e69fd104c9285d2741e0bae8fa1/groups/0b5c8d64-b5ae-4919-85e1-2cfe1728fa36
Jun 15 15:50:45.944627 dv-cinder-845990-1-iscsi devstack@c-api.service[117068]: DEBUG cinder.api.openstack.wsgi [None req-d546dc6e-b5ef-4027-b478-b9c9357722ca tempest-GroupSnapshotsTest-1272666133 tempest-GroupSnapshotsTest-1272666133-project] Empty body provided in request {{(pid=117068) get_body /opt/stack/cinder/cinder/api/openstack/wsgi.py:715}}
Jun 15 15:50:45.945081 dv-cinder-845990-1-iscsi devstack@c-api.service[117068]: DEBUG cinder.api.openstack.wsgi [None req-d546dc6e-b5ef-4027-b478-b9c9357722ca tempest-GroupSnapshotsTest-1272666133 tempest-GroupSnapshotsTest-1272666133-project] Calling method 'version_select' {{(pid=117068) _process_stack /opt/stack/cinder/cinder/api/openstack/wsgi.py:868}}
Jun 15 15:50:45.945627 dv-cinder-845990-1-iscsi devstack@c-api.service[117068]: DEBUG cinder.api.v3.groups [None req-d546dc6e-b5ef-4027-b478-b9c9357722ca tempest-GroupSnapshotsTest-1272666133 tempest-GroupSnapshotsTest-1272666133-project] show called for member 0b5c8d64-b5ae-4919-85e1-2cfe1728fa36 {{(pid=117068) show /opt/stack/cinder/cinder/api/v3/groups.py:58}}
Jun 15 15:50:45.952882 dv-cinder-845990-1-iscsi devstack@c-api.service[117068]: /usr/local/lib/python3.8/dist-packages/oslo_context/context.py:100: DeprecationWarning: Policy enforcement is depending on the value of is_admin. This key is deprecated. Please update your policy file to use the standard policy values.
Jun 15 15:50:45.952882 dv-cinder-845990-1-iscsi devstack@c-api.service[117068]: warnings.warn('Policy enforcement is depending on the value of '
Jun 15 15:50:45.971168 dv-cinder-845990-1-iscsi devstack@c-api.service[117068]: INFO cinder.api.openstack.wsgi [None req-d546dc6e-b5ef-4027-b478-b9c9357722ca tempest-GroupSnapshotsTest-1272666133 tempest-GroupSnapshotsTest-1272666133-project] http://10.222.0.62/volume/v3/73977e69fd104c9285d2741e0bae8fa1/groups/0b5c8d64-b5ae-4919-85e1-2cfe1728fa36 returned with HTTP 200
Jun 15 15:50:45.972167 dv-cinder-845990-1-iscsi devstack@c-api.service[117068]: [pid: 117068|app: 0|req: 180/360] 10.222.0.62 () {60 vars in 1362 bytes} [Wed Jun 15 15:50:45 2022] GET /volume/v3/73977e69fd104c9285d2741e0bae8fa1/groups/0b5c8d64-b5ae-4919-85e1-2cfe1728fa36 => generated 392 bytes in 34 msecs (HTTP/1.1 200) 7 headers in 286 bytes (1 switches on core 0)
Jun 15 15:50:45.979756 dv-cinder-845990-1-iscsi devstack@c-api.service[117068]: DEBUG cinder.api.middleware.request_id [None req-0aebbc13-cf40-4dfb-9586-5952e01c035b None None] RequestId filter calling following filter/app {{(pid=117068) _context_setter /opt/stack/cinder/cinder/api/middleware/request_id.py:62}}
Jun 15 15:50:45.983451 dv-cinder-845990-1-iscsi devstack@c-api.service[117068]: INFO cinder.api.openstack.wsgi [None req-0aebbc13-cf40-4dfb-9586-5952e01c035b tempest-GroupSnapshotsTest-1272666133 tempest-GroupSnapshotsTest-1272666133-project] POST http://10.222.0.62/volume/v3/73977e69fd104c9285d2741e0bae8fa1/volumes
Jun 15 15:50:45.984354 dv-cinder-845990-1-iscsi devstack@c-api.service[117068]: DEBUG cinder.api.openstack.wsgi [None req-0aebbc13-cf40-4dfb-9586-5952e01c035b tempest-GroupSnapshotsTest-1272666133 tempest-GroupSnapshotsTest-1272666133-project] Action: 'create', calling method: create, body: {"volume": {"volume_type": "1292a6ee-4617-4bd9-815b-8bc4358c0e44", "group_id": "0b5c8d64-b5ae-4919-85e1-2cfe1728fa36", "size": 1, "name": "tempest-GroupSnapshotsTest-Volume-994256486"}} {{(pid=117068) _process_stack /opt/stack/cinder/cinder/api/openstack/wsgi.py:866}}
Jun 15 15:50:45.985535 dv-cinder-845990-1-iscsi devstack@c-api.service[117068]: DEBUG cinder.api.v3.volumes [None req-0aebbc13-cf40-4dfb-9586-5952e01c035b tempest-GroupSnapshotsTest-1272666133 tempest-GroupSnapshotsTest-1272666133-project] Create volume request body: {'volume': {'volume_type': '1292a6ee-4617-4bd9-815b-8bc4358c0e44', 'group_id': '0b5c8d64-b5ae-4919-85e1-2cfe1728fa36', 'size': 1, 'name': 'tempest-GroupSnapshotsTest-Volume-994256486'}} {{(pid=117068) create /opt/stack/cinder/cinder/api/v3/volumes.py:298}}
Jun 15 15:50:46.003014 dv-cinder-845990-1-iscsi devstack@c-api.service[117068]: /usr/local/lib/python3.8/dist-packages/oslo_context/context.py:100: DeprecationWarning: Policy enforcement is depending on the value of is_admin. This key is deprecated. Please update your policy file to use the standard policy values.
Jun 15 15:50:46.003014 dv-cinder-845990-1-iscsi devstack@c-api.service[117068]: warnings.warn('Policy enforcement is depending on the value of '
Jun 15 15:50:46.004082 dv-cinder-845990-1-iscsi devstack@c-api.service[117068]: INFO cinder.api.v3.volumes [None req-0aebbc13-cf40-4dfb-9586-5952e01c035b tempest-GroupSnapshotsTest-1272666133 tempest-GroupSnapshotsTest-1272666133-project] Create volume of 1 GB
Jun 15 15:50:46.013710 dv-cinder-845990-1-iscsi devstack@c-api.service[117068]: INFO cinder.volume.api [None req-0aebbc13-cf40-4dfb-9586-5952e01c035b tempest-GroupSnapshotsTest-1272666133 tempest-GroupSnapshotsTest-1272666133-project] Availability Zones retrieved successfully.
Jun 15 15:50:46.029092 dv-cinder-845990-1-iscsi devstack@c-api.service[117068]: DEBUG cinder.volume.api [None req-0aebbc13-cf40-4dfb-9586-5952e01c035b tempest-GroupSnapshotsTest-1272666133 tempest-GroupSnapshotsTest-1272666133-project] Flow 'volume_create_api' (f6231dba-2bf6-41a2-a47b-79bd5ae2833d) transitioned into state 'RUNNING' from state 'PENDING' {{(pid=117068) _flow_receiver /usr/local/lib/python3.8/dist-packages/taskflow/listeners/logging.py:141}}
Jun 15 15:50:46.033254 dv-cinder-845990-1-iscsi devstack@c-api.service[117068]: DEBUG cinder.volume.api [None req-0aebbc13-cf40-4dfb-9586-5952e01c035b tempest-GroupSnapshotsTest-1272666133 tempest-GroupSnapshotsTest-1272666133-project] Task 'cinder.volume.flows.api.create_volume.ExtractVolumeRequestTask;volume:create' (04068889-bf4f-4a2e-8c9a-32a979193d21) transitioned into state 'RUNNING' from state 'PENDING' {{(pid=117068) _task_receiver /usr/local/lib/python3.8/dist-packages/taskflow/listeners/logging.py:190}}
Jun 15 15:50:46.035019 dv-cinder-845990-1-iscsi devstack@c-api.service[117068]: /usr/local/lib/python3.8/dist-packages/oslo_context/context.py:100: DeprecationWarning: Policy enforcement is depending on the value of is_admin. This key is deprecated. Please update your policy file to use the standard policy values.
Jun 15 15:50:46.035019 dv-cinder-845990-1-iscsi devstack@c-api.service[117068]: warnings.warn('Policy enforcement is depending on the value of '
Jun 15 15:50:46.036040 dv-cinder-845990-1-iscsi devstack@c-api.service[117068]: DEBUG cinder.volume.flows.api.create_volume [None req-0aebbc13-cf40-4dfb-9586-5952e01c035b tempest-GroupSnapshotsTest-1272666133 tempest-GroupSnapshotsTest-1272666133-project] Validating volume size '1' using validate_int {{(pid=117068) _extract_size /opt/stack/cinder/cinder/volume/flows/api/create_volume.py:228}}
Jun 15 15:50:46.049890 dv-cinder-845990-1-iscsi devstack@c-api.service[117067]: INFO cinder.api.openstack.wsgi [None req-821ea942-27f5-4d16-af80-7eb56b87a520 tempest-VolumesServicesTestJSON-1918811903 tempest-VolumesServicesTestJSON-1918811903-project-admin] GET http://10.222.0.62/volume/v3/ba8403a33b7e408891c457d214037b69/os-services
Jun 15 15:50:46.050415 dv-cinder-845990-1-iscsi devstack@c-api.service[117067]: DEBUG cinder.api.openstack.wsgi [None req-821ea942-27f5-4d16-af80-7eb56b87a520 tempest-VolumesServicesTestJSON-1918811903 tempest-VolumesServicesTestJSON-1918811903-project-admin] Empty body provided in request {{(pid=117067) get_body /opt/stack/cinder/cinder/api/openstack/wsgi.py:715}}
Jun 15 15:50:46.050962 dv-cinder-845990-1-iscsi devstack@c-api.service[117067]: DEBUG cinder.api.openstack.wsgi [None req-821ea942-27f5-4d16-af80-7eb56b87a520 tempest-VolumesServicesTestJSON-1918811903 tempest-VolumesServicesTestJSON-1918811903-project-admin] Calling method 'index' {{(pid=117067) _process_stack /opt/stack/cinder/cinder/api/openstack/wsgi.py:868}}
Jun 15 15:50:46.051775 dv-cinder-845990-1-iscsi devstack@c-api.service[117067]: /usr/local/lib/python3.8/dist-packages/oslo_context/context.py:100: DeprecationWarning: Policy enforcement is depending on the value of is_admin. This key is deprecated. Please update your policy file to use the standard policy values.
Jun 15 15:50:46.051775 dv-cinder-845990-1-iscsi devstack@c-api.service[117067]: warnings.warn('Policy enforcement is depending on the value of '
Jun 15 15:50:46.059297 dv-cinder-845990-1-iscsi devstack@c-api.service[117067]: INFO cinder.api.openstack.wsgi [None req-821ea942-27f5-4d16-af80-7eb56b87a520 tempest-VolumesServicesTestJSON-1918811903 tempest-VolumesServicesTestJSON-1918811903-project-admin] http://10.222.0.62/volume/v3/ba8403a33b7e408891c457d214037b69/os-services returned with HTTP 200
Jun 15 15:50:46.059707 dv-cinder-845990-1-iscsi devstack@c-api.service[117068]: DEBUG cinder.volume.api [None req-0aebbc13-cf40-4dfb-9586-5952e01c035b tempest-GroupSnapshotsTest-1272666133 tempest-GroupSnapshotsTest-1272666133-project] Task 'cinder.volume.flows.api.create_volume.ExtractVolumeRequestTask;volume:create' (04068889-bf4f-4a2e-8c9a-32a979193d21) transitioned into state 'SUCCESS' from state 'RUNNING' with result '{'size': 1, 'snapshot_id': None, 'source_volid': None, 'volume_type': VolumeType(created_at=2022-06-15T15:50:45Z,deleted=False,deleted_at=None,description=None,extra_specs={},id=1292a6ee-4617-4bd9-815b-8bc4358c0e44,is_public=True,name='tempest-GroupSnapshotsTest-volume-type-1336240517',projects=[],qos_specs=,qos_specs_id=None,updated_at=None), 'volume_type_id': '1292a6ee-4617-4bd9-815b-8bc4358c0e44', 'encryption_key_id': None, 'qos_specs': None, 'consistencygroup_id': None, 'cgsnapshot_id': None, 'group_id': '0b5c8d64-b5ae-4919-85e1-2cfe1728fa36', 'replication_status': 'disabled', 'refresh_az': False, 'backup_id': None, 'multiattach': False, 'availability_zones': ['nova']}' {{(pid=117068) _task_receiver /usr/local/lib/python3.8/dist-packages/taskflow/listeners/logging.py:178}}
Jun 15 15:50:46.060160 dv-cinder-845990-1-iscsi devstack@c-api.service[117067]: [pid: 117067|app: 0|req: 181/361] 10.222.0.62 () {58 vars in 1225 bytes} [Wed Jun 15 15:50:45 2022] GET /volume/v3/ba8403a33b7e408891c457d214037b69/os-services => generated 642 bytes in 245 msecs (HTTP/1.1 200) 7 headers in 285 bytes (1 switches on core 0)
Jun 15 15:50:46.061364 dv-cinder-845990-1-iscsi devstack@c-api.service[117067]: DEBUG cinder.api.middleware.request_id [None req-da1a70e4-30a8-47bf-a74f-d443fdcb5852 None None] RequestId filter calling following filter/app {{(pid=117067) _context_setter /opt/stack/cinder/cinder/api/middleware/request_id.py:62}}
Jun 15 15:50:46.061809 dv-cinder-845990-1-iscsi devstack@c-api.service[117068]: DEBUG cinder.volume.api [None req-0aebbc13-cf40-4dfb-9586-5952e01c035b tempest-GroupSnapshotsTest-1272666133 tempest-GroupSnapshotsTest-1272666133-project] Task 'cinder.volume.flows.api.create_volume.QuotaReserveTask;volume:create' (6a6a4606-2403-49f0-a457-a7254c51d127) transitioned into state 'RUNNING' from state 'PENDING' {{(pid=117068) _task_receiver /usr/local/lib/python3.8/dist-packages/taskflow/listeners/logging.py:190}}
Jun 15 15:50:46.104438 dv-cinder-845990-1-iscsi devstack@c-api.service[117068]: WARNING cinder.quota [None req-0aebbc13-cf40-4dfb-9586-5952e01c035b tempest-GroupSnapshotsTest-1272666133 tempest-GroupSnapshotsTest-1272666133-project] Deprecated: Default quota for resource: volumes_tempest-GroupSnapshotsTest-volume-type-1336240517 is set by the default quota flag: quota_volumes_tempest-GroupSnapshotsTest-volume-type-1336240517, it is now deprecated. Please use the default quota class for default quota.
Jun 15 15:50:46.105192 dv-cinder-845990-1-iscsi devstack@c-api.service[117068]: WARNING cinder.quota [None req-0aebbc13-cf40-4dfb-9586-5952e01c035b tempest-GroupSnapshotsTest-1272666133 tempest-GroupSnapshotsTest-1272666133-project] Deprecated: Default quota for resource: gigabytes_tempest-GroupSnapshotsTest-volume-type-1336240517 is set by the default quota flag: quota_gigabytes_tempest-GroupSnapshotsTest-volume-type-1336240517, it is now deprecated. Please use the default quota class for default quota.
Jun 15 15:50:46.116485 dv-cinder-845990-1-iscsi devstack@c-api.service[117067]: INFO cinder.api.openstack.wsgi [None req-da1a70e4-30a8-47bf-a74f-d443fdcb5852 tempest-VolumeSnapshotQuotasNegativeTestJSON-562499678 tempest-VolumeSnapshotQuotasNegativeTestJSON-562499678-project-admin] GET http://10.222.0.62/volume/v3/3ba38966bdca422ab28ac3b5e24ce07d/os-quota-sets/abad183a4e564844952333f4cbecea03
Jun 15 15:50:46.117030 dv-cinder-845990-1-iscsi devstack@c-api.service[117067]: DEBUG cinder.api.openstack.wsgi [None req-da1a70e4-30a8-47bf-a74f-d443fdcb5852 tempest-VolumeSnapshotQuotasNegativeTestJSON-562499678 tempest-VolumeSnapshotQuotasNegativeTestJSON-562499678-project-admin] Empty body provided in request {{(pid=117067) get_body /opt/stack/cinder/cinder/api/openstack/wsgi.py:715}}
Jun 15 15:50:46.117560 dv-cinder-845990-1-iscsi devstack@c-api.service[117067]: DEBUG cinder.api.openstack.wsgi [None req-da1a70e4-30a8-47bf-a74f-d443fdcb5852 tempest-VolumeSnapshotQuotasNegativeTestJSON-562499678 tempest-VolumeSnapshotQuotasNegativeTestJSON-562499678-project-admin] Calling method 'show' {{(pid=117067) _process_stack /opt/stack/cinder/cinder/api/openstack/wsgi.py:868}}
Jun 15 15:50:46.141608 dv-cinder-845990-1-iscsi devstack@c-api.service[117067]: WARNING cinder.quota [None req-da1a70e4-30a8-47bf-a74f-d443fdcb5852 tempest-VolumeSnapshotQuotasNegativeTestJSON-562499678 tempest-VolumeSnapshotQuotasNegativeTestJSON-562499678-project-admin] Deprecated: Default quota for resource: volumes_tempest-GroupSnapshotsTest-volume-type-1336240517 is set by the default quota flag: quota_volumes_tempest-GroupSnapshotsTest-volume-type-1336240517, it is now deprecated. Please use the default quota class for default quota.
Jun 15 15:50:46.142295 dv-cinder-845990-1-iscsi devstack@c-api.service[117067]: WARNING cinder.quota [None req-da1a70e4-30a8-47bf-a74f-d443fdcb5852 tempest-VolumeSnapshotQuotasNegativeTestJSON-562499678 tempest-VolumeSnapshotQuotasNegativeTestJSON-562499678-project-admin] Deprecated: Default quota for resource: gigabytes_tempest-GroupSnapshotsTest-volume-type-1336240517 is set by the default quota flag: quota_gigabytes_tempest-GroupSnapshotsTest-volume-type-1336240517, it is now deprecated. Please use the default quota class for default quota.
Jun 15 15:50:46.143076 dv-cinder-845990-1-iscsi devstack@c-api.service[117067]: WARNING cinder.quota [None req-da1a70e4-30a8-47bf-a74f-d443fdcb5852 tempest-VolumeSnapshotQuotasNegativeTestJSON-562499678 tempest-VolumeSnapshotQuotasNegativeTestJSON-562499678-project-admin] Deprecated: Default quota for resource: snapshots_tempest-GroupSnapshotsTest-volume-type-1336240517 is set by the default quota flag: quota_snapshots_tempest-GroupSnapshotsTest-volume-type-1336240517, it is now deprecated. Please use the default quota class for default quota.
Jun 15 15:50:46.152100 dv-cinder-845990-1-iscsi devstack@c-api.service[117068]: DEBUG cinder.quota [None req-0aebbc13-cf40-4dfb-9586-5952e01c035b tempest-GroupSnapshotsTest-1272666133 tempest-GroupSnapshotsTest-1272666133-project] Created reservations ['1ca8d9b4-ca53-4adb-8644-35ea9748f67e', '1b38acdf-f571-4718-bb60-a698de329106', 'b9639492-bdca-4107-ac15-11e11bf20f0c', '4bfe51f4-2ce3-4010-a049-439c3c3689fb'] {{(pid=117068) reserve /opt/stack/cinder/cinder/quota.py:755}}
Jun 15 15:50:46.153947 dv-cinder-845990-1-iscsi devstack@c-api.service[117068]: DEBUG cinder.volume.api [None req-0aebbc13-cf40-4dfb-9586-5952e01c035b tempest-GroupSnapshotsTest-1272666133 tempest-GroupSnapshotsTest-1272666133-project] Task 'cinder.volume.flows.api.create_volume.QuotaReserveTask;volume:create' (6a6a4606-2403-49f0-a457-a7254c51d127) transitioned into state 'SUCCESS' from state 'RUNNING' with result '{'reservations': ['1ca8d9b4-ca53-4adb-8644-35ea9748f67e', '1b38acdf-f571-4718-bb60-a698de329106', 'b9639492-bdca-4107-ac15-11e11bf20f0c', '4bfe51f4-2ce3-4010-a049-439c3c3689fb']}' {{(pid=117068) _task_receiver /usr/local/lib/python3.8/dist-packages/taskflow/listeners/logging.py:178}}
Jun 15 15:50:46.156103 dv-cinder-845990-1-iscsi devstack@c-api.service[117068]: DEBUG cinder.volume.api [None req-0aebbc13-cf40-4dfb-9586-5952e01c035b tempest-GroupSnapshotsTest-1272666133 tempest-GroupSnapshotsTest-1272666133-project] Task 'cinder.volume.flows.api.create_volume.EntryCreateTask;volume:create' (d282d239-1b3f-4576-906e-89082fed8e95) transitioned into state 'RUNNING' from state 'PENDING' {{(pid=117068) _task_receiver /usr/local/lib/python3.8/dist-packages/taskflow/listeners/logging.py:190}}
Jun 15 15:50:46.159963 dv-cinder-845990-1-iscsi devstack@c-api.service[117067]: INFO cinder.api.openstack.wsgi [None req-da1a70e4-30a8-47bf-a74f-d443fdcb5852 tempest-VolumeSnapshotQuotasNegativeTestJSON-562499678 tempest-VolumeSnapshotQuotasNegativeTestJSON-562499678-project-admin] http://10.222.0.62/volume/v3/3ba38966bdca422ab28ac3b5e24ce07d/os-quota-sets/abad183a4e564844952333f4cbecea03 returned with HTTP 200
Jun 15 15:50:46.160884 dv-cinder-845990-1-iscsi devstack@c-api.service[117067]: [pid: 117067|app: 0|req: 182/362] 10.222.0.62 () {58 vars in 1330 bytes} [Wed Jun 15 15:50:46 2022] GET /volume/v3/3ba38966bdca422ab28ac3b5e24ce07d/os-quota-sets/abad183a4e564844952333f4cbecea03 => generated 955 bytes in 100 msecs (HTTP/1.1 200) 7 headers in 285 bytes (1 switches on core 0)
Jun 15 15:50:46.163342 dv-cinder-845990-1-iscsi devstack@c-api.service[117067]: DEBUG cinder.api.middleware.request_id [None req-f576f3d1-4c3e-498d-a0cd-0134a5168b91 None None] RequestId filter calling following filter/app {{(pid=117067) _context_setter /opt/stack/cinder/cinder/api/middleware/request_id.py:62}}
Jun 15 15:50:46.168477 dv-cinder-845990-1-iscsi devstack@c-api.service[117067]: INFO cinder.api.openstack.wsgi [None req-f576f3d1-4c3e-498d-a0cd-0134a5168b91 tempest-VolumesServicesTestJSON-1918811903 tempest-VolumesServicesTestJSON-1918811903-project-admin] GET http://10.222.0.62/volume/v3/ba8403a33b7e408891c457d214037b69/os-services?host=dv-cinder-845990-1-iscsi
Jun 15 15:50:46.168978 dv-cinder-845990-1-iscsi devstack@c-api.service[117067]: DEBUG cinder.api.openstack.wsgi [None req-f576f3d1-4c3e-498d-a0cd-0134a5168b91 tempest-VolumesServicesTestJSON-1918811903 tempest-VolumesServicesTestJSON-1918811903-project-admin] Empty body provided in request {{(pid=117067) get_body /opt/stack/cinder/cinder/api/openstack/wsgi.py:715}}
Jun 15 15:50:46.169578 dv-cinder-845990-1-iscsi devstack@c-api.service[117067]: DEBUG cinder.api.openstack.wsgi [None req-f576f3d1-4c3e-498d-a0cd-0134a5168b91 tempest-VolumesServicesTestJSON-1918811903 tempest-VolumesServicesTestJSON-1918811903-project-admin] Calling method 'index' {{(pid=117067) _process_stack /opt/stack/cinder/cinder/api/openstack/wsgi.py:868}}
Jun 15 15:50:46.180401 dv-cinder-845990-1-iscsi devstack@c-api.service[117067]: INFO cinder.api.openstack.wsgi [None req-f576f3d1-4c3e-498d-a0cd-0134a5168b91 tempest-VolumesServicesTestJSON-1918811903 tempest-VolumesServicesTestJSON-1918811903-project-admin] http://10.222.0.62/volume/v3/ba8403a33b7e408891c457d214037b69/os-services?host=dv-cinder-845990-1-iscsi returned with HTTP 200
Jun 15 15:50:46.181138 dv-cinder-845990-1-iscsi devstack@c-api.service[117067]: [pid: 117067|app: 0|req: 183/363] 10.222.0.62 () {58 vars in 1284 bytes} [Wed Jun 15 15:50:46 2022] GET /volume/v3/ba8403a33b7e408891c457d214037b69/os-services?host=dv-cinder-845990-1-iscsi => generated 203 bytes in 20 msecs (HTTP/1.1 200) 7 headers in 285 bytes (1 switches on core 0)
Jun 15 15:50:46.182722 dv-cinder-845990-1-iscsi devstack@c-api.service[117067]: DEBUG cinder.api.middleware.request_id [None req-e8d14df3-bb68-4477-88d6-f4c5d5a9ffa8 None None] RequestId filter calling following filter/app {{(pid=117067) _context_setter /opt/stack/cinder/cinder/api/middleware/request_id.py:62}}
Jun 15 15:50:46.188538 dv-cinder-845990-1-iscsi devstack@c-api.service[117067]: INFO cinder.api.openstack.wsgi [None req-e8d14df3-bb68-4477-88d6-f4c5d5a9ffa8 tempest-VolumeSnapshotQuotasNegativeTestJSON-562499678 tempest-VolumeSnapshotQuotasNegativeTestJSON-562499678-project-admin] PUT http://10.222.0.62/volume/v3/3ba38966bdca422ab28ac3b5e24ce07d/os-quota-sets/abad183a4e564844952333f4cbecea03
Jun 15 15:50:46.189294 dv-cinder-845990-1-iscsi devstack@c-api.service[117067]: DEBUG cinder.api.openstack.wsgi [None req-e8d14df3-bb68-4477-88d6-f4c5d5a9ffa8 tempest-VolumeSnapshotQuotasNegativeTestJSON-562499678 tempest-VolumeSnapshotQuotasNegativeTestJSON-562499678-project-admin] Action: 'update', calling method: update, body: {"quota_set": {"gigabytes": 3, "volumes": 1, "snapshots": 1}} {{(pid=117067) _process_stack /opt/stack/cinder/cinder/api/openstack/wsgi.py:866}}
Jun 15 15:50:46.197642 dv-cinder-845990-1-iscsi devstack@c-api.service[117068]: DEBUG cinder.volume.api [None req-0aebbc13-cf40-4dfb-9586-5952e01c035b tempest-GroupSnapshotsTest-1272666133 tempest-GroupSnapshotsTest-1272666133-project] Task 'cinder.volume.flows.api.create_volume.EntryCreateTask;volume:create' (d282d239-1b3f-4576-906e-89082fed8e95) transitioned into state 'SUCCESS' from state 'RUNNING' with result '{'volume_id': 'd6d124c9-1398-404b-9376-5828cd45bea0', 'volume_properties': VolumeProperties(attach_status='detached',availability_zone='nova',cgsnapshot_id=None,consistencygroup_id=None,display_description=None,display_name='tempest-GroupSnapshotsTest-Volume-994256486',encryption_key_id=None,group_id=0b5c8d64-b5ae-4919-85e1-2cfe1728fa36,group_type_id=,metadata={},multiattach=False,project_id='73977e69fd104c9285d2741e0bae8fa1',qos_specs=None,replication_status=,reservations=['1ca8d9b4-ca53-4adb-8644-35ea9748f67e','1b38acdf-f571-4718-bb60-a698de329106','b9639492-bdca-4107-ac15-11e11bf20f0c','4bfe51f4-2ce3-4010-a049-439c3c3689fb'],size=1,snapshot_id=None,source_replicaid=,source_volid=None,status='creating',user_id='41ba7fe63355423e8438d0d1237e983a',volume_type_id=1292a6ee-4617-4bd9-815b-8bc4358c0e44), 'volume': Volume(_name_id=None,admin_metadata=,attach_status='detached',availability_zone='nova',bootable=False,cluster=,cluster_name=None,consistencygroup=,consistencygroup_id=None,created_at=2022-06-15T15:50:46Z,deleted=False,deleted_at=None,display_description=None,display_name='tempest-GroupSnapshotsTest-Volume-994256486',ec2_id=None,encryption_key_id=None,glance_metadata=,group=,group_id=0b5c8d64-b5ae-4919-85e1-2cfe1728fa36,host=None,id=d6d124c9-1398-404b-9376-5828cd45bea0,launched_at=None,metadata={},migration_status=None,multiattach=False,previous_status=None,project_id='73977e69fd104c9285d2741e0bae8fa1',provider_auth=None,provider_geometry=None,provider_id=None,provider_location=None,replication_driver_data=None,replication_extended_status=None,replication_status=None,scheduled_at=None,service_uuid=None,shared_targets=True,size=1,snapshot_id=None,snapshots=,source_volid=None,status='creating',terminated_at=None,updated_at=None,use_quota=True,user_id='41ba7fe63355423e8438d0d1237e983a',volume_attachment=VolumeAttachmentList,volume_type=VolumeType(1292a6ee-4617-4bd9-815b-8bc4358c0e44),volume_type_id=1292a6ee-4617-4bd9-815b-8bc4358c0e44)}' {{(pid=117068) _task_receiver /usr/local/lib/python3.8/dist-packages/taskflow/listeners/logging.py:178}}
Jun 15 15:50:46.200038 dv-cinder-845990-1-iscsi devstack@c-api.service[117068]: DEBUG cinder.volume.api [None req-0aebbc13-cf40-4dfb-9586-5952e01c035b tempest-GroupSnapshotsTest-1272666133 tempest-GroupSnapshotsTest-1272666133-project] Task 'cinder.volume.flows.api.create_volume.QuotaCommitTask;volume:create' (a8da6f8d-cbab-4e7b-9c18-4903ea3c87fa) transitioned into state 'RUNNING' from state 'PENDING' {{(pid=117068) _task_receiver /usr/local/lib/python3.8/dist-packages/taskflow/listeners/logging.py:190}}
Jun 15 15:50:46.242004 dv-cinder-845990-1-iscsi devstack@c-api.service[117067]: DEBUG dbcounter [-] [117067] Writing DB stats cinder:SELECT=94,cinder:UPDATE=5,cinder:INSERT=1 {{(pid=117067) stat_writer /usr/local/lib/python3.8/dist-packages/dbcounter.py:114}}
Jun 15 15:50:46.247196 dv-cinder-845990-1-iscsi devstack@c-api.service[117068]: DEBUG cinder.volume.api [None req-0aebbc13-cf40-4dfb-9586-5952e01c035b tempest-GroupSnapshotsTest-1272666133 tempest-GroupSnapshotsTest-1272666133-project] Task 'cinder.volume.flows.api.create_volume.QuotaCommitTask;volume:create' (a8da6f8d-cbab-4e7b-9c18-4903ea3c87fa) transitioned into state 'SUCCESS' from state 'RUNNING' with result '{'volume_properties': VolumeProperties(attach_status='detached',availability_zone='nova',cgsnapshot_id=None,consistencygroup_id=None,display_description=None,display_name='tempest-GroupSnapshotsTest-Volume-994256486',encryption_key_id=None,group_id=0b5c8d64-b5ae-4919-85e1-2cfe1728fa36,group_type_id=,metadata={},multiattach=False,project_id='73977e69fd104c9285d2741e0bae8fa1',qos_specs=None,replication_status=,reservations=['1ca8d9b4-ca53-4adb-8644-35ea9748f67e','1b38acdf-f571-4718-bb60-a698de329106','b9639492-bdca-4107-ac15-11e11bf20f0c','4bfe51f4-2ce3-4010-a049-439c3c3689fb'],size=1,snapshot_id=None,source_replicaid=,source_volid=None,status='creating',user_id='41ba7fe63355423e8438d0d1237e983a',volume_type_id=1292a6ee-4617-4bd9-815b-8bc4358c0e44)}' {{(pid=117068) _task_receiver /usr/local/lib/python3.8/dist-packages/taskflow/listeners/logging.py:178}}
Jun 15 15:50:46.250088 dv-cinder-845990-1-iscsi devstack@c-api.service[117068]: DEBUG cinder.volume.api [None req-0aebbc13-cf40-4dfb-9586-5952e01c035b tempest-GroupSnapshotsTest-1272666133 tempest-GroupSnapshotsTest-1272666133-project] Task 'cinder.volume.flows.api.create_volume.VolumeCastTask;volume:create' (533e466e-5e5f-4166-87e7-5872f6d3dc62) transitioned into state 'RUNNING' from state 'PENDING' {{(pid=117068) _task_receiver /usr/local/lib/python3.8/dist-packages/taskflow/listeners/logging.py:190}}
Jun 15 15:50:46.277017 dv-cinder-845990-1-iscsi devstack@c-api.service[117068]: DEBUG cinder.volume.api [None req-0aebbc13-cf40-4dfb-9586-5952e01c035b tempest-GroupSnapshotsTest-1272666133 tempest-GroupSnapshotsTest-1272666133-project] Task 'cinder.volume.flows.api.create_volume.VolumeCastTask;volume:create' (533e466e-5e5f-4166-87e7-5872f6d3dc62) transitioned into state 'SUCCESS' from state 'RUNNING' with result 'None' {{(pid=117068) _task_receiver /usr/local/lib/python3.8/dist-packages/taskflow/listeners/logging.py:178}}
Jun 15 15:50:46.283177 dv-cinder-845990-1-iscsi devstack@c-api.service[117068]: DEBUG cinder.volume.api [None req-0aebbc13-cf40-4dfb-9586-5952e01c035b tempest-GroupSnapshotsTest-1272666133 tempest-GroupSnapshotsTest-1272666133-project] Flow 'volume_create_api' (f6231dba-2bf6-41a2-a47b-79bd5ae2833d) transitioned into state 'SUCCESS' from state 'RUNNING' {{(pid=117068) _flow_receiver /usr/local/lib/python3.8/dist-packages/taskflow/listeners/logging.py:141}}
Jun 15 15:50:46.284381 dv-cinder-845990-1-iscsi devstack@c-api.service[117068]: INFO cinder.volume.api [None req-0aebbc13-cf40-4dfb-9586-5952e01c035b tempest-GroupSnapshotsTest-1272666133 tempest-GroupSnapshotsTest-1272666133-project] Create volume request issued successfully.
Jun 15 15:50:46.285885 dv-cinder-845990-1-iscsi devstack@c-api.service[117068]: WARNING stevedore.named [None req-0aebbc13-cf40-4dfb-9586-5952e01c035b tempest-GroupSnapshotsTest-1272666133 tempest-GroupSnapshotsTest-1272666133-project] Could not load cinder.keymgr.conf_key_mgr.ConfKeyManager
Jun 15 15:50:46.286825 dv-cinder-845990-1-iscsi devstack@c-api.service[117068]: WARNING castellan.key_manager [None req-0aebbc13-cf40-4dfb-9586-5952e01c035b tempest-GroupSnapshotsTest-1272666133 tempest-GroupSnapshotsTest-1272666133-project] Deprecation Warning : cinder.keymgr.conf_key_mgr.ConfKeyManager is not a stevedore based driver, trying to load it as a class: stevedore.exception.NoMatches: No 'castellan.drivers' driver found, looking for 'cinder.keymgr.conf_key_mgr.ConfKeyManager'
Jun 15 15:50:46.295114 dv-cinder-845990-1-iscsi devstack@c-api.service[117068]: DEBUG oslo_db.sqlalchemy.engines [None req-0aebbc13-cf40-4dfb-9586-5952e01c035b tempest-GroupSnapshotsTest-1272666133 tempest-GroupSnapshotsTest-1272666133-project] MySQL server mode set to STRICT_TRANS_TABLES,STRICT_ALL_TABLES,NO_ZERO_IN_DATE,NO_ZERO_DATE,ERROR_FOR_DIVISION_BY_ZERO,TRADITIONAL,NO_ENGINE_SUBSTITUTION {{(pid=117068) _check_effective_sql_mode /usr/local/lib/python3.8/dist-packages/oslo_db/sqlalchemy/engines.py:314}}
Jun 15 15:50:46.302497 dv-cinder-845990-1-iscsi devstack@c-api.service[117068]: /usr/local/lib/python3.8/dist-packages/oslo_context/context.py:100: DeprecationWarning: Policy enforcement is depending on the value of is_admin. This key is deprecated. Please update your policy file to use the standard policy values.
Jun 15 15:50:46.302497 dv-cinder-845990-1-iscsi devstack@c-api.service[117068]: warnings.warn('Policy enforcement is depending on the value of '
Jun 15 15:50:46.314493 dv-cinder-845990-1-iscsi devstack@c-api.service[117068]: INFO cinder.api.openstack.wsgi [None req-0aebbc13-cf40-4dfb-9586-5952e01c035b tempest-GroupSnapshotsTest-1272666133 tempest-GroupSnapshotsTest-1272666133-project] http://10.222.0.62/volume/v3/73977e69fd104c9285d2741e0bae8fa1/volumes returned with HTTP 202
Jun 15 15:50:46.315972 dv-cinder-845990-1-iscsi devstack@c-api.service[117068]: [pid: 117068|app: 0|req: 181/364] 10.222.0.62 () {62 vars in 1276 bytes} [Wed Jun 15 15:50:45 2022] POST /volume/v3/73977e69fd104c9285d2741e0bae8fa1/volumes => generated 907 bytes in 337 msecs (HTTP/1.1 202) 7 headers in 292 bytes (1 switches on core 0)
Jun 15 15:50:46.317442 dv-cinder-845990-1-iscsi devstack@c-api.service[117068]: DEBUG cinder.api.middleware.request_id [None req-a096caf3-7574-490c-a637-0b440494cf3c None None] RequestId filter calling following filter/app {{(pid=117068) _context_setter /opt/stack/cinder/cinder/api/middleware/request_id.py:62}}
Jun 15 15:50:46.323509 dv-cinder-845990-1-iscsi devstack@c-api.service[117067]: INFO cinder.api.openstack.wsgi [None req-e8d14df3-bb68-4477-88d6-f4c5d5a9ffa8 tempest-VolumeSnapshotQuotasNegativeTestJSON-562499678 tempest-VolumeSnapshotQuotasNegativeTestJSON-562499678-project-admin] http://10.222.0.62/volume/v3/3ba38966bdca422ab28ac3b5e24ce07d/os-quota-sets/abad183a4e564844952333f4cbecea03 returned with HTTP 200
Jun 15 15:50:46.323509 dv-cinder-845990-1-iscsi devstack@c-api.service[117067]: [pid: 117067|app: 0|req: 184/365] 10.222.0.62 () {60 vars in 1350 bytes} [Wed Jun 15 15:50:46 2022] PUT /volume/v3/3ba38966bdca422ab28ac3b5e24ce07d/os-quota-sets/abad183a4e564844952333f4cbecea03 => generated 908 bytes in 141 msecs (HTTP/1.1 200) 7 headers in 285 bytes (1 switches on core 0)
Jun 15 15:50:46.324574 dv-cinder-845990-1-iscsi devstack@c-api.service[117068]: INFO cinder.api.openstack.wsgi [None req-a096caf3-7574-490c-a637-0b440494cf3c tempest-VolumesServicesTestJSON-1918811903 tempest-VolumesServicesTestJSON-1918811903-project-admin] GET http://10.222.0.62/volume/v3/ba8403a33b7e408891c457d214037b69/os-services?host=dv-cinder-845990-1-iscsi&binary=cinder-scheduler
Jun 15 15:50:46.325112 dv-cinder-845990-1-iscsi devstack@c-api.service[117068]: DEBUG cinder.api.openstack.wsgi [None req-a096caf3-7574-490c-a637-0b440494cf3c tempest-VolumesServicesTestJSON-1918811903 tempest-VolumesServicesTestJSON-1918811903-project-admin] Empty body provided in request {{(pid=117068) get_body /opt/stack/cinder/cinder/api/openstack/wsgi.py:715}}
Jun 15 15:50:46.325634 dv-cinder-845990-1-iscsi devstack@c-api.service[117068]: DEBUG cinder.api.openstack.wsgi [None req-a096caf3-7574-490c-a637-0b440494cf3c tempest-VolumesServicesTestJSON-1918811903 tempest-VolumesServicesTestJSON-1918811903-project-admin] Calling method 'index' {{(pid=117068) _process_stack /opt/stack/cinder/cinder/api/openstack/wsgi.py:868}}
Jun 15 15:50:46.330678 dv-cinder-845990-1-iscsi devstack@c-api.service[117067]: DEBUG cinder.api.middleware.request_id [None req-61891031-8537-41ee-974b-cfc57c91abec None None] RequestId filter calling following filter/app {{(pid=117067) _context_setter /opt/stack/cinder/cinder/api/middleware/request_id.py:62}}
Jun 15 15:50:46.338882 dv-cinder-845990-1-iscsi devstack@c-api.service[117067]: INFO cinder.api.openstack.wsgi [None req-61891031-8537-41ee-974b-cfc57c91abec tempest-GroupSnapshotsTest-1272666133 tempest-GroupSnapshotsTest-1272666133-project] GET http://10.222.0.62/volume/v3/73977e69fd104c9285d2741e0bae8fa1/volumes/d6d124c9-1398-404b-9376-5828cd45bea0
Jun 15 15:50:46.339713 dv-cinder-845990-1-iscsi devstack@c-api.service[117067]: DEBUG cinder.api.openstack.wsgi [None req-61891031-8537-41ee-974b-cfc57c91abec tempest-GroupSnapshotsTest-1272666133 tempest-GroupSnapshotsTest-1272666133-project] Empty body provided in request {{(pid=117067) get_body /opt/stack/cinder/cinder/api/openstack/wsgi.py:715}}
Jun 15 15:50:46.340326 dv-cinder-845990-1-iscsi devstack@c-api.service[117067]: DEBUG cinder.api.openstack.wsgi [None req-61891031-8537-41ee-974b-cfc57c91abec tempest-GroupSnapshotsTest-1272666133 tempest-GroupSnapshotsTest-1272666133-project] Calling method 'show' {{(pid=117067) _process_stack /opt/stack/cinder/cinder/api/openstack/wsgi.py:868}}
Jun 15 15:50:46.350306 dv-cinder-845990-1-iscsi devstack@c-api.service[117068]: INFO cinder.api.openstack.wsgi [None req-a096caf3-7574-490c-a637-0b440494cf3c tempest-VolumesServicesTestJSON-1918811903 tempest-VolumesServicesTestJSON-1918811903-project-admin] http://10.222.0.62/volume/v3/ba8403a33b7e408891c457d214037b69/os-services?host=dv-cinder-845990-1-iscsi&binary=cinder-scheduler returned with HTTP 200
Jun 15 15:50:46.351419 dv-cinder-845990-1-iscsi devstack@c-api.service[117068]: [pid: 117068|app: 0|req: 182/366] 10.222.0.62 () {58 vars in 1332 bytes} [Wed Jun 15 15:50:46 2022] GET /volume/v3/ba8403a33b7e408891c457d214037b69/os-services?host=dv-cinder-845990-1-iscsi&binary=cinder-scheduler => generated 203 bytes in 35 msecs (HTTP/1.1 200) 7 headers in 285 bytes (1 switches on core 0)
Jun 15 15:50:46.353748 dv-cinder-845990-1-iscsi devstack@c-api.service[117068]: DEBUG cinder.api.middleware.request_id [None req-afc263e3-8c11-4083-ac17-db666e6c2106 None None] RequestId filter calling following filter/app {{(pid=117068) _context_setter /opt/stack/cinder/cinder/api/middleware/request_id.py:62}}
Jun 15 15:50:46.364467 dv-cinder-845990-1-iscsi devstack@c-api.service[117067]: /usr/local/lib/python3.8/dist-packages/oslo_context/context.py:100: DeprecationWarning: Policy enforcement is depending on the value of is_admin. This key is deprecated. Please update your policy file to use the standard policy values.
Jun 15 15:50:46.364467 dv-cinder-845990-1-iscsi devstack@c-api.service[117067]: warnings.warn('Policy enforcement is depending on the value of '
Jun 15 15:50:46.376138 dv-cinder-845990-1-iscsi devstack@c-api.service[117067]: INFO cinder.volume.api [None req-61891031-8537-41ee-974b-cfc57c91abec tempest-GroupSnapshotsTest-1272666133 tempest-GroupSnapshotsTest-1272666133-project] Volume info retrieved successfully.
Jun 15 15:50:46.377675 dv-cinder-845990-1-iscsi devstack@c-api.service[117067]: WARNING stevedore.named [None req-61891031-8537-41ee-974b-cfc57c91abec tempest-GroupSnapshotsTest-1272666133 tempest-GroupSnapshotsTest-1272666133-project] Could not load cinder.keymgr.conf_key_mgr.ConfKeyManager
Jun 15 15:50:46.378280 dv-cinder-845990-1-iscsi devstack@c-api.service[117067]: WARNING castellan.key_manager [None req-61891031-8537-41ee-974b-cfc57c91abec tempest-GroupSnapshotsTest-1272666133 tempest-GroupSnapshotsTest-1272666133-project] Deprecation Warning : cinder.keymgr.conf_key_mgr.ConfKeyManager is not a stevedore based driver, trying to load it as a class: stevedore.exception.NoMatches: No 'castellan.drivers' driver found, looking for 'cinder.keymgr.conf_key_mgr.ConfKeyManager'
Jun 15 15:50:46.388423 dv-cinder-845990-1-iscsi devstack@c-api.service[117067]: DEBUG oslo_db.sqlalchemy.engines [None req-61891031-8537-41ee-974b-cfc57c91abec tempest-GroupSnapshotsTest-1272666133 tempest-GroupSnapshotsTest-1272666133-project] MySQL server mode set to STRICT_TRANS_TABLES,STRICT_ALL_TABLES,NO_ZERO_IN_DATE,NO_ZERO_DATE,ERROR_FOR_DIVISION_BY_ZERO,TRADITIONAL,NO_ENGINE_SUBSTITUTION {{(pid=117067) _check_effective_sql_mode /usr/local/lib/python3.8/dist-packages/oslo_db/sqlalchemy/engines.py:314}}
Jun 15 15:50:46.403395 dv-cinder-845990-1-iscsi devstack@c-api.service[117067]: /usr/local/lib/python3.8/dist-packages/oslo_context/context.py:100: DeprecationWarning: Policy enforcement is depending on the value of is_admin. This key is deprecated. Please update your policy file to use the standard policy values.
Jun 15 15:50:46.403395 dv-cinder-845990-1-iscsi devstack@c-api.service[117067]: warnings.warn('Policy enforcement is depending on the value of '
Jun 15 15:50:46.430545 dv-cinder-845990-1-iscsi devstack@c-api.service[117067]: INFO cinder.api.openstack.wsgi [None req-61891031-8537-41ee-974b-cfc57c91abec tempest-GroupSnapshotsTest-1272666133 tempest-GroupSnapshotsTest-1272666133-project] http://10.222.0.62/volume/v3/73977e69fd104c9285d2741e0bae8fa1/volumes/d6d124c9-1398-404b-9376-5828cd45bea0 returned with HTTP 200
Jun 15 15:50:46.440759 dv-cinder-845990-1-iscsi devstack@c-api.service[117067]: [pid: 117067|app: 0|req: 185/367] 10.222.0.62 () {60 vars in 1365 bytes} [Wed Jun 15 15:50:46 2022] GET /volume/v3/73977e69fd104c9285d2741e0bae8fa1/volumes/d6d124c9-1398-404b-9376-5828cd45bea0 => generated 975 bytes in 104 msecs (HTTP/1.1 200) 7 headers in 286 bytes (1 switches on core 0)
Jun 15 15:50:46.440759 dv-cinder-845990-1-iscsi devstack@c-api.service[117067]: DEBUG cinder.api.middleware.request_id [None req-05da9201-ea3d-4750-bf4a-a38e198390f0 None None] RequestId filter calling following filter/app {{(pid=117067) _context_setter /opt/stack/cinder/cinder/api/middleware/request_id.py:62}}
Jun 15 15:50:46.440759 dv-cinder-845990-1-iscsi devstack@c-api.service[117067]: INFO cinder.api.openstack.wsgi [None req-05da9201-ea3d-4750-bf4a-a38e198390f0 tempest-VolumesServicesTestJSON-1918811903 tempest-VolumesServicesTestJSON-1918811903-project-admin] GET http://10.222.0.62/volume/v3/ba8403a33b7e408891c457d214037b69/os-services?binary=cinder-scheduler
Jun 15 15:50:46.440759 dv-cinder-845990-1-iscsi devstack@c-api.service[117067]: DEBUG cinder.api.openstack.wsgi [None req-05da9201-ea3d-4750-bf4a-a38e198390f0 tempest-VolumesServicesTestJSON-1918811903 tempest-VolumesServicesTestJSON-1918811903-project-admin] Empty body provided in request {{(pid=117067) get_body /opt/stack/cinder/cinder/api/openstack/wsgi.py:715}}
Jun 15 15:50:46.440759 dv-cinder-845990-1-iscsi devstack@c-api.service[117067]: DEBUG cinder.api.openstack.wsgi [None req-05da9201-ea3d-4750-bf4a-a38e198390f0 tempest-VolumesServicesTestJSON-1918811903 tempest-VolumesServicesTestJSON-1918811903-project-admin] Calling method 'index' {{(pid=117067) _process_stack /opt/stack/cinder/cinder/api/openstack/wsgi.py:868}}
Jun 15 15:50:46.461709 dv-cinder-845990-1-iscsi devstack@c-api.service[117067]: INFO cinder.api.openstack.wsgi [None req-05da9201-ea3d-4750-bf4a-a38e198390f0 tempest-VolumesServicesTestJSON-1918811903 tempest-VolumesServicesTestJSON-1918811903-project-admin] http://10.222.0.62/volume/v3/ba8403a33b7e408891c457d214037b69/os-services?binary=cinder-scheduler returned with HTTP 200
Jun 15 15:50:46.461709 dv-cinder-845990-1-iscsi devstack@c-api.service[117067]: [pid: 117067|app: 0|req: 186/368] 10.222.0.62 () {58 vars in 1272 bytes} [Wed Jun 15 15:50:46 2022] GET /volume/v3/ba8403a33b7e408891c457d214037b69/os-services?binary=cinder-scheduler => generated 203 bytes in 23 msecs (HTTP/1.1 200) 7 headers in 285 bytes (1 switches on core 0)
Jun 15 15:50:46.461709 dv-cinder-845990-1-iscsi devstack@c-api.service[117067]: DEBUG cinder.api.middleware.request_id [None req-932325e5-4cfa-4339-9d9e-120053d4df4d None None] RequestId filter calling following filter/app {{(pid=117067) _context_setter /opt/stack/cinder/cinder/api/middleware/request_id.py:62}}
Jun 15 15:50:46.524462 dv-cinder-845990-1-iscsi devstack@c-api.service[117068]: INFO cinder.api.openstack.wsgi [None req-afc263e3-8c11-4083-ac17-db666e6c2106 tempest-VolumeSnapshotQuotasNegativeTestJSON-1634072706 tempest-VolumeSnapshotQuotasNegativeTestJSON-1634072706-project] POST http://10.222.0.62/volume/v3/abad183a4e564844952333f4cbecea03/volumes
Jun 15 15:50:46.525440 dv-cinder-845990-1-iscsi devstack@c-api.service[117068]: DEBUG cinder.api.openstack.wsgi [None req-afc263e3-8c11-4083-ac17-db666e6c2106 tempest-VolumeSnapshotQuotasNegativeTestJSON-1634072706 tempest-VolumeSnapshotQuotasNegativeTestJSON-1634072706-project] Action: 'create', calling method: create, body: {"volume": {"size": 1, "name": "tempest-VolumeSnapshotQuotasNegativeTestJSON-Volume-895666192"}} {{(pid=117068) _process_stack /opt/stack/cinder/cinder/api/openstack/wsgi.py:866}}
Jun 15 15:50:46.526884 dv-cinder-845990-1-iscsi devstack@c-api.service[117068]: DEBUG cinder.api.v3.volumes [None req-afc263e3-8c11-4083-ac17-db666e6c2106 tempest-VolumeSnapshotQuotasNegativeTestJSON-1634072706 tempest-VolumeSnapshotQuotasNegativeTestJSON-1634072706-project] Create volume request body: {'volume': {'size': 1, 'name': 'tempest-VolumeSnapshotQuotasNegativeTestJSON-Volume-895666192'}} {{(pid=117068) create /opt/stack/cinder/cinder/api/v3/volumes.py:298}}
Jun 15 15:50:46.527790 dv-cinder-845990-1-iscsi devstack@c-api.service[117068]: INFO cinder.api.v3.volumes [None req-afc263e3-8c11-4083-ac17-db666e6c2106 tempest-VolumeSnapshotQuotasNegativeTestJSON-1634072706 tempest-VolumeSnapshotQuotasNegativeTestJSON-1634072706-project] Create volume of 1 GB
Jun 15 15:50:46.535276 dv-cinder-845990-1-iscsi devstack@c-api.service[117068]: INFO cinder.volume.api [None req-afc263e3-8c11-4083-ac17-db666e6c2106 tempest-VolumeSnapshotQuotasNegativeTestJSON-1634072706 tempest-VolumeSnapshotQuotasNegativeTestJSON-1634072706-project] Availability Zones retrieved successfully.
Jun 15 15:50:46.551841 dv-cinder-845990-1-iscsi devstack@c-api.service[117068]: DEBUG cinder.volume.api [None req-afc263e3-8c11-4083-ac17-db666e6c2106 tempest-VolumeSnapshotQuotasNegativeTestJSON-1634072706 tempest-VolumeSnapshotQuotasNegativeTestJSON-1634072706-project] Flow 'volume_create_api' (19f0d48a-d2a0-47e2-9f1f-8b575427f6f2) transitioned into state 'RUNNING' from state 'PENDING' {{(pid=117068) _flow_receiver /usr/local/lib/python3.8/dist-packages/taskflow/listeners/logging.py:141}}
Jun 15 15:50:46.554662 dv-cinder-845990-1-iscsi devstack@c-api.service[117068]: DEBUG cinder.volume.api [None req-afc263e3-8c11-4083-ac17-db666e6c2106 tempest-VolumeSnapshotQuotasNegativeTestJSON-1634072706 tempest-VolumeSnapshotQuotasNegativeTestJSON-1634072706-project] Task 'cinder.volume.flows.api.create_volume.ExtractVolumeRequestTask;volume:create' (102dc7d2-9a7a-4d18-9f20-7ca1049497be) transitioned into state 'RUNNING' from state 'PENDING' {{(pid=117068) _task_receiver /usr/local/lib/python3.8/dist-packages/taskflow/listeners/logging.py:190}}
Jun 15 15:50:46.558124 dv-cinder-845990-1-iscsi devstack@c-api.service[117068]: DEBUG cinder.volume.flows.api.create_volume [None req-afc263e3-8c11-4083-ac17-db666e6c2106 tempest-VolumeSnapshotQuotasNegativeTestJSON-1634072706 tempest-VolumeSnapshotQuotasNegativeTestJSON-1634072706-project] Validating volume size '1' using validate_int {{(pid=117068) _extract_size /opt/stack/cinder/cinder/volume/flows/api/create_volume.py:228}}
Jun 15 15:50:46.586441 dv-cinder-845990-1-iscsi devstack@c-api.service[117067]: INFO cinder.api.openstack.wsgi [None req-932325e5-4cfa-4339-9d9e-120053d4df4d tempest-VolumesServicesTestJSON-1494658592 tempest-VolumesServicesTestJSON-1494658592-project] POST http://10.222.0.62/volume/v3/1d9de3185e48434ea92808b08bae27ab/volumes
Jun 15 15:50:46.587216 dv-cinder-845990-1-iscsi devstack@c-api.service[117067]: DEBUG cinder.api.openstack.wsgi [None req-932325e5-4cfa-4339-9d9e-120053d4df4d tempest-VolumesServicesTestJSON-1494658592 tempest-VolumesServicesTestJSON-1494658592-project] Action: 'create', calling method: create, body: {"volume": {"size": 1, "name": "tempest-VolumesServicesTestJSON-Volume-623521339"}} {{(pid=117067) _process_stack /opt/stack/cinder/cinder/api/openstack/wsgi.py:866}}
Jun 15 15:50:46.587921 dv-cinder-845990-1-iscsi devstack@c-api.service[117068]: DEBUG dbcounter [-] [117068] Writing DB stats cinder:SELECT=80,cinder:INSERT=8,cinder:UPDATE=12 {{(pid=117068) stat_writer /usr/local/lib/python3.8/dist-packages/dbcounter.py:114}}
Jun 15 15:50:46.588861 dv-cinder-845990-1-iscsi devstack@c-api.service[117067]: DEBUG cinder.api.v3.volumes [None req-932325e5-4cfa-4339-9d9e-120053d4df4d tempest-VolumesServicesTestJSON-1494658592 tempest-VolumesServicesTestJSON-1494658592-project] Create volume request body: {'volume': {'size': 1, 'name': 'tempest-VolumesServicesTestJSON-Volume-623521339'}} {{(pid=117067) create /opt/stack/cinder/cinder/api/v3/volumes.py:298}}
Jun 15 15:50:46.589188 dv-cinder-845990-1-iscsi devstack@c-api.service[117067]: INFO cinder.api.v3.volumes [None req-932325e5-4cfa-4339-9d9e-120053d4df4d tempest-VolumesServicesTestJSON-1494658592 tempest-VolumesServicesTestJSON-1494658592-project] Create volume of 1 GB
Jun 15 15:50:46.598510 dv-cinder-845990-1-iscsi devstack@c-api.service[117067]: INFO cinder.volume.api [None req-932325e5-4cfa-4339-9d9e-120053d4df4d tempest-VolumesServicesTestJSON-1494658592 tempest-VolumesServicesTestJSON-1494658592-project] Availability Zones retrieved successfully.
Jun 15 15:50:46.605312 dv-cinder-845990-1-iscsi devstack@c-api.service[117068]: DEBUG cinder.volume.api [None req-afc263e3-8c11-4083-ac17-db666e6c2106 tempest-VolumeSnapshotQuotasNegativeTestJSON-1634072706 tempest-VolumeSnapshotQuotasNegativeTestJSON-1634072706-project] Task 'cinder.volume.flows.api.create_volume.ExtractVolumeRequestTask;volume:create' (102dc7d2-9a7a-4d18-9f20-7ca1049497be) transitioned into state 'SUCCESS' from state 'RUNNING' with result '{'size': 1, 'snapshot_id': None, 'source_volid': None, 'volume_type': VolumeType(created_at=2022-06-15T15:40:03Z,deleted=False,deleted_at=None,description='Default Volume Type',extra_specs={},id=4e2f7473-5d08-45df-a1fa-b7bc24cba295,is_public=True,name='__DEFAULT__',projects=[],qos_specs=,qos_specs_id=None,updated_at=2022-06-15T15:40:03Z), 'volume_type_id': '4e2f7473-5d08-45df-a1fa-b7bc24cba295', 'encryption_key_id': None, 'qos_specs': None, 'consistencygroup_id': None, 'cgsnapshot_id': None, 'group_id': None, 'replication_status': 'disabled', 'refresh_az': False, 'backup_id': None, 'multiattach': False, 'availability_zones': ['nova']}' {{(pid=117068) _task_receiver /usr/local/lib/python3.8/dist-packages/taskflow/listeners/logging.py:178}}
Jun 15 15:50:46.607866 dv-cinder-845990-1-iscsi devstack@c-api.service[117068]: DEBUG cinder.volume.api [None req-afc263e3-8c11-4083-ac17-db666e6c2106 tempest-VolumeSnapshotQuotasNegativeTestJSON-1634072706 tempest-VolumeSnapshotQuotasNegativeTestJSON-1634072706-project] Task 'cinder.volume.flows.api.create_volume.QuotaReserveTask;volume:create' (3bf299b8-f901-4d85-8065-ea066df03577) transitioned into state 'RUNNING' from state 'PENDING' {{(pid=117068) _task_receiver /usr/local/lib/python3.8/dist-packages/taskflow/listeners/logging.py:190}}
Jun 15 15:50:46.614401 dv-cinder-845990-1-iscsi devstack@c-api.service[117067]: DEBUG cinder.volume.api [None req-932325e5-4cfa-4339-9d9e-120053d4df4d tempest-VolumesServicesTestJSON-1494658592 tempest-VolumesServicesTestJSON-1494658592-project] Flow 'volume_create_api' (e8b1972a-93e0-4ec2-aa28-b06c687a2db0) transitioned into state 'RUNNING' from state 'PENDING' {{(pid=117067) _flow_receiver /usr/local/lib/python3.8/dist-packages/taskflow/listeners/logging.py:141}}
Jun 15 15:50:46.616940 dv-cinder-845990-1-iscsi devstack@c-api.service[117067]: DEBUG cinder.volume.api [None req-932325e5-4cfa-4339-9d9e-120053d4df4d tempest-VolumesServicesTestJSON-1494658592 tempest-VolumesServicesTestJSON-1494658592-project] Task 'cinder.volume.flows.api.create_volume.ExtractVolumeRequestTask;volume:create' (734c371f-4334-4650-9d45-ef627e5c730f) transitioned into state 'RUNNING' from state 'PENDING' {{(pid=117067) _task_receiver /usr/local/lib/python3.8/dist-packages/taskflow/listeners/logging.py:190}}
Jun 15 15:50:46.619413 dv-cinder-845990-1-iscsi devstack@c-api.service[117067]: DEBUG cinder.volume.flows.api.create_volume [None req-932325e5-4cfa-4339-9d9e-120053d4df4d tempest-VolumesServicesTestJSON-1494658592 tempest-VolumesServicesTestJSON-1494658592-project] Validating volume size '1' using validate_int {{(pid=117067) _extract_size /opt/stack/cinder/cinder/volume/flows/api/create_volume.py:228}}
