Jun 15 10:01:03.980531 dv-cinder-845806-2-smb devstack@keystone.service[80538]: [pid: 80538|app: 0|req: 173/345] 10.222.0.23 () {56 vars in 1099 bytes} [Wed Jun 15 10:01:03 2022] GET /identity/v3/roles/member => generated 84 bytes in 192 msecs (HTTP/1.1 404) 5 headers in 183 bytes (1 switches on core 0)
Jun 15 10:01:03.980531 dv-cinder-845806-2-smb devstack@keystone.service[80538]: DEBUG keystone.server.flask.request_processing.req_logging [None req-404487be-5c41-4ba7-8ac7-971a14ba8d9d None None] REQUEST_METHOD: `POST` {{(pid=80538) log_request_info /opt/stack/keystone/keystone/server/flask/request_processing/req_logging.py:27}}
Jun 15 10:01:03.981313 dv-cinder-845806-2-smb devstack@keystone.service[80538]: DEBUG keystone.server.flask.request_processing.req_logging [None req-404487be-5c41-4ba7-8ac7-971a14ba8d9d None None] SCRIPT_NAME: `/identity` {{(pid=80538) log_request_info /opt/stack/keystone/keystone/server/flask/request_processing/req_logging.py:28}}
Jun 15 10:01:03.981313 dv-cinder-845806-2-smb devstack@keystone.service[80538]: DEBUG keystone.server.flask.request_processing.req_logging [None req-404487be-5c41-4ba7-8ac7-971a14ba8d9d None None] PATH_INFO: `/v3/auth/tokens` {{(pid=80538) log_request_info /opt/stack/keystone/keystone/server/flask/request_processing/req_logging.py:29}}
Jun 15 10:01:03.981437 dv-cinder-845806-2-smb devstack@keystone.service[80537]: DEBUG dbcounter [-] [80537] Writing DB stats keystone:SELECT=100 {{(pid=80537) stat_writer /usr/local/lib/python3.8/dist-packages/dbcounter.py:114}}
Jun 15 10:01:03.981502 dv-cinder-845806-2-smb devstack@keystone.service[80538]: DEBUG keystone.auth.core [None req-404487be-5c41-4ba7-8ac7-971a14ba8d9d None None] MFA Rules not processed for user `788dd3cc0b1545f2a0370be7413e192f`. Rule list: `[]` (Enabled: `True`). {{(pid=80538) check_auth_methods_against_rules /opt/stack/keystone/keystone/auth/core.py:438}}
Jun 15 10:01:03.981502 dv-cinder-845806-2-smb devstack@keystone.service[80538]: DEBUG keystone.common.fernet_utils [None req-404487be-5c41-4ba7-8ac7-971a14ba8d9d None None] Loaded 2 Fernet keys from /etc/keystone/fernet-keys/, but `[fernet_tokens] max_active_keys = 3`; perhaps there have not been enough key rotations to reach `max_active_keys` yet? {{(pid=80538) load_keys /opt/stack/keystone/keystone/common/fernet_utils.py:286}}
Jun 15 10:01:03.982469 dv-cinder-845806-2-smb devstack@keystone.service[80537]: DEBUG keystone.server.flask.request_processing.middleware.auth_context [None req-15667bed-4fd5-4470-b35b-2b59fb6b6855 None admin] RBAC: auth_context: {'token': , 'domain_id': None, 'trust_id': None, 'trustor_id': None, 'trustee_id': None, 'domain_name': None, 'group_ids': [], 'user_id': '788dd3cc0b1545f2a0370be7413e192f', 'user_domain_id': 'default', 'system_scope': 'all', 'project_id': None, 'project_domain_id': None, 'roles': ['admin', 'member', 'reader'], 'is_admin_project': True, 'service_user_id': None, 'service_user_domain_id': None, 'service_project_id': None, 'service_project_domain_id': None, 'service_roles': []} {{(pid=80537) fill_context /opt/stack/keystone/keystone/server/flask/request_processing/middleware/auth_context.py:478}}
Jun 15 10:01:03.985334 dv-cinder-845806-2-smb devstack@keystone.service[80537]: DEBUG keystone.server.flask.request_processing.req_logging [None req-15667bed-4fd5-4470-b35b-2b59fb6b6855 None admin] REQUEST_METHOD: `GET` {{(pid=80537) log_request_info /opt/stack/keystone/keystone/server/flask/request_processing/req_logging.py:27}}
Jun 15 10:01:03.985628 dv-cinder-845806-2-smb devstack@keystone.service[80537]: DEBUG keystone.server.flask.request_processing.req_logging [None req-15667bed-4fd5-4470-b35b-2b59fb6b6855 None admin] SCRIPT_NAME: `/identity` {{(pid=80537) log_request_info /opt/stack/keystone/keystone/server/flask/request_processing/req_logging.py:28}}
Jun 15 10:01:03.985937 dv-cinder-845806-2-smb devstack@keystone.service[80537]: DEBUG keystone.server.flask.request_processing.req_logging [None req-15667bed-4fd5-4470-b35b-2b59fb6b6855 None admin] PATH_INFO: `/v3/roles` {{(pid=80537) log_request_info /opt/stack/keystone/keystone/server/flask/request_processing/req_logging.py:29}}
Jun 15 10:01:03.986824 dv-cinder-845806-2-smb devstack@keystone.service[80537]: DEBUG keystone.common.rbac_enforcer.enforcer [None req-15667bed-4fd5-4470-b35b-2b59fb6b6855 None admin] RBAC: Adding query filter params (name=reader) {{(pid=80537) _extract_filter_values /opt/stack/keystone/keystone/common/rbac_enforcer/enforcer.py:167}}
Jun 15 10:01:03.987141 dv-cinder-845806-2-smb devstack@keystone.service[80537]: DEBUG keystone.common.rbac_enforcer.enforcer [None req-15667bed-4fd5-4470-b35b-2b59fb6b6855 None admin] RBAC: Authorizing `identity:list_roles()` {{(pid=80537) enforce_call /opt/stack/keystone/keystone/common/rbac_enforcer/enforcer.py:449}}
Jun 15 10:01:03.989197 dv-cinder-845806-2-smb devstack@keystone.service[80537]: DEBUG keystone.common.rbac_enforcer.enforcer [None req-15667bed-4fd5-4470-b35b-2b59fb6b6855 None admin] RBAC: Authorization granted {{(pid=80537) enforce_call /opt/stack/keystone/keystone/common/rbac_enforcer/enforcer.py:457}}
Jun 15 10:01:04.003170 dv-cinder-845806-2-smb devstack@keystone.service[80537]: [pid: 80537|app: 0|req: 173/346] 10.222.0.23 () {56 vars in 1101 bytes} [Wed Jun 15 10:01:03 2022] GET /identity/v3/roles?name=reader => generated 341 bytes in 203 msecs (HTTP/1.1 200) 5 headers in 177 bytes (1 switches on core 0)
Jun 15 10:01:04.004591 dv-cinder-845806-2-smb devstack@keystone.service[80537]: DEBUG keystone.server.flask.request_processing.middleware.auth_context [None req-15667bed-4fd5-4470-b35b-2b59fb6b6855 None admin] Authenticating user token {{(pid=80537) process_request /usr/local/lib/python3.8/dist-packages/keystonemiddleware/auth_token/__init__.py:407}}
Jun 15 10:01:04.067600 dv-cinder-845806-2-smb devstack@keystone.service[80538]: [pid: 80538|app: 0|req: 174/347] 10.222.0.23 () {58 vars in 1023 bytes} [Wed Jun 15 10:01:03 2022] POST /identity/v3/auth/tokens => generated 799 bytes in 117 msecs (HTTP/1.1 201) 6 headers in 363 bytes (1 switches on core 0)
Jun 15 10:01:04.068868 dv-cinder-845806-2-smb devstack@keystone.service[80538]: DEBUG keystone.server.flask.request_processing.middleware.auth_context [None req-404487be-5c41-4ba7-8ac7-971a14ba8d9d None None] Authenticating user token {{(pid=80538) process_request /usr/local/lib/python3.8/dist-packages/keystonemiddleware/auth_token/__init__.py:407}}
Jun 15 10:01:04.156568 dv-cinder-845806-2-smb devstack@keystone.service[80537]: DEBUG keystone.server.flask.request_processing.middleware.auth_context [None req-15667bed-4fd5-4470-b35b-2b59fb6b6855 None admin] Validating token access rules against request {{(pid=80537) validate_allowed_request /usr/local/lib/python3.8/dist-packages/keystonemiddleware/auth_token/__init__.py:545}}
Jun 15 10:01:04.203577 dv-cinder-845806-2-smb devstack@keystone.service[80537]: DEBUG keystone.server.flask.request_processing.middleware.auth_context [None req-96da9d95-45dc-4d95-be52-a247b1382bc3 None admin] RBAC: auth_context: {'token': , 'domain_id': None, 'trust_id': None, 'trustor_id': None, 'trustee_id': None, 'domain_name': None, 'group_ids': [], 'user_id': '788dd3cc0b1545f2a0370be7413e192f', 'user_domain_id': 'default', 'system_scope': 'all', 'project_id': None, 'project_domain_id': None, 'roles': ['admin', 'member', 'reader'], 'is_admin_project': True, 'service_user_id': None, 'service_user_domain_id': None, 'service_project_id': None, 'service_project_domain_id': None, 'service_roles': []} {{(pid=80537) fill_context /opt/stack/keystone/keystone/server/flask/request_processing/middleware/auth_context.py:478}}
Jun 15 10:01:04.204583 dv-cinder-845806-2-smb devstack@keystone.service[80537]: DEBUG keystone.server.flask.request_processing.req_logging [None req-96da9d95-45dc-4d95-be52-a247b1382bc3 None admin] REQUEST_METHOD: `GET` {{(pid=80537) log_request_info /opt/stack/keystone/keystone/server/flask/request_processing/req_logging.py:27}}
Jun 15 10:01:04.205254 dv-cinder-845806-2-smb devstack@keystone.service[80537]: DEBUG keystone.server.flask.request_processing.req_logging [None req-96da9d95-45dc-4d95-be52-a247b1382bc3 None admin] SCRIPT_NAME: `/identity` {{(pid=80537) log_request_info /opt/stack/keystone/keystone/server/flask/request_processing/req_logging.py:28}}
Jun 15 10:01:04.205769 dv-cinder-845806-2-smb devstack@keystone.service[80537]: DEBUG keystone.server.flask.request_processing.req_logging [None req-96da9d95-45dc-4d95-be52-a247b1382bc3 None admin] PATH_INFO: `/v3/auth/tokens` {{(pid=80537) log_request_info /opt/stack/keystone/keystone/server/flask/request_processing/req_logging.py:29}}
Jun 15 10:01:04.221228 dv-cinder-845806-2-smb devstack@keystone.service[80538]: DEBUG keystone.server.flask.request_processing.middleware.auth_context [None req-404487be-5c41-4ba7-8ac7-971a14ba8d9d None None] Validating token access rules against request {{(pid=80538) validate_allowed_request /usr/local/lib/python3.8/dist-packages/keystonemiddleware/auth_token/__init__.py:545}}
Jun 15 10:01:04.254461 dv-cinder-845806-2-smb devstack@keystone.service[80538]: DEBUG dbcounter [-] [80538] Writing DB stats keystone:SELECT=100 {{(pid=80538) stat_writer /usr/local/lib/python3.8/dist-packages/dbcounter.py:114}}
Jun 15 10:01:04.265438 dv-cinder-845806-2-smb devstack@keystone.service[80537]: DEBUG dbcounter [-] [80537] Writing DB stats keystone:SELECT=100 {{(pid=80537) stat_writer /usr/local/lib/python3.8/dist-packages/dbcounter.py:114}}
Jun 15 10:01:04.275389 dv-cinder-845806-2-smb devstack@keystone.service[80538]: DEBUG keystone.server.flask.request_processing.middleware.auth_context [None req-b84a4bfa-8fff-4e9c-ab08-fc92030407dd None admin] RBAC: auth_context: {'token': , 'domain_id': None, 'trust_id': None, 'trustor_id': None, 'trustee_id': None, 'domain_name': None, 'group_ids': [], 'user_id': '788dd3cc0b1545f2a0370be7413e192f', 'user_domain_id': 'default', 'system_scope': 'all', 'project_id': None, 'project_domain_id': None, 'roles': ['admin', 'member', 'reader'], 'is_admin_project': True, 'service_user_id': None, 'service_user_domain_id': None, 'service_project_id': None, 'service_project_domain_id': None, 'service_roles': []} {{(pid=80538) fill_context /opt/stack/keystone/keystone/server/flask/request_processing/middleware/auth_context.py:478}}
Jun 15 10:01:04.276219 dv-cinder-845806-2-smb devstack@keystone.service[80538]: DEBUG keystone.server.flask.request_processing.req_logging [None req-b84a4bfa-8fff-4e9c-ab08-fc92030407dd None admin] REQUEST_METHOD: `GET` {{(pid=80538) log_request_info /opt/stack/keystone/keystone/server/flask/request_processing/req_logging.py:27}}
Jun 15 10:01:04.276503 dv-cinder-845806-2-smb devstack@keystone.service[80538]: DEBUG keystone.server.flask.request_processing.req_logging [None req-b84a4bfa-8fff-4e9c-ab08-fc92030407dd None admin] SCRIPT_NAME: `/identity` {{(pid=80538) log_request_info /opt/stack/keystone/keystone/server/flask/request_processing/req_logging.py:28}}
Jun 15 10:01:04.276807 dv-cinder-845806-2-smb devstack@keystone.service[80538]: DEBUG keystone.server.flask.request_processing.req_logging [None req-b84a4bfa-8fff-4e9c-ab08-fc92030407dd None admin] PATH_INFO: `/v3/roles` {{(pid=80538) log_request_info /opt/stack/keystone/keystone/server/flask/request_processing/req_logging.py:29}}
Jun 15 10:01:04.277577 dv-cinder-845806-2-smb devstack@keystone.service[80538]: DEBUG keystone.common.rbac_enforcer.enforcer [None req-b84a4bfa-8fff-4e9c-ab08-fc92030407dd None admin] RBAC: Adding query filter params (name=member) {{(pid=80538) _extract_filter_values /opt/stack/keystone/keystone/common/rbac_enforcer/enforcer.py:167}}
Jun 15 10:01:04.277887 dv-cinder-845806-2-smb devstack@keystone.service[80538]: DEBUG keystone.common.rbac_enforcer.enforcer [None req-b84a4bfa-8fff-4e9c-ab08-fc92030407dd None admin] RBAC: Authorizing `identity:list_roles()` {{(pid=80538) enforce_call /opt/stack/keystone/keystone/common/rbac_enforcer/enforcer.py:449}}
Jun 15 10:01:04.282516 dv-cinder-845806-2-smb devstack@keystone.service[80538]: DEBUG keystone.common.rbac_enforcer.enforcer [None req-b84a4bfa-8fff-4e9c-ab08-fc92030407dd None admin] RBAC: Authorization granted {{(pid=80538) enforce_call /opt/stack/keystone/keystone/common/rbac_enforcer/enforcer.py:457}}
Jun 15 10:01:04.291607 dv-cinder-845806-2-smb devstack@keystone.service[80537]: DEBUG keystone.common.rbac_enforcer.enforcer [None req-96da9d95-45dc-4d95-be52-a247b1382bc3 None admin] RBAC: Authorizing `identity:validate_token()` {{(pid=80537) enforce_call /opt/stack/keystone/keystone/common/rbac_enforcer/enforcer.py:449}}
Jun 15 10:01:04.292282 dv-cinder-845806-2-smb devstack@keystone.service[80538]: [pid: 80538|app: 0|req: 175/348] 10.222.0.23 () {56 vars in 1101 bytes} [Wed Jun 15 10:01:04 2022] GET /identity/v3/roles?name=member => generated 341 bytes in 224 msecs (HTTP/1.1 200) 5 headers in 177 bytes (1 switches on core 0)
Jun 15 10:01:04.293501 dv-cinder-845806-2-smb devstack@keystone.service[80538]: DEBUG keystone.server.flask.request_processing.middleware.auth_context [None req-b84a4bfa-8fff-4e9c-ab08-fc92030407dd None admin] Authenticating user token {{(pid=80538) process_request /usr/local/lib/python3.8/dist-packages/keystonemiddleware/auth_token/__init__.py:407}}
Jun 15 10:01:04.294610 dv-cinder-845806-2-smb devstack@keystone.service[80537]: DEBUG keystone.common.rbac_enforcer.enforcer [None req-96da9d95-45dc-4d95-be52-a247b1382bc3 None admin] RBAC: Authorization granted {{(pid=80537) enforce_call /opt/stack/keystone/keystone/common/rbac_enforcer/enforcer.py:457}}
Jun 15 10:01:04.419747 dv-cinder-845806-2-smb devstack@keystone.service[80538]: DEBUG keystone.server.flask.request_processing.middleware.auth_context [None req-b84a4bfa-8fff-4e9c-ab08-fc92030407dd None admin] Validating token access rules against request {{(pid=80538) validate_allowed_request /usr/local/lib/python3.8/dist-packages/keystonemiddleware/auth_token/__init__.py:545}}
Jun 15 10:01:04.438071 dv-cinder-845806-2-smb devstack@keystone.service[80537]: [pid: 80537|app: 0|req: 174/349] 10.222.0.23 () {58 vars in 1282 bytes} [Wed Jun 15 10:01:04 2022] GET /identity/v3/auth/tokens => generated 799 bytes in 434 msecs (HTTP/1.1 200) 6 headers in 358 bytes (1 switches on core 0)
Jun 15 10:01:04.438942 dv-cinder-845806-2-smb devstack@keystone.service[80537]: DEBUG keystone.server.flask.request_processing.middleware.auth_context [None req-96da9d95-45dc-4d95-be52-a247b1382bc3 None admin] Authenticating user token {{(pid=80537) process_request /usr/local/lib/python3.8/dist-packages/keystonemiddleware/auth_token/__init__.py:407}}
Jun 15 10:01:04.467942 dv-cinder-845806-2-smb devstack@keystone.service[80538]: DEBUG keystone.server.flask.request_processing.middleware.auth_context [None req-e4d4f820-e08e-4cad-961f-57474f9a0982 None admin] RBAC: auth_context: {'token': , 'domain_id': None, 'trust_id': None, 'trustor_id': None, 'trustee_id': None, 'domain_name': None, 'group_ids': [], 'user_id': '788dd3cc0b1545f2a0370be7413e192f', 'user_domain_id': 'default', 'system_scope': 'all', 'project_id': None, 'project_domain_id': None, 'roles': ['admin', 'member', 'reader'], 'is_admin_project': True, 'service_user_id': None, 'service_user_domain_id': None, 'service_project_id': None, 'service_project_domain_id': None, 'service_roles': []} {{(pid=80538) fill_context /opt/stack/keystone/keystone/server/flask/request_processing/middleware/auth_context.py:478}}
Jun 15 10:01:04.469650 dv-cinder-845806-2-smb devstack@keystone.service[80538]: DEBUG keystone.server.flask.request_processing.req_logging [None req-e4d4f820-e08e-4cad-961f-57474f9a0982 None admin] REQUEST_METHOD: `GET` {{(pid=80538) log_request_info /opt/stack/keystone/keystone/server/flask/request_processing/req_logging.py:27}}
Jun 15 10:01:04.470339 dv-cinder-845806-2-smb devstack@keystone.service[80538]: DEBUG keystone.server.flask.request_processing.req_logging [None req-e4d4f820-e08e-4cad-961f-57474f9a0982 None admin] SCRIPT_NAME: `/identity` {{(pid=80538) log_request_info /opt/stack/keystone/keystone/server/flask/request_processing/req_logging.py:28}}
Jun 15 10:01:04.471016 dv-cinder-845806-2-smb devstack@keystone.service[80538]: DEBUG keystone.server.flask.request_processing.req_logging [None req-e4d4f820-e08e-4cad-961f-57474f9a0982 None admin] PATH_INFO: `/v3/users/18bdd50de9d24139a791f60de07f23c1` {{(pid=80538) log_request_info /opt/stack/keystone/keystone/server/flask/request_processing/req_logging.py:29}}
Jun 15 10:01:04.474030 dv-cinder-845806-2-smb devstack@keystone.service[80538]: DEBUG keystone.common.rbac_enforcer.enforcer [None req-e4d4f820-e08e-4cad-961f-57474f9a0982 None admin] RBAC: Authorizing `identity:get_user(user_id=18bdd50de9d24139a791f60de07f23c1)` {{(pid=80538) enforce_call /opt/stack/keystone/keystone/common/rbac_enforcer/enforcer.py:449}}
Jun 15 10:01:04.475753 dv-cinder-845806-2-smb devstack@keystone.service[80538]: DEBUG keystone.common.rbac_enforcer.enforcer [None req-e4d4f820-e08e-4cad-961f-57474f9a0982 None admin] RBAC: Authorization granted {{(pid=80538) enforce_call /opt/stack/keystone/keystone/common/rbac_enforcer/enforcer.py:457}}
Jun 15 10:01:04.478000 dv-cinder-845806-2-smb devstack@keystone.service[80538]: [pid: 80538|app: 0|req: 176/350] 10.222.0.23 () {56 vars in 1177 bytes} [Wed Jun 15 10:01:04 2022] GET /identity/v3/users/18bdd50de9d24139a791f60de07f23c1 => generated 293 bytes in 185 msecs (HTTP/1.1 200) 5 headers in 177 bytes (1 switches on core 0)
Jun 15 10:01:04.478990 dv-cinder-845806-2-smb devstack@keystone.service[80538]: DEBUG keystone.server.flask.request_processing.middleware.auth_context [None req-e4d4f820-e08e-4cad-961f-57474f9a0982 None admin] Authenticating user token {{(pid=80538) process_request /usr/local/lib/python3.8/dist-packages/keystonemiddleware/auth_token/__init__.py:407}}
Jun 15 10:01:04.537803 dv-cinder-845806-2-smb devstack@keystone.service[80538]: DEBUG dbcounter [-] [80538] Writing DB stats keystone:SELECT=100 {{(pid=80538) stat_writer /usr/local/lib/python3.8/dist-packages/dbcounter.py:114}}
Jun 15 10:01:04.559157 dv-cinder-845806-2-smb devstack@keystone.service[80537]: DEBUG keystone.server.flask.request_processing.middleware.auth_context [None req-96da9d95-45dc-4d95-be52-a247b1382bc3 None admin] Validating token access rules against request {{(pid=80537) validate_allowed_request /usr/local/lib/python3.8/dist-packages/keystonemiddleware/auth_token/__init__.py:545}}
Jun 15 10:01:04.578714 dv-cinder-845806-2-smb devstack@keystone.service[80537]: DEBUG dbcounter [-] [80537] Writing DB stats keystone:SELECT=100 {{(pid=80537) stat_writer /usr/local/lib/python3.8/dist-packages/dbcounter.py:114}}
Jun 15 10:01:04.590888 dv-cinder-845806-2-smb devstack@keystone.service[80538]: DEBUG keystone.server.flask.request_processing.middleware.auth_context [None req-e4d4f820-e08e-4cad-961f-57474f9a0982 None admin] Validating token access rules against request {{(pid=80538) validate_allowed_request /usr/local/lib/python3.8/dist-packages/keystonemiddleware/auth_token/__init__.py:545}}
Jun 15 10:01:04.598663 dv-cinder-845806-2-smb devstack@keystone.service[80537]: DEBUG keystone.server.flask.request_processing.middleware.auth_context [None req-de8a9827-00ec-4d48-8ecc-c5a9be0b51ce None admin] RBAC: auth_context: {'token': , 'domain_id': None, 'trust_id': None, 'trustor_id': None, 'trustee_id': None, 'domain_name': None, 'group_ids': [], 'user_id': '788dd3cc0b1545f2a0370be7413e192f', 'user_domain_id': 'default', 'system_scope': 'all', 'project_id': None, 'project_domain_id': None, 'roles': ['admin', 'member', 'reader'], 'is_admin_project': True, 'service_user_id': None, 'service_user_domain_id': None, 'service_project_id': None, 'service_project_domain_id': None, 'service_roles': []} {{(pid=80537) fill_context /opt/stack/keystone/keystone/server/flask/request_processing/middleware/auth_context.py:478}}
Jun 15 10:01:04.601817 dv-cinder-845806-2-smb devstack@keystone.service[80537]: DEBUG keystone.server.flask.request_processing.req_logging [None req-de8a9827-00ec-4d48-8ecc-c5a9be0b51ce None admin] REQUEST_METHOD: `GET` {{(pid=80537) log_request_info /opt/stack/keystone/keystone/server/flask/request_processing/req_logging.py:27}}
Jun 15 10:01:04.601817 dv-cinder-845806-2-smb devstack@keystone.service[80537]: DEBUG keystone.server.flask.request_processing.req_logging [None req-de8a9827-00ec-4d48-8ecc-c5a9be0b51ce None admin] SCRIPT_NAME: `/identity` {{(pid=80537) log_request_info /opt/stack/keystone/keystone/server/flask/request_processing/req_logging.py:28}}
Jun 15 10:01:04.601817 dv-cinder-845806-2-smb devstack@keystone.service[80537]: DEBUG keystone.server.flask.request_processing.req_logging [None req-de8a9827-00ec-4d48-8ecc-c5a9be0b51ce None admin] PATH_INFO: `/v3/roles/member` {{(pid=80537) log_request_info /opt/stack/keystone/keystone/server/flask/request_processing/req_logging.py:29}}
Jun 15 10:01:04.613474 dv-cinder-845806-2-smb devstack@keystone.service[80537]: DEBUG keystone.common.rbac_enforcer.enforcer [None req-de8a9827-00ec-4d48-8ecc-c5a9be0b51ce None admin] Extracting inferred target data resulted in "NOT FOUND (404)". {{(pid=80537) enforce_call /opt/stack/keystone/keystone/common/rbac_enforcer/enforcer.py:409}}
Jun 15 10:01:04.623154 dv-cinder-845806-2-smb devstack@keystone.service[80537]: ERROR keystone.server.flask.application [None req-de8a9827-00ec-4d48-8ecc-c5a9be0b51ce None admin] Could not find role: member.: keystone.exception.RoleNotFound: Could not find role: member.
Jun 15 10:01:04.623154 dv-cinder-845806-2-smb devstack@keystone.service[80537]: ERROR keystone.server.flask.application
Traceback (most recent call last):
Jun 15 10:01:04.623154 dv-cinder-845806-2-smb devstack@keystone.service[80537]: ERROR keystone.server.flask.application
File "/usr/local/lib/python3.8/dist-packages/flask/app.py", line 1523, in full_dispatch_request
Jun 15 10:01:04.623154 dv-cinder-845806-2-smb devstack@keystone.service[80537]: ERROR keystone.server.flask.application rv = self.dispatch_request()
Jun 15 10:01:04.623154 dv-cinder-845806-2-smb devstack@keystone.service[80537]: ERROR keystone.server.flask.application
File "/usr/local/lib/python3.8/dist-packages/flask/app.py", line 1509, in dispatch_request
Jun 15 10:01:04.623154 dv-cinder-845806-2-smb devstack@keystone.service[80537]: ERROR keystone.server.flask.application return self.ensure_sync(self.view_functions[rule.endpoint])(**req.view_args)
Jun 15 10:01:04.623154 dv-cinder-845806-2-smb devstack@keystone.service[80537]: ERROR keystone.server.flask.application
File "/usr/local/lib/python3.8/dist-packages/flask_restful/__init__.py", line 467, in wrapper
Jun 15 10:01:04.623154 dv-cinder-845806-2-smb devstack@keystone.service[80537]: ERROR keystone.server.flask.application resp = resource(*args, **kwargs)
Jun 15 10:01:04.623154 dv-cinder-845806-2-smb devstack@keystone.service[80537]: ERROR keystone.server.flask.application
File "/usr/local/lib/python3.8/dist-packages/flask/views.py", line 84, in view
Jun 15 10:01:04.623154 dv-cinder-845806-2-smb devstack@keystone.service[80537]: ERROR keystone.server.flask.application return current_app.ensure_sync(self.dispatch_request)(*args, **kwargs)
Jun 15 10:01:04.623154 dv-cinder-845806-2-smb devstack@keystone.service[80537]: ERROR keystone.server.flask.application
File "/usr/local/lib/python3.8/dist-packages/flask_restful/__init__.py", line 582, in dispatch_request
Jun 15 10:01:04.623154 dv-cinder-845806-2-smb devstack@keystone.service[80537]: ERROR keystone.server.flask.application resp = meth(*args, **kwargs)
Jun 15 10:01:04.623154 dv-cinder-845806-2-smb devstack@keystone.service[80537]: ERROR keystone.server.flask.application
File "/opt/stack/keystone/keystone/api/roles.py", line 50, in get
Jun 15 10:01:04.623154 dv-cinder-845806-2-smb devstack@keystone.service[80537]: ERROR keystone.server.flask.application return self._get_role(role_id)
Jun 15 10:01:04.623154 dv-cinder-845806-2-smb devstack@keystone.service[80537]: ERROR keystone.server.flask.application
File "/opt/stack/keystone/keystone/api/roles.py", line 70, in _get_role
Jun 15 10:01:04.623154 dv-cinder-845806-2-smb devstack@keystone.service[80537]: ERROR keystone.server.flask.application ENFORCER.enforce_call(action='identity:get_role')
Jun 15 10:01:04.624728 dv-cinder-845806-2-smb devstack@keystone.service[80537]: ERROR keystone.server.flask.application
File "/opt/stack/keystone/keystone/common/rbac_enforcer/enforcer.py", line 402, in enforce_call
Jun 15 10:01:04.624728 dv-cinder-845806-2-smb devstack@keystone.service[80537]: ERROR keystone.server.flask.application policy_dict.update(cls._extract_member_target_data(
Jun 15 10:01:04.624728 dv-cinder-845806-2-smb devstack@keystone.service[80537]: ERROR keystone.server.flask.application
File "/opt/stack/keystone/keystone/common/rbac_enforcer/enforcer.py", line 234, in _extract_member_target_data
Jun 15 10:01:04.624728 dv-cinder-845806-2-smb devstack@keystone.service[80537]: ERROR keystone.server.flask.application member_name: func(flask.request.view_args[key])
Jun 15 10:01:04.624728 dv-cinder-845806-2-smb devstack@keystone.service[80537]: ERROR keystone.server.flask.application
File "/opt/stack/keystone/keystone/common/manager.py", line 115, in wrapped
Jun 15 10:01:04.624728 dv-cinder-845806-2-smb devstack@keystone.service[80537]: ERROR keystone.server.flask.application __ret_val = __f(*args, **kwargs)
Jun 15 10:01:04.624728 dv-cinder-845806-2-smb devstack@keystone.service[80537]: ERROR keystone.server.flask.application
File "/usr/local/lib/python3.8/dist-packages/decorator.py", line 232, in fun
Jun 15 10:01:04.624728 dv-cinder-845806-2-smb devstack@keystone.service[80537]: ERROR keystone.server.flask.application return caller(func, *(extras + args), **kw)
Jun 15 10:01:04.624728 dv-cinder-845806-2-smb devstack@keystone.service[80537]: ERROR keystone.server.flask.application
File "/usr/local/lib/python3.8/dist-packages/dogpile/cache/region.py", line 1577, in get_or_create_for_user_func
Jun 15 10:01:04.624728 dv-cinder-845806-2-smb devstack@keystone.service[80537]: ERROR keystone.server.flask.application return self.get_or_create(
Jun 15 10:01:04.624728 dv-cinder-845806-2-smb devstack@keystone.service[80537]: ERROR keystone.server.flask.application
File "/usr/local/lib/python3.8/dist-packages/dogpile/cache/region.py", line 1042, in get_or_create
Jun 15 10:01:04.624728 dv-cinder-845806-2-smb devstack@keystone.service[80537]: ERROR keystone.server.flask.application with Lock(
Jun 15 10:01:04.624728 dv-cinder-845806-2-smb devstack@keystone.service[80537]: ERROR keystone.server.flask.application
File "/usr/local/lib/python3.8/dist-packages/dogpile/lock.py", line 185, in __enter__
Jun 15 10:01:04.624728 dv-cinder-845806-2-smb devstack@keystone.service[80537]: ERROR keystone.server.flask.application return self._enter()
Jun 15 10:01:04.624728 dv-cinder-845806-2-smb devstack@keystone.service[80537]: ERROR keystone.server.flask.application
File "/usr/local/lib/python3.8/dist-packages/dogpile/lock.py", line 94, in _enter
Jun 15 10:01:04.624728 dv-cinder-845806-2-smb devstack@keystone.service[80537]: ERROR keystone.server.flask.application generated = self._enter_create(value, createdtime)
Jun 15 10:01:04.625561 dv-cinder-845806-2-smb devstack@keystone.service[80537]: ERROR keystone.server.flask.application
File "/usr/local/lib/python3.8/dist-packages/dogpile/lock.py", line 178, in _enter_create
Jun 15 10:01:04.625561 dv-cinder-845806-2-smb devstack@keystone.service[80537]: ERROR keystone.server.flask.application return self.creator()
Jun 15 10:01:04.625561 dv-cinder-845806-2-smb devstack@keystone.service[80537]: ERROR keystone.server.flask.application
File "/usr/local/lib/python3.8/dist-packages/dogpile/cache/region.py", line 995, in gen_value
Jun 15 10:01:04.625561 dv-cinder-845806-2-smb devstack@keystone.service[80537]: ERROR keystone.server.flask.application created_value = creator(
Jun 15 10:01:04.625561 dv-cinder-845806-2-smb devstack@keystone.service[80537]: ERROR keystone.server.flask.application
File "/opt/stack/keystone/keystone/assignment/core.py", line 1276, in get_role
Jun 15 10:01:04.625561 dv-cinder-845806-2-smb devstack@keystone.service[80537]: ERROR keystone.server.flask.application return self.driver.get_role(role_id)
Jun 15 10:01:04.625561 dv-cinder-845806-2-smb devstack@keystone.service[80537]: ERROR keystone.server.flask.application
File "/opt/stack/keystone/keystone/assignment/role_backends/sql.py", line 70, in get_role
Jun 15 10:01:04.625561 dv-cinder-845806-2-smb devstack@keystone.service[80537]: ERROR keystone.server.flask.application return self._get_role(session, role_id).to_dict()
Jun 15 10:01:04.625561 dv-cinder-845806-2-smb devstack@keystone.service[80537]: ERROR keystone.server.flask.application
File "/opt/stack/keystone/keystone/assignment/role_backends/sql.py", line 65, in _get_role
Jun 15 10:01:04.625561 dv-cinder-845806-2-smb devstack@keystone.service[80537]: ERROR keystone.server.flask.application raise exception.RoleNotFound(role_id=role_id)
Jun 15 10:01:04.625561 dv-cinder-845806-2-smb devstack@keystone.service[80537]: ERROR keystone.server.flask.application keystone.exception.RoleNotFound: Could not find role: member.
Jun 15 10:01:04.625561 dv-cinder-845806-2-smb devstack@keystone.service[80537]: ERROR keystone.server.flask.application
Jun 15 10:01:04.628508 dv-cinder-845806-2-smb devstack@keystone.service[80537]: [pid: 80537|app: 0|req: 175/351] 10.222.0.23 () {56 vars in 1099 bytes} [Wed Jun 15 10:01:04 2022] GET /identity/v3/roles/member => generated 84 bytes in 190 msecs (HTTP/1.1 404) 5 headers in 183 bytes (1 switches on core 0)
Jun 15 10:01:04.629512 dv-cinder-845806-2-smb devstack@keystone.service[80537]: DEBUG keystone.server.flask.request_processing.middleware.auth_context [None req-de8a9827-00ec-4d48-8ecc-c5a9be0b51ce None admin] Authenticating user token {{(pid=80537) process_request /usr/local/lib/python3.8/dist-packages/keystonemiddleware/auth_token/__init__.py:407}}
Jun 15 10:01:04.634296 dv-cinder-845806-2-smb devstack@keystone.service[80538]: DEBUG keystone.server.flask.request_processing.middleware.auth_context [None req-7efc6941-d463-4b82-90d6-de417e0c1ca7 None admin] RBAC: auth_context: {'token': , 'domain_id': None, 'trust_id': None, 'trustor_id': None, 'trustee_id': None, 'domain_name': None, 'group_ids': [], 'user_id': '788dd3cc0b1545f2a0370be7413e192f', 'user_domain_id': 'default', 'system_scope': 'all', 'project_id': None, 'project_domain_id': None, 'roles': ['admin', 'member', 'reader'], 'is_admin_project': True, 'service_user_id': None, 'service_user_domain_id': None, 'service_project_id': None, 'service_project_domain_id': None, 'service_roles': []} {{(pid=80538) fill_context /opt/stack/keystone/keystone/server/flask/request_processing/middleware/auth_context.py:478}}
Jun 15 10:01:04.634296 dv-cinder-845806-2-smb devstack@keystone.service[80538]: DEBUG keystone.server.flask.request_processing.req_logging [None req-7efc6941-d463-4b82-90d6-de417e0c1ca7 None admin] REQUEST_METHOD: `GET` {{(pid=80538) log_request_info /opt/stack/keystone/keystone/server/flask/request_processing/req_logging.py:27}}
Jun 15 10:01:04.634538 dv-cinder-845806-2-smb devstack@keystone.service[80538]: DEBUG keystone.server.flask.request_processing.req_logging [None req-7efc6941-d463-4b82-90d6-de417e0c1ca7 None admin] SCRIPT_NAME: `/identity` {{(pid=80538) log_request_info /opt/stack/keystone/keystone/server/flask/request_processing/req_logging.py:28}}
Jun 15 10:01:04.634714 dv-cinder-845806-2-smb devstack@keystone.service[80538]: DEBUG keystone.server.flask.request_processing.req_logging [None req-7efc6941-d463-4b82-90d6-de417e0c1ca7 None admin] PATH_INFO: `/v3/auth/tokens` {{(pid=80538) log_request_info /opt/stack/keystone/keystone/server/flask/request_processing/req_logging.py:29}}
Jun 15 10:01:04.718421 dv-cinder-845806-2-smb devstack@keystone.service[80538]: DEBUG keystone.common.rbac_enforcer.enforcer [None req-7efc6941-d463-4b82-90d6-de417e0c1ca7 None admin] RBAC: Authorizing `identity:validate_token()` {{(pid=80538) enforce_call /opt/stack/keystone/keystone/common/rbac_enforcer/enforcer.py:449}}
Jun 15 10:01:04.719643 dv-cinder-845806-2-smb devstack@keystone.service[80538]: DEBUG keystone.common.rbac_enforcer.enforcer [None req-7efc6941-d463-4b82-90d6-de417e0c1ca7 None admin] RBAC: Authorization granted {{(pid=80538) enforce_call /opt/stack/keystone/keystone/common/rbac_enforcer/enforcer.py:457}}
Jun 15 10:01:04.757052 dv-cinder-845806-2-smb devstack@keystone.service[80537]: DEBUG keystone.server.flask.request_processing.middleware.auth_context [None req-de8a9827-00ec-4d48-8ecc-c5a9be0b51ce None admin] Validating token access rules against request {{(pid=80537) validate_allowed_request /usr/local/lib/python3.8/dist-packages/keystonemiddleware/auth_token/__init__.py:545}}
Jun 15 10:01:04.776137 dv-cinder-845806-2-smb devstack@keystone.service[80538]: DEBUG dbcounter [-] [80538] Writing DB stats keystone:SELECT=100 {{(pid=80538) stat_writer /usr/local/lib/python3.8/dist-packages/dbcounter.py:114}}
Jun 15 10:01:04.799598 dv-cinder-845806-2-smb devstack@keystone.service[80537]: DEBUG keystone.server.flask.request_processing.middleware.auth_context [None req-9c9ff9b1-602d-4494-bf10-3cb5e826834f None admin] RBAC: auth_context: {'token': , 'domain_id': None, 'trust_id': None, 'trustor_id': None, 'trustee_id': None, 'domain_name': None, 'group_ids': [], 'user_id': '788dd3cc0b1545f2a0370be7413e192f', 'user_domain_id': 'default', 'system_scope': 'all', 'project_id': None, 'project_domain_id': None, 'roles': ['admin', 'member', 'reader'], 'is_admin_project': True, 'service_user_id': None, 'service_user_domain_id': None, 'service_project_id': None, 'service_project_domain_id': None, 'service_roles': []} {{(pid=80537) fill_context /opt/stack/keystone/keystone/server/flask/request_processing/middleware/auth_context.py:478}}
Jun 15 10:01:04.801032 dv-cinder-845806-2-smb devstack@keystone.service[80537]: DEBUG keystone.server.flask.request_processing.req_logging [None req-9c9ff9b1-602d-4494-bf10-3cb5e826834f None admin] REQUEST_METHOD: `GET` {{(pid=80537) log_request_info /opt/stack/keystone/keystone/server/flask/request_processing/req_logging.py:27}}
Jun 15 10:01:04.803649 dv-cinder-845806-2-smb devstack@keystone.service[80537]: DEBUG keystone.server.flask.request_processing.req_logging [None req-9c9ff9b1-602d-4494-bf10-3cb5e826834f None admin] SCRIPT_NAME: `/identity` {{(pid=80537) log_request_info /opt/stack/keystone/keystone/server/flask/request_processing/req_logging.py:28}}
Jun 15 10:01:04.804101 dv-cinder-845806-2-smb devstack@keystone.service[80537]: DEBUG keystone.server.flask.request_processing.req_logging [None req-9c9ff9b1-602d-4494-bf10-3cb5e826834f None admin] PATH_INFO: `/v3/projects/7db4c0893ccb4c0daced68613c47d535` {{(pid=80537) log_request_info /opt/stack/keystone/keystone/server/flask/request_processing/req_logging.py:29}}
Jun 15 10:01:04.808084 dv-cinder-845806-2-smb devstack@keystone.service[80537]: DEBUG keystone.common.rbac_enforcer.enforcer [None req-9c9ff9b1-602d-4494-bf10-3cb5e826834f None admin] RBAC: Authorizing `identity:get_project(project_id=7db4c0893ccb4c0daced68613c47d535)` {{(pid=80537) enforce_call /opt/stack/keystone/keystone/common/rbac_enforcer/enforcer.py:449}}
Jun 15 10:01:04.809586 dv-cinder-845806-2-smb devstack@keystone.service[80537]: DEBUG keystone.common.rbac_enforcer.enforcer [None req-9c9ff9b1-602d-4494-bf10-3cb5e826834f None admin] RBAC: Authorization granted {{(pid=80537) enforce_call /opt/stack/keystone/keystone/common/rbac_enforcer/enforcer.py:457}}
Jun 15 10:01:04.812225 dv-cinder-845806-2-smb devstack@keystone.service[80537]: [pid: 80537|app: 0|req: 176/352] 10.222.0.23 () {56 vars in 1186 bytes} [Wed Jun 15 10:01:04 2022] GET /identity/v3/projects/7db4c0893ccb4c0daced68613c47d535 => generated 298 bytes in 183 msecs (HTTP/1.1 200) 5 headers in 177 bytes (1 switches on core 0)
Jun 15 10:01:04.812888 dv-cinder-845806-2-smb devstack@keystone.service[80537]: DEBUG keystone.server.flask.request_processing.middleware.auth_context [None req-9c9ff9b1-602d-4494-bf10-3cb5e826834f None admin] Authenticating user token {{(pid=80537) process_request /usr/local/lib/python3.8/dist-packages/keystonemiddleware/auth_token/__init__.py:407}}
Jun 15 10:01:04.829337 dv-cinder-845806-2-smb devstack@keystone.service[80537]: DEBUG dbcounter [-] [80537] Writing DB stats keystone:SELECT=100 {{(pid=80537) stat_writer /usr/local/lib/python3.8/dist-packages/dbcounter.py:114}}
Jun 15 10:01:04.849146 dv-cinder-845806-2-smb devstack@keystone.service[80538]: [pid: 80538|app: 0|req: 177/353] 10.222.0.23 () {58 vars in 1282 bytes} [Wed Jun 15 10:01:04 2022] GET /identity/v3/auth/tokens => generated 799 bytes in 370 msecs (HTTP/1.1 200) 6 headers in 358 bytes (1 switches on core 0)
Jun 15 10:01:04.849940 dv-cinder-845806-2-smb devstack@keystone.service[80538]: DEBUG keystone.server.flask.request_processing.middleware.auth_context [None req-7efc6941-d463-4b82-90d6-de417e0c1ca7 None admin] Authenticating user token {{(pid=80538) process_request /usr/local/lib/python3.8/dist-packages/keystonemiddleware/auth_token/__init__.py:407}}
Jun 15 10:01:04.955789 dv-cinder-845806-2-smb devstack@keystone.service[80537]: DEBUG keystone.server.flask.request_processing.middleware.auth_context [None req-9c9ff9b1-602d-4494-bf10-3cb5e826834f None admin] Validating token access rules against request {{(pid=80537) validate_allowed_request /usr/local/lib/python3.8/dist-packages/keystonemiddleware/auth_token/__init__.py:545}}
Jun 15 10:01:04.982292 dv-cinder-845806-2-smb devstack@keystone.service[80538]: DEBUG keystone.server.flask.request_processing.middleware.auth_context [None req-7efc6941-d463-4b82-90d6-de417e0c1ca7 None admin] Validating token access rules against request {{(pid=80538) validate_allowed_request /usr/local/lib/python3.8/dist-packages/keystonemiddleware/auth_token/__init__.py:545}}
Jun 15 10:01:05.003483 dv-cinder-845806-2-smb devstack@keystone.service[80537]: DEBUG keystone.server.flask.request_processing.middleware.auth_context [None req-1e51b2e8-50ff-49aa-b61e-370566e6b5e3 None admin] RBAC: auth_context: {'token': , 'domain_id': None, 'trust_id': None, 'trustor_id': None, 'trustee_id': None, 'domain_name': None, 'group_ids': [], 'user_id': '788dd3cc0b1545f2a0370be7413e192f', 'user_domain_id': 'default', 'system_scope': 'all', 'project_id': None, 'project_domain_id': None, 'roles': ['admin', 'member', 'reader'], 'is_admin_project': True, 'service_user_id': None, 'service_user_domain_id': None, 'service_project_id': None, 'service_project_domain_id': None, 'service_roles': []} {{(pid=80537) fill_context /opt/stack/keystone/keystone/server/flask/request_processing/middleware/auth_context.py:478}}
Jun 15 10:01:05.004148 dv-cinder-845806-2-smb devstack@keystone.service[80537]: DEBUG keystone.server.flask.request_processing.req_logging [None req-1e51b2e8-50ff-49aa-b61e-370566e6b5e3 None admin] REQUEST_METHOD: `GET` {{(pid=80537) log_request_info /opt/stack/keystone/keystone/server/flask/request_processing/req_logging.py:27}}
Jun 15 10:01:05.004437 dv-cinder-845806-2-smb devstack@keystone.service[80537]: DEBUG keystone.server.flask.request_processing.req_logging [None req-1e51b2e8-50ff-49aa-b61e-370566e6b5e3 None admin] SCRIPT_NAME: `/identity` {{(pid=80537) log_request_info /opt/stack/keystone/keystone/server/flask/request_processing/req_logging.py:28}}
Jun 15 10:01:05.004730 dv-cinder-845806-2-smb devstack@keystone.service[80537]: DEBUG keystone.server.flask.request_processing.req_logging [None req-1e51b2e8-50ff-49aa-b61e-370566e6b5e3 None admin] PATH_INFO: `/v3/role_assignments` {{(pid=80537) log_request_info /opt/stack/keystone/keystone/server/flask/request_processing/req_logging.py:29}}
Jun 15 10:01:05.005584 dv-cinder-845806-2-smb devstack@keystone.service[80537]: DEBUG keystone.common.rbac_enforcer.enforcer [None req-1e51b2e8-50ff-49aa-b61e-370566e6b5e3 None admin] RBAC: Adding query filter params (role.id=87bc6655dd3a43259bd34048d625fc9e, user.id=18bdd50de9d24139a791f60de07f23c1, scope.system=all) {{(pid=80537) _extract_filter_values /opt/stack/keystone/keystone/common/rbac_enforcer/enforcer.py:167}}
Jun 15 10:01:05.005898 dv-cinder-845806-2-smb devstack@keystone.service[80537]: DEBUG keystone.common.rbac_enforcer.enforcer [None req-1e51b2e8-50ff-49aa-b61e-370566e6b5e3 None admin] RBAC: Authorizing `identity:list_role_assignments()` {{(pid=80537) enforce_call /opt/stack/keystone/keystone/common/rbac_enforcer/enforcer.py:449}}
Jun 15 10:01:05.007339 dv-cinder-845806-2-smb devstack@keystone.service[80537]: DEBUG keystone.common.rbac_enforcer.enforcer [None req-1e51b2e8-50ff-49aa-b61e-370566e6b5e3 None admin] RBAC: Authorization granted {{(pid=80537) enforce_call /opt/stack/keystone/keystone/common/rbac_enforcer/enforcer.py:457}}
Jun 15 10:01:05.021103 dv-cinder-845806-2-smb devstack@keystone.service[80537]: [pid: 80537|app: 0|req: 177/354] 10.222.0.23 () {56 vars in 1308 bytes} [Wed Jun 15 10:01:04 2022] GET /identity/v3/role_assignments?user.id=18bdd50de9d24139a791f60de07f23c1&scope.system=all&role.id=87bc6655dd3a43259bd34048d625fc9e => generated 510 bytes in 207 msecs (HTTP/1.1 200) 5 headers in 177 bytes (1 switches on core 0)
Jun 15 10:01:05.022782 dv-cinder-845806-2-smb devstack@keystone.service[80537]: DEBUG keystone.server.flask.request_processing.req_logging [None req-ddcad41d-a816-4d91-848f-8c619a58414b None None] REQUEST_METHOD: `GET` {{(pid=80537) log_request_info /opt/stack/keystone/keystone/server/flask/request_processing/req_logging.py:27}}
Jun 15 10:01:05.023075 dv-cinder-845806-2-smb devstack@keystone.service[80537]: DEBUG keystone.server.flask.request_processing.req_logging [None req-ddcad41d-a816-4d91-848f-8c619a58414b None None] SCRIPT_NAME: `/identity` {{(pid=80537) log_request_info /opt/stack/keystone/keystone/server/flask/request_processing/req_logging.py:28}}
Jun 15 10:01:05.023355 dv-cinder-845806-2-smb devstack@keystone.service[80537]: DEBUG keystone.server.flask.request_processing.req_logging [None req-ddcad41d-a816-4d91-848f-8c619a58414b None None] PATH_INFO: `/` {{(pid=80537) log_request_info /opt/stack/keystone/keystone/server/flask/request_processing/req_logging.py:29}}
Jun 15 10:01:05.024728 dv-cinder-845806-2-smb devstack@keystone.service[80537]: [pid: 80537|app: 0|req: 178/355] 10.222.0.23 () {54 vars in 926 bytes} [Wed Jun 15 10:01:05 2022] GET /identity => generated 270 bytes in 3 msecs (HTTP/1.1 300) 6 headers in 234 bytes (1 switches on core 0)
Jun 15 10:01:05.025446 dv-cinder-845806-2-smb devstack@keystone.service[80537]: DEBUG keystone.server.flask.request_processing.middleware.auth_context [None req-ddcad41d-a816-4d91-848f-8c619a58414b None None] Authenticating user token {{(pid=80537) process_request /usr/local/lib/python3.8/dist-packages/keystonemiddleware/auth_token/__init__.py:407}}
Jun 15 10:01:05.033227 dv-cinder-845806-2-smb devstack@keystone.service[80538]: DEBUG keystone.server.flask.request_processing.middleware.auth_context [None req-95bb74f9-d8f2-4c44-8964-91eceec255b5 None admin] RBAC: auth_context: {'token': , 'domain_id': None, 'trust_id': None, 'trustor_id': None, 'trustee_id': None, 'domain_name': None, 'group_ids': [], 'user_id': '788dd3cc0b1545f2a0370be7413e192f', 'user_domain_id': 'default', 'system_scope': 'all', 'project_id': None, 'project_domain_id': None, 'roles': ['admin', 'member', 'reader'], 'is_admin_project': True, 'service_user_id': None, 'service_user_domain_id': None, 'service_project_id': None, 'service_project_domain_id': None, 'service_roles': []} {{(pid=80538) fill_context /opt/stack/keystone/keystone/server/flask/request_processing/middleware/auth_context.py:478}}
Jun 15 10:01:05.033913 dv-cinder-845806-2-smb devstack@keystone.service[80538]: DEBUG keystone.server.flask.request_processing.req_logging [None req-95bb74f9-d8f2-4c44-8964-91eceec255b5 None admin] REQUEST_METHOD: `GET` {{(pid=80538) log_request_info /opt/stack/keystone/keystone/server/flask/request_processing/req_logging.py:27}}
Jun 15 10:01:05.034194 dv-cinder-845806-2-smb devstack@keystone.service[80538]: DEBUG keystone.server.flask.request_processing.req_logging [None req-95bb74f9-d8f2-4c44-8964-91eceec255b5 None admin] SCRIPT_NAME: `/identity` {{(pid=80538) log_request_info /opt/stack/keystone/keystone/server/flask/request_processing/req_logging.py:28}}
Jun 15 10:01:05.034467 dv-cinder-845806-2-smb devstack@keystone.service[80538]: DEBUG keystone.server.flask.request_processing.req_logging [None req-95bb74f9-d8f2-4c44-8964-91eceec255b5 None admin] PATH_INFO: `/v3/roles` {{(pid=80538) log_request_info /opt/stack/keystone/keystone/server/flask/request_processing/req_logging.py:29}}
Jun 15 10:01:05.035233 dv-cinder-845806-2-smb devstack@keystone.service[80538]: DEBUG keystone.common.rbac_enforcer.enforcer [None req-95bb74f9-d8f2-4c44-8964-91eceec255b5 None admin] RBAC: Adding query filter params (name=member) {{(pid=80538) _extract_filter_values /opt/stack/keystone/keystone/common/rbac_enforcer/enforcer.py:167}}
Jun 15 10:01:05.035537 dv-cinder-845806-2-smb devstack@keystone.service[80538]: DEBUG keystone.common.rbac_enforcer.enforcer [None req-95bb74f9-d8f2-4c44-8964-91eceec255b5 None admin] RBAC: Authorizing `identity:list_roles()` {{(pid=80538) enforce_call /opt/stack/keystone/keystone/common/rbac_enforcer/enforcer.py:449}}
Jun 15 10:01:05.037050 dv-cinder-845806-2-smb devstack@keystone.service[80538]: DEBUG keystone.common.rbac_enforcer.enforcer [None req-95bb74f9-d8f2-4c44-8964-91eceec255b5 None admin] RBAC: Authorization granted {{(pid=80538) enforce_call /opt/stack/keystone/keystone/common/rbac_enforcer/enforcer.py:457}}
Jun 15 10:01:05.052700 dv-cinder-845806-2-smb devstack@keystone.service[80538]: [pid: 80538|app: 0|req: 178/356] 10.222.0.23 () {56 vars in 1101 bytes} [Wed Jun 15 10:01:04 2022] GET /identity/v3/roles?name=member => generated 341 bytes in 203 msecs (HTTP/1.1 200) 5 headers in 177 bytes (1 switches on core 0)
Jun 15 10:01:05.053641 dv-cinder-845806-2-smb devstack@keystone.service[80538]: DEBUG keystone.server.flask.request_processing.middleware.auth_context [None req-95bb74f9-d8f2-4c44-8964-91eceec255b5 None admin] Authenticating user token {{(pid=80538) process_request /usr/local/lib/python3.8/dist-packages/keystonemiddleware/auth_token/__init__.py:407}}
Jun 15 10:01:05.078611 dv-cinder-845806-2-smb devstack@keystone.service[80538]: DEBUG dbcounter [-] [80538] Writing DB stats keystone:SELECT=100 {{(pid=80538) stat_writer /usr/local/lib/python3.8/dist-packages/dbcounter.py:114}}
Jun 15 10:01:05.120487 dv-cinder-845806-2-smb devstack@keystone.service[80537]: DEBUG dbcounter [-] [80537] Writing DB stats keystone:SELECT=100 {{(pid=80537) stat_writer /usr/local/lib/python3.8/dist-packages/dbcounter.py:114}}
Jun 15 10:01:05.176539 dv-cinder-845806-2-smb devstack@keystone.service[80537]: DEBUG keystone.server.flask.request_processing.middleware.auth_context [None req-ddcad41d-a816-4d91-848f-8c619a58414b None None] Validating token access rules against request {{(pid=80537) validate_allowed_request /usr/local/lib/python3.8/dist-packages/keystonemiddleware/auth_token/__init__.py:545}}
Jun 15 10:01:05.188945 dv-cinder-845806-2-smb devstack@keystone.service[80538]: DEBUG keystone.server.flask.request_processing.middleware.auth_context [None req-95bb74f9-d8f2-4c44-8964-91eceec255b5 None admin] Validating token access rules against request {{(pid=80538) validate_allowed_request /usr/local/lib/python3.8/dist-packages/keystonemiddleware/auth_token/__init__.py:545}}
Jun 15 10:01:05.228819 dv-cinder-845806-2-smb devstack@keystone.service[80537]: DEBUG keystone.server.flask.request_processing.middleware.auth_context [None req-b569a752-e0bc-416d-965d-bae1da42f54d None admin] RBAC: auth_context: {'token': , 'domain_id': None, 'trust_id': None, 'trustor_id': None, 'trustee_id': None, 'domain_name': None, 'group_ids': [], 'user_id': '788dd3cc0b1545f2a0370be7413e192f', 'user_domain_id': 'default', 'system_scope': 'all', 'project_id': None, 'project_domain_id': None, 'roles': ['admin', 'member', 'reader'], 'is_admin_project': True, 'service_user_id': None, 'service_user_domain_id': None, 'service_project_id': None, 'service_project_domain_id': None, 'service_roles': []} {{(pid=80537) fill_context /opt/stack/keystone/keystone/server/flask/request_processing/middleware/auth_context.py:478}}
Jun 15 10:01:05.229683 dv-cinder-845806-2-smb devstack@keystone.service[80537]: DEBUG keystone.server.flask.request_processing.req_logging [None req-b569a752-e0bc-416d-965d-bae1da42f54d None admin] REQUEST_METHOD: `GET` {{(pid=80537) log_request_info /opt/stack/keystone/keystone/server/flask/request_processing/req_logging.py:27}}
Jun 15 10:01:05.229967 dv-cinder-845806-2-smb devstack@keystone.service[80537]: DEBUG keystone.server.flask.request_processing.req_logging [None req-b569a752-e0bc-416d-965d-bae1da42f54d None admin] SCRIPT_NAME: `/identity` {{(pid=80537) log_request_info /opt/stack/keystone/keystone/server/flask/request_processing/req_logging.py:28}}
Jun 15 10:01:05.230240 dv-cinder-845806-2-smb devstack@keystone.service[80537]: DEBUG keystone.server.flask.request_processing.req_logging [None req-b569a752-e0bc-416d-965d-bae1da42f54d None admin] PATH_INFO: `/v3/groups/d161b2b3fb744930aa2d81a038c36b5e` {{(pid=80537) log_request_info /opt/stack/keystone/keystone/server/flask/request_processing/req_logging.py:29}}
Jun 15 10:01:05.238408 dv-cinder-845806-2-smb devstack@keystone.service[80537]: DEBUG keystone.common.rbac_enforcer.enforcer [None req-b569a752-e0bc-416d-965d-bae1da42f54d None admin] RBAC: Authorizing `identity:get_group(group_id=d161b2b3fb744930aa2d81a038c36b5e)` {{(pid=80537) enforce_call /opt/stack/keystone/keystone/common/rbac_enforcer/enforcer.py:449}}
