Jun 14 19:36:26.727779 dv-cinder-845806-1-smb devstack@n-api.service[124171]: DEBUG nova.compute.api [None req-3d90d770-2ec3-447f-b6a2-891aa918b9ed tempest-ServerRescueNegativeTestJSON-901294407 tempest-ServerRescueNegativeTestJSON-901294407-project] [instance: 30dbeb86-1b80-4706-b2ec-6aa78243c457] Fetching instance by UUID {{(pid=124171) get /opt/stack/nova/nova/compute/api.py:2920}}
Jun 14 19:36:26.743395 dv-cinder-845806-1-smb devstack@n-api.service[124171]: DEBUG oslo_concurrency.lockutils [None req-3d90d770-2ec3-447f-b6a2-891aa918b9ed tempest-ServerRescueNegativeTestJSON-901294407 tempest-ServerRescueNegativeTestJSON-901294407-project] Lock "9340fca3-ad06-49d4-936f-5efd7d862f07" acquired by "nova.context.set_target_cell..get_or_set_cached_cell_and_set_connections" :: waited 0.000s {{(pid=124171) inner /usr/local/lib/python3.8/dist-packages/oslo_concurrency/lockutils.py:386}}
Jun 14 19:36:26.744324 dv-cinder-845806-1-smb devstack@n-api.service[124171]: DEBUG oslo_concurrency.lockutils [None req-3d90d770-2ec3-447f-b6a2-891aa918b9ed tempest-ServerRescueNegativeTestJSON-901294407 tempest-ServerRescueNegativeTestJSON-901294407-project] Lock "9340fca3-ad06-49d4-936f-5efd7d862f07" "released" by "nova.context.set_target_cell..get_or_set_cached_cell_and_set_connections" :: held 0.003s {{(pid=124171) inner /usr/local/lib/python3.8/dist-packages/oslo_concurrency/lockutils.py:400}}
Jun 14 19:36:26.745515 dv-cinder-845806-1-smb devstack@n-api.service[124171]: DEBUG oslo_concurrency.lockutils [None req-3d90d770-2ec3-447f-b6a2-891aa918b9ed tempest-ServerRescueNegativeTestJSON-901294407 tempest-ServerRescueNegativeTestJSON-901294407-project] Lock "9340fca3-ad06-49d4-936f-5efd7d862f07" acquired by "nova.context.set_target_cell..get_or_set_cached_cell_and_set_connections" :: waited 0.000s {{(pid=124171) inner /usr/local/lib/python3.8/dist-packages/oslo_concurrency/lockutils.py:386}}
Jun 14 19:36:26.747598 dv-cinder-845806-1-smb devstack@n-api.service[124171]: DEBUG oslo_concurrency.lockutils [None req-3d90d770-2ec3-447f-b6a2-891aa918b9ed tempest-ServerRescueNegativeTestJSON-901294407 tempest-ServerRescueNegativeTestJSON-901294407-project] Lock "9340fca3-ad06-49d4-936f-5efd7d862f07" "released" by "nova.context.set_target_cell..get_or_set_cached_cell_and_set_connections" :: held 0.002s {{(pid=124171) inner /usr/local/lib/python3.8/dist-packages/oslo_concurrency/lockutils.py:400}}
Jun 14 19:36:26.956680 dv-cinder-845806-1-smb devstack@n-api.service[124171]: DEBUG nova.policy [None req-3d90d770-2ec3-447f-b6a2-891aa918b9ed tempest-ServerRescueNegativeTestJSON-901294407 tempest-ServerRescueNegativeTestJSON-901294407-project] Policy check for os_compute_api:os-extended-server-attributes failed with credentials {'is_admin': False, 'user_id': '0c6301fed5004efb8f8800667f93b742', 'user_domain_id': 'default', 'system_scope': None, 'domain_id': None, 'project_id': 'f2977df183ff4cada8a322f671474455', 'project_domain_id': 'default', 'roles': ['reader', 'member'], 'is_admin_project': True, 'service_user_id': None, 'service_user_domain_id': None, 'service_project_id': None, 'service_project_domain_id': None, 'service_roles': []} {{(pid=124171) authorize /opt/stack/nova/nova/policy.py:199}}
Jun 14 19:36:26.969316 dv-cinder-845806-1-smb devstack@n-api.service[124171]: INFO nova.api.openstack.requestlog [None req-3d90d770-2ec3-447f-b6a2-891aa918b9ed tempest-ServerRescueNegativeTestJSON-901294407 tempest-ServerRescueNegativeTestJSON-901294407-project] 10.222.0.33 "GET /compute/v2.1/servers/30dbeb86-1b80-4706-b2ec-6aa78243c457" status: 200 len: 1280 microversion: 2.1 time: 0.247919
Jun 14 19:36:26.973049 dv-cinder-845806-1-smb devstack@n-api.service[124171]: [pid: 124171|app: 0|req: 21/41] 10.222.0.33 () {58 vars in 1235 bytes} [Tue Jun 14 19:36:26 2022] GET /compute/v2.1/servers/30dbeb86-1b80-4706-b2ec-6aa78243c457 => generated 1280 bytes in 254 msecs (HTTP/1.1 200) 9 headers in 358 bytes (2 switches on core 0)
Jun 14 19:36:27.159046 dv-cinder-845806-1-smb devstack@n-api.service[124170]: DEBUG nova.policy [None req-b360dc56-efbd-4172-89db-602ff1ec69e8 tempest-DeleteServersTestJSON-386743543 tempest-DeleteServersTestJSON-386743543-project] Policy check for os_compute_api:os-extended-server-attributes failed with credentials {'is_admin': False, 'user_id': '6777420be5b24d0cb2924e0e393aee76', 'user_domain_id': 'default', 'system_scope': None, 'domain_id': None, 'project_id': 'c5897eafa9a94f66b7a91a3cc61be7fc', 'project_domain_id': 'default', 'roles': ['reader', 'member'], 'is_admin_project': True, 'service_user_id': None, 'service_user_domain_id': None, 'service_project_id': None, 'service_project_domain_id': None, 'service_roles': []} {{(pid=124170) authorize /opt/stack/nova/nova/policy.py:199}}
Jun 14 19:36:27.167566 dv-cinder-845806-1-smb devstack@n-api.service[124170]: INFO nova.api.openstack.requestlog [None req-b360dc56-efbd-4172-89db-602ff1ec69e8 tempest-DeleteServersTestJSON-386743543 tempest-DeleteServersTestJSON-386743543-project] 10.222.0.33 "GET /compute/v2.1/servers/0b6413f8-236e-4591-998b-8fbd56d03083" status: 200 len: 1314 microversion: 2.1 time: 0.946274
Jun 14 19:36:27.172988 dv-cinder-845806-1-smb devstack@n-api.service[124170]: [pid: 124170|app: 0|req: 21/42] 10.222.0.33 () {58 vars in 1235 bytes} [Tue Jun 14 19:36:26 2022] GET /compute/v2.1/servers/0b6413f8-236e-4591-998b-8fbd56d03083 => generated 1314 bytes in 952 msecs (HTTP/1.1 200) 9 headers in 358 bytes (1 switches on core 0)
Jun 14 19:36:27.926572 dv-cinder-845806-1-smb devstack@n-api.service[124171]: DEBUG nova.api.openstack.wsgi [None req-6b702418-5617-4225-a46a-e5a31985097f tempest-AttachVolumeShelveTestJSON-452927243 tempest-AttachVolumeShelveTestJSON-452927243-project] Action: 'create', calling method: >, body: {"server": {"name": "tempest-AttachVolumeShelveTestJSON-server-1446982973", "imageRef": "58a011a9-a724-41f2-b84f-2a09dbe04d39", "flavorRef": "452", "adminPass": "***", "networks": [{"uuid": "6441a13d-da77-41b9-89bd-52ffa8dae3a0"}], "security_groups": [{"name": "tempest-securitygroup--144002825"}], "key_name": "tempest-keypair-359980652", "user_data": "}} {{(pid=124171) _process_stack /opt/stack/nova/nova/api/openstack/wsgi.py:511}}
Jun 14 19:36:27.988103 dv-cinder-845806-1-smb devstack@n-api.service[124170]: DEBUG nova.api.openstack.wsgi [None req-e345c65f-10b6-43f8-b58a-d502e883ebaf tempest-ServerRescueNegativeTestJSON-901294407 tempest-ServerRescueNegativeTestJSON-901294407-project] Calling method '>' {{(pid=124170) _process_stack /opt/stack/nova/nova/api/openstack/wsgi.py:513}}
Jun 14 19:36:27.988776 dv-cinder-845806-1-smb devstack@n-api.service[124170]: DEBUG nova.compute.api [None req-e345c65f-10b6-43f8-b58a-d502e883ebaf tempest-ServerRescueNegativeTestJSON-901294407 tempest-ServerRescueNegativeTestJSON-901294407-project] [instance: 30dbeb86-1b80-4706-b2ec-6aa78243c457] Fetching instance by UUID {{(pid=124170) get /opt/stack/nova/nova/compute/api.py:2920}}
Jun 14 19:36:28.004774 dv-cinder-845806-1-smb devstack@n-api.service[124170]: DEBUG oslo_concurrency.lockutils [None req-e345c65f-10b6-43f8-b58a-d502e883ebaf tempest-ServerRescueNegativeTestJSON-901294407 tempest-ServerRescueNegativeTestJSON-901294407-project] Lock "9340fca3-ad06-49d4-936f-5efd7d862f07" acquired by "nova.context.set_target_cell..get_or_set_cached_cell_and_set_connections" :: waited 0.000s {{(pid=124170) inner /usr/local/lib/python3.8/dist-packages/oslo_concurrency/lockutils.py:386}}
Jun 14 19:36:28.005232 dv-cinder-845806-1-smb devstack@n-api.service[124170]: DEBUG oslo_concurrency.lockutils [None req-e345c65f-10b6-43f8-b58a-d502e883ebaf tempest-ServerRescueNegativeTestJSON-901294407 tempest-ServerRescueNegativeTestJSON-901294407-project] Lock "9340fca3-ad06-49d4-936f-5efd7d862f07" "released" by "nova.context.set_target_cell..get_or_set_cached_cell_and_set_connections" :: held 0.001s {{(pid=124170) inner /usr/local/lib/python3.8/dist-packages/oslo_concurrency/lockutils.py:400}}
Jun 14 19:36:28.006022 dv-cinder-845806-1-smb devstack@n-api.service[124170]: DEBUG oslo_concurrency.lockutils [None req-e345c65f-10b6-43f8-b58a-d502e883ebaf tempest-ServerRescueNegativeTestJSON-901294407 tempest-ServerRescueNegativeTestJSON-901294407-project] Lock "9340fca3-ad06-49d4-936f-5efd7d862f07" acquired by "nova.context.set_target_cell..get_or_set_cached_cell_and_set_connections" :: waited 0.000s {{(pid=124170) inner /usr/local/lib/python3.8/dist-packages/oslo_concurrency/lockutils.py:386}}
Jun 14 19:36:28.006458 dv-cinder-845806-1-smb devstack@n-api.service[124170]: DEBUG oslo_concurrency.lockutils [None req-e345c65f-10b6-43f8-b58a-d502e883ebaf tempest-ServerRescueNegativeTestJSON-901294407 tempest-ServerRescueNegativeTestJSON-901294407-project] Lock "9340fca3-ad06-49d4-936f-5efd7d862f07" "released" by "nova.context.set_target_cell..get_or_set_cached_cell_and_set_connections" :: held 0.000s {{(pid=124170) inner /usr/local/lib/python3.8/dist-packages/oslo_concurrency/lockutils.py:400}}
Jun 14 19:36:28.159262 dv-cinder-845806-1-smb devstack@n-api.service[124171]: DEBUG nova.network.neutron [None req-6b702418-5617-4225-a46a-e5a31985097f tempest-AttachVolumeShelveTestJSON-452927243 tempest-AttachVolumeShelveTestJSON-452927243-project] validate_networks() for [('6441a13d-da77-41b9-89bd-52ffa8dae3a0', None, None, None, None, None)] {{(pid=124171) validate_networks /opt/stack/nova/nova/network/neutron.py:2626}}
Jun 14 19:36:28.310308 dv-cinder-845806-1-smb devstack@n-api.service[124170]: DEBUG nova.policy [None req-e345c65f-10b6-43f8-b58a-d502e883ebaf tempest-ServerRescueNegativeTestJSON-901294407 tempest-ServerRescueNegativeTestJSON-901294407-project] Policy check for os_compute_api:os-extended-server-attributes failed with credentials {'is_admin': False, 'user_id': '0c6301fed5004efb8f8800667f93b742', 'user_domain_id': 'default', 'system_scope': None, 'domain_id': None, 'project_id': 'f2977df183ff4cada8a322f671474455', 'project_domain_id': 'default', 'roles': ['reader', 'member'], 'is_admin_project': True, 'service_user_id': None, 'service_user_domain_id': None, 'service_project_id': None, 'service_project_domain_id': None, 'service_roles': []} {{(pid=124170) authorize /opt/stack/nova/nova/policy.py:199}}
Jun 14 19:36:28.336432 dv-cinder-845806-1-smb devstack@n-api.service[124170]: INFO nova.api.openstack.requestlog [None req-e345c65f-10b6-43f8-b58a-d502e883ebaf tempest-ServerRescueNegativeTestJSON-901294407 tempest-ServerRescueNegativeTestJSON-901294407-project] 10.222.0.33 "GET /compute/v2.1/servers/30dbeb86-1b80-4706-b2ec-6aa78243c457" status: 200 len: 1280 microversion: 2.1 time: 0.351895
Jun 14 19:36:28.337054 dv-cinder-845806-1-smb devstack@n-api.service[124170]: [pid: 124170|app: 0|req: 22/43] 10.222.0.33 () {58 vars in 1235 bytes} [Tue Jun 14 19:36:27 2022] GET /compute/v2.1/servers/30dbeb86-1b80-4706-b2ec-6aa78243c457 => generated 1280 bytes in 353 msecs (HTTP/1.1 200) 9 headers in 358 bytes (2 switches on core 0)
Jun 14 19:36:28.352826 dv-cinder-845806-1-smb devstack@n-api.service[124170]: DEBUG nova.api.openstack.wsgi [None req-2589b071-8471-42a9-ab54-9ae9901252b9 tempest-DeleteServersTestJSON-386743543 tempest-DeleteServersTestJSON-386743543-project] Calling method '>' {{(pid=124170) _process_stack /opt/stack/nova/nova/api/openstack/wsgi.py:513}}
Jun 14 19:36:28.358505 dv-cinder-845806-1-smb devstack@n-api.service[124170]: DEBUG nova.compute.api [None req-2589b071-8471-42a9-ab54-9ae9901252b9 tempest-DeleteServersTestJSON-386743543 tempest-DeleteServersTestJSON-386743543-project] [instance: 0b6413f8-236e-4591-998b-8fbd56d03083] Fetching instance by UUID {{(pid=124170) get /opt/stack/nova/nova/compute/api.py:2920}}
Jun 14 19:36:28.389351 dv-cinder-845806-1-smb devstack@n-api.service[124170]: DEBUG oslo_concurrency.lockutils [None req-2589b071-8471-42a9-ab54-9ae9901252b9 tempest-DeleteServersTestJSON-386743543 tempest-DeleteServersTestJSON-386743543-project] Lock "9340fca3-ad06-49d4-936f-5efd7d862f07" acquired by "nova.context.set_target_cell..get_or_set_cached_cell_and_set_connections" :: waited 0.000s {{(pid=124170) inner /usr/local/lib/python3.8/dist-packages/oslo_concurrency/lockutils.py:386}}
Jun 14 19:36:28.391026 dv-cinder-845806-1-smb devstack@n-api.service[124170]: DEBUG oslo_concurrency.lockutils [None req-2589b071-8471-42a9-ab54-9ae9901252b9 tempest-DeleteServersTestJSON-386743543 tempest-DeleteServersTestJSON-386743543-project] Lock "9340fca3-ad06-49d4-936f-5efd7d862f07" "released" by "nova.context.set_target_cell..get_or_set_cached_cell_and_set_connections" :: held 0.001s {{(pid=124170) inner /usr/local/lib/python3.8/dist-packages/oslo_concurrency/lockutils.py:400}}
Jun 14 19:36:28.392474 dv-cinder-845806-1-smb devstack@n-api.service[124170]: DEBUG oslo_concurrency.lockutils [None req-2589b071-8471-42a9-ab54-9ae9901252b9 tempest-DeleteServersTestJSON-386743543 tempest-DeleteServersTestJSON-386743543-project] Lock "9340fca3-ad06-49d4-936f-5efd7d862f07" acquired by "nova.context.set_target_cell..get_or_set_cached_cell_and_set_connections" :: waited 0.000s {{(pid=124170) inner /usr/local/lib/python3.8/dist-packages/oslo_concurrency/lockutils.py:386}}
Jun 14 19:36:28.393052 dv-cinder-845806-1-smb devstack@n-api.service[124170]: DEBUG oslo_concurrency.lockutils [None req-2589b071-8471-42a9-ab54-9ae9901252b9 tempest-DeleteServersTestJSON-386743543 tempest-DeleteServersTestJSON-386743543-project] Lock "9340fca3-ad06-49d4-936f-5efd7d862f07" "released" by "nova.context.set_target_cell..get_or_set_cached_cell_and_set_connections" :: held 0.001s {{(pid=124170) inner /usr/local/lib/python3.8/dist-packages/oslo_concurrency/lockutils.py:400}}
Jun 14 19:36:29.132926 dv-cinder-845806-1-smb devstack@n-api.service[124171]: DEBUG nova.virt.hardware [None req-6b702418-5617-4225-a46a-e5a31985097f tempest-AttachVolumeShelveTestJSON-452927243 tempest-AttachVolumeShelveTestJSON-452927243-project] Flavor limits 0:0:0 {{(pid=124171) get_cpu_topology_constraints /opt/stack/nova/nova/virt/hardware.py:343}}
Jun 14 19:36:29.135560 dv-cinder-845806-1-smb devstack@n-api.service[124171]: DEBUG nova.virt.hardware [None req-6b702418-5617-4225-a46a-e5a31985097f tempest-AttachVolumeShelveTestJSON-452927243 tempest-AttachVolumeShelveTestJSON-452927243-project] Image limits 0:0:0 {{(pid=124171) get_cpu_topology_constraints /opt/stack/nova/nova/virt/hardware.py:347}}
Jun 14 19:36:29.137193 dv-cinder-845806-1-smb devstack@n-api.service[124171]: DEBUG nova.virt.hardware [None req-6b702418-5617-4225-a46a-e5a31985097f tempest-AttachVolumeShelveTestJSON-452927243 tempest-AttachVolumeShelveTestJSON-452927243-project] Flavor pref 0:0:0 {{(pid=124171) get_cpu_topology_constraints /opt/stack/nova/nova/virt/hardware.py:383}}
Jun 14 19:36:29.138417 dv-cinder-845806-1-smb devstack@n-api.service[124171]: DEBUG nova.virt.hardware [None req-6b702418-5617-4225-a46a-e5a31985097f tempest-AttachVolumeShelveTestJSON-452927243 tempest-AttachVolumeShelveTestJSON-452927243-project] Image pref 0:0:0 {{(pid=124171) get_cpu_topology_constraints /opt/stack/nova/nova/virt/hardware.py:387}}
Jun 14 19:36:29.140528 dv-cinder-845806-1-smb devstack@n-api.service[124171]: DEBUG nova.virt.hardware [None req-6b702418-5617-4225-a46a-e5a31985097f tempest-AttachVolumeShelveTestJSON-452927243 tempest-AttachVolumeShelveTestJSON-452927243-project] Chose sockets=0, cores=0, threads=0; limits were sockets=65536, cores=65536, threads=65536 {{(pid=124171) get_cpu_topology_constraints /opt/stack/nova/nova/virt/hardware.py:425}}
Jun 14 19:36:29.159731 dv-cinder-845806-1-smb devstack@n-api.service[124171]: DEBUG oslo_concurrency.lockutils [None req-6b702418-5617-4225-a46a-e5a31985097f tempest-AttachVolumeShelveTestJSON-452927243 tempest-AttachVolumeShelveTestJSON-452927243-project] Lock "00000000-0000-0000-0000-000000000000" acquired by "nova.context.set_target_cell..get_or_set_cached_cell_and_set_connections" :: waited 0.000s {{(pid=124171) inner /usr/local/lib/python3.8/dist-packages/oslo_concurrency/lockutils.py:386}}
Jun 14 19:36:29.160864 dv-cinder-845806-1-smb devstack@n-api.service[124171]: DEBUG oslo_concurrency.lockutils [None req-6b702418-5617-4225-a46a-e5a31985097f tempest-AttachVolumeShelveTestJSON-452927243 tempest-AttachVolumeShelveTestJSON-452927243-project] Lock "00000000-0000-0000-0000-000000000000" "released" by "nova.context.set_target_cell..get_or_set_cached_cell_and_set_connections" :: held 0.002s {{(pid=124171) inner /usr/local/lib/python3.8/dist-packages/oslo_concurrency/lockutils.py:400}}
Jun 14 19:36:29.162932 dv-cinder-845806-1-smb devstack@n-api.service[124171]: DEBUG oslo_concurrency.lockutils [None req-6b702418-5617-4225-a46a-e5a31985097f tempest-AttachVolumeShelveTestJSON-452927243 tempest-AttachVolumeShelveTestJSON-452927243-project] Lock "9340fca3-ad06-49d4-936f-5efd7d862f07" acquired by "nova.context.set_target_cell..get_or_set_cached_cell_and_set_connections" :: waited 0.001s {{(pid=124171) inner /usr/local/lib/python3.8/dist-packages/oslo_concurrency/lockutils.py:386}}
Jun 14 19:36:29.164660 dv-cinder-845806-1-smb devstack@n-api.service[124171]: DEBUG oslo_concurrency.lockutils [None req-6b702418-5617-4225-a46a-e5a31985097f tempest-AttachVolumeShelveTestJSON-452927243 tempest-AttachVolumeShelveTestJSON-452927243-project] Lock "9340fca3-ad06-49d4-936f-5efd7d862f07" "released" by "nova.context.set_target_cell..get_or_set_cached_cell_and_set_connections" :: held 0.001s {{(pid=124171) inner /usr/local/lib/python3.8/dist-packages/oslo_concurrency/lockutils.py:400}}
Jun 14 19:36:29.186972 dv-cinder-845806-1-smb devstack@n-api.service[124171]: DEBUG nova.quota [None req-6b702418-5617-4225-a46a-e5a31985097f tempest-AttachVolumeShelveTestJSON-452927243 tempest-AttachVolumeShelveTestJSON-452927243-project] Getting quotas for project e106c724876e462b9c03c5e53e7f2fad. Resources: {'cores', 'instances', 'ram'} {{(pid=124171) _get_quotas /opt/stack/nova/nova/quota.py:393}}
Jun 14 19:36:29.191164 dv-cinder-845806-1-smb devstack@n-api.service[124171]: DEBUG nova.quota [None req-6b702418-5617-4225-a46a-e5a31985097f tempest-AttachVolumeShelveTestJSON-452927243 tempest-AttachVolumeShelveTestJSON-452927243-project] Getting quotas for user ac073f416bab432ab2a53935b083559c and project e106c724876e462b9c03c5e53e7f2fad. Resources: {'cores', 'instances', 'ram'} {{(pid=124171) _get_quotas /opt/stack/nova/nova/quota.py:383}}
Jun 14 19:36:29.211736 dv-cinder-845806-1-smb devstack@n-api.service[124171]: DEBUG nova.compute.api [None req-6b702418-5617-4225-a46a-e5a31985097f tempest-AttachVolumeShelveTestJSON-452927243 tempest-AttachVolumeShelveTestJSON-452927243-project] Going to run 1 instances... {{(pid=124171) _provision_instances /opt/stack/nova/nova/compute/api.py:1389}}
Jun 14 19:36:29.216314 dv-cinder-845806-1-smb devstack@n-api.service[124171]: DEBUG nova.compute.api [None req-6b702418-5617-4225-a46a-e5a31985097f tempest-AttachVolumeShelveTestJSON-452927243 tempest-AttachVolumeShelveTestJSON-452927243-project] [instance: 29f16e9c-f416-444d-8d44-06798e511aba] block_device_mapping [BlockDeviceMapping(attachment_id=,boot_index=0,connection_info=None,created_at=,delete_on_termination=True,deleted=,deleted_at=,destination_type='local',device_name=None,device_type='disk',disk_bus=None,guest_format=None,id=,image_id='58a011a9-a724-41f2-b84f-2a09dbe04d39',instance=,instance_uuid=,no_device=False,snapshot_id=None,source_type='image',tag=None,updated_at=,uuid=,volume_id=None,volume_size=None,volume_type=None)] {{(pid=124171) _bdm_validate_set_size_and_instance /opt/stack/nova/nova/compute/api.py:1807}}
Jun 14 19:36:29.320433 dv-cinder-845806-1-smb devstack@n-api.service[124171]: INFO nova.api.openstack.requestlog [None req-6b702418-5617-4225-a46a-e5a31985097f tempest-AttachVolumeShelveTestJSON-452927243 tempest-AttachVolumeShelveTestJSON-452927243-project] 10.222.0.33 "POST /compute/v2.1/servers" status: 202 len: 401 microversion: 2.20 time: 1.400898
Jun 14 19:36:29.324577 dv-cinder-845806-1-smb devstack@n-api.service[124171]: [pid: 124171|app: 0|req: 22/44] 10.222.0.33 () {62 vars in 1187 bytes} [Tue Jun 14 19:36:27 2022] POST /compute/v2.1/servers => generated 401 bytes in 1406 msecs (HTTP/1.1 202) 10 headers in 453 bytes (1 switches on core 0)
Jun 14 19:36:29.343344 dv-cinder-845806-1-smb devstack@n-api.service[124171]: DEBUG nova.api.openstack.wsgi [None req-8d24077f-a740-415f-a284-4895a63735be tempest-AttachVolumeNegativeTest-111180309 tempest-AttachVolumeNegativeTest-111180309-project] Action: 'create', calling method: >, body: {"server": {"name": "tempest-AttachVolumeNegativeTest-server-385267598", "imageRef": "58a011a9-a724-41f2-b84f-2a09dbe04d39", "flavorRef": "452", "adminPass": "***", "networks": [{"uuid": "b13ea714-d6b3-46fb-be86-8acbe42c0077"}], "security_groups": [{"name": "tempest-securitygroup--1985543081"}], "key_name": "tempest-keypair-1822777133", "user_data": "}} {{(pid=124171) _process_stack /opt/stack/nova/nova/api/openstack/wsgi.py:511}}
Jun 14 19:36:29.854822 dv-cinder-845806-1-smb devstack@n-api.service[124171]: DEBUG nova.network.neutron [None req-8d24077f-a740-415f-a284-4895a63735be tempest-AttachVolumeNegativeTest-111180309 tempest-AttachVolumeNegativeTest-111180309-project] validate_networks() for [('b13ea714-d6b3-46fb-be86-8acbe42c0077', None, None, None, None, None)] {{(pid=124171) validate_networks /opt/stack/nova/nova/network/neutron.py:2626}}
Jun 14 19:36:30.332330 dv-cinder-845806-1-smb devstack@n-api.service[124170]: DEBUG nova.policy [None req-2589b071-8471-42a9-ab54-9ae9901252b9 tempest-DeleteServersTestJSON-386743543 tempest-DeleteServersTestJSON-386743543-project] Policy check for os_compute_api:os-extended-server-attributes failed with credentials {'is_admin': False, 'user_id': '6777420be5b24d0cb2924e0e393aee76', 'user_domain_id': 'default', 'system_scope': None, 'domain_id': None, 'project_id': 'c5897eafa9a94f66b7a91a3cc61be7fc', 'project_domain_id': 'default', 'roles': ['reader', 'member'], 'is_admin_project': True, 'service_user_id': None, 'service_user_domain_id': None, 'service_project_id': None, 'service_project_domain_id': None, 'service_roles': []} {{(pid=124170) authorize /opt/stack/nova/nova/policy.py:199}}
Jun 14 19:36:30.346884 dv-cinder-845806-1-smb devstack@n-api.service[124170]: INFO nova.api.openstack.requestlog [None req-2589b071-8471-42a9-ab54-9ae9901252b9 tempest-DeleteServersTestJSON-386743543 tempest-DeleteServersTestJSON-386743543-project] 10.222.0.33 "GET /compute/v2.1/servers/0b6413f8-236e-4591-998b-8fbd56d03083" status: 200 len: 1314 microversion: 2.1 time: 2.004033
Jun 14 19:36:30.347848 dv-cinder-845806-1-smb devstack@n-api.service[124170]: [pid: 124170|app: 0|req: 23/45] 10.222.0.33 () {58 vars in 1235 bytes} [Tue Jun 14 19:36:28 2022] GET /compute/v2.1/servers/0b6413f8-236e-4591-998b-8fbd56d03083 => generated 1314 bytes in 2010 msecs (HTTP/1.1 200) 9 headers in 358 bytes (1 switches on core 0)
Jun 14 19:36:30.364573 dv-cinder-845806-1-smb devstack@n-api.service[124170]: DEBUG nova.api.openstack.wsgi [None req-9cec855a-16c1-4aa6-8497-0a171fc542a8 tempest-AttachVolumeShelveTestJSON-452927243 tempest-AttachVolumeShelveTestJSON-452927243-project] Calling method '>' {{(pid=124170) _process_stack /opt/stack/nova/nova/api/openstack/wsgi.py:513}}
Jun 14 19:36:30.366455 dv-cinder-845806-1-smb devstack@n-api.service[124170]: DEBUG nova.compute.api [None req-9cec855a-16c1-4aa6-8497-0a171fc542a8 tempest-AttachVolumeShelveTestJSON-452927243 tempest-AttachVolumeShelveTestJSON-452927243-project] [instance: 29f16e9c-f416-444d-8d44-06798e511aba] Fetching instance by UUID {{(pid=124170) get /opt/stack/nova/nova/compute/api.py:2920}}
Jun 14 19:36:30.388634 dv-cinder-845806-1-smb devstack@n-api.service[124170]: DEBUG oslo_concurrency.lockutils [None req-9cec855a-16c1-4aa6-8497-0a171fc542a8 tempest-AttachVolumeShelveTestJSON-452927243 tempest-AttachVolumeShelveTestJSON-452927243-project] Lock "9340fca3-ad06-49d4-936f-5efd7d862f07" acquired by "nova.context.set_target_cell..get_or_set_cached_cell_and_set_connections" :: waited 0.000s {{(pid=124170) inner /usr/local/lib/python3.8/dist-packages/oslo_concurrency/lockutils.py:386}}
Jun 14 19:36:30.389290 dv-cinder-845806-1-smb devstack@n-api.service[124170]: DEBUG oslo_concurrency.lockutils [None req-9cec855a-16c1-4aa6-8497-0a171fc542a8 tempest-AttachVolumeShelveTestJSON-452927243 tempest-AttachVolumeShelveTestJSON-452927243-project] Lock "9340fca3-ad06-49d4-936f-5efd7d862f07" "released" by "nova.context.set_target_cell..get_or_set_cached_cell_and_set_connections" :: held 0.001s {{(pid=124170) inner /usr/local/lib/python3.8/dist-packages/oslo_concurrency/lockutils.py:400}}
Jun 14 19:36:30.392213 dv-cinder-845806-1-smb devstack@n-api.service[124170]: DEBUG oslo_concurrency.lockutils [None req-9cec855a-16c1-4aa6-8497-0a171fc542a8 tempest-AttachVolumeShelveTestJSON-452927243 tempest-AttachVolumeShelveTestJSON-452927243-project] Lock "9340fca3-ad06-49d4-936f-5efd7d862f07" acquired by "nova.context.set_target_cell..get_or_set_cached_cell_and_set_connections" :: waited 0.000s {{(pid=124170) inner /usr/local/lib/python3.8/dist-packages/oslo_concurrency/lockutils.py:386}}
Jun 14 19:36:30.392996 dv-cinder-845806-1-smb devstack@n-api.service[124170]: DEBUG oslo_concurrency.lockutils [None req-9cec855a-16c1-4aa6-8497-0a171fc542a8 tempest-AttachVolumeShelveTestJSON-452927243 tempest-AttachVolumeShelveTestJSON-452927243-project] Lock "9340fca3-ad06-49d4-936f-5efd7d862f07" "released" by "nova.context.set_target_cell..get_or_set_cached_cell_and_set_connections" :: held 0.001s {{(pid=124170) inner /usr/local/lib/python3.8/dist-packages/oslo_concurrency/lockutils.py:400}}
Jun 14 19:36:30.578080 dv-cinder-845806-1-smb devstack@n-api.service[124170]: DEBUG nova.policy [None req-9cec855a-16c1-4aa6-8497-0a171fc542a8 tempest-AttachVolumeShelveTestJSON-452927243 tempest-AttachVolumeShelveTestJSON-452927243-project] Policy check for os_compute_api:os-extended-server-attributes failed with credentials {'is_admin': False, 'user_id': 'ac073f416bab432ab2a53935b083559c', 'user_domain_id': 'default', 'system_scope': None, 'domain_id': None, 'project_id': 'e106c724876e462b9c03c5e53e7f2fad', 'project_domain_id': 'default', 'roles': ['reader', 'member'], 'is_admin_project': True, 'service_user_id': None, 'service_user_domain_id': None, 'service_project_id': None, 'service_project_domain_id': None, 'service_roles': []} {{(pid=124170) authorize /opt/stack/nova/nova/policy.py:199}}
Jun 14 19:36:30.593719 dv-cinder-845806-1-smb devstack@n-api.service[124170]: DEBUG nova.policy [None req-9cec855a-16c1-4aa6-8497-0a171fc542a8 tempest-AttachVolumeShelveTestJSON-452927243 tempest-AttachVolumeShelveTestJSON-452927243-project] Policy check for os_compute_api:servers:show:host_status failed with credentials {'is_admin': False, 'user_id': 'ac073f416bab432ab2a53935b083559c', 'user_domain_id': 'default', 'system_scope': None, 'domain_id': None, 'project_id': 'e106c724876e462b9c03c5e53e7f2fad', 'project_domain_id': 'default', 'roles': ['reader', 'member'], 'is_admin_project': True, 'service_user_id': None, 'service_user_domain_id': None, 'service_project_id': None, 'service_project_domain_id': None, 'service_roles': []} {{(pid=124170) authorize /opt/stack/nova/nova/policy.py:199}}
Jun 14 19:36:30.599877 dv-cinder-845806-1-smb devstack@n-api.service[124170]: DEBUG nova.policy [None req-9cec855a-16c1-4aa6-8497-0a171fc542a8 tempest-AttachVolumeShelveTestJSON-452927243 tempest-AttachVolumeShelveTestJSON-452927243-project] Policy check for os_compute_api:servers:show:host_status:unknown-only failed with credentials {'is_admin': False, 'user_id': 'ac073f416bab432ab2a53935b083559c', 'user_domain_id': 'default', 'system_scope': None, 'domain_id': None, 'project_id': 'e106c724876e462b9c03c5e53e7f2fad', 'project_domain_id': 'default', 'roles': ['reader', 'member'], 'is_admin_project': True, 'service_user_id': None, 'service_user_domain_id': None, 'service_project_id': None, 'service_project_domain_id': None, 'service_roles': []} {{(pid=124170) authorize /opt/stack/nova/nova/policy.py:199}}
Jun 14 19:36:30.601056 dv-cinder-845806-1-smb devstack@n-api.service[124170]: INFO nova.api.openstack.requestlog [None req-9cec855a-16c1-4aa6-8497-0a171fc542a8 tempest-AttachVolumeShelveTestJSON-452927243 tempest-AttachVolumeShelveTestJSON-452927243-project] 10.222.0.33 "GET /compute/v2.1/servers/29f16e9c-f416-444d-8d44-06798e511aba" status: 200 len: 1285 microversion: 2.20 time: 0.252105
Jun 14 19:36:30.604924 dv-cinder-845806-1-smb devstack@n-api.service[124170]: [pid: 124170|app: 0|req: 24/46] 10.222.0.33 () {60 vars in 1276 bytes} [Tue Jun 14 19:36:30 2022] GET /compute/v2.1/servers/29f16e9c-f416-444d-8d44-06798e511aba => generated 1285 bytes in 256 msecs (HTTP/1.1 200) 9 headers in 360 bytes (1 switches on core 0)
Jun 14 19:36:30.644570 dv-cinder-845806-1-smb devstack@n-api.service[124170]: DEBUG nova.api.openstack.wsgi [None req-5a54885c-9a1a-4b94-86a6-9bd434be8d5e tempest-ServerRescueNegativeTestJSON-901294407 tempest-ServerRescueNegativeTestJSON-901294407-project] Calling method '>' {{(pid=124170) _process_stack /opt/stack/nova/nova/api/openstack/wsgi.py:513}}
Jun 14 19:36:30.648399 dv-cinder-845806-1-smb devstack@n-api.service[124170]: DEBUG nova.compute.api [None req-5a54885c-9a1a-4b94-86a6-9bd434be8d5e tempest-ServerRescueNegativeTestJSON-901294407 tempest-ServerRescueNegativeTestJSON-901294407-project] [instance: 30dbeb86-1b80-4706-b2ec-6aa78243c457] Fetching instance by UUID {{(pid=124170) get /opt/stack/nova/nova/compute/api.py:2920}}
Jun 14 19:36:30.677033 dv-cinder-845806-1-smb devstack@n-api.service[124170]: DEBUG oslo_concurrency.lockutils [None req-5a54885c-9a1a-4b94-86a6-9bd434be8d5e tempest-ServerRescueNegativeTestJSON-901294407 tempest-ServerRescueNegativeTestJSON-901294407-project] Lock "9340fca3-ad06-49d4-936f-5efd7d862f07" acquired by "nova.context.set_target_cell..get_or_set_cached_cell_and_set_connections" :: waited 0.000s {{(pid=124170) inner /usr/local/lib/python3.8/dist-packages/oslo_concurrency/lockutils.py:386}}
Jun 14 19:36:30.677717 dv-cinder-845806-1-smb devstack@n-api.service[124170]: DEBUG oslo_concurrency.lockutils [None req-5a54885c-9a1a-4b94-86a6-9bd434be8d5e tempest-ServerRescueNegativeTestJSON-901294407 tempest-ServerRescueNegativeTestJSON-901294407-project] Lock "9340fca3-ad06-49d4-936f-5efd7d862f07" "released" by "nova.context.set_target_cell..get_or_set_cached_cell_and_set_connections" :: held 0.001s {{(pid=124170) inner /usr/local/lib/python3.8/dist-packages/oslo_concurrency/lockutils.py:400}}
Jun 14 19:36:30.678652 dv-cinder-845806-1-smb devstack@n-api.service[124170]: DEBUG oslo_concurrency.lockutils [None req-5a54885c-9a1a-4b94-86a6-9bd434be8d5e tempest-ServerRescueNegativeTestJSON-901294407 tempest-ServerRescueNegativeTestJSON-901294407-project] Lock "9340fca3-ad06-49d4-936f-5efd7d862f07" acquired by "nova.context.set_target_cell..get_or_set_cached_cell_and_set_connections" :: waited 0.000s {{(pid=124170) inner /usr/local/lib/python3.8/dist-packages/oslo_concurrency/lockutils.py:386}}
Jun 14 19:36:30.680676 dv-cinder-845806-1-smb devstack@n-api.service[124170]: DEBUG oslo_concurrency.lockutils [None req-5a54885c-9a1a-4b94-86a6-9bd434be8d5e tempest-ServerRescueNegativeTestJSON-901294407 tempest-ServerRescueNegativeTestJSON-901294407-project] Lock "9340fca3-ad06-49d4-936f-5efd7d862f07" "released" by "nova.context.set_target_cell..get_or_set_cached_cell_and_set_connections" :: held 0.002s {{(pid=124170) inner /usr/local/lib/python3.8/dist-packages/oslo_concurrency/lockutils.py:400}}
Jun 14 19:36:31.057627 dv-cinder-845806-1-smb devstack@n-api.service[124171]: DEBUG nova.virt.hardware [None req-8d24077f-a740-415f-a284-4895a63735be tempest-AttachVolumeNegativeTest-111180309 tempest-AttachVolumeNegativeTest-111180309-project] Flavor limits 0:0:0 {{(pid=124171) get_cpu_topology_constraints /opt/stack/nova/nova/virt/hardware.py:343}}
Jun 14 19:36:31.058100 dv-cinder-845806-1-smb devstack@n-api.service[124171]: DEBUG nova.virt.hardware [None req-8d24077f-a740-415f-a284-4895a63735be tempest-AttachVolumeNegativeTest-111180309 tempest-AttachVolumeNegativeTest-111180309-project] Image limits 0:0:0 {{(pid=124171) get_cpu_topology_constraints /opt/stack/nova/nova/virt/hardware.py:347}}
Jun 14 19:36:31.058514 dv-cinder-845806-1-smb devstack@n-api.service[124171]: DEBUG nova.virt.hardware [None req-8d24077f-a740-415f-a284-4895a63735be tempest-AttachVolumeNegativeTest-111180309 tempest-AttachVolumeNegativeTest-111180309-project] Flavor pref 0:0:0 {{(pid=124171) get_cpu_topology_constraints /opt/stack/nova/nova/virt/hardware.py:383}}
Jun 14 19:36:31.058916 dv-cinder-845806-1-smb devstack@n-api.service[124171]: DEBUG nova.virt.hardware [None req-8d24077f-a740-415f-a284-4895a63735be tempest-AttachVolumeNegativeTest-111180309 tempest-AttachVolumeNegativeTest-111180309-project] Image pref 0:0:0 {{(pid=124171) get_cpu_topology_constraints /opt/stack/nova/nova/virt/hardware.py:387}}
Jun 14 19:36:31.059342 dv-cinder-845806-1-smb devstack@n-api.service[124171]: DEBUG nova.virt.hardware [None req-8d24077f-a740-415f-a284-4895a63735be tempest-AttachVolumeNegativeTest-111180309 tempest-AttachVolumeNegativeTest-111180309-project] Chose sockets=0, cores=0, threads=0; limits were sockets=65536, cores=65536, threads=65536 {{(pid=124171) get_cpu_topology_constraints /opt/stack/nova/nova/virt/hardware.py:425}}
Jun 14 19:36:31.074602 dv-cinder-845806-1-smb devstack@n-api.service[124171]: DEBUG oslo_concurrency.lockutils [None req-8d24077f-a740-415f-a284-4895a63735be tempest-AttachVolumeNegativeTest-111180309 tempest-AttachVolumeNegativeTest-111180309-project] Lock "00000000-0000-0000-0000-000000000000" acquired by "nova.context.set_target_cell..get_or_set_cached_cell_and_set_connections" :: waited 0.000s {{(pid=124171) inner /usr/local/lib/python3.8/dist-packages/oslo_concurrency/lockutils.py:386}}
Jun 14 19:36:31.079357 dv-cinder-845806-1-smb devstack@n-api.service[124171]: DEBUG oslo_concurrency.lockutils [None req-8d24077f-a740-415f-a284-4895a63735be tempest-AttachVolumeNegativeTest-111180309 tempest-AttachVolumeNegativeTest-111180309-project] Lock "00000000-0000-0000-0000-000000000000" "released" by "nova.context.set_target_cell..get_or_set_cached_cell_and_set_connections" :: held 0.005s {{(pid=124171) inner /usr/local/lib/python3.8/dist-packages/oslo_concurrency/lockutils.py:400}}
Jun 14 19:36:31.080452 dv-cinder-845806-1-smb devstack@n-api.service[124171]: DEBUG oslo_concurrency.lockutils [None req-8d24077f-a740-415f-a284-4895a63735be tempest-AttachVolumeNegativeTest-111180309 tempest-AttachVolumeNegativeTest-111180309-project] Lock "9340fca3-ad06-49d4-936f-5efd7d862f07" acquired by "nova.context.set_target_cell..get_or_set_cached_cell_and_set_connections" :: waited 0.000s {{(pid=124171) inner /usr/local/lib/python3.8/dist-packages/oslo_concurrency/lockutils.py:386}}
Jun 14 19:36:31.081289 dv-cinder-845806-1-smb devstack@n-api.service[124171]: DEBUG oslo_concurrency.lockutils [None req-8d24077f-a740-415f-a284-4895a63735be tempest-AttachVolumeNegativeTest-111180309 tempest-AttachVolumeNegativeTest-111180309-project] Lock "9340fca3-ad06-49d4-936f-5efd7d862f07" "released" by "nova.context.set_target_cell..get_or_set_cached_cell_and_set_connections" :: held 0.001s {{(pid=124171) inner /usr/local/lib/python3.8/dist-packages/oslo_concurrency/lockutils.py:400}}
Jun 14 19:36:31.117988 dv-cinder-845806-1-smb devstack@n-api.service[124171]: DEBUG nova.quota [None req-8d24077f-a740-415f-a284-4895a63735be tempest-AttachVolumeNegativeTest-111180309 tempest-AttachVolumeNegativeTest-111180309-project] Getting quotas for project 40d97888d3fb44acbeabb9eca83b9f2c. Resources: {'cores', 'instances', 'ram'} {{(pid=124171) _get_quotas /opt/stack/nova/nova/quota.py:393}}
Jun 14 19:36:31.127507 dv-cinder-845806-1-smb devstack@n-api.service[124171]: DEBUG nova.quota [None req-8d24077f-a740-415f-a284-4895a63735be tempest-AttachVolumeNegativeTest-111180309 tempest-AttachVolumeNegativeTest-111180309-project] Getting quotas for user 89f4356b47ce4b0e8b3b416ab8d45da3 and project 40d97888d3fb44acbeabb9eca83b9f2c. Resources: {'cores', 'instances', 'ram'} {{(pid=124171) _get_quotas /opt/stack/nova/nova/quota.py:383}}
Jun 14 19:36:31.139663 dv-cinder-845806-1-smb devstack@n-api.service[124171]: DEBUG nova.compute.api [None req-8d24077f-a740-415f-a284-4895a63735be tempest-AttachVolumeNegativeTest-111180309 tempest-AttachVolumeNegativeTest-111180309-project] Going to run 1 instances... {{(pid=124171) _provision_instances /opt/stack/nova/nova/compute/api.py:1389}}
Jun 14 19:36:31.141845 dv-cinder-845806-1-smb devstack@n-api.service[124171]: DEBUG nova.compute.api [None req-8d24077f-a740-415f-a284-4895a63735be tempest-AttachVolumeNegativeTest-111180309 tempest-AttachVolumeNegativeTest-111180309-project] [instance: e46f006e-e500-497b-b43b-380daf16a420] block_device_mapping [BlockDeviceMapping(attachment_id=,boot_index=0,connection_info=None,created_at=,delete_on_termination=True,deleted=,deleted_at=,destination_type='local',device_name=None,device_type='disk',disk_bus=None,guest_format=None,id=,image_id='58a011a9-a724-41f2-b84f-2a09dbe04d39',instance=,instance_uuid=,no_device=False,snapshot_id=None,source_type='image',tag=None,updated_at=,uuid=,volume_id=None,volume_size=None,volume_type=None)] {{(pid=124171) _bdm_validate_set_size_and_instance /opt/stack/nova/nova/compute/api.py:1807}}
Jun 14 19:36:31.252382 dv-cinder-845806-1-smb devstack@n-api.service[124171]: INFO nova.api.openstack.requestlog [None req-8d24077f-a740-415f-a284-4895a63735be tempest-AttachVolumeNegativeTest-111180309 tempest-AttachVolumeNegativeTest-111180309-project] 10.222.0.33 "POST /compute/v2.1/servers" status: 202 len: 402 microversion: 2.1 time: 1.922748
Jun 14 19:36:31.253594 dv-cinder-845806-1-smb devstack@n-api.service[124171]: [pid: 124171|app: 0|req: 23/47] 10.222.0.33 () {60 vars in 1146 bytes} [Tue Jun 14 19:36:29 2022] POST /compute/v2.1/servers => generated 402 bytes in 1928 msecs (HTTP/1.1 202) 10 headers in 451 bytes (1 switches on core 0)
Jun 14 19:36:31.257688 dv-cinder-845806-1-smb devstack@n-api.service[124170]: DEBUG nova.policy [None req-5a54885c-9a1a-4b94-86a6-9bd434be8d5e tempest-ServerRescueNegativeTestJSON-901294407 tempest-ServerRescueNegativeTestJSON-901294407-project] Policy check for os_compute_api:os-extended-server-attributes failed with credentials {'is_admin': False, 'user_id': '0c6301fed5004efb8f8800667f93b742', 'user_domain_id': 'default', 'system_scope': None, 'domain_id': None, 'project_id': 'f2977df183ff4cada8a322f671474455', 'project_domain_id': 'default', 'roles': ['reader', 'member'], 'is_admin_project': True, 'service_user_id': None, 'service_user_domain_id': None, 'service_project_id': None, 'service_project_domain_id': None, 'service_roles': []} {{(pid=124170) authorize /opt/stack/nova/nova/policy.py:199}}
Jun 14 19:36:31.279142 dv-cinder-845806-1-smb devstack@n-api.service[124170]: INFO nova.api.openstack.requestlog [None req-5a54885c-9a1a-4b94-86a6-9bd434be8d5e tempest-ServerRescueNegativeTestJSON-901294407 tempest-ServerRescueNegativeTestJSON-901294407-project] 10.222.0.33 "GET /compute/v2.1/servers/30dbeb86-1b80-4706-b2ec-6aa78243c457" status: 200 len: 1322 microversion: 2.1 time: 0.672744
Jun 14 19:36:31.280485 dv-cinder-845806-1-smb devstack@n-api.service[124170]: [pid: 124170|app: 0|req: 25/48] 10.222.0.33 () {58 vars in 1235 bytes} [Tue Jun 14 19:36:30 2022] GET /compute/v2.1/servers/30dbeb86-1b80-4706-b2ec-6aa78243c457 => generated 1322 bytes in 675 msecs (HTTP/1.1 200) 9 headers in 358 bytes (1 switches on core 0)
Jun 14 19:36:31.286955 dv-cinder-845806-1-smb devstack@n-api.service[124170]: DEBUG nova.api.openstack.wsgi [req-e97c3313-d950-4f77-9178-88ce8d784c65 req-e939a129-2787-42b1-85d1-a92bbc97c0da service nova] Action: 'create', calling method: >, body: {"events": [{"name": "network-changed", "server_uuid": "10554e87-20c2-480c-b7b8-4dc17a907338", "tag": "3d132f0f-ce17-44f2-9a6c-ecc421ed7956"}]} {{(pid=124170) _process_stack /opt/stack/nova/nova/api/openstack/wsgi.py:511}}
Jun 14 19:36:31.300907 dv-cinder-845806-1-smb devstack@n-api.service[124170]: DEBUG oslo_concurrency.lockutils [req-e97c3313-d950-4f77-9178-88ce8d784c65 req-e939a129-2787-42b1-85d1-a92bbc97c0da service nova] Lock "9340fca3-ad06-49d4-936f-5efd7d862f07" acquired by "nova.context.set_target_cell..get_or_set_cached_cell_and_set_connections" :: waited 0.000s {{(pid=124170) inner /usr/local/lib/python3.8/dist-packages/oslo_concurrency/lockutils.py:386}}
Jun 14 19:36:31.301727 dv-cinder-845806-1-smb devstack@n-api.service[124170]: DEBUG oslo_concurrency.lockutils [req-e97c3313-d950-4f77-9178-88ce8d784c65 req-e939a129-2787-42b1-85d1-a92bbc97c0da service nova] Lock "9340fca3-ad06-49d4-936f-5efd7d862f07" "released" by "nova.context.set_target_cell..get_or_set_cached_cell_and_set_connections" :: held 0.001s {{(pid=124170) inner /usr/local/lib/python3.8/dist-packages/oslo_concurrency/lockutils.py:400}}
Jun 14 19:36:31.428852 dv-cinder-845806-1-smb devstack@n-api.service[124170]: INFO nova.api.openstack.compute.server_external_events [req-e97c3313-d950-4f77-9178-88ce8d784c65 req-e939a129-2787-42b1-85d1-a92bbc97c0da service nova] Creating event network-changed:3d132f0f-ce17-44f2-9a6c-ecc421ed7956 for instance 10554e87-20c2-480c-b7b8-4dc17a907338 on hv-cinder-84580
Jun 14 19:36:31.431189 dv-cinder-845806-1-smb devstack@n-api.service[124170]: DEBUG oslo_concurrency.lockutils [req-e97c3313-d950-4f77-9178-88ce8d784c65 req-e939a129-2787-42b1-85d1-a92bbc97c0da service nova] Acquired lock "compute-rpcapi-router" {{(pid=124170) lock /usr/local/lib/python3.8/dist-packages/oslo_concurrency/lockutils.py:294}}
Jun 14 19:36:31.435631 dv-cinder-845806-1-smb devstack@n-api.service[124171]: DEBUG nova.api.openstack.wsgi [req-1c4578dc-1ea6-49c5-b130-576accd21eab req-2925969d-f6b8-42a3-b206-82e7b21ee145 service nova] Action: 'create', calling method: >, body: {"events": [{"server_uuid": "0b6413f8-236e-4591-998b-8fbd56d03083", "name": "network-vif-plugged", "status": "completed", "tag": "b212826f-ae72-4a2a-bb57-039837ce2067"}]} {{(pid=124171) _process_stack /opt/stack/nova/nova/api/openstack/wsgi.py:511}}
Jun 14 19:36:31.437708 dv-cinder-845806-1-smb devstack@n-api.service[124170]: DEBUG oslo_concurrency.lockutils [None req-7ac218f8-39c8-4a29-8b4f-01f16e731c20 None None] Lock "00000000-0000-0000-0000-000000000000" acquired by "nova.context.set_target_cell..get_or_set_cached_cell_and_set_connections" :: waited 0.000s {{(pid=124170) inner /usr/local/lib/python3.8/dist-packages/oslo_concurrency/lockutils.py:386}}
Jun 14 19:36:31.438384 dv-cinder-845806-1-smb devstack@n-api.service[124170]: DEBUG oslo_concurrency.lockutils [None req-7ac218f8-39c8-4a29-8b4f-01f16e731c20 None None] Lock "00000000-0000-0000-0000-000000000000" "released" by "nova.context.set_target_cell..get_or_set_cached_cell_and_set_connections" :: held 0.001s {{(pid=124170) inner /usr/local/lib/python3.8/dist-packages/oslo_concurrency/lockutils.py:400}}
Jun 14 19:36:31.439621 dv-cinder-845806-1-smb devstack@n-api.service[124170]: DEBUG oslo_concurrency.lockutils [None req-7ac218f8-39c8-4a29-8b4f-01f16e731c20 None None] Lock "9340fca3-ad06-49d4-936f-5efd7d862f07" acquired by "nova.context.set_target_cell..get_or_set_cached_cell_and_set_connections" :: waited 0.000s {{(pid=124170) inner /usr/local/lib/python3.8/dist-packages/oslo_concurrency/lockutils.py:386}}
Jun 14 19:36:31.443265 dv-cinder-845806-1-smb devstack@n-api.service[124170]: DEBUG oslo_concurrency.lockutils [None req-7ac218f8-39c8-4a29-8b4f-01f16e731c20 None None] Lock "9340fca3-ad06-49d4-936f-5efd7d862f07" "released" by "nova.context.set_target_cell..get_or_set_cached_cell_and_set_connections" :: held 0.003s {{(pid=124170) inner /usr/local/lib/python3.8/dist-packages/oslo_concurrency/lockutils.py:400}}
Jun 14 19:36:31.455364 dv-cinder-845806-1-smb devstack@n-api.service[124171]: DEBUG oslo_concurrency.lockutils [req-1c4578dc-1ea6-49c5-b130-576accd21eab req-2925969d-f6b8-42a3-b206-82e7b21ee145 service nova] Lock "9340fca3-ad06-49d4-936f-5efd7d862f07" acquired by "nova.context.set_target_cell..get_or_set_cached_cell_and_set_connections" :: waited 0.000s {{(pid=124171) inner /usr/local/lib/python3.8/dist-packages/oslo_concurrency/lockutils.py:386}}
Jun 14 19:36:31.468365 dv-cinder-845806-1-smb devstack@n-api.service[124171]: DEBUG oslo_concurrency.lockutils [req-1c4578dc-1ea6-49c5-b130-576accd21eab req-2925969d-f6b8-42a3-b206-82e7b21ee145 service nova] Lock "9340fca3-ad06-49d4-936f-5efd7d862f07" "released" by "nova.context.set_target_cell..get_or_set_cached_cell_and_set_connections" :: held 0.008s {{(pid=124171) inner /usr/local/lib/python3.8/dist-packages/oslo_concurrency/lockutils.py:400}}
Jun 14 19:36:31.474425 dv-cinder-845806-1-smb devstack@n-api.service[124170]: INFO nova.compute.rpcapi [None req-7ac218f8-39c8-4a29-8b4f-01f16e731c20 None None] Automatically selected compute RPC version 6.0 from minimum service version 61
Jun 14 19:36:31.479895 dv-cinder-845806-1-smb devstack@n-api.service[124170]: DEBUG oslo_concurrency.lockutils [None req-7ac218f8-39c8-4a29-8b4f-01f16e731c20 None None] Releasing lock "compute-rpcapi-router" {{(pid=124170) lock /usr/local/lib/python3.8/dist-packages/oslo_concurrency/lockutils.py:312}}
Jun 14 19:36:31.512302 dv-cinder-845806-1-smb devstack@n-api.service[124171]: INFO nova.api.openstack.compute.server_external_events [req-1c4578dc-1ea6-49c5-b130-576accd21eab req-2925969d-f6b8-42a3-b206-82e7b21ee145 service nova] Creating event network-vif-plugged:b212826f-ae72-4a2a-bb57-039837ce2067 for instance 0b6413f8-236e-4591-998b-8fbd56d03083 on hv-cinder-84580
Jun 14 19:36:31.546886 dv-cinder-845806-1-smb devstack@n-api.service[124170]: INFO nova.api.openstack.requestlog [None req-7ac218f8-39c8-4a29-8b4f-01f16e731c20 None None] 10.222.0.33 "POST /compute/v2.1/os-server-external-events" status: 200 len: 179 microversion: 2.1 time: 0.264208
Jun 14 19:36:31.547683 dv-cinder-845806-1-smb devstack@n-api.service[124170]: [pid: 124170|app: 0|req: 26/49] 10.222.0.33 () {64 vars in 1317 bytes} [Tue Jun 14 19:36:31 2022] POST /compute/v2.1/os-server-external-events => generated 179 bytes in 266 msecs (HTTP/1.1 200) 9 headers in 357 bytes (1 switches on core 0)
Jun 14 19:36:31.557150 dv-cinder-845806-1-smb devstack@n-api.service[124171]: INFO nova.api.openstack.requestlog [req-1c4578dc-1ea6-49c5-b130-576accd21eab req-2925969d-f6b8-42a3-b206-82e7b21ee145 service nova] 10.222.0.33 "POST /compute/v2.1/os-server-external-events" status: 200 len: 183 microversion: 2.1 time: 0.293081
Jun 14 19:36:31.559841 dv-cinder-845806-1-smb devstack@n-api.service[124171]: [pid: 124171|app: 0|req: 24/50] 10.222.0.33 () {64 vars in 1317 bytes} [Tue Jun 14 19:36:31 2022] POST /compute/v2.1/os-server-external-events => generated 183 bytes in 305 msecs (HTTP/1.1 200) 9 headers in 357 bytes (1 switches on core 0)
Jun 14 19:36:31.562393 dv-cinder-845806-1-smb devstack@n-api.service[124170]: DEBUG nova.api.openstack.wsgi [None req-b99b24e6-64fa-4ebf-95a6-bfa91967be81 tempest-AttachVolumeNegativeTest-111180309 tempest-AttachVolumeNegativeTest-111180309-project] Calling method '>' {{(pid=124170) _process_stack /opt/stack/nova/nova/api/openstack/wsgi.py:513}}
Jun 14 19:36:31.566817 dv-cinder-845806-1-smb devstack@n-api.service[124170]: DEBUG nova.compute.api [None req-b99b24e6-64fa-4ebf-95a6-bfa91967be81 tempest-AttachVolumeNegativeTest-111180309 tempest-AttachVolumeNegativeTest-111180309-project] [instance: e46f006e-e500-497b-b43b-380daf16a420] Fetching instance by UUID {{(pid=124170) get /opt/stack/nova/nova/compute/api.py:2920}}
Jun 14 19:36:31.574215 dv-cinder-845806-1-smb devstack@n-api.service[124171]: DEBUG nova.api.openstack.wsgi [None req-346e1504-a4d6-4553-a06e-9e4b6f0f2284 tempest-DeleteServersTestJSON-386743543 tempest-DeleteServersTestJSON-386743543-project] Calling method '>' {{(pid=124171) _process_stack /opt/stack/nova/nova/api/openstack/wsgi.py:513}}
Jun 14 19:36:31.575839 dv-cinder-845806-1-smb devstack@n-api.service[124171]: DEBUG nova.compute.api [None req-346e1504-a4d6-4553-a06e-9e4b6f0f2284 tempest-DeleteServersTestJSON-386743543 tempest-DeleteServersTestJSON-386743543-project] [instance: 0b6413f8-236e-4591-998b-8fbd56d03083] Fetching instance by UUID {{(pid=124171) get /opt/stack/nova/nova/compute/api.py:2920}}
Jun 14 19:36:31.588391 dv-cinder-845806-1-smb devstack@n-api.service[124171]: DEBUG oslo_concurrency.lockutils [None req-346e1504-a4d6-4553-a06e-9e4b6f0f2284 tempest-DeleteServersTestJSON-386743543 tempest-DeleteServersTestJSON-386743543-project] Lock "9340fca3-ad06-49d4-936f-5efd7d862f07" acquired by "nova.context.set_target_cell..get_or_set_cached_cell_and_set_connections" :: waited 0.000s {{(pid=124171) inner /usr/local/lib/python3.8/dist-packages/oslo_concurrency/lockutils.py:386}}
Jun 14 19:36:31.591146 dv-cinder-845806-1-smb devstack@n-api.service[124171]: DEBUG oslo_concurrency.lockutils [None req-346e1504-a4d6-4553-a06e-9e4b6f0f2284 tempest-DeleteServersTestJSON-386743543 tempest-DeleteServersTestJSON-386743543-project] Lock "9340fca3-ad06-49d4-936f-5efd7d862f07" "released" by "nova.context.set_target_cell..get_or_set_cached_cell_and_set_connections" :: held 0.002s {{(pid=124171) inner /usr/local/lib/python3.8/dist-packages/oslo_concurrency/lockutils.py:400}}
Jun 14 19:36:31.595925 dv-cinder-845806-1-smb devstack@n-api.service[124171]: DEBUG oslo_concurrency.lockutils [None req-346e1504-a4d6-4553-a06e-9e4b6f0f2284 tempest-DeleteServersTestJSON-386743543 tempest-DeleteServersTestJSON-386743543-project] Lock "9340fca3-ad06-49d4-936f-5efd7d862f07" acquired by "nova.context.set_target_cell..get_or_set_cached_cell_and_set_connections" :: waited 0.000s {{(pid=124171) inner /usr/local/lib/python3.8/dist-packages/oslo_concurrency/lockutils.py:386}}
